{"id":108640,"date":"2025-07-22T14:19:11","date_gmt":"2025-07-22T12:19:11","guid":{"rendered":"https:\/\/letrame.com\/catalogo\/?post_type=product&#038;p=108640"},"modified":"2026-01-09T13:37:12","modified_gmt":"2026-01-09T12:37:12","slug":"mario-no-estas-solo","status":"publish","type":"product","link":"https:\/\/letrame.com\/catalogo\/producto\/mario-no-estas-solo\/","title":{"rendered":"Mario, no est\u00e1s solo 2\u00ba Ed"},"content":{"rendered":"<p class=\"p1\"><b>ISBN: <\/b>979-13-7029-329-1<\/p>\n<p class=\"p1\"><b>T\u00edtulo: <\/b>Mario, no est\u00e1s solo.<b><\/b><\/p>\n<p><strong>Fecha<\/strong>: 2025<b><\/b><\/p>\n<p><strong>P\u00e1ginas<\/strong>: 180<b><\/b><\/p>\n<p class=\"p1\"><b>SINOPSIS<\/b><\/p>\n<p>Mario, no est\u00e1s solo narra la historia de un adolescente que sufre acoso escolar, explorando las din\u00e1micas que se generan entre v\u00edctimas, agresores y testigos. A lo largo de la trama, los lectores son testigos de c\u00f3mo las decisiones de los personajes pueden marcar una diferencia significativa en el desenlace de los acontecimientos.<\/p>\n<p>Lo innovador de esta historia es que presenta tres finales alternativos, en los que se evidencian las consecuencias de actuar frente al acoso, de quedarse al margen o de participar activamente en \u00e9l.<\/p>\n<p>De esta manera, la novela no solo invita a la reflexi\u00f3n, sino que tambi\u00e9n ayuda a los lectores a comprender el impacto real de sus acciones o inacciones.<br \/>\nAdem\u00e1s de relatar una historia impactante, la novela tiene un fuerte enfoque did\u00e1ctico, proporcionando informaci\u00f3n clave sobre gu\u00edas para v\u00edctimas, testigos y acosadores; informaci\u00f3n sobre las consecuencias legales y protocolos escolares de intervenci\u00f3n y prevenci\u00f3n. Incluye tambi\u00e9n actividades did\u00e1cticas pensadas para el aula, fomentando el di\u00e1logo, la empat\u00eda y la reflexi\u00f3n. Una novela \u00fatil para j\u00f3venes, docentes y familias comprometidas con la lucha contra el bullying.<b><\/b><\/p>\n<p>&nbsp;<\/p>\n","protected":false},"excerpt":{"rendered":"<p><b>ISBN: <\/b>979-13-7029-329-1<\/p>\n<p>SINOPSIS<\/p>\n<p>Mario, no est\u00e1s solo narra la historia de un adolescente que sufre acoso escolar, explorando las din\u00e1micas que se generan entre v\u00edctimas, agresores y testigos. A lo largo de la trama, los lectores son testigos de c\u00f3mo las decisiones de los personajes pueden marcar una diferencia significativa en el desenlace de los acontecimientos.<\/p>\n","protected":false},"featured_media":110747,"comment_status":"open","ping_status":"closed","template":"","meta":{"_acf_changed":false},"libro":[],"product_brand":[],"product_cat":[47],"product_tag":[],"class_list":{"0":"post-108640","1":"product","2":"type-product","3":"status-publish","4":"has-post-thumbnail","6":"product_cat-ciencia-ficcion-misterio","8":"first","9":"instock","10":"shipping-taxable","11":"product-type-simple"},"acf":{"autor":[108639],"enlace_de_compra":"https:\/\/www.amazon.es\/dp\/B0FGZCSY5G"},"yoast_head":"<!-- This site is optimized with the Yoast SEO plugin v26.6 - https:\/\/yoast.com\/wordpress\/plugins\/seo\/ -->\n<title>Mario, no est\u00e1s solo 2\u00ba Ed - Catalogo | Letrame Grupo Editorial<\/title>\n<meta name=\"robots\" content=\"index, follow, max-snippet:-1, max-image-preview:large, max-video-preview:-1\" \/>\n<link rel=\"canonical\" href=\"https:\/\/letrame.com\/catalogo\/producto\/mario-no-estas-solo\/\" \/>\n<meta property=\"og:locale\" content=\"es_ES\" \/>\n<meta property=\"og:type\" content=\"article\" \/>\n<meta property=\"og:title\" content=\"Mario, no est\u00e1s solo 2\u00ba Ed - Catalogo | Letrame Grupo Editorial\" \/>\n<meta property=\"og:description\" content=\"ISBN: 979-13-7029-329-1  SINOPSIS  Mario, no est\u00e1s solo narra la historia de un adolescente que sufre acoso escolar, explorando las din\u00e1micas que se generan entre v\u00edctimas, agresores y testigos. A lo largo de la trama, los lectores son testigos de c\u00f3mo las decisiones de los personajes pueden marcar una diferencia significativa en el desenlace de los acontecimientos.\" \/>\n<meta property=\"og:url\" content=\"https:\/\/letrame.com\/catalogo\/producto\/mario-no-estas-solo\/\" \/>\n<meta property=\"og:site_name\" content=\"Catalogo | Letrame Grupo Editorial\" \/>\n<meta property=\"article:modified_time\" content=\"2026-01-09T12:37:12+00:00\" \/>\n<meta property=\"og:image\" content=\"https:\/\/letrame.com\/catalogo\/wp-content\/uploads\/2025\/07\/mario_937mm4-scaled.jpg\" \/>\n\t<meta property=\"og:image:width\" content=\"1745\" \/>\n\t<meta property=\"og:image:height\" content=\"2560\" \/>\n\t<meta property=\"og:image:type\" content=\"image\/jpeg\" \/>\n<meta name=\"twitter:card\" content=\"summary_large_image\" \/>\n<meta name=\"twitter:label1\" content=\"Tiempo de lectura\" \/>\n\t<meta name=\"twitter:data1\" content=\"2 minutos\" \/>\n<script type=\"application\/ld+json\" class=\"yoast-schema-graph\">{\"@context\":\"https:\/\/schema.org\",\"@graph\":[{\"@type\":\"WebPage\",\"@id\":\"https:\/\/letrame.com\/catalogo\/producto\/mario-no-estas-solo\/\",\"url\":\"https:\/\/letrame.com\/catalogo\/producto\/mario-no-estas-solo\/\",\"name\":\"Mario, no est\u00e1s solo 2\u00ba Ed - Catalogo | Letrame Grupo Editorial\",\"isPartOf\":{\"@id\":\"https:\/\/letrame.com\/catalogo\/#website\"},\"primaryImageOfPage\":{\"@id\":\"https:\/\/letrame.com\/catalogo\/producto\/mario-no-estas-solo\/#primaryimage\"},\"image\":{\"@id\":\"https:\/\/letrame.com\/catalogo\/producto\/mario-no-estas-solo\/#primaryimage\"},\"thumbnailUrl\":\"https:\/\/letrame.com\/catalogo\/wp-content\/uploads\/2025\/07\/mario_937mm4-scaled.jpg\",\"datePublished\":\"2025-07-22T12:19:11+00:00\",\"dateModified\":\"2026-01-09T12:37:12+00:00\",\"breadcrumb\":{\"@id\":\"https:\/\/letrame.com\/catalogo\/producto\/mario-no-estas-solo\/#breadcrumb\"},\"inLanguage\":\"es\",\"potentialAction\":[{\"@type\":\"ReadAction\",\"target\":[\"https:\/\/letrame.com\/catalogo\/producto\/mario-no-estas-solo\/\"]}]},{\"@type\":\"ImageObject\",\"inLanguage\":\"es\",\"@id\":\"https:\/\/letrame.com\/catalogo\/producto\/mario-no-estas-solo\/#primaryimage\",\"url\":\"https:\/\/letrame.com\/catalogo\/wp-content\/uploads\/2025\/07\/mario_937mm4-scaled.jpg\",\"contentUrl\":\"https:\/\/letrame.com\/catalogo\/wp-content\/uploads\/2025\/07\/mario_937mm4-scaled.jpg\",\"width\":1745,\"height\":2560},{\"@type\":\"BreadcrumbList\",\"@id\":\"https:\/\/letrame.com\/catalogo\/producto\/mario-no-estas-solo\/#breadcrumb\",\"itemListElement\":[{\"@type\":\"ListItem\",\"position\":1,\"name\":\"Portada\",\"item\":\"https:\/\/letrame.com\/catalogo\/\"},{\"@type\":\"ListItem\",\"position\":2,\"name\":\"Cat\u00e1logo\",\"item\":\"https:\/\/letrame.com\/catalogo\/\"},{\"@type\":\"ListItem\",\"position\":3,\"name\":\"Mario, no est\u00e1s solo 2\u00ba Ed\"}]},{\"@type\":\"WebSite\",\"@id\":\"https:\/\/letrame.com\/catalogo\/#website\",\"url\":\"https:\/\/letrame.com\/catalogo\/\",\"name\":\"Catalogo | Letrame Grupo Editorial\",\"description\":\"\",\"publisher\":{\"@id\":\"https:\/\/letrame.com\/catalogo\/#organization\"},\"potentialAction\":[{\"@type\":\"SearchAction\",\"target\":{\"@type\":\"EntryPoint\",\"urlTemplate\":\"https:\/\/letrame.com\/catalogo\/?s={search_term_string}\"},\"query-input\":{\"@type\":\"PropertyValueSpecification\",\"valueRequired\":true,\"valueName\":\"search_term_string\"}}],\"inLanguage\":\"es\"},{\"@type\":\"Organization\",\"@id\":\"https:\/\/letrame.com\/catalogo\/#organization\",\"name\":\"Catalogo | Letrame Grupo Editorial\",\"url\":\"https:\/\/letrame.com\/catalogo\/\",\"logo\":{\"@type\":\"ImageObject\",\"inLanguage\":\"es\",\"@id\":\"https:\/\/letrame.com\/catalogo\/#\/schema\/logo\/image\/\",\"url\":\"https:\/\/letrame.com\/catalogo\/wp-content\/uploads\/2024\/03\/logo2.webp\",\"contentUrl\":\"https:\/\/letrame.com\/catalogo\/wp-content\/uploads\/2024\/03\/logo2.webp\",\"width\":394,\"height\":128,\"caption\":\"Catalogo | Letrame Grupo Editorial\"},\"image\":{\"@id\":\"https:\/\/letrame.com\/catalogo\/#\/schema\/logo\/image\/\"}}]}<\/script>\n<!-- \/ Yoast SEO plugin. -->","yoast_head_json":{"title":"Mario, no est\u00e1s solo 2\u00ba Ed - Catalogo | Letrame Grupo Editorial","robots":{"index":"index","follow":"follow","max-snippet":"max-snippet:-1","max-image-preview":"max-image-preview:large","max-video-preview":"max-video-preview:-1"},"canonical":"https:\/\/letrame.com\/catalogo\/producto\/mario-no-estas-solo\/","og_locale":"es_ES","og_type":"article","og_title":"Mario, no est\u00e1s solo 2\u00ba Ed - Catalogo | Letrame Grupo Editorial","og_description":"ISBN: 979-13-7029-329-1  SINOPSIS  Mario, no est\u00e1s solo narra la historia de un adolescente que sufre acoso escolar, explorando las din\u00e1micas que se generan entre v\u00edctimas, agresores y testigos. A lo largo de la trama, los lectores son testigos de c\u00f3mo las decisiones de los personajes pueden marcar una diferencia significativa en el desenlace de los acontecimientos.","og_url":"https:\/\/letrame.com\/catalogo\/producto\/mario-no-estas-solo\/","og_site_name":"Catalogo | Letrame Grupo Editorial","article_modified_time":"2026-01-09T12:37:12+00:00","og_image":[{"width":1745,"height":2560,"url":"https:\/\/letrame.com\/catalogo\/wp-content\/uploads\/2025\/07\/mario_937mm4-scaled.jpg","type":"image\/jpeg"}],"twitter_card":"summary_large_image","twitter_misc":{"Tiempo de lectura":"2 minutos"},"schema":{"@context":"https:\/\/schema.org","@graph":[{"@type":"WebPage","@id":"https:\/\/letrame.com\/catalogo\/producto\/mario-no-estas-solo\/","url":"https:\/\/letrame.com\/catalogo\/producto\/mario-no-estas-solo\/","name":"Mario, no est\u00e1s solo 2\u00ba Ed - Catalogo | Letrame Grupo Editorial","isPartOf":{"@id":"https:\/\/letrame.com\/catalogo\/#website"},"primaryImageOfPage":{"@id":"https:\/\/letrame.com\/catalogo\/producto\/mario-no-estas-solo\/#primaryimage"},"image":{"@id":"https:\/\/letrame.com\/catalogo\/producto\/mario-no-estas-solo\/#primaryimage"},"thumbnailUrl":"https:\/\/letrame.com\/catalogo\/wp-content\/uploads\/2025\/07\/mario_937mm4-scaled.jpg","datePublished":"2025-07-22T12:19:11+00:00","dateModified":"2026-01-09T12:37:12+00:00","breadcrumb":{"@id":"https:\/\/letrame.com\/catalogo\/producto\/mario-no-estas-solo\/#breadcrumb"},"inLanguage":"es","potentialAction":[{"@type":"ReadAction","target":["https:\/\/letrame.com\/catalogo\/producto\/mario-no-estas-solo\/"]}]},{"@type":"ImageObject","inLanguage":"es","@id":"https:\/\/letrame.com\/catalogo\/producto\/mario-no-estas-solo\/#primaryimage","url":"https:\/\/letrame.com\/catalogo\/wp-content\/uploads\/2025\/07\/mario_937mm4-scaled.jpg","contentUrl":"https:\/\/letrame.com\/catalogo\/wp-content\/uploads\/2025\/07\/mario_937mm4-scaled.jpg","width":1745,"height":2560},{"@type":"BreadcrumbList","@id":"https:\/\/letrame.com\/catalogo\/producto\/mario-no-estas-solo\/#breadcrumb","itemListElement":[{"@type":"ListItem","position":1,"name":"Portada","item":"https:\/\/letrame.com\/catalogo\/"},{"@type":"ListItem","position":2,"name":"Cat\u00e1logo","item":"https:\/\/letrame.com\/catalogo\/"},{"@type":"ListItem","position":3,"name":"Mario, no est\u00e1s solo 2\u00ba Ed"}]},{"@type":"WebSite","@id":"https:\/\/letrame.com\/catalogo\/#website","url":"https:\/\/letrame.com\/catalogo\/","name":"Catalogo | Letrame Grupo Editorial","description":"","publisher":{"@id":"https:\/\/letrame.com\/catalogo\/#organization"},"potentialAction":[{"@type":"SearchAction","target":{"@type":"EntryPoint","urlTemplate":"https:\/\/letrame.com\/catalogo\/?s={search_term_string}"},"query-input":{"@type":"PropertyValueSpecification","valueRequired":true,"valueName":"search_term_string"}}],"inLanguage":"es"},{"@type":"Organization","@id":"https:\/\/letrame.com\/catalogo\/#organization","name":"Catalogo | Letrame Grupo Editorial","url":"https:\/\/letrame.com\/catalogo\/","logo":{"@type":"ImageObject","inLanguage":"es","@id":"https:\/\/letrame.com\/catalogo\/#\/schema\/logo\/image\/","url":"https:\/\/letrame.com\/catalogo\/wp-content\/uploads\/2024\/03\/logo2.webp","contentUrl":"https:\/\/letrame.com\/catalogo\/wp-content\/uploads\/2024\/03\/logo2.webp","width":394,"height":128,"caption":"Catalogo | Letrame Grupo Editorial"},"image":{"@id":"https:\/\/letrame.com\/catalogo\/#\/schema\/logo\/image\/"}}]}},"_links":{"self":[{"href":"https:\/\/letrame.com\/catalogo\/wp-json\/wp\/v2\/product\/108640","targetHints":{"allow":["GET"]}}],"collection":[{"href":"https:\/\/letrame.com\/catalogo\/wp-json\/wp\/v2\/product"}],"about":[{"href":"https:\/\/letrame.com\/catalogo\/wp-json\/wp\/v2\/types\/product"}],"replies":[{"embeddable":true,"href":"https:\/\/letrame.com\/catalogo\/wp-json\/wp\/v2\/comments?post=108640"}],"acf:post":[{"embeddable":true,"href":"https:\/\/letrame.com\/catalogo\/wp-json\/wp\/v2\/author_book\/108639"}],"wp:featuredmedia":[{"embeddable":true,"href":"https:\/\/letrame.com\/catalogo\/wp-json\/wp\/v2\/media\/110747"}],"wp:attachment":[{"href":"https:\/\/letrame.com\/catalogo\/wp-json\/wp\/v2\/media?parent=108640"}],"wp:term":[{"taxonomy":"libro","embeddable":true,"href":"https:\/\/letrame.com\/catalogo\/wp-json\/wp\/v2\/libro?post=108640"},{"taxonomy":"product_brand","embeddable":true,"href":"https:\/\/letrame.com\/catalogo\/wp-json\/wp\/v2\/product_brand?post=108640"},{"taxonomy":"product_cat","embeddable":true,"href":"https:\/\/letrame.com\/catalogo\/wp-json\/wp\/v2\/product_cat?post=108640"},{"taxonomy":"product_tag","embeddable":true,"href":"https:\/\/letrame.com\/catalogo\/wp-json\/wp\/v2\/product_tag?post=108640"}],"curies":[{"name":"wp","href":"https:\/\/api.w.org\/{rel}","templated":true}]}}