{"id":108614,"date":"2025-07-09T11:32:01","date_gmt":"2025-07-09T09:32:01","guid":{"rendered":"https:\/\/letrame.com\/catalogo\/?post_type=product&#038;p=108614"},"modified":"2025-07-09T11:33:48","modified_gmt":"2025-07-09T09:33:48","slug":"intriga-en-el-cafe-bazar","status":"publish","type":"product","link":"https:\/\/letrame.com\/catalogo\/producto\/intriga-en-el-cafe-bazar\/","title":{"rendered":"Intriga en el (caf\u00e9) bazar"},"content":{"rendered":"<p class=\"p2\"><b>ISBN: <\/b>9791370123901<b><\/b><\/p>\n<p class=\"p2\"><b>T\u00edtulo: <\/b>Intriga en el (caf\u00e9) bazar<b><\/b><\/p>\n<p><strong>Fecha<\/strong>: 2025<b><\/b><\/p>\n<p><strong>P\u00e1ginas<\/strong>: 202<b><\/b><\/p>\n<p class=\"p2\"><b>SINOPSIS<br \/>\n<\/b><\/p>\n<p class=\"p1\">Dos matrimonios, muy distintos entre s\u00ed, comparten y comparan experiencias en sus frecuentes reuniones en un viejo caf\u00e9 de la bella ciudad austriaca de Salzburgo.<\/p>\n<p class=\"p1\">Como en un bazar oriental donde todo se puede vender y com-prar, discurren sobre las ventajas e inconvenientes de intercambiar papeles. Es un juego tan tentador como peligroso que puede convertir en aviesos asesinos a sus participantes o asegurar la felicidad perdida y ahora so\u00f1ada a la que nadie quiere renunciar, ni siquiera el m\u00e1s esc\u00e9ptico.<\/p>\n<p class=\"p1\">Centrada la acci\u00f3n de esta novela en Salzburgo, sus personajes pue-den f\u00e1cilmente encontrar en las m\u00fasicas divinas de Mozart, Richard Strauss, Massenet, Ischaikovski etc\u00e9tera, un envoltorio refinado y purificador que les arranque de su triste y azaroso d\u00eda a d\u00eda, transport\u00e1ndolos a un universo de ensue\u00f1o, consuelo y esperanza.<\/p>\n<p class=\"p2\"><b>\u00a0<\/b><\/p>\n","protected":false},"excerpt":{"rendered":"<p class=\"p2\"><b>ISBN: <\/b>9791370123901<\/p>\n<p class=\"p2\"><b><br \/>\nSINOPSIS<br \/>\n<\/b><\/p>\n<p class=\"p1\">Dos matrimonios, muy distintos entre s\u00ed, comparten y comparan experiencias en sus frecuentes reuniones en un viejo caf\u00e9 de la bella ciudad austriaca de Salzburgo.<\/p>\n<p class=\"p1\">Como en un bazar oriental donde todo se puede vender y com-prar, discurren sobre las ventajas e inconvenientes de intercambiar papeles. Es un juego tan tentador como peligroso que puede convertir en aviesos asesinos a sus participantes o asegurar la felicidad perdida y ahora so\u00f1ada a la que nadie quiere renunciar, ni siquiera el m\u00e1s esc\u00e9ptico.<\/p>\n<p class=\"p1\">Centrada la acci\u00f3n de esta novela en Salzburgo, sus personajes pue-den f\u00e1cilmente encontrar en las m\u00fasicas divinas de Mozart, Richard Strauss, Massenet, Ischaikovski etc\u00e9tera, un envoltorio refinado y purificador que les arranque de su triste y azaroso d\u00eda a d\u00eda, transport\u00e1ndolos a un universo de ensue\u00f1o, consuelo y esperanza.<\/p>\n","protected":false},"featured_media":108616,"comment_status":"open","ping_status":"closed","template":"","meta":{"_acf_changed":false},"libro":[],"product_brand":[],"product_cat":[16],"product_tag":[],"class_list":{"0":"post-108614","1":"product","2":"type-product","3":"status-publish","4":"has-post-thumbnail","6":"product_cat-novela","8":"first","9":"instock","10":"shipping-taxable","11":"product-type-simple"},"acf":{"autor":[101508],"enlace_de_compra":"https:\/\/www.amazon.es\/dp\/B0FGNZHX92"},"yoast_head":"<!-- This site is optimized with the Yoast SEO plugin v27.4 - https:\/\/yoast.com\/product\/yoast-seo-wordpress\/ -->\n<title>Intriga en el (caf\u00e9) bazar - Catalogo | Letrame Grupo Editorial<\/title>\n<meta name=\"robots\" content=\"index, follow, max-snippet:-1, max-image-preview:large, max-video-preview:-1\" \/>\n<link rel=\"canonical\" href=\"https:\/\/letrame.com\/catalogo\/producto\/intriga-en-el-cafe-bazar\/\" \/>\n<meta property=\"og:locale\" content=\"es_ES\" \/>\n<meta property=\"og:type\" content=\"article\" \/>\n<meta property=\"og:title\" content=\"Intriga en el (caf\u00e9) bazar - Catalogo | Letrame Grupo Editorial\" \/>\n<meta property=\"og:description\" content=\"ISBN: 9791370123901  SINOPSIS  Dos matrimonios, muy distintos entre s\u00ed, comparten y comparan experiencias en sus frecuentes reuniones en un viejo caf\u00e9 de la bella ciudad austriaca de Salzburgo. Como en un bazar oriental donde todo se puede vender y com-prar, discurren sobre las ventajas e inconvenientes de intercambiar papeles. Es un juego tan tentador como peligroso que puede convertir en aviesos asesinos a sus participantes o asegurar la felicidad perdida y ahora so\u00f1ada a la que nadie quiere renunciar, ni siquiera el m\u00e1s esc\u00e9ptico. Centrada la acci\u00f3n de esta novela en Salzburgo, sus personajes pue-den f\u00e1cilmente encontrar en las m\u00fasicas divinas de Mozart, Richard Strauss, Massenet, Ischaikovski etc\u00e9tera, un envoltorio refinado y purificador que les arranque de su triste y azaroso d\u00eda a d\u00eda, transport\u00e1ndolos a un universo de ensue\u00f1o, consuelo y esperanza.\" \/>\n<meta property=\"og:url\" content=\"https:\/\/letrame.com\/catalogo\/producto\/intriga-en-el-cafe-bazar\/\" \/>\n<meta property=\"og:site_name\" content=\"Catalogo | Letrame Grupo Editorial\" \/>\n<meta property=\"article:modified_time\" content=\"2025-07-09T09:33:48+00:00\" \/>\n<meta property=\"og:image\" content=\"https:\/\/letrame.com\/catalogo\/wp-content\/uploads\/2025\/07\/Intriga-en-el-cafe.jpg\" \/>\n\t<meta property=\"og:image:width\" content=\"425\" \/>\n\t<meta property=\"og:image:height\" content=\"595\" \/>\n\t<meta property=\"og:image:type\" content=\"image\/jpeg\" \/>\n<meta name=\"twitter:card\" content=\"summary_large_image\" \/>\n<meta name=\"twitter:label1\" content=\"Tiempo de lectura\" \/>\n\t<meta name=\"twitter:data1\" content=\"1 minuto\" \/>\n<script type=\"application\/ld+json\" class=\"yoast-schema-graph\">{\"@context\":\"https:\\\/\\\/schema.org\",\"@graph\":[{\"@type\":\"WebPage\",\"@id\":\"https:\\\/\\\/letrame.com\\\/catalogo\\\/producto\\\/intriga-en-el-cafe-bazar\\\/\",\"url\":\"https:\\\/\\\/letrame.com\\\/catalogo\\\/producto\\\/intriga-en-el-cafe-bazar\\\/\",\"name\":\"Intriga en el (caf\u00e9) bazar - Catalogo | Letrame Grupo Editorial\",\"isPartOf\":{\"@id\":\"https:\\\/\\\/letrame.com\\\/catalogo\\\/#website\"},\"primaryImageOfPage\":{\"@id\":\"https:\\\/\\\/letrame.com\\\/catalogo\\\/producto\\\/intriga-en-el-cafe-bazar\\\/#primaryimage\"},\"image\":{\"@id\":\"https:\\\/\\\/letrame.com\\\/catalogo\\\/producto\\\/intriga-en-el-cafe-bazar\\\/#primaryimage\"},\"thumbnailUrl\":\"https:\\\/\\\/letrame.com\\\/catalogo\\\/wp-content\\\/uploads\\\/2025\\\/07\\\/Intriga-en-el-cafe.jpg\",\"datePublished\":\"2025-07-09T09:32:01+00:00\",\"dateModified\":\"2025-07-09T09:33:48+00:00\",\"breadcrumb\":{\"@id\":\"https:\\\/\\\/letrame.com\\\/catalogo\\\/producto\\\/intriga-en-el-cafe-bazar\\\/#breadcrumb\"},\"inLanguage\":\"es\",\"potentialAction\":[{\"@type\":\"ReadAction\",\"target\":[\"https:\\\/\\\/letrame.com\\\/catalogo\\\/producto\\\/intriga-en-el-cafe-bazar\\\/\"]}]},{\"@type\":\"ImageObject\",\"inLanguage\":\"es\",\"@id\":\"https:\\\/\\\/letrame.com\\\/catalogo\\\/producto\\\/intriga-en-el-cafe-bazar\\\/#primaryimage\",\"url\":\"https:\\\/\\\/letrame.com\\\/catalogo\\\/wp-content\\\/uploads\\\/2025\\\/07\\\/Intriga-en-el-cafe.jpg\",\"contentUrl\":\"https:\\\/\\\/letrame.com\\\/catalogo\\\/wp-content\\\/uploads\\\/2025\\\/07\\\/Intriga-en-el-cafe.jpg\",\"width\":425,\"height\":595},{\"@type\":\"BreadcrumbList\",\"@id\":\"https:\\\/\\\/letrame.com\\\/catalogo\\\/producto\\\/intriga-en-el-cafe-bazar\\\/#breadcrumb\",\"itemListElement\":[{\"@type\":\"ListItem\",\"position\":1,\"name\":\"Portada\",\"item\":\"https:\\\/\\\/letrame.com\\\/catalogo\\\/\"},{\"@type\":\"ListItem\",\"position\":2,\"name\":\"Cat\u00e1logo\",\"item\":\"https:\\\/\\\/letrame.com\\\/catalogo\\\/\"},{\"@type\":\"ListItem\",\"position\":3,\"name\":\"Intriga en el (caf\u00e9) bazar\"}]},{\"@type\":\"WebSite\",\"@id\":\"https:\\\/\\\/letrame.com\\\/catalogo\\\/#website\",\"url\":\"https:\\\/\\\/letrame.com\\\/catalogo\\\/\",\"name\":\"Catalogo | Letrame Grupo Editorial\",\"description\":\"\",\"publisher\":{\"@id\":\"https:\\\/\\\/letrame.com\\\/catalogo\\\/#organization\"},\"potentialAction\":[{\"@type\":\"SearchAction\",\"target\":{\"@type\":\"EntryPoint\",\"urlTemplate\":\"https:\\\/\\\/letrame.com\\\/catalogo\\\/?s={search_term_string}\"},\"query-input\":{\"@type\":\"PropertyValueSpecification\",\"valueRequired\":true,\"valueName\":\"search_term_string\"}}],\"inLanguage\":\"es\"},{\"@type\":\"Organization\",\"@id\":\"https:\\\/\\\/letrame.com\\\/catalogo\\\/#organization\",\"name\":\"Catalogo | Letrame Grupo Editorial\",\"url\":\"https:\\\/\\\/letrame.com\\\/catalogo\\\/\",\"logo\":{\"@type\":\"ImageObject\",\"inLanguage\":\"es\",\"@id\":\"https:\\\/\\\/letrame.com\\\/catalogo\\\/#\\\/schema\\\/logo\\\/image\\\/\",\"url\":\"https:\\\/\\\/letrame.com\\\/catalogo\\\/wp-content\\\/uploads\\\/2024\\\/03\\\/logo2.webp\",\"contentUrl\":\"https:\\\/\\\/letrame.com\\\/catalogo\\\/wp-content\\\/uploads\\\/2024\\\/03\\\/logo2.webp\",\"width\":394,\"height\":128,\"caption\":\"Catalogo | Letrame Grupo Editorial\"},\"image\":{\"@id\":\"https:\\\/\\\/letrame.com\\\/catalogo\\\/#\\\/schema\\\/logo\\\/image\\\/\"}}]}<\/script>\n<!-- \/ Yoast SEO plugin. -->","yoast_head_json":{"title":"Intriga en el (caf\u00e9) bazar - Catalogo | Letrame Grupo Editorial","robots":{"index":"index","follow":"follow","max-snippet":"max-snippet:-1","max-image-preview":"max-image-preview:large","max-video-preview":"max-video-preview:-1"},"canonical":"https:\/\/letrame.com\/catalogo\/producto\/intriga-en-el-cafe-bazar\/","og_locale":"es_ES","og_type":"article","og_title":"Intriga en el (caf\u00e9) bazar - Catalogo | Letrame Grupo Editorial","og_description":"ISBN: 9791370123901  SINOPSIS  Dos matrimonios, muy distintos entre s\u00ed, comparten y comparan experiencias en sus frecuentes reuniones en un viejo caf\u00e9 de la bella ciudad austriaca de Salzburgo. Como en un bazar oriental donde todo se puede vender y com-prar, discurren sobre las ventajas e inconvenientes de intercambiar papeles. Es un juego tan tentador como peligroso que puede convertir en aviesos asesinos a sus participantes o asegurar la felicidad perdida y ahora so\u00f1ada a la que nadie quiere renunciar, ni siquiera el m\u00e1s esc\u00e9ptico. Centrada la acci\u00f3n de esta novela en Salzburgo, sus personajes pue-den f\u00e1cilmente encontrar en las m\u00fasicas divinas de Mozart, Richard Strauss, Massenet, Ischaikovski etc\u00e9tera, un envoltorio refinado y purificador que les arranque de su triste y azaroso d\u00eda a d\u00eda, transport\u00e1ndolos a un universo de ensue\u00f1o, consuelo y esperanza.","og_url":"https:\/\/letrame.com\/catalogo\/producto\/intriga-en-el-cafe-bazar\/","og_site_name":"Catalogo | Letrame Grupo Editorial","article_modified_time":"2025-07-09T09:33:48+00:00","og_image":[{"width":425,"height":595,"url":"https:\/\/letrame.com\/catalogo\/wp-content\/uploads\/2025\/07\/Intriga-en-el-cafe.jpg","type":"image\/jpeg"}],"twitter_card":"summary_large_image","twitter_misc":{"Tiempo de lectura":"1 minuto"},"schema":{"@context":"https:\/\/schema.org","@graph":[{"@type":"WebPage","@id":"https:\/\/letrame.com\/catalogo\/producto\/intriga-en-el-cafe-bazar\/","url":"https:\/\/letrame.com\/catalogo\/producto\/intriga-en-el-cafe-bazar\/","name":"Intriga en el (caf\u00e9) bazar - Catalogo | Letrame Grupo Editorial","isPartOf":{"@id":"https:\/\/letrame.com\/catalogo\/#website"},"primaryImageOfPage":{"@id":"https:\/\/letrame.com\/catalogo\/producto\/intriga-en-el-cafe-bazar\/#primaryimage"},"image":{"@id":"https:\/\/letrame.com\/catalogo\/producto\/intriga-en-el-cafe-bazar\/#primaryimage"},"thumbnailUrl":"https:\/\/letrame.com\/catalogo\/wp-content\/uploads\/2025\/07\/Intriga-en-el-cafe.jpg","datePublished":"2025-07-09T09:32:01+00:00","dateModified":"2025-07-09T09:33:48+00:00","breadcrumb":{"@id":"https:\/\/letrame.com\/catalogo\/producto\/intriga-en-el-cafe-bazar\/#breadcrumb"},"inLanguage":"es","potentialAction":[{"@type":"ReadAction","target":["https:\/\/letrame.com\/catalogo\/producto\/intriga-en-el-cafe-bazar\/"]}]},{"@type":"ImageObject","inLanguage":"es","@id":"https:\/\/letrame.com\/catalogo\/producto\/intriga-en-el-cafe-bazar\/#primaryimage","url":"https:\/\/letrame.com\/catalogo\/wp-content\/uploads\/2025\/07\/Intriga-en-el-cafe.jpg","contentUrl":"https:\/\/letrame.com\/catalogo\/wp-content\/uploads\/2025\/07\/Intriga-en-el-cafe.jpg","width":425,"height":595},{"@type":"BreadcrumbList","@id":"https:\/\/letrame.com\/catalogo\/producto\/intriga-en-el-cafe-bazar\/#breadcrumb","itemListElement":[{"@type":"ListItem","position":1,"name":"Portada","item":"https:\/\/letrame.com\/catalogo\/"},{"@type":"ListItem","position":2,"name":"Cat\u00e1logo","item":"https:\/\/letrame.com\/catalogo\/"},{"@type":"ListItem","position":3,"name":"Intriga en el (caf\u00e9) bazar"}]},{"@type":"WebSite","@id":"https:\/\/letrame.com\/catalogo\/#website","url":"https:\/\/letrame.com\/catalogo\/","name":"Catalogo | Letrame Grupo Editorial","description":"","publisher":{"@id":"https:\/\/letrame.com\/catalogo\/#organization"},"potentialAction":[{"@type":"SearchAction","target":{"@type":"EntryPoint","urlTemplate":"https:\/\/letrame.com\/catalogo\/?s={search_term_string}"},"query-input":{"@type":"PropertyValueSpecification","valueRequired":true,"valueName":"search_term_string"}}],"inLanguage":"es"},{"@type":"Organization","@id":"https:\/\/letrame.com\/catalogo\/#organization","name":"Catalogo | Letrame Grupo Editorial","url":"https:\/\/letrame.com\/catalogo\/","logo":{"@type":"ImageObject","inLanguage":"es","@id":"https:\/\/letrame.com\/catalogo\/#\/schema\/logo\/image\/","url":"https:\/\/letrame.com\/catalogo\/wp-content\/uploads\/2024\/03\/logo2.webp","contentUrl":"https:\/\/letrame.com\/catalogo\/wp-content\/uploads\/2024\/03\/logo2.webp","width":394,"height":128,"caption":"Catalogo | Letrame Grupo Editorial"},"image":{"@id":"https:\/\/letrame.com\/catalogo\/#\/schema\/logo\/image\/"}}]}},"_links":{"self":[{"href":"https:\/\/letrame.com\/catalogo\/wp-json\/wp\/v2\/product\/108614","targetHints":{"allow":["GET"]}}],"collection":[{"href":"https:\/\/letrame.com\/catalogo\/wp-json\/wp\/v2\/product"}],"about":[{"href":"https:\/\/letrame.com\/catalogo\/wp-json\/wp\/v2\/types\/product"}],"replies":[{"embeddable":true,"href":"https:\/\/letrame.com\/catalogo\/wp-json\/wp\/v2\/comments?post=108614"}],"acf:post":[{"embeddable":true,"href":"https:\/\/letrame.com\/catalogo\/wp-json\/wp\/v2\/author_book\/101508"}],"wp:featuredmedia":[{"embeddable":true,"href":"https:\/\/letrame.com\/catalogo\/wp-json\/wp\/v2\/media\/108616"}],"wp:attachment":[{"href":"https:\/\/letrame.com\/catalogo\/wp-json\/wp\/v2\/media?parent=108614"}],"wp:term":[{"taxonomy":"libro","embeddable":true,"href":"https:\/\/letrame.com\/catalogo\/wp-json\/wp\/v2\/libro?post=108614"},{"taxonomy":"product_brand","embeddable":true,"href":"https:\/\/letrame.com\/catalogo\/wp-json\/wp\/v2\/product_brand?post=108614"},{"taxonomy":"product_cat","embeddable":true,"href":"https:\/\/letrame.com\/catalogo\/wp-json\/wp\/v2\/product_cat?post=108614"},{"taxonomy":"product_tag","embeddable":true,"href":"https:\/\/letrame.com\/catalogo\/wp-json\/wp\/v2\/product_tag?post=108614"}],"curies":[{"name":"wp","href":"https:\/\/api.w.org\/{rel}","templated":true}]}}