{"id":108580,"date":"2025-06-05T15:50:00","date_gmt":"2025-06-05T13:50:00","guid":{"rendered":"https:\/\/letrame.com\/catalogo\/?post_type=product&#038;p=108580"},"modified":"2026-03-20T12:23:16","modified_gmt":"2026-03-20T11:23:16","slug":"visions-de-calendari","status":"publish","type":"product","link":"https:\/\/letrame.com\/catalogo\/producto\/visions-de-calendari\/","title":{"rendered":"Visions de calendari 2\u00ba Edici\u00f3n"},"content":{"rendered":"<p class=\"p1\"><b>ISBN: <\/b>979-13-7029-097-9<\/p>\n<p class=\"p1\"><b>T\u00edtulo: Visions de calendari 2\u00ba Edici\u00f3n<\/b><b><\/b><\/p>\n<p><strong>Fecha<\/strong>: 2025<b><\/b><\/p>\n<p><strong>P\u00e1ginas<\/strong>: 366<b><\/b><\/p>\n<p class=\"p1\"><b>SINOPSIS<br \/>\n<\/b><\/p>\n<p class=\"p1\">En una ciutat aparentment tranquilla on la foscor aguaita a cada cantonada, viu Adama, una jove amb un do extraordinari: t\u00e9 visions que la connecten amb les v\u00edctimes i els delinq\u00fcents.<\/p>\n<p class=\"p1\">A mesura que s&#8217;involucra en investigacions de segrestos, morts i assassinats en s\u00e8rie, les seves visions es converteixen en la clau per desentranyar la veritat darrere d&#8217;aquests atro\u00e7os crims.<\/p>\n<p class=\"p1\">Amb l&#8217;ajuda de l&#8217;\u00c0lex, un mosso d&#8217;esquadra, i amb la seva determinaci\u00f3, Adama s&#8217;embarca en un viatge ple de revelacions, on cada visi\u00f3 l&#8217;acosta m\u00e9s als responsables dels delictes que la portaran a viure, amb molt de patiment, com les seves persones m\u00e9s estimades queden atrapades en una s\u00e8rie de situacions de vida o mort.<\/p>\n<p class=\"p1\">Podr\u00e0 Adama fer servir el seu do per fer just\u00edcia abans que no<\/p>\n<p class=\"p1\">sigui massa tard?<\/p>\n<p class=\"p1\">Una historia emocionant que barreja misteri, suspens i un toc de sobrenatural!<\/p>\n<p>&nbsp;<\/p>\n","protected":false},"excerpt":{"rendered":"<p class=\"p1\"><b>ISBN: <\/b>979-13-7029-097-9<\/p>\n<p>SINOPSIS<\/p>\n<p class=\"p1\">En una ciutat aparentment tranquilla on la foscor aguaita a cada cantonada, viu Adama, una jove amb un do extraordinari: t\u00e9 visions que la connecten amb les v\u00edctimes i els delinq\u00fcents.<\/p>\n<p class=\"p1\">A mesura que s&#8217;involucra en investigacions de segrestos, morts i assassinats en s\u00e8rie, les seves visions es converteixen en la clau per desentranyar la veritat darrere d&#8217;aquests atro\u00e7os crims.<\/p>\n<p class=\"p1\">Amb l&#8217;ajuda de l&#8217;\u00c0lex, un mosso d&#8217;esquadra, i amb la seva determinaci\u00f3, Adama s&#8217;embarca en un viatge ple de revelacions, on cada visi\u00f3 l&#8217;acosta m\u00e9s als responsables dels delictes que la portaran a viure, amb molt de patiment, com les seves persones m\u00e9s estimades queden atrapades en una s\u00e8rie de situacions de vida o mort.<\/p>\n<p class=\"p1\">Podr\u00e0 Adama fer servir el seu do per fer just\u00edcia abans que no<\/p>\n<p class=\"p1\">sigui massa tard?<\/p>\n<p class=\"p1\">Una historia emocionant que barreja misteri, suspens i un toc de sobrenatural!<\/p>\n","protected":false},"featured_media":110654,"comment_status":"open","ping_status":"closed","template":"","meta":{"_acf_changed":false},"libro":[],"product_brand":[],"product_cat":[51],"product_tag":[],"class_list":{"0":"post-108580","1":"product","2":"type-product","3":"status-publish","4":"has-post-thumbnail","6":"product_cat-novela-negra","8":"first","9":"instock","10":"shipping-taxable","11":"product-type-simple"},"acf":{"autor":[110656],"enlace_de_compra":"https:\/\/amzn.to\/4smdaZ7"},"yoast_head":"<!-- This site is optimized with the Yoast SEO plugin v27.4 - https:\/\/yoast.com\/product\/yoast-seo-wordpress\/ -->\n<title>Visions de calendari 2\u00ba Edici\u00f3n - Catalogo | Letrame Grupo Editorial<\/title>\n<meta name=\"robots\" content=\"index, follow, max-snippet:-1, max-image-preview:large, max-video-preview:-1\" \/>\n<link rel=\"canonical\" href=\"https:\/\/letrame.com\/catalogo\/producto\/visions-de-calendari\/\" \/>\n<meta property=\"og:locale\" content=\"es_ES\" \/>\n<meta property=\"og:type\" content=\"article\" \/>\n<meta property=\"og:title\" content=\"Visions de calendari 2\u00ba Edici\u00f3n - Catalogo | Letrame Grupo Editorial\" \/>\n<meta property=\"og:description\" content=\"ISBN: 979-13-7029-097-9 SINOPSIS En una ciutat aparentment tranquilla on la foscor aguaita a cada cantonada, viu Adama, una jove amb un do extraordinari: t\u00e9 visions que la connecten amb les v\u00edctimes i els delinq\u00fcents. A mesura que s&#039;involucra en investigacions de segrestos, morts i assassinats en s\u00e8rie, les seves visions es converteixen en la clau per desentranyar la veritat darrere d&#039;aquests atro\u00e7os crims. Amb l&#039;ajuda de l&#039;\u00c0lex, un mosso d&#039;esquadra, i amb la seva determinaci\u00f3, Adama s&#039;embarca en un viatge ple de revelacions, on cada visi\u00f3 l&#039;acosta m\u00e9s als responsables dels delictes que la portaran a viure, amb molt de patiment, com les seves persones m\u00e9s estimades queden atrapades en una s\u00e8rie de situacions de vida o mort. Podr\u00e0 Adama fer servir el seu do per fer just\u00edcia abans que no sigui massa tard? Una historia emocionant que barreja misteri, suspens i un toc de sobrenatural!\" \/>\n<meta property=\"og:url\" content=\"https:\/\/letrame.com\/catalogo\/producto\/visions-de-calendari\/\" \/>\n<meta property=\"og:site_name\" content=\"Catalogo | Letrame Grupo Editorial\" \/>\n<meta property=\"article:modified_time\" content=\"2026-03-20T11:23:16+00:00\" \/>\n<meta property=\"og:image\" content=\"https:\/\/letrame.com\/catalogo\/wp-content\/uploads\/2025\/06\/visionsbaja-scaled.jpg\" \/>\n\t<meta property=\"og:image:width\" content=\"1745\" \/>\n\t<meta property=\"og:image:height\" content=\"2560\" \/>\n\t<meta property=\"og:image:type\" content=\"image\/jpeg\" \/>\n<meta name=\"twitter:card\" content=\"summary_large_image\" \/>\n<meta name=\"twitter:label1\" content=\"Tiempo de lectura\" \/>\n\t<meta name=\"twitter:data1\" content=\"1 minuto\" \/>\n<script type=\"application\/ld+json\" class=\"yoast-schema-graph\">{\"@context\":\"https:\\\/\\\/schema.org\",\"@graph\":[{\"@type\":\"WebPage\",\"@id\":\"https:\\\/\\\/letrame.com\\\/catalogo\\\/producto\\\/visions-de-calendari\\\/\",\"url\":\"https:\\\/\\\/letrame.com\\\/catalogo\\\/producto\\\/visions-de-calendari\\\/\",\"name\":\"Visions de calendari 2\u00ba Edici\u00f3n - Catalogo | Letrame Grupo Editorial\",\"isPartOf\":{\"@id\":\"https:\\\/\\\/letrame.com\\\/catalogo\\\/#website\"},\"primaryImageOfPage\":{\"@id\":\"https:\\\/\\\/letrame.com\\\/catalogo\\\/producto\\\/visions-de-calendari\\\/#primaryimage\"},\"image\":{\"@id\":\"https:\\\/\\\/letrame.com\\\/catalogo\\\/producto\\\/visions-de-calendari\\\/#primaryimage\"},\"thumbnailUrl\":\"https:\\\/\\\/letrame.com\\\/catalogo\\\/wp-content\\\/uploads\\\/2025\\\/06\\\/visionsbaja-scaled.jpg\",\"datePublished\":\"2025-06-05T13:50:00+00:00\",\"dateModified\":\"2026-03-20T11:23:16+00:00\",\"breadcrumb\":{\"@id\":\"https:\\\/\\\/letrame.com\\\/catalogo\\\/producto\\\/visions-de-calendari\\\/#breadcrumb\"},\"inLanguage\":\"es\",\"potentialAction\":[{\"@type\":\"ReadAction\",\"target\":[\"https:\\\/\\\/letrame.com\\\/catalogo\\\/producto\\\/visions-de-calendari\\\/\"]}]},{\"@type\":\"ImageObject\",\"inLanguage\":\"es\",\"@id\":\"https:\\\/\\\/letrame.com\\\/catalogo\\\/producto\\\/visions-de-calendari\\\/#primaryimage\",\"url\":\"https:\\\/\\\/letrame.com\\\/catalogo\\\/wp-content\\\/uploads\\\/2025\\\/06\\\/visionsbaja-scaled.jpg\",\"contentUrl\":\"https:\\\/\\\/letrame.com\\\/catalogo\\\/wp-content\\\/uploads\\\/2025\\\/06\\\/visionsbaja-scaled.jpg\",\"width\":1745,\"height\":2560},{\"@type\":\"BreadcrumbList\",\"@id\":\"https:\\\/\\\/letrame.com\\\/catalogo\\\/producto\\\/visions-de-calendari\\\/#breadcrumb\",\"itemListElement\":[{\"@type\":\"ListItem\",\"position\":1,\"name\":\"Portada\",\"item\":\"https:\\\/\\\/letrame.com\\\/catalogo\\\/\"},{\"@type\":\"ListItem\",\"position\":2,\"name\":\"Cat\u00e1logo\",\"item\":\"https:\\\/\\\/letrame.com\\\/catalogo\\\/\"},{\"@type\":\"ListItem\",\"position\":3,\"name\":\"Visions de calendari 2\u00ba Edici\u00f3n\"}]},{\"@type\":\"WebSite\",\"@id\":\"https:\\\/\\\/letrame.com\\\/catalogo\\\/#website\",\"url\":\"https:\\\/\\\/letrame.com\\\/catalogo\\\/\",\"name\":\"Catalogo | Letrame Grupo Editorial\",\"description\":\"\",\"publisher\":{\"@id\":\"https:\\\/\\\/letrame.com\\\/catalogo\\\/#organization\"},\"potentialAction\":[{\"@type\":\"SearchAction\",\"target\":{\"@type\":\"EntryPoint\",\"urlTemplate\":\"https:\\\/\\\/letrame.com\\\/catalogo\\\/?s={search_term_string}\"},\"query-input\":{\"@type\":\"PropertyValueSpecification\",\"valueRequired\":true,\"valueName\":\"search_term_string\"}}],\"inLanguage\":\"es\"},{\"@type\":\"Organization\",\"@id\":\"https:\\\/\\\/letrame.com\\\/catalogo\\\/#organization\",\"name\":\"Catalogo | Letrame Grupo Editorial\",\"url\":\"https:\\\/\\\/letrame.com\\\/catalogo\\\/\",\"logo\":{\"@type\":\"ImageObject\",\"inLanguage\":\"es\",\"@id\":\"https:\\\/\\\/letrame.com\\\/catalogo\\\/#\\\/schema\\\/logo\\\/image\\\/\",\"url\":\"https:\\\/\\\/letrame.com\\\/catalogo\\\/wp-content\\\/uploads\\\/2024\\\/03\\\/logo2.webp\",\"contentUrl\":\"https:\\\/\\\/letrame.com\\\/catalogo\\\/wp-content\\\/uploads\\\/2024\\\/03\\\/logo2.webp\",\"width\":394,\"height\":128,\"caption\":\"Catalogo | Letrame Grupo Editorial\"},\"image\":{\"@id\":\"https:\\\/\\\/letrame.com\\\/catalogo\\\/#\\\/schema\\\/logo\\\/image\\\/\"}}]}<\/script>\n<!-- \/ Yoast SEO plugin. -->","yoast_head_json":{"title":"Visions de calendari 2\u00ba Edici\u00f3n - Catalogo | Letrame Grupo Editorial","robots":{"index":"index","follow":"follow","max-snippet":"max-snippet:-1","max-image-preview":"max-image-preview:large","max-video-preview":"max-video-preview:-1"},"canonical":"https:\/\/letrame.com\/catalogo\/producto\/visions-de-calendari\/","og_locale":"es_ES","og_type":"article","og_title":"Visions de calendari 2\u00ba Edici\u00f3n - Catalogo | Letrame Grupo Editorial","og_description":"ISBN: 979-13-7029-097-9 SINOPSIS En una ciutat aparentment tranquilla on la foscor aguaita a cada cantonada, viu Adama, una jove amb un do extraordinari: t\u00e9 visions que la connecten amb les v\u00edctimes i els delinq\u00fcents. A mesura que s'involucra en investigacions de segrestos, morts i assassinats en s\u00e8rie, les seves visions es converteixen en la clau per desentranyar la veritat darrere d'aquests atro\u00e7os crims. Amb l'ajuda de l'\u00c0lex, un mosso d'esquadra, i amb la seva determinaci\u00f3, Adama s'embarca en un viatge ple de revelacions, on cada visi\u00f3 l'acosta m\u00e9s als responsables dels delictes que la portaran a viure, amb molt de patiment, com les seves persones m\u00e9s estimades queden atrapades en una s\u00e8rie de situacions de vida o mort. Podr\u00e0 Adama fer servir el seu do per fer just\u00edcia abans que no sigui massa tard? Una historia emocionant que barreja misteri, suspens i un toc de sobrenatural!","og_url":"https:\/\/letrame.com\/catalogo\/producto\/visions-de-calendari\/","og_site_name":"Catalogo | Letrame Grupo Editorial","article_modified_time":"2026-03-20T11:23:16+00:00","og_image":[{"width":1745,"height":2560,"url":"https:\/\/letrame.com\/catalogo\/wp-content\/uploads\/2025\/06\/visionsbaja-scaled.jpg","type":"image\/jpeg"}],"twitter_card":"summary_large_image","twitter_misc":{"Tiempo de lectura":"1 minuto"},"schema":{"@context":"https:\/\/schema.org","@graph":[{"@type":"WebPage","@id":"https:\/\/letrame.com\/catalogo\/producto\/visions-de-calendari\/","url":"https:\/\/letrame.com\/catalogo\/producto\/visions-de-calendari\/","name":"Visions de calendari 2\u00ba Edici\u00f3n - Catalogo | Letrame Grupo Editorial","isPartOf":{"@id":"https:\/\/letrame.com\/catalogo\/#website"},"primaryImageOfPage":{"@id":"https:\/\/letrame.com\/catalogo\/producto\/visions-de-calendari\/#primaryimage"},"image":{"@id":"https:\/\/letrame.com\/catalogo\/producto\/visions-de-calendari\/#primaryimage"},"thumbnailUrl":"https:\/\/letrame.com\/catalogo\/wp-content\/uploads\/2025\/06\/visionsbaja-scaled.jpg","datePublished":"2025-06-05T13:50:00+00:00","dateModified":"2026-03-20T11:23:16+00:00","breadcrumb":{"@id":"https:\/\/letrame.com\/catalogo\/producto\/visions-de-calendari\/#breadcrumb"},"inLanguage":"es","potentialAction":[{"@type":"ReadAction","target":["https:\/\/letrame.com\/catalogo\/producto\/visions-de-calendari\/"]}]},{"@type":"ImageObject","inLanguage":"es","@id":"https:\/\/letrame.com\/catalogo\/producto\/visions-de-calendari\/#primaryimage","url":"https:\/\/letrame.com\/catalogo\/wp-content\/uploads\/2025\/06\/visionsbaja-scaled.jpg","contentUrl":"https:\/\/letrame.com\/catalogo\/wp-content\/uploads\/2025\/06\/visionsbaja-scaled.jpg","width":1745,"height":2560},{"@type":"BreadcrumbList","@id":"https:\/\/letrame.com\/catalogo\/producto\/visions-de-calendari\/#breadcrumb","itemListElement":[{"@type":"ListItem","position":1,"name":"Portada","item":"https:\/\/letrame.com\/catalogo\/"},{"@type":"ListItem","position":2,"name":"Cat\u00e1logo","item":"https:\/\/letrame.com\/catalogo\/"},{"@type":"ListItem","position":3,"name":"Visions de calendari 2\u00ba Edici\u00f3n"}]},{"@type":"WebSite","@id":"https:\/\/letrame.com\/catalogo\/#website","url":"https:\/\/letrame.com\/catalogo\/","name":"Catalogo | Letrame Grupo Editorial","description":"","publisher":{"@id":"https:\/\/letrame.com\/catalogo\/#organization"},"potentialAction":[{"@type":"SearchAction","target":{"@type":"EntryPoint","urlTemplate":"https:\/\/letrame.com\/catalogo\/?s={search_term_string}"},"query-input":{"@type":"PropertyValueSpecification","valueRequired":true,"valueName":"search_term_string"}}],"inLanguage":"es"},{"@type":"Organization","@id":"https:\/\/letrame.com\/catalogo\/#organization","name":"Catalogo | Letrame Grupo Editorial","url":"https:\/\/letrame.com\/catalogo\/","logo":{"@type":"ImageObject","inLanguage":"es","@id":"https:\/\/letrame.com\/catalogo\/#\/schema\/logo\/image\/","url":"https:\/\/letrame.com\/catalogo\/wp-content\/uploads\/2024\/03\/logo2.webp","contentUrl":"https:\/\/letrame.com\/catalogo\/wp-content\/uploads\/2024\/03\/logo2.webp","width":394,"height":128,"caption":"Catalogo | Letrame Grupo Editorial"},"image":{"@id":"https:\/\/letrame.com\/catalogo\/#\/schema\/logo\/image\/"}}]}},"_links":{"self":[{"href":"https:\/\/letrame.com\/catalogo\/wp-json\/wp\/v2\/product\/108580","targetHints":{"allow":["GET"]}}],"collection":[{"href":"https:\/\/letrame.com\/catalogo\/wp-json\/wp\/v2\/product"}],"about":[{"href":"https:\/\/letrame.com\/catalogo\/wp-json\/wp\/v2\/types\/product"}],"replies":[{"embeddable":true,"href":"https:\/\/letrame.com\/catalogo\/wp-json\/wp\/v2\/comments?post=108580"}],"acf:post":[{"embeddable":true,"href":"https:\/\/letrame.com\/catalogo\/wp-json\/wp\/v2\/author_book\/110656"}],"wp:featuredmedia":[{"embeddable":true,"href":"https:\/\/letrame.com\/catalogo\/wp-json\/wp\/v2\/media\/110654"}],"wp:attachment":[{"href":"https:\/\/letrame.com\/catalogo\/wp-json\/wp\/v2\/media?parent=108580"}],"wp:term":[{"taxonomy":"libro","embeddable":true,"href":"https:\/\/letrame.com\/catalogo\/wp-json\/wp\/v2\/libro?post=108580"},{"taxonomy":"product_brand","embeddable":true,"href":"https:\/\/letrame.com\/catalogo\/wp-json\/wp\/v2\/product_brand?post=108580"},{"taxonomy":"product_cat","embeddable":true,"href":"https:\/\/letrame.com\/catalogo\/wp-json\/wp\/v2\/product_cat?post=108580"},{"taxonomy":"product_tag","embeddable":true,"href":"https:\/\/letrame.com\/catalogo\/wp-json\/wp\/v2\/product_tag?post=108580"}],"curies":[{"name":"wp","href":"https:\/\/api.w.org\/{rel}","templated":true}]}}