{"id":108570,"date":"2025-05-27T15:17:41","date_gmt":"2025-05-27T13:17:41","guid":{"rendered":"https:\/\/letrame.com\/catalogo\/?post_type=product&#038;p=108570"},"modified":"2025-05-27T15:17:42","modified_gmt":"2025-05-27T13:17:42","slug":"suenos-grises-entre-algodon-blanco","status":"publish","type":"product","link":"https:\/\/letrame.com\/catalogo\/producto\/suenos-grises-entre-algodon-blanco\/","title":{"rendered":"Sue\u00f1os grises entre algod\u00f3n blanco"},"content":{"rendered":"<p class=\"p1\"><b>ISBN: <\/b>978-84-1089-582-9<\/p>\n<p class=\"p1\"><b>T\u00edtulo: <\/b>Sue\u00f1os grises entre algod\u00f3n blanco<b><\/b><\/p>\n<p><strong>Fecha<\/strong>: 2025<b><\/b><\/p>\n<p><strong>P\u00e1ginas<\/strong>: 78<b><\/b><\/p>\n<p class=\"p1\"><b>SINOPSIS<br \/>\n<\/b><\/p>\n<p class=\"p1\">Obra dram\u00e1tica ambientada en los a\u00f1os 50, desarrollada principalmente en la localidad de Alarc\u00f3n (Cuenca).<\/p>\n<p class=\"p1\">A trav\u00e9s de las estaciones del a\u00f1o y del proceso de siembra y recolecci\u00f3n de un campo de algod\u00f3n, se detalla la importante decisi\u00f3n que tiene que tomar un humilde agricultor (Quirino) sin contar con su esposa (Balbina), Y c\u00f3mo la relaci\u00f3n sentimental entre ambos va deterior\u00e1ndose y haci\u00e9ndose insostenible.<\/p>\n<p class=\"p1\">Libro relacionado con la novela Giro de tuerca, de Carlos Gull\u00f3n Calvo.<\/p>\n<p class=\"p1\"><b>\u00a0<\/b><\/p>\n","protected":false},"excerpt":{"rendered":"<p class=\"p1\"><b>SINOPSIS<br \/>\n<\/b><\/p>\n<p class=\"p1\">Obra dram\u00e1tica ambientada en los a\u00f1os 50, desarrollada principalmente en la localidad de Alarc\u00f3n (Cuenca).<\/p>\n<p class=\"p1\">A trav\u00e9s de las estaciones del a\u00f1o y del proceso de siembra y recolecci\u00f3n de un campo de algod\u00f3n, se detalla la importante decisi\u00f3n que tiene que tomar un humilde agricultor (Quirino) sin contar con su esposa (Balbina), Y c\u00f3mo la relaci\u00f3n sentimental entre ambos va deterior\u00e1ndose y haci\u00e9ndose insostenible.<\/p>\n<p class=\"p1\">Libro relacionado con la novela Giro de tuerca, de Carlos Gull\u00f3n Calvo.<\/p>\n","protected":false},"featured_media":108571,"comment_status":"open","ping_status":"closed","template":"","meta":{"_acf_changed":false},"libro":[],"product_brand":[],"product_cat":[15,47],"product_tag":[],"class_list":{"0":"post-108570","1":"product","2":"type-product","3":"status-publish","4":"has-post-thumbnail","6":"product_cat-sin-categorizar","7":"product_cat-ciencia-ficcion-misterio","9":"first","10":"instock","11":"shipping-taxable","12":"product-type-simple"},"acf":{"autor":[77035],"enlace_de_compra":"https:\/\/www.amazon.es\/dp\/841089582X"},"yoast_head":"<!-- This site is optimized with the Yoast SEO plugin v26.6 - https:\/\/yoast.com\/wordpress\/plugins\/seo\/ -->\n<title>Sue\u00f1os grises entre algod\u00f3n blanco - Catalogo | Letrame Grupo Editorial<\/title>\n<meta name=\"robots\" content=\"index, follow, max-snippet:-1, max-image-preview:large, max-video-preview:-1\" \/>\n<link rel=\"canonical\" href=\"https:\/\/letrame.com\/catalogo\/producto\/suenos-grises-entre-algodon-blanco\/\" \/>\n<meta property=\"og:locale\" content=\"es_ES\" \/>\n<meta property=\"og:type\" content=\"article\" \/>\n<meta property=\"og:title\" content=\"Sue\u00f1os grises entre algod\u00f3n blanco - Catalogo | Letrame Grupo Editorial\" \/>\n<meta property=\"og:description\" content=\"SINOPSIS  Obra dram\u00e1tica ambientada en los a\u00f1os 50, desarrollada principalmente en la localidad de Alarc\u00f3n (Cuenca). A trav\u00e9s de las estaciones del a\u00f1o y del proceso de siembra y recolecci\u00f3n de un campo de algod\u00f3n, se detalla la importante decisi\u00f3n que tiene que tomar un humilde agricultor (Quirino) sin contar con su esposa (Balbina), Y c\u00f3mo la relaci\u00f3n sentimental entre ambos va deterior\u00e1ndose y haci\u00e9ndose insostenible. Libro relacionado con la novela Giro de tuerca, de Carlos Gull\u00f3n Calvo.\" \/>\n<meta property=\"og:url\" content=\"https:\/\/letrame.com\/catalogo\/producto\/suenos-grises-entre-algodon-blanco\/\" \/>\n<meta property=\"og:site_name\" content=\"Catalogo | Letrame Grupo Editorial\" \/>\n<meta property=\"article:modified_time\" content=\"2025-05-27T13:17:42+00:00\" \/>\n<meta property=\"og:image\" content=\"https:\/\/letrame.com\/catalogo\/wp-content\/uploads\/2025\/05\/Suenos-grises-entre-algodon.jpg\" \/>\n\t<meta property=\"og:image:width\" content=\"354\" \/>\n\t<meta property=\"og:image:height\" content=\"520\" \/>\n\t<meta property=\"og:image:type\" content=\"image\/jpeg\" \/>\n<meta name=\"twitter:card\" content=\"summary_large_image\" \/>\n<meta name=\"twitter:label1\" content=\"Tiempo de lectura\" \/>\n\t<meta name=\"twitter:data1\" content=\"1 minuto\" \/>\n<script type=\"application\/ld+json\" class=\"yoast-schema-graph\">{\"@context\":\"https:\/\/schema.org\",\"@graph\":[{\"@type\":\"WebPage\",\"@id\":\"https:\/\/letrame.com\/catalogo\/producto\/suenos-grises-entre-algodon-blanco\/\",\"url\":\"https:\/\/letrame.com\/catalogo\/producto\/suenos-grises-entre-algodon-blanco\/\",\"name\":\"Sue\u00f1os grises entre algod\u00f3n blanco - Catalogo | Letrame Grupo Editorial\",\"isPartOf\":{\"@id\":\"https:\/\/letrame.com\/catalogo\/#website\"},\"primaryImageOfPage\":{\"@id\":\"https:\/\/letrame.com\/catalogo\/producto\/suenos-grises-entre-algodon-blanco\/#primaryimage\"},\"image\":{\"@id\":\"https:\/\/letrame.com\/catalogo\/producto\/suenos-grises-entre-algodon-blanco\/#primaryimage\"},\"thumbnailUrl\":\"https:\/\/letrame.com\/catalogo\/wp-content\/uploads\/2025\/05\/Suenos-grises-entre-algodon.jpg\",\"datePublished\":\"2025-05-27T13:17:41+00:00\",\"dateModified\":\"2025-05-27T13:17:42+00:00\",\"breadcrumb\":{\"@id\":\"https:\/\/letrame.com\/catalogo\/producto\/suenos-grises-entre-algodon-blanco\/#breadcrumb\"},\"inLanguage\":\"es\",\"potentialAction\":[{\"@type\":\"ReadAction\",\"target\":[\"https:\/\/letrame.com\/catalogo\/producto\/suenos-grises-entre-algodon-blanco\/\"]}]},{\"@type\":\"ImageObject\",\"inLanguage\":\"es\",\"@id\":\"https:\/\/letrame.com\/catalogo\/producto\/suenos-grises-entre-algodon-blanco\/#primaryimage\",\"url\":\"https:\/\/letrame.com\/catalogo\/wp-content\/uploads\/2025\/05\/Suenos-grises-entre-algodon.jpg\",\"contentUrl\":\"https:\/\/letrame.com\/catalogo\/wp-content\/uploads\/2025\/05\/Suenos-grises-entre-algodon.jpg\",\"width\":354,\"height\":520},{\"@type\":\"BreadcrumbList\",\"@id\":\"https:\/\/letrame.com\/catalogo\/producto\/suenos-grises-entre-algodon-blanco\/#breadcrumb\",\"itemListElement\":[{\"@type\":\"ListItem\",\"position\":1,\"name\":\"Portada\",\"item\":\"https:\/\/letrame.com\/catalogo\/\"},{\"@type\":\"ListItem\",\"position\":2,\"name\":\"Cat\u00e1logo\",\"item\":\"https:\/\/letrame.com\/catalogo\/\"},{\"@type\":\"ListItem\",\"position\":3,\"name\":\"Sue\u00f1os grises entre algod\u00f3n blanco\"}]},{\"@type\":\"WebSite\",\"@id\":\"https:\/\/letrame.com\/catalogo\/#website\",\"url\":\"https:\/\/letrame.com\/catalogo\/\",\"name\":\"Catalogo | Letrame Grupo Editorial\",\"description\":\"\",\"publisher\":{\"@id\":\"https:\/\/letrame.com\/catalogo\/#organization\"},\"potentialAction\":[{\"@type\":\"SearchAction\",\"target\":{\"@type\":\"EntryPoint\",\"urlTemplate\":\"https:\/\/letrame.com\/catalogo\/?s={search_term_string}\"},\"query-input\":{\"@type\":\"PropertyValueSpecification\",\"valueRequired\":true,\"valueName\":\"search_term_string\"}}],\"inLanguage\":\"es\"},{\"@type\":\"Organization\",\"@id\":\"https:\/\/letrame.com\/catalogo\/#organization\",\"name\":\"Catalogo | Letrame Grupo Editorial\",\"url\":\"https:\/\/letrame.com\/catalogo\/\",\"logo\":{\"@type\":\"ImageObject\",\"inLanguage\":\"es\",\"@id\":\"https:\/\/letrame.com\/catalogo\/#\/schema\/logo\/image\/\",\"url\":\"https:\/\/letrame.com\/catalogo\/wp-content\/uploads\/2024\/03\/logo2.webp\",\"contentUrl\":\"https:\/\/letrame.com\/catalogo\/wp-content\/uploads\/2024\/03\/logo2.webp\",\"width\":394,\"height\":128,\"caption\":\"Catalogo | Letrame Grupo Editorial\"},\"image\":{\"@id\":\"https:\/\/letrame.com\/catalogo\/#\/schema\/logo\/image\/\"}}]}<\/script>\n<!-- \/ Yoast SEO plugin. -->","yoast_head_json":{"title":"Sue\u00f1os grises entre algod\u00f3n blanco - Catalogo | Letrame Grupo Editorial","robots":{"index":"index","follow":"follow","max-snippet":"max-snippet:-1","max-image-preview":"max-image-preview:large","max-video-preview":"max-video-preview:-1"},"canonical":"https:\/\/letrame.com\/catalogo\/producto\/suenos-grises-entre-algodon-blanco\/","og_locale":"es_ES","og_type":"article","og_title":"Sue\u00f1os grises entre algod\u00f3n blanco - Catalogo | Letrame Grupo Editorial","og_description":"SINOPSIS  Obra dram\u00e1tica ambientada en los a\u00f1os 50, desarrollada principalmente en la localidad de Alarc\u00f3n (Cuenca). A trav\u00e9s de las estaciones del a\u00f1o y del proceso de siembra y recolecci\u00f3n de un campo de algod\u00f3n, se detalla la importante decisi\u00f3n que tiene que tomar un humilde agricultor (Quirino) sin contar con su esposa (Balbina), Y c\u00f3mo la relaci\u00f3n sentimental entre ambos va deterior\u00e1ndose y haci\u00e9ndose insostenible. Libro relacionado con la novela Giro de tuerca, de Carlos Gull\u00f3n Calvo.","og_url":"https:\/\/letrame.com\/catalogo\/producto\/suenos-grises-entre-algodon-blanco\/","og_site_name":"Catalogo | Letrame Grupo Editorial","article_modified_time":"2025-05-27T13:17:42+00:00","og_image":[{"width":354,"height":520,"url":"https:\/\/letrame.com\/catalogo\/wp-content\/uploads\/2025\/05\/Suenos-grises-entre-algodon.jpg","type":"image\/jpeg"}],"twitter_card":"summary_large_image","twitter_misc":{"Tiempo de lectura":"1 minuto"},"schema":{"@context":"https:\/\/schema.org","@graph":[{"@type":"WebPage","@id":"https:\/\/letrame.com\/catalogo\/producto\/suenos-grises-entre-algodon-blanco\/","url":"https:\/\/letrame.com\/catalogo\/producto\/suenos-grises-entre-algodon-blanco\/","name":"Sue\u00f1os grises entre algod\u00f3n blanco - Catalogo | Letrame Grupo Editorial","isPartOf":{"@id":"https:\/\/letrame.com\/catalogo\/#website"},"primaryImageOfPage":{"@id":"https:\/\/letrame.com\/catalogo\/producto\/suenos-grises-entre-algodon-blanco\/#primaryimage"},"image":{"@id":"https:\/\/letrame.com\/catalogo\/producto\/suenos-grises-entre-algodon-blanco\/#primaryimage"},"thumbnailUrl":"https:\/\/letrame.com\/catalogo\/wp-content\/uploads\/2025\/05\/Suenos-grises-entre-algodon.jpg","datePublished":"2025-05-27T13:17:41+00:00","dateModified":"2025-05-27T13:17:42+00:00","breadcrumb":{"@id":"https:\/\/letrame.com\/catalogo\/producto\/suenos-grises-entre-algodon-blanco\/#breadcrumb"},"inLanguage":"es","potentialAction":[{"@type":"ReadAction","target":["https:\/\/letrame.com\/catalogo\/producto\/suenos-grises-entre-algodon-blanco\/"]}]},{"@type":"ImageObject","inLanguage":"es","@id":"https:\/\/letrame.com\/catalogo\/producto\/suenos-grises-entre-algodon-blanco\/#primaryimage","url":"https:\/\/letrame.com\/catalogo\/wp-content\/uploads\/2025\/05\/Suenos-grises-entre-algodon.jpg","contentUrl":"https:\/\/letrame.com\/catalogo\/wp-content\/uploads\/2025\/05\/Suenos-grises-entre-algodon.jpg","width":354,"height":520},{"@type":"BreadcrumbList","@id":"https:\/\/letrame.com\/catalogo\/producto\/suenos-grises-entre-algodon-blanco\/#breadcrumb","itemListElement":[{"@type":"ListItem","position":1,"name":"Portada","item":"https:\/\/letrame.com\/catalogo\/"},{"@type":"ListItem","position":2,"name":"Cat\u00e1logo","item":"https:\/\/letrame.com\/catalogo\/"},{"@type":"ListItem","position":3,"name":"Sue\u00f1os grises entre algod\u00f3n blanco"}]},{"@type":"WebSite","@id":"https:\/\/letrame.com\/catalogo\/#website","url":"https:\/\/letrame.com\/catalogo\/","name":"Catalogo | Letrame Grupo Editorial","description":"","publisher":{"@id":"https:\/\/letrame.com\/catalogo\/#organization"},"potentialAction":[{"@type":"SearchAction","target":{"@type":"EntryPoint","urlTemplate":"https:\/\/letrame.com\/catalogo\/?s={search_term_string}"},"query-input":{"@type":"PropertyValueSpecification","valueRequired":true,"valueName":"search_term_string"}}],"inLanguage":"es"},{"@type":"Organization","@id":"https:\/\/letrame.com\/catalogo\/#organization","name":"Catalogo | Letrame Grupo Editorial","url":"https:\/\/letrame.com\/catalogo\/","logo":{"@type":"ImageObject","inLanguage":"es","@id":"https:\/\/letrame.com\/catalogo\/#\/schema\/logo\/image\/","url":"https:\/\/letrame.com\/catalogo\/wp-content\/uploads\/2024\/03\/logo2.webp","contentUrl":"https:\/\/letrame.com\/catalogo\/wp-content\/uploads\/2024\/03\/logo2.webp","width":394,"height":128,"caption":"Catalogo | Letrame Grupo Editorial"},"image":{"@id":"https:\/\/letrame.com\/catalogo\/#\/schema\/logo\/image\/"}}]}},"_links":{"self":[{"href":"https:\/\/letrame.com\/catalogo\/wp-json\/wp\/v2\/product\/108570","targetHints":{"allow":["GET"]}}],"collection":[{"href":"https:\/\/letrame.com\/catalogo\/wp-json\/wp\/v2\/product"}],"about":[{"href":"https:\/\/letrame.com\/catalogo\/wp-json\/wp\/v2\/types\/product"}],"replies":[{"embeddable":true,"href":"https:\/\/letrame.com\/catalogo\/wp-json\/wp\/v2\/comments?post=108570"}],"acf:post":[{"embeddable":true,"href":"https:\/\/letrame.com\/catalogo\/wp-json\/wp\/v2\/author_book\/77035"}],"wp:featuredmedia":[{"embeddable":true,"href":"https:\/\/letrame.com\/catalogo\/wp-json\/wp\/v2\/media\/108571"}],"wp:attachment":[{"href":"https:\/\/letrame.com\/catalogo\/wp-json\/wp\/v2\/media?parent=108570"}],"wp:term":[{"taxonomy":"libro","embeddable":true,"href":"https:\/\/letrame.com\/catalogo\/wp-json\/wp\/v2\/libro?post=108570"},{"taxonomy":"product_brand","embeddable":true,"href":"https:\/\/letrame.com\/catalogo\/wp-json\/wp\/v2\/product_brand?post=108570"},{"taxonomy":"product_cat","embeddable":true,"href":"https:\/\/letrame.com\/catalogo\/wp-json\/wp\/v2\/product_cat?post=108570"},{"taxonomy":"product_tag","embeddable":true,"href":"https:\/\/letrame.com\/catalogo\/wp-json\/wp\/v2\/product_tag?post=108570"}],"curies":[{"name":"wp","href":"https:\/\/api.w.org\/{rel}","templated":true}]}}