{"id":108551,"date":"2025-05-21T14:39:57","date_gmt":"2025-05-21T12:39:57","guid":{"rendered":"https:\/\/letrame.com\/catalogo\/?post_type=product&#038;p=108551"},"modified":"2025-05-22T15:58:01","modified_gmt":"2025-05-22T13:58:01","slug":"la-habitacion-de-muriel","status":"publish","type":"product","link":"https:\/\/letrame.com\/catalogo\/producto\/la-habitacion-de-muriel\/","title":{"rendered":"La habitaci\u00f3n de Muriel"},"content":{"rendered":"<p class=\"p1\"><b>ISBN: <\/b>9788410894921<b><\/b><\/p>\n<p class=\"p1\"><b>T\u00edtulo: <\/b>La habitaci\u00f3n de Muriel<br \/>\n<b><br \/>\nFecha: <\/b>2025<b><\/b><\/p>\n<p><strong>P\u00e1ginas<\/strong>: 310<b><\/b><\/p>\n<p class=\"p1\"><b>SINOPSIS<\/b><\/p>\n<p class=\"p1\">54 Zion St, Aquebogue<\/p>\n<p class=\"p1\">Los Siete se han reunido de nuevo.<\/p>\n<p class=\"p1\">\u00bfLa eterna lucha entre el Bien y el Mal concluir\u00e1 en alg\u00fan momento? \u00bfConseguir\u00e1 Adelheid su objetivo? \u00bfEstar\u00e1 Aisling preparado? \u00bfQui\u00e9n es Muriel? El Mal ha viajado desde tiempos inmemorables, haciendo desaparecer a muchos de nuestros semejantes, desde las persecuciones m\u00e1s crueles hasta los grandes genocidios sistem\u00e1ticos. Y contin\u00faa viajando.<\/p>\n<p class=\"p1\">Germania, siglo I d.C. Dagamundo encuentra aquello que buscaba. Los lobos le acompa\u00f1an. A\u00f1o 2023, Boston. Aisling Kelly, profesor de universidad, se ve envuelto en una aventura incomprensible para \u00e9l y ayudar\u00e1 a la enigm\u00e1tica Adelheid a conseguir su cometido. Pero Muriel lleva mucho tiempo prepar\u00e1ndose para su lucha final.<\/p>\n<p class=\"p1\">\u00bfCorre peligro nuestra especie? \u00bfQui\u00e9nes son Los Siete de Aquebogue?<\/p>\n<p class=\"p1\">LLEG\u00d3 EL MOMENTO PARA QUE EL CORAZ\u00d3N DEJE DE LATIR.<\/p>\n<p class=\"p1\">\u00bfEL DE TODOS?<\/p>\n<p class=\"p1\">John Caballero ha logrado crear un thriller psicol\u00f3gico, oscuro y perturbador que invita al lector a sumergirse en un mundo misterioso, lleno de tensi\u00f3n e intriga, donde el mal absoluto juega un papel central. Con ello, consigue una novela con personajes complejos, dilemas morales, di\u00e1logos cargados de simbolismo, descripciones impactantes y visuales, una trama ambiciosa y compleja, acompa\u00f1ada de un ritmo \u00e1gil y con giros inesperados, que har\u00e1n que el lector se sumerja en un mundo m\u00edstico, opresivo y misterioso.<\/p>\n<p class=\"p1\">\u00bfTe atreves a entrar?<\/p>\n<p class=\"p1\"><b>\u00a0<\/b><\/p>\n","protected":false},"excerpt":{"rendered":"<p class=\"p1\"><b>ISBN: <\/b>9788410894921<br \/>\n<b><br \/>\nSINOPSIS<\/b><\/p>\n<p class=\"p1\">54 Zion St, Aquebogue<\/p>\n<p class=\"p1\">Los Siete se han reunido de nuevo.<\/p>\n<p class=\"p1\">\u00bfLa eterna lucha entre el Bien y el Mal concluir\u00e1 en alg\u00fan momento? \u00bfCon-seguir\u00e1 Adelheid su objetivo? \u00bfEstar\u00e1 Aisling preparado? \u00bfQui\u00e9n es Muriel? El Mal ha viajado desde tiempos inmemorables, haciendo desaparecer a muchos de nuestros semejantes, desde las persecuciones m\u00e1s crueles hasta los grandes genocidios sistem\u00e1ticos. Y contin\u00faa viajando.<\/p>\n<p class=\"p1\">Germania, siglo I d.C. Dagamundo encuentra aquello que buscaba. Los lobos le acompa\u00f1an. A\u00f1o 2023, Boston. Aisling Kelly, profesor de universidad, se ve envuelto en una aventura incomprensible para \u00e9l y ayudar\u00e1 a la enigm\u00e1tica Adelheid a conseguir su cometido. Pero Muriel lleva mucho tiempo prepar\u00e1ndose para su lucha final.<\/p>\n<p class=\"p1\">\u00bfCorre peligro nuestra especie? \u00bfQui\u00e9nes son Los Siete de Aquebogue?<\/p>\n<p class=\"p1\">LLEG\u00d3 EL MOMENTO PARA QUE EL CORAZ\u00d3N DEJE DE LATIR.<\/p>\n<p class=\"p1\">\u00bfEL DE TODOS?<\/p>\n","protected":false},"featured_media":108552,"comment_status":"open","ping_status":"closed","template":"","meta":{"_acf_changed":false},"libro":[],"product_brand":[],"product_cat":[57],"product_tag":[],"class_list":{"0":"post-108551","1":"product","2":"type-product","3":"status-publish","4":"has-post-thumbnail","6":"product_cat-suspenso","8":"first","9":"instock","10":"shipping-taxable","11":"product-type-simple"},"acf":{"autor":[108554],"enlace_de_compra":"https:\/\/www.amazon.es\/dp\/8410894920"},"yoast_head":"<!-- This site is optimized with the Yoast SEO plugin v26.6 - https:\/\/yoast.com\/wordpress\/plugins\/seo\/ -->\n<title>La habitaci\u00f3n de Muriel - Catalogo | Letrame Grupo Editorial<\/title>\n<meta name=\"robots\" content=\"index, follow, max-snippet:-1, max-image-preview:large, max-video-preview:-1\" \/>\n<link rel=\"canonical\" href=\"https:\/\/letrame.com\/catalogo\/producto\/la-habitacion-de-muriel\/\" \/>\n<meta property=\"og:locale\" content=\"es_ES\" \/>\n<meta property=\"og:type\" content=\"article\" \/>\n<meta property=\"og:title\" content=\"La habitaci\u00f3n de Muriel - Catalogo | Letrame Grupo Editorial\" \/>\n<meta property=\"og:description\" content=\"ISBN: 9788410894921  SINOPSIS 54 Zion St, Aquebogue Los Siete se han reunido de nuevo. \u00bfLa eterna lucha entre el Bien y el Mal concluir\u00e1 en alg\u00fan momento? \u00bfCon-seguir\u00e1 Adelheid su objetivo? \u00bfEstar\u00e1 Aisling preparado? \u00bfQui\u00e9n es Muriel? El Mal ha viajado desde tiempos inmemorables, haciendo desaparecer a muchos de nuestros semejantes, desde las persecuciones m\u00e1s crueles hasta los grandes genocidios sistem\u00e1ticos. Y contin\u00faa viajando. Germania, siglo I d.C. Dagamundo encuentra aquello que buscaba. Los lobos le acompa\u00f1an. A\u00f1o 2023, Boston. Aisling Kelly, profesor de universidad, se ve envuelto en una aventura incomprensible para \u00e9l y ayudar\u00e1 a la enigm\u00e1tica Adelheid a conseguir su cometido. Pero Muriel lleva mucho tiempo prepar\u00e1ndose para su lucha final. \u00bfCorre peligro nuestra especie? \u00bfQui\u00e9nes son Los Siete de Aquebogue? LLEG\u00d3 EL MOMENTO PARA QUE EL CORAZ\u00d3N DEJE DE LATIR. \u00bfEL DE TODOS?\" \/>\n<meta property=\"og:url\" content=\"https:\/\/letrame.com\/catalogo\/producto\/la-habitacion-de-muriel\/\" \/>\n<meta property=\"og:site_name\" content=\"Catalogo | Letrame Grupo Editorial\" \/>\n<meta property=\"article:modified_time\" content=\"2025-05-22T13:58:01+00:00\" \/>\n<meta property=\"og:image\" content=\"https:\/\/letrame.com\/catalogo\/wp-content\/uploads\/2025\/05\/La-habitacion-de-Muriel.jpg\" \/>\n\t<meta property=\"og:image:width\" content=\"372\" \/>\n\t<meta property=\"og:image:height\" content=\"546\" \/>\n\t<meta property=\"og:image:type\" content=\"image\/jpeg\" \/>\n<meta name=\"twitter:card\" content=\"summary_large_image\" \/>\n<meta name=\"twitter:label1\" content=\"Tiempo de lectura\" \/>\n\t<meta name=\"twitter:data1\" content=\"2 minutos\" \/>\n<script type=\"application\/ld+json\" class=\"yoast-schema-graph\">{\"@context\":\"https:\/\/schema.org\",\"@graph\":[{\"@type\":\"WebPage\",\"@id\":\"https:\/\/letrame.com\/catalogo\/producto\/la-habitacion-de-muriel\/\",\"url\":\"https:\/\/letrame.com\/catalogo\/producto\/la-habitacion-de-muriel\/\",\"name\":\"La habitaci\u00f3n de Muriel - Catalogo | Letrame Grupo Editorial\",\"isPartOf\":{\"@id\":\"https:\/\/letrame.com\/catalogo\/#website\"},\"primaryImageOfPage\":{\"@id\":\"https:\/\/letrame.com\/catalogo\/producto\/la-habitacion-de-muriel\/#primaryimage\"},\"image\":{\"@id\":\"https:\/\/letrame.com\/catalogo\/producto\/la-habitacion-de-muriel\/#primaryimage\"},\"thumbnailUrl\":\"https:\/\/letrame.com\/catalogo\/wp-content\/uploads\/2025\/05\/La-habitacion-de-Muriel.jpg\",\"datePublished\":\"2025-05-21T12:39:57+00:00\",\"dateModified\":\"2025-05-22T13:58:01+00:00\",\"breadcrumb\":{\"@id\":\"https:\/\/letrame.com\/catalogo\/producto\/la-habitacion-de-muriel\/#breadcrumb\"},\"inLanguage\":\"es\",\"potentialAction\":[{\"@type\":\"ReadAction\",\"target\":[\"https:\/\/letrame.com\/catalogo\/producto\/la-habitacion-de-muriel\/\"]}]},{\"@type\":\"ImageObject\",\"inLanguage\":\"es\",\"@id\":\"https:\/\/letrame.com\/catalogo\/producto\/la-habitacion-de-muriel\/#primaryimage\",\"url\":\"https:\/\/letrame.com\/catalogo\/wp-content\/uploads\/2025\/05\/La-habitacion-de-Muriel.jpg\",\"contentUrl\":\"https:\/\/letrame.com\/catalogo\/wp-content\/uploads\/2025\/05\/La-habitacion-de-Muriel.jpg\",\"width\":372,\"height\":546},{\"@type\":\"BreadcrumbList\",\"@id\":\"https:\/\/letrame.com\/catalogo\/producto\/la-habitacion-de-muriel\/#breadcrumb\",\"itemListElement\":[{\"@type\":\"ListItem\",\"position\":1,\"name\":\"Portada\",\"item\":\"https:\/\/letrame.com\/catalogo\/\"},{\"@type\":\"ListItem\",\"position\":2,\"name\":\"Cat\u00e1logo\",\"item\":\"https:\/\/letrame.com\/catalogo\/\"},{\"@type\":\"ListItem\",\"position\":3,\"name\":\"La habitaci\u00f3n de Muriel\"}]},{\"@type\":\"WebSite\",\"@id\":\"https:\/\/letrame.com\/catalogo\/#website\",\"url\":\"https:\/\/letrame.com\/catalogo\/\",\"name\":\"Catalogo | Letrame Grupo Editorial\",\"description\":\"\",\"publisher\":{\"@id\":\"https:\/\/letrame.com\/catalogo\/#organization\"},\"potentialAction\":[{\"@type\":\"SearchAction\",\"target\":{\"@type\":\"EntryPoint\",\"urlTemplate\":\"https:\/\/letrame.com\/catalogo\/?s={search_term_string}\"},\"query-input\":{\"@type\":\"PropertyValueSpecification\",\"valueRequired\":true,\"valueName\":\"search_term_string\"}}],\"inLanguage\":\"es\"},{\"@type\":\"Organization\",\"@id\":\"https:\/\/letrame.com\/catalogo\/#organization\",\"name\":\"Catalogo | Letrame Grupo Editorial\",\"url\":\"https:\/\/letrame.com\/catalogo\/\",\"logo\":{\"@type\":\"ImageObject\",\"inLanguage\":\"es\",\"@id\":\"https:\/\/letrame.com\/catalogo\/#\/schema\/logo\/image\/\",\"url\":\"https:\/\/letrame.com\/catalogo\/wp-content\/uploads\/2024\/03\/logo2.webp\",\"contentUrl\":\"https:\/\/letrame.com\/catalogo\/wp-content\/uploads\/2024\/03\/logo2.webp\",\"width\":394,\"height\":128,\"caption\":\"Catalogo | Letrame Grupo Editorial\"},\"image\":{\"@id\":\"https:\/\/letrame.com\/catalogo\/#\/schema\/logo\/image\/\"}}]}<\/script>\n<!-- \/ Yoast SEO plugin. -->","yoast_head_json":{"title":"La habitaci\u00f3n de Muriel - Catalogo | Letrame Grupo Editorial","robots":{"index":"index","follow":"follow","max-snippet":"max-snippet:-1","max-image-preview":"max-image-preview:large","max-video-preview":"max-video-preview:-1"},"canonical":"https:\/\/letrame.com\/catalogo\/producto\/la-habitacion-de-muriel\/","og_locale":"es_ES","og_type":"article","og_title":"La habitaci\u00f3n de Muriel - Catalogo | Letrame Grupo Editorial","og_description":"ISBN: 9788410894921  SINOPSIS 54 Zion St, Aquebogue Los Siete se han reunido de nuevo. \u00bfLa eterna lucha entre el Bien y el Mal concluir\u00e1 en alg\u00fan momento? \u00bfCon-seguir\u00e1 Adelheid su objetivo? \u00bfEstar\u00e1 Aisling preparado? \u00bfQui\u00e9n es Muriel? El Mal ha viajado desde tiempos inmemorables, haciendo desaparecer a muchos de nuestros semejantes, desde las persecuciones m\u00e1s crueles hasta los grandes genocidios sistem\u00e1ticos. Y contin\u00faa viajando. Germania, siglo I d.C. Dagamundo encuentra aquello que buscaba. Los lobos le acompa\u00f1an. A\u00f1o 2023, Boston. Aisling Kelly, profesor de universidad, se ve envuelto en una aventura incomprensible para \u00e9l y ayudar\u00e1 a la enigm\u00e1tica Adelheid a conseguir su cometido. Pero Muriel lleva mucho tiempo prepar\u00e1ndose para su lucha final. \u00bfCorre peligro nuestra especie? \u00bfQui\u00e9nes son Los Siete de Aquebogue? LLEG\u00d3 EL MOMENTO PARA QUE EL CORAZ\u00d3N DEJE DE LATIR. \u00bfEL DE TODOS?","og_url":"https:\/\/letrame.com\/catalogo\/producto\/la-habitacion-de-muriel\/","og_site_name":"Catalogo | Letrame Grupo Editorial","article_modified_time":"2025-05-22T13:58:01+00:00","og_image":[{"width":372,"height":546,"url":"https:\/\/letrame.com\/catalogo\/wp-content\/uploads\/2025\/05\/La-habitacion-de-Muriel.jpg","type":"image\/jpeg"}],"twitter_card":"summary_large_image","twitter_misc":{"Tiempo de lectura":"2 minutos"},"schema":{"@context":"https:\/\/schema.org","@graph":[{"@type":"WebPage","@id":"https:\/\/letrame.com\/catalogo\/producto\/la-habitacion-de-muriel\/","url":"https:\/\/letrame.com\/catalogo\/producto\/la-habitacion-de-muriel\/","name":"La habitaci\u00f3n de Muriel - Catalogo | Letrame Grupo Editorial","isPartOf":{"@id":"https:\/\/letrame.com\/catalogo\/#website"},"primaryImageOfPage":{"@id":"https:\/\/letrame.com\/catalogo\/producto\/la-habitacion-de-muriel\/#primaryimage"},"image":{"@id":"https:\/\/letrame.com\/catalogo\/producto\/la-habitacion-de-muriel\/#primaryimage"},"thumbnailUrl":"https:\/\/letrame.com\/catalogo\/wp-content\/uploads\/2025\/05\/La-habitacion-de-Muriel.jpg","datePublished":"2025-05-21T12:39:57+00:00","dateModified":"2025-05-22T13:58:01+00:00","breadcrumb":{"@id":"https:\/\/letrame.com\/catalogo\/producto\/la-habitacion-de-muriel\/#breadcrumb"},"inLanguage":"es","potentialAction":[{"@type":"ReadAction","target":["https:\/\/letrame.com\/catalogo\/producto\/la-habitacion-de-muriel\/"]}]},{"@type":"ImageObject","inLanguage":"es","@id":"https:\/\/letrame.com\/catalogo\/producto\/la-habitacion-de-muriel\/#primaryimage","url":"https:\/\/letrame.com\/catalogo\/wp-content\/uploads\/2025\/05\/La-habitacion-de-Muriel.jpg","contentUrl":"https:\/\/letrame.com\/catalogo\/wp-content\/uploads\/2025\/05\/La-habitacion-de-Muriel.jpg","width":372,"height":546},{"@type":"BreadcrumbList","@id":"https:\/\/letrame.com\/catalogo\/producto\/la-habitacion-de-muriel\/#breadcrumb","itemListElement":[{"@type":"ListItem","position":1,"name":"Portada","item":"https:\/\/letrame.com\/catalogo\/"},{"@type":"ListItem","position":2,"name":"Cat\u00e1logo","item":"https:\/\/letrame.com\/catalogo\/"},{"@type":"ListItem","position":3,"name":"La habitaci\u00f3n de Muriel"}]},{"@type":"WebSite","@id":"https:\/\/letrame.com\/catalogo\/#website","url":"https:\/\/letrame.com\/catalogo\/","name":"Catalogo | Letrame Grupo Editorial","description":"","publisher":{"@id":"https:\/\/letrame.com\/catalogo\/#organization"},"potentialAction":[{"@type":"SearchAction","target":{"@type":"EntryPoint","urlTemplate":"https:\/\/letrame.com\/catalogo\/?s={search_term_string}"},"query-input":{"@type":"PropertyValueSpecification","valueRequired":true,"valueName":"search_term_string"}}],"inLanguage":"es"},{"@type":"Organization","@id":"https:\/\/letrame.com\/catalogo\/#organization","name":"Catalogo | Letrame Grupo Editorial","url":"https:\/\/letrame.com\/catalogo\/","logo":{"@type":"ImageObject","inLanguage":"es","@id":"https:\/\/letrame.com\/catalogo\/#\/schema\/logo\/image\/","url":"https:\/\/letrame.com\/catalogo\/wp-content\/uploads\/2024\/03\/logo2.webp","contentUrl":"https:\/\/letrame.com\/catalogo\/wp-content\/uploads\/2024\/03\/logo2.webp","width":394,"height":128,"caption":"Catalogo | Letrame Grupo Editorial"},"image":{"@id":"https:\/\/letrame.com\/catalogo\/#\/schema\/logo\/image\/"}}]}},"_links":{"self":[{"href":"https:\/\/letrame.com\/catalogo\/wp-json\/wp\/v2\/product\/108551","targetHints":{"allow":["GET"]}}],"collection":[{"href":"https:\/\/letrame.com\/catalogo\/wp-json\/wp\/v2\/product"}],"about":[{"href":"https:\/\/letrame.com\/catalogo\/wp-json\/wp\/v2\/types\/product"}],"replies":[{"embeddable":true,"href":"https:\/\/letrame.com\/catalogo\/wp-json\/wp\/v2\/comments?post=108551"}],"acf:post":[{"embeddable":true,"href":"https:\/\/letrame.com\/catalogo\/wp-json\/wp\/v2\/author_book\/108554"}],"wp:featuredmedia":[{"embeddable":true,"href":"https:\/\/letrame.com\/catalogo\/wp-json\/wp\/v2\/media\/108552"}],"wp:attachment":[{"href":"https:\/\/letrame.com\/catalogo\/wp-json\/wp\/v2\/media?parent=108551"}],"wp:term":[{"taxonomy":"libro","embeddable":true,"href":"https:\/\/letrame.com\/catalogo\/wp-json\/wp\/v2\/libro?post=108551"},{"taxonomy":"product_brand","embeddable":true,"href":"https:\/\/letrame.com\/catalogo\/wp-json\/wp\/v2\/product_brand?post=108551"},{"taxonomy":"product_cat","embeddable":true,"href":"https:\/\/letrame.com\/catalogo\/wp-json\/wp\/v2\/product_cat?post=108551"},{"taxonomy":"product_tag","embeddable":true,"href":"https:\/\/letrame.com\/catalogo\/wp-json\/wp\/v2\/product_tag?post=108551"}],"curies":[{"name":"wp","href":"https:\/\/api.w.org\/{rel}","templated":true}]}}