{"id":108510,"date":"2025-05-13T08:47:09","date_gmt":"2025-05-13T06:47:09","guid":{"rendered":"https:\/\/letrame.com\/catalogo\/?post_type=product&#038;p=108510"},"modified":"2025-05-13T08:53:18","modified_gmt":"2025-05-13T06:53:18","slug":"equipos-sostenibles","status":"publish","type":"product","link":"https:\/\/letrame.com\/catalogo\/producto\/equipos-sostenibles\/","title":{"rendered":"Equipos sostenibles"},"content":{"rendered":"<p class=\"p1\"><b>ISBN: <\/b>9791370120955<b><\/b><\/p>\n<p class=\"p1\"><b>T\u00edtulo:<\/b> Equipos sostenibles<b><\/b><\/p>\n<p><strong>Fecha<\/strong>: 2025<b><\/b><\/p>\n<p><strong>P\u00e1ginas<\/strong>: 238<b><\/b><\/p>\n<p class=\"p1\"><b>SINOPSIS<\/b><\/p>\n<p class=\"p1\">En la portada destaca una vasija rodeada de manos, inspirada en la leyenda del <i>Hole <\/i><i>Jarre de Guezo<\/i> del antiguo reino de Dahomey, en la actual Ben\u00edn. Descubr\u00ed este s\u00edmbolo de cooperaci\u00f3n durante uno de los Congresos <i>Vida despu\u00e9s <\/i><i>de la Vida<\/i>, eventos que destinan sus beneficios a proyectos humanitarios en este pa\u00eds africano. Este libro nace con la intenci\u00f3n de fomentar entornos laborales m\u00e1s saludables y, para cerrar el ciclo de ayuda, siguiendo este esp\u00edritu de colaboraci\u00f3n, <b>el <\/b><b>7% de los beneficios de este libro se do<\/b><b>nar\u00e1n a la Asociaci\u00f3n Mensajeros de la <\/b><b>Paz<\/b>. En concreto, al proyecto <i>N<\/i><i>i\u00f1os de las <\/i><i>canteras<\/i>, que busca ayudar a ni\u00f1os y ni\u00f1as que trabajan en Ben\u00edn, picando piedras (de manera literal), con las consecuencias que ello tiene en su salud, futuro y educaci\u00f3n.<br \/>\nSi deseas colaborar directamente, puedes realizar una donaci\u00f3n a trav\u00e9s de Bizum utilizando el c\u00f3digo <b>00215<\/b> o entrar en su web www.mensajerosdelapaz.org<\/p>\n<p><b>Para saber m\u00e1s: <a href=\"http:\/\/www.equipossostenibles.com\/\" target=\"_blank\" rel=\"noopener\" data-saferedirecturl=\"https:\/\/www.google.com\/url?q=http:\/\/www.equipossostenibles.com&amp;source=gmail&amp;ust=1747136518038000&amp;usg=AOvVaw2FvXOF-dfRtdTX2Pv-BgVi\">www.equipossostenibles.com<\/a><\/b><\/p>\n","protected":false},"excerpt":{"rendered":"<p class=\"p1\"><b>ISBN: <\/b>9791370120955<b><\/p>\n<p>SINOPSIS<\/b><\/p>\n<p class=\"p1\">En la portada destaca una vasija rodeada de manos, inspirada en la leyenda del <i>Hole <\/i><i>Jarre de Guezo<\/i> del antiguo reino de Dahomey, en la actual Ben\u00edn. Descubr\u00ed este s\u00edmbolo de cooperaci\u00f3n durante uno de los Congresos <i>Vida despu\u00e9s <\/i><i>de la Vida<\/i>, eventos que destinan sus beneficios a proyectos humanitarios en este pa\u00eds africano. Este libro nace con la intenci\u00f3n de fomentar entornos laborales m\u00e1s saludables y, para cerrar el ciclo de ayuda, siguiendo este esp\u00edritu de colaboraci\u00f3n, <b>el <\/b><b>7% de los beneficios de este libro se do<\/b><b>nar\u00e1n a la Asociaci\u00f3n Mensajeros de la <\/b><b>Paz<\/b>. En concreto, al proyecto <i>N<\/i><i>i\u00f1os de las <\/i><i>canteras<\/i>, que busca ayudar a ni\u00f1os y ni\u00f1as que trabajan en Ben\u00edn, picando piedras (de manera literal), con las consecuencias que ello tiene en su salud, futuro y educaci\u00f3n.<br \/>\nSi deseas colaborar directamente, puedes realizar una donaci\u00f3n a trav\u00e9s de Bizum utilizando el c\u00f3digo <b>00215<\/b> o entrar en su web www.mensajerosdelapaz.org<\/p>\n<p><b>Para saber m\u00e1s: <a href=\"http:\/\/www.equipossostenibles.com\/\" target=\"_blank\" rel=\"noopener\" data-saferedirecturl=\"https:\/\/www.google.com\/url?q=http:\/\/www.equipossostenibles.com&amp;source=gmail&amp;ust=1747136518038000&amp;usg=AOvVaw2FvXOF-dfRtdTX2Pv-BgVi\">www.equipossostenibles.com<\/a><\/b><\/p>\n","protected":false},"featured_media":108511,"comment_status":"open","ping_status":"closed","template":"","meta":{"_acf_changed":false},"libro":[],"product_brand":[],"product_cat":[40],"product_tag":[],"class_list":{"0":"post-108510","1":"product","2":"type-product","3":"status-publish","4":"has-post-thumbnail","6":"product_cat-economia","8":"first","9":"instock","10":"shipping-taxable","11":"product-type-simple"},"acf":{"autor":[108512],"enlace_de_compra":""},"yoast_head":"<!-- This site is optimized with the Yoast SEO plugin v27.4 - https:\/\/yoast.com\/product\/yoast-seo-wordpress\/ -->\n<title>Equipos sostenibles - Catalogo | Letrame Grupo Editorial<\/title>\n<meta name=\"robots\" content=\"index, follow, max-snippet:-1, max-image-preview:large, max-video-preview:-1\" \/>\n<link rel=\"canonical\" href=\"https:\/\/letrame.com\/catalogo\/producto\/equipos-sostenibles\/\" \/>\n<meta property=\"og:locale\" content=\"es_ES\" \/>\n<meta property=\"og:type\" content=\"article\" \/>\n<meta property=\"og:title\" content=\"Equipos sostenibles - Catalogo | Letrame Grupo Editorial\" \/>\n<meta property=\"og:description\" content=\"ISBN: 9791370120955  SINOPSIS En la portada destaca una vasija rodeada de manos, inspirada en la leyenda del Hole Jarre de Guezo del antiguo reino de Dahomey, en la actual Ben\u00edn. Descubr\u00ed este s\u00edmbolo de cooperaci\u00f3n durante uno de los Congresos Vida despu\u00e9s de la Vida, eventos que destinan sus beneficios a proyectos humanitarios en este pa\u00eds africano. Este libro nace con la intenci\u00f3n de fomentar entornos laborales m\u00e1s saludables y, para cerrar el ciclo de ayuda, siguiendo este esp\u00edritu de colaboraci\u00f3n, el 7% de los beneficios de este libro se donar\u00e1n a la Asociaci\u00f3n Mensajeros de la Paz. En concreto, al proyecto Ni\u00f1os de las canteras, que busca ayudar a ni\u00f1os y ni\u00f1as que trabajan en Ben\u00edn, picando piedras (de manera literal), con las consecuencias que ello tiene en su salud, futuro y educaci\u00f3n. Si deseas colaborar directamente, puedes realizar una donaci\u00f3n a trav\u00e9s de Bizum utilizando el c\u00f3digo 00215 o entrar en su web www.mensajerosdelapaz.org Para saber m\u00e1s: www.equipossostenibles.com\" \/>\n<meta property=\"og:url\" content=\"https:\/\/letrame.com\/catalogo\/producto\/equipos-sostenibles\/\" \/>\n<meta property=\"og:site_name\" content=\"Catalogo | Letrame Grupo Editorial\" \/>\n<meta property=\"article:modified_time\" content=\"2025-05-13T06:53:18+00:00\" \/>\n<meta property=\"og:image\" content=\"https:\/\/letrame.com\/catalogo\/wp-content\/uploads\/2025\/05\/equipossostenibles_1251mm4.jpg\" \/>\n\t<meta property=\"og:image:width\" content=\"354\" \/>\n\t<meta property=\"og:image:height\" content=\"496\" \/>\n\t<meta property=\"og:image:type\" content=\"image\/jpeg\" \/>\n<meta name=\"twitter:card\" content=\"summary_large_image\" \/>\n<meta name=\"twitter:label1\" content=\"Tiempo de lectura\" \/>\n\t<meta name=\"twitter:data1\" content=\"1 minuto\" \/>\n<script type=\"application\/ld+json\" class=\"yoast-schema-graph\">{\"@context\":\"https:\\\/\\\/schema.org\",\"@graph\":[{\"@type\":\"WebPage\",\"@id\":\"https:\\\/\\\/letrame.com\\\/catalogo\\\/producto\\\/equipos-sostenibles\\\/\",\"url\":\"https:\\\/\\\/letrame.com\\\/catalogo\\\/producto\\\/equipos-sostenibles\\\/\",\"name\":\"Equipos sostenibles - Catalogo | Letrame Grupo Editorial\",\"isPartOf\":{\"@id\":\"https:\\\/\\\/letrame.com\\\/catalogo\\\/#website\"},\"primaryImageOfPage\":{\"@id\":\"https:\\\/\\\/letrame.com\\\/catalogo\\\/producto\\\/equipos-sostenibles\\\/#primaryimage\"},\"image\":{\"@id\":\"https:\\\/\\\/letrame.com\\\/catalogo\\\/producto\\\/equipos-sostenibles\\\/#primaryimage\"},\"thumbnailUrl\":\"https:\\\/\\\/letrame.com\\\/catalogo\\\/wp-content\\\/uploads\\\/2025\\\/05\\\/equipossostenibles_1251mm4.jpg\",\"datePublished\":\"2025-05-13T06:47:09+00:00\",\"dateModified\":\"2025-05-13T06:53:18+00:00\",\"breadcrumb\":{\"@id\":\"https:\\\/\\\/letrame.com\\\/catalogo\\\/producto\\\/equipos-sostenibles\\\/#breadcrumb\"},\"inLanguage\":\"es\",\"potentialAction\":[{\"@type\":\"ReadAction\",\"target\":[\"https:\\\/\\\/letrame.com\\\/catalogo\\\/producto\\\/equipos-sostenibles\\\/\"]}]},{\"@type\":\"ImageObject\",\"inLanguage\":\"es\",\"@id\":\"https:\\\/\\\/letrame.com\\\/catalogo\\\/producto\\\/equipos-sostenibles\\\/#primaryimage\",\"url\":\"https:\\\/\\\/letrame.com\\\/catalogo\\\/wp-content\\\/uploads\\\/2025\\\/05\\\/equipossostenibles_1251mm4.jpg\",\"contentUrl\":\"https:\\\/\\\/letrame.com\\\/catalogo\\\/wp-content\\\/uploads\\\/2025\\\/05\\\/equipossostenibles_1251mm4.jpg\",\"width\":354,\"height\":496},{\"@type\":\"BreadcrumbList\",\"@id\":\"https:\\\/\\\/letrame.com\\\/catalogo\\\/producto\\\/equipos-sostenibles\\\/#breadcrumb\",\"itemListElement\":[{\"@type\":\"ListItem\",\"position\":1,\"name\":\"Portada\",\"item\":\"https:\\\/\\\/letrame.com\\\/catalogo\\\/\"},{\"@type\":\"ListItem\",\"position\":2,\"name\":\"Cat\u00e1logo\",\"item\":\"https:\\\/\\\/letrame.com\\\/catalogo\\\/\"},{\"@type\":\"ListItem\",\"position\":3,\"name\":\"Equipos sostenibles\"}]},{\"@type\":\"WebSite\",\"@id\":\"https:\\\/\\\/letrame.com\\\/catalogo\\\/#website\",\"url\":\"https:\\\/\\\/letrame.com\\\/catalogo\\\/\",\"name\":\"Catalogo | Letrame Grupo Editorial\",\"description\":\"\",\"publisher\":{\"@id\":\"https:\\\/\\\/letrame.com\\\/catalogo\\\/#organization\"},\"potentialAction\":[{\"@type\":\"SearchAction\",\"target\":{\"@type\":\"EntryPoint\",\"urlTemplate\":\"https:\\\/\\\/letrame.com\\\/catalogo\\\/?s={search_term_string}\"},\"query-input\":{\"@type\":\"PropertyValueSpecification\",\"valueRequired\":true,\"valueName\":\"search_term_string\"}}],\"inLanguage\":\"es\"},{\"@type\":\"Organization\",\"@id\":\"https:\\\/\\\/letrame.com\\\/catalogo\\\/#organization\",\"name\":\"Catalogo | Letrame Grupo Editorial\",\"url\":\"https:\\\/\\\/letrame.com\\\/catalogo\\\/\",\"logo\":{\"@type\":\"ImageObject\",\"inLanguage\":\"es\",\"@id\":\"https:\\\/\\\/letrame.com\\\/catalogo\\\/#\\\/schema\\\/logo\\\/image\\\/\",\"url\":\"https:\\\/\\\/letrame.com\\\/catalogo\\\/wp-content\\\/uploads\\\/2024\\\/03\\\/logo2.webp\",\"contentUrl\":\"https:\\\/\\\/letrame.com\\\/catalogo\\\/wp-content\\\/uploads\\\/2024\\\/03\\\/logo2.webp\",\"width\":394,\"height\":128,\"caption\":\"Catalogo | Letrame Grupo Editorial\"},\"image\":{\"@id\":\"https:\\\/\\\/letrame.com\\\/catalogo\\\/#\\\/schema\\\/logo\\\/image\\\/\"}}]}<\/script>\n<!-- \/ Yoast SEO plugin. -->","yoast_head_json":{"title":"Equipos sostenibles - Catalogo | Letrame Grupo Editorial","robots":{"index":"index","follow":"follow","max-snippet":"max-snippet:-1","max-image-preview":"max-image-preview:large","max-video-preview":"max-video-preview:-1"},"canonical":"https:\/\/letrame.com\/catalogo\/producto\/equipos-sostenibles\/","og_locale":"es_ES","og_type":"article","og_title":"Equipos sostenibles - Catalogo | Letrame Grupo Editorial","og_description":"ISBN: 9791370120955  SINOPSIS En la portada destaca una vasija rodeada de manos, inspirada en la leyenda del Hole Jarre de Guezo del antiguo reino de Dahomey, en la actual Ben\u00edn. Descubr\u00ed este s\u00edmbolo de cooperaci\u00f3n durante uno de los Congresos Vida despu\u00e9s de la Vida, eventos que destinan sus beneficios a proyectos humanitarios en este pa\u00eds africano. Este libro nace con la intenci\u00f3n de fomentar entornos laborales m\u00e1s saludables y, para cerrar el ciclo de ayuda, siguiendo este esp\u00edritu de colaboraci\u00f3n, el 7% de los beneficios de este libro se donar\u00e1n a la Asociaci\u00f3n Mensajeros de la Paz. En concreto, al proyecto Ni\u00f1os de las canteras, que busca ayudar a ni\u00f1os y ni\u00f1as que trabajan en Ben\u00edn, picando piedras (de manera literal), con las consecuencias que ello tiene en su salud, futuro y educaci\u00f3n. Si deseas colaborar directamente, puedes realizar una donaci\u00f3n a trav\u00e9s de Bizum utilizando el c\u00f3digo 00215 o entrar en su web www.mensajerosdelapaz.org Para saber m\u00e1s: www.equipossostenibles.com","og_url":"https:\/\/letrame.com\/catalogo\/producto\/equipos-sostenibles\/","og_site_name":"Catalogo | Letrame Grupo Editorial","article_modified_time":"2025-05-13T06:53:18+00:00","og_image":[{"width":354,"height":496,"url":"https:\/\/letrame.com\/catalogo\/wp-content\/uploads\/2025\/05\/equipossostenibles_1251mm4.jpg","type":"image\/jpeg"}],"twitter_card":"summary_large_image","twitter_misc":{"Tiempo de lectura":"1 minuto"},"schema":{"@context":"https:\/\/schema.org","@graph":[{"@type":"WebPage","@id":"https:\/\/letrame.com\/catalogo\/producto\/equipos-sostenibles\/","url":"https:\/\/letrame.com\/catalogo\/producto\/equipos-sostenibles\/","name":"Equipos sostenibles - Catalogo | Letrame Grupo Editorial","isPartOf":{"@id":"https:\/\/letrame.com\/catalogo\/#website"},"primaryImageOfPage":{"@id":"https:\/\/letrame.com\/catalogo\/producto\/equipos-sostenibles\/#primaryimage"},"image":{"@id":"https:\/\/letrame.com\/catalogo\/producto\/equipos-sostenibles\/#primaryimage"},"thumbnailUrl":"https:\/\/letrame.com\/catalogo\/wp-content\/uploads\/2025\/05\/equipossostenibles_1251mm4.jpg","datePublished":"2025-05-13T06:47:09+00:00","dateModified":"2025-05-13T06:53:18+00:00","breadcrumb":{"@id":"https:\/\/letrame.com\/catalogo\/producto\/equipos-sostenibles\/#breadcrumb"},"inLanguage":"es","potentialAction":[{"@type":"ReadAction","target":["https:\/\/letrame.com\/catalogo\/producto\/equipos-sostenibles\/"]}]},{"@type":"ImageObject","inLanguage":"es","@id":"https:\/\/letrame.com\/catalogo\/producto\/equipos-sostenibles\/#primaryimage","url":"https:\/\/letrame.com\/catalogo\/wp-content\/uploads\/2025\/05\/equipossostenibles_1251mm4.jpg","contentUrl":"https:\/\/letrame.com\/catalogo\/wp-content\/uploads\/2025\/05\/equipossostenibles_1251mm4.jpg","width":354,"height":496},{"@type":"BreadcrumbList","@id":"https:\/\/letrame.com\/catalogo\/producto\/equipos-sostenibles\/#breadcrumb","itemListElement":[{"@type":"ListItem","position":1,"name":"Portada","item":"https:\/\/letrame.com\/catalogo\/"},{"@type":"ListItem","position":2,"name":"Cat\u00e1logo","item":"https:\/\/letrame.com\/catalogo\/"},{"@type":"ListItem","position":3,"name":"Equipos sostenibles"}]},{"@type":"WebSite","@id":"https:\/\/letrame.com\/catalogo\/#website","url":"https:\/\/letrame.com\/catalogo\/","name":"Catalogo | Letrame Grupo Editorial","description":"","publisher":{"@id":"https:\/\/letrame.com\/catalogo\/#organization"},"potentialAction":[{"@type":"SearchAction","target":{"@type":"EntryPoint","urlTemplate":"https:\/\/letrame.com\/catalogo\/?s={search_term_string}"},"query-input":{"@type":"PropertyValueSpecification","valueRequired":true,"valueName":"search_term_string"}}],"inLanguage":"es"},{"@type":"Organization","@id":"https:\/\/letrame.com\/catalogo\/#organization","name":"Catalogo | Letrame Grupo Editorial","url":"https:\/\/letrame.com\/catalogo\/","logo":{"@type":"ImageObject","inLanguage":"es","@id":"https:\/\/letrame.com\/catalogo\/#\/schema\/logo\/image\/","url":"https:\/\/letrame.com\/catalogo\/wp-content\/uploads\/2024\/03\/logo2.webp","contentUrl":"https:\/\/letrame.com\/catalogo\/wp-content\/uploads\/2024\/03\/logo2.webp","width":394,"height":128,"caption":"Catalogo | Letrame Grupo Editorial"},"image":{"@id":"https:\/\/letrame.com\/catalogo\/#\/schema\/logo\/image\/"}}]}},"_links":{"self":[{"href":"https:\/\/letrame.com\/catalogo\/wp-json\/wp\/v2\/product\/108510","targetHints":{"allow":["GET"]}}],"collection":[{"href":"https:\/\/letrame.com\/catalogo\/wp-json\/wp\/v2\/product"}],"about":[{"href":"https:\/\/letrame.com\/catalogo\/wp-json\/wp\/v2\/types\/product"}],"replies":[{"embeddable":true,"href":"https:\/\/letrame.com\/catalogo\/wp-json\/wp\/v2\/comments?post=108510"}],"acf:post":[{"embeddable":true,"href":"https:\/\/letrame.com\/catalogo\/wp-json\/wp\/v2\/author_book\/108512"}],"wp:featuredmedia":[{"embeddable":true,"href":"https:\/\/letrame.com\/catalogo\/wp-json\/wp\/v2\/media\/108511"}],"wp:attachment":[{"href":"https:\/\/letrame.com\/catalogo\/wp-json\/wp\/v2\/media?parent=108510"}],"wp:term":[{"taxonomy":"libro","embeddable":true,"href":"https:\/\/letrame.com\/catalogo\/wp-json\/wp\/v2\/libro?post=108510"},{"taxonomy":"product_brand","embeddable":true,"href":"https:\/\/letrame.com\/catalogo\/wp-json\/wp\/v2\/product_brand?post=108510"},{"taxonomy":"product_cat","embeddable":true,"href":"https:\/\/letrame.com\/catalogo\/wp-json\/wp\/v2\/product_cat?post=108510"},{"taxonomy":"product_tag","embeddable":true,"href":"https:\/\/letrame.com\/catalogo\/wp-json\/wp\/v2\/product_tag?post=108510"}],"curies":[{"name":"wp","href":"https:\/\/api.w.org\/{rel}","templated":true}]}}