{"id":108064,"date":"2025-03-04T12:55:23","date_gmt":"2025-03-04T11:55:23","guid":{"rendered":"https:\/\/letrame.com\/catalogo\/?post_type=product&#038;p=108064"},"modified":"2025-03-04T13:45:01","modified_gmt":"2025-03-04T12:45:01","slug":"despertando-a-la-conciencia-superior","status":"publish","type":"product","link":"https:\/\/letrame.com\/catalogo\/producto\/despertando-a-la-conciencia-superior\/","title":{"rendered":"Despertando a la conciencia superior."},"content":{"rendered":"<p class=\"p1\"><b>ISBN: <\/b>9788410897311<b><\/b><\/p>\n<p class=\"p1\"><b>T\u00edtulo: <\/b>Despertando a la conciencia superior. Desde un viaje interior. Despertar en conciencia es la experiencia que libera y transforma<b><\/b><\/p>\n<p><strong>Fecha<\/strong>: 2025<b><\/b><\/p>\n<p><strong>P\u00e1ginas<\/strong>: 240<b><\/b><\/p>\n<p class=\"p1\"><b>SINOPSIS<\/b><\/p>\n<p>\u00abActuemos con conciencia, vivamos conscientemente y las cosas co-<\/p>\n<p>mienzan a cambiar\u00bb.<\/p>\n<p>Carlos T\u00e9llez.<\/p>\n<p>Recordemos que nuestra percepci\u00f3n del mundo es un reflejo de nuestro<\/p>\n<p>estado de conciencia. Seamos o no conscientes de esto, somos en esencia<\/p>\n<p>nuestra conciencia. A partir de ella observamos, pensamos, hablamos,<\/p>\n<p>nos emocionamos y experimentamos la realidad. En suma, vivimos y<\/p>\n<p>experimentamos nuestra existencia.<\/p>\n<p>Adicional a esto, como seres abstractos e inteligentes, nos tornamos m\u00e1s<\/p>\n<p>conscientes de nuestro papel esencial como arquitectos y cocreadores de<\/p>\n<p>nuestra realidad; sin embargo, la percepci\u00f3n que tenemos de nosotros<\/p>\n<p>mismos define el mundo en el cual vivimos, as\u00ed como nuestra manera<\/p>\n<p>de responder a \u00e9l. En este contexto, la ciencia y la tecnolog\u00eda, asociadas<\/p>\n<p>con la inteligencia espiritual, alcanzan su m\u00e1ximo potencial al integrarse<\/p>\n<p>de forma armoniosa hacia originar el bienestar personal y colectivo, para<\/p>\n<p>transformar primordialmente nuestra realidad.<\/p>\n<p>Esto implica vivir m\u00e1s en el presente, con plena conciencia y voluntad,<\/p>\n<p>lo que se traduce en una existencia m\u00e1s ecu\u00e1nime y aut\u00e9ntica, en la cual<\/p>\n<p>las decisiones y acciones consecuentes provienen de esta Conciencia Su-<\/p>\n<p>perior y Universal, profundamente conectada con su esencia y unidad al<\/p>\n<p>interior nuestro.<\/p>\n","protected":false},"excerpt":{"rendered":"<p class=\"p1\"><b>ISBN: <\/b>9788410897311<b><\/b><\/p>\n<p><strong>SINOPSIS<\/strong><\/p>\n<p>\u00abActuemos con conciencia, vivamos conscientemente y las cosas co-<\/p>\n<p>mienzan a cambiar\u00bb.<\/p>\n<p>Carlos T\u00e9llez.<\/p>\n<p>Recordemos que nuestra percepci\u00f3n del mundo es un reflejo de nuestro<\/p>\n<p>estado de conciencia. Seamos o no conscientes de esto, somos en esencia<\/p>\n<p>nuestra conciencia. A partir de ella observamos, pensamos, hablamos,<\/p>\n<p>nos emocionamos y experimentamos la realidad. En suma, vivimos y<\/p>\n<p>experimentamos nuestra existencia.<\/p>\n","protected":false},"featured_media":108065,"comment_status":"open","ping_status":"closed","template":"","meta":{"_acf_changed":false},"libro":[],"product_brand":[],"product_cat":[18],"product_tag":[],"class_list":{"0":"post-108064","1":"product","2":"type-product","3":"status-publish","4":"has-post-thumbnail","6":"product_cat-autoayuda","8":"first","9":"instock","10":"shipping-taxable","11":"product-type-simple"},"acf":{"autor":[108067],"enlace_de_compra":""},"yoast_head":"<!-- This site is optimized with the Yoast SEO plugin v26.6 - https:\/\/yoast.com\/wordpress\/plugins\/seo\/ -->\n<title>Despertando a la conciencia superior. - Catalogo | Letrame Grupo Editorial<\/title>\n<meta name=\"robots\" content=\"index, follow, max-snippet:-1, max-image-preview:large, max-video-preview:-1\" \/>\n<link rel=\"canonical\" href=\"https:\/\/letrame.com\/catalogo\/producto\/despertando-a-la-conciencia-superior\/\" \/>\n<meta property=\"og:locale\" content=\"es_ES\" \/>\n<meta property=\"og:type\" content=\"article\" \/>\n<meta property=\"og:title\" content=\"Despertando a la conciencia superior. - Catalogo | Letrame Grupo Editorial\" \/>\n<meta property=\"og:description\" content=\"ISBN: 9788410897311 SINOPSIS  \u00abActuemos con conciencia, vivamos conscientemente y las cosas co-  mienzan a cambiar\u00bb.  Carlos T\u00e9llez.  Recordemos que nuestra percepci\u00f3n del mundo es un reflejo de nuestro  estado de conciencia. Seamos o no conscientes de esto, somos en esencia  nuestra conciencia. A partir de ella observamos, pensamos, hablamos,  nos emocionamos y experimentamos la realidad. En suma, vivimos y  experimentamos nuestra existencia.\" \/>\n<meta property=\"og:url\" content=\"https:\/\/letrame.com\/catalogo\/producto\/despertando-a-la-conciencia-superior\/\" \/>\n<meta property=\"og:site_name\" content=\"Catalogo | Letrame Grupo Editorial\" \/>\n<meta property=\"article:modified_time\" content=\"2025-03-04T12:45:01+00:00\" \/>\n<meta property=\"og:image\" content=\"https:\/\/letrame.com\/catalogo\/wp-content\/uploads\/2025\/03\/despertandolaconciencia_1354mm4.jpg\" \/>\n\t<meta property=\"og:image:width\" content=\"354\" \/>\n\t<meta property=\"og:image:height\" content=\"496\" \/>\n\t<meta property=\"og:image:type\" content=\"image\/jpeg\" \/>\n<meta name=\"twitter:card\" content=\"summary_large_image\" \/>\n<meta name=\"twitter:label1\" content=\"Tiempo de lectura\" \/>\n\t<meta name=\"twitter:data1\" content=\"2 minutos\" \/>\n<script type=\"application\/ld+json\" class=\"yoast-schema-graph\">{\"@context\":\"https:\/\/schema.org\",\"@graph\":[{\"@type\":\"WebPage\",\"@id\":\"https:\/\/letrame.com\/catalogo\/producto\/despertando-a-la-conciencia-superior\/\",\"url\":\"https:\/\/letrame.com\/catalogo\/producto\/despertando-a-la-conciencia-superior\/\",\"name\":\"Despertando a la conciencia superior. - Catalogo | Letrame Grupo Editorial\",\"isPartOf\":{\"@id\":\"https:\/\/letrame.com\/catalogo\/#website\"},\"primaryImageOfPage\":{\"@id\":\"https:\/\/letrame.com\/catalogo\/producto\/despertando-a-la-conciencia-superior\/#primaryimage\"},\"image\":{\"@id\":\"https:\/\/letrame.com\/catalogo\/producto\/despertando-a-la-conciencia-superior\/#primaryimage\"},\"thumbnailUrl\":\"https:\/\/letrame.com\/catalogo\/wp-content\/uploads\/2025\/03\/despertandolaconciencia_1354mm4.jpg\",\"datePublished\":\"2025-03-04T11:55:23+00:00\",\"dateModified\":\"2025-03-04T12:45:01+00:00\",\"breadcrumb\":{\"@id\":\"https:\/\/letrame.com\/catalogo\/producto\/despertando-a-la-conciencia-superior\/#breadcrumb\"},\"inLanguage\":\"es\",\"potentialAction\":[{\"@type\":\"ReadAction\",\"target\":[\"https:\/\/letrame.com\/catalogo\/producto\/despertando-a-la-conciencia-superior\/\"]}]},{\"@type\":\"ImageObject\",\"inLanguage\":\"es\",\"@id\":\"https:\/\/letrame.com\/catalogo\/producto\/despertando-a-la-conciencia-superior\/#primaryimage\",\"url\":\"https:\/\/letrame.com\/catalogo\/wp-content\/uploads\/2025\/03\/despertandolaconciencia_1354mm4.jpg\",\"contentUrl\":\"https:\/\/letrame.com\/catalogo\/wp-content\/uploads\/2025\/03\/despertandolaconciencia_1354mm4.jpg\",\"width\":354,\"height\":496,\"caption\":\"Despertando a la conciencia superior\"},{\"@type\":\"BreadcrumbList\",\"@id\":\"https:\/\/letrame.com\/catalogo\/producto\/despertando-a-la-conciencia-superior\/#breadcrumb\",\"itemListElement\":[{\"@type\":\"ListItem\",\"position\":1,\"name\":\"Portada\",\"item\":\"https:\/\/letrame.com\/catalogo\/\"},{\"@type\":\"ListItem\",\"position\":2,\"name\":\"Cat\u00e1logo\",\"item\":\"https:\/\/letrame.com\/catalogo\/\"},{\"@type\":\"ListItem\",\"position\":3,\"name\":\"Despertando a la conciencia superior.\"}]},{\"@type\":\"WebSite\",\"@id\":\"https:\/\/letrame.com\/catalogo\/#website\",\"url\":\"https:\/\/letrame.com\/catalogo\/\",\"name\":\"Catalogo | Letrame Grupo Editorial\",\"description\":\"\",\"publisher\":{\"@id\":\"https:\/\/letrame.com\/catalogo\/#organization\"},\"potentialAction\":[{\"@type\":\"SearchAction\",\"target\":{\"@type\":\"EntryPoint\",\"urlTemplate\":\"https:\/\/letrame.com\/catalogo\/?s={search_term_string}\"},\"query-input\":{\"@type\":\"PropertyValueSpecification\",\"valueRequired\":true,\"valueName\":\"search_term_string\"}}],\"inLanguage\":\"es\"},{\"@type\":\"Organization\",\"@id\":\"https:\/\/letrame.com\/catalogo\/#organization\",\"name\":\"Catalogo | Letrame Grupo Editorial\",\"url\":\"https:\/\/letrame.com\/catalogo\/\",\"logo\":{\"@type\":\"ImageObject\",\"inLanguage\":\"es\",\"@id\":\"https:\/\/letrame.com\/catalogo\/#\/schema\/logo\/image\/\",\"url\":\"https:\/\/letrame.com\/catalogo\/wp-content\/uploads\/2024\/03\/logo2.webp\",\"contentUrl\":\"https:\/\/letrame.com\/catalogo\/wp-content\/uploads\/2024\/03\/logo2.webp\",\"width\":394,\"height\":128,\"caption\":\"Catalogo | Letrame Grupo Editorial\"},\"image\":{\"@id\":\"https:\/\/letrame.com\/catalogo\/#\/schema\/logo\/image\/\"}}]}<\/script>\n<!-- \/ Yoast SEO plugin. -->","yoast_head_json":{"title":"Despertando a la conciencia superior. - Catalogo | Letrame Grupo Editorial","robots":{"index":"index","follow":"follow","max-snippet":"max-snippet:-1","max-image-preview":"max-image-preview:large","max-video-preview":"max-video-preview:-1"},"canonical":"https:\/\/letrame.com\/catalogo\/producto\/despertando-a-la-conciencia-superior\/","og_locale":"es_ES","og_type":"article","og_title":"Despertando a la conciencia superior. - Catalogo | Letrame Grupo Editorial","og_description":"ISBN: 9788410897311 SINOPSIS  \u00abActuemos con conciencia, vivamos conscientemente y las cosas co-  mienzan a cambiar\u00bb.  Carlos T\u00e9llez.  Recordemos que nuestra percepci\u00f3n del mundo es un reflejo de nuestro  estado de conciencia. Seamos o no conscientes de esto, somos en esencia  nuestra conciencia. A partir de ella observamos, pensamos, hablamos,  nos emocionamos y experimentamos la realidad. En suma, vivimos y  experimentamos nuestra existencia.","og_url":"https:\/\/letrame.com\/catalogo\/producto\/despertando-a-la-conciencia-superior\/","og_site_name":"Catalogo | Letrame Grupo Editorial","article_modified_time":"2025-03-04T12:45:01+00:00","og_image":[{"width":354,"height":496,"url":"https:\/\/letrame.com\/catalogo\/wp-content\/uploads\/2025\/03\/despertandolaconciencia_1354mm4.jpg","type":"image\/jpeg"}],"twitter_card":"summary_large_image","twitter_misc":{"Tiempo de lectura":"2 minutos"},"schema":{"@context":"https:\/\/schema.org","@graph":[{"@type":"WebPage","@id":"https:\/\/letrame.com\/catalogo\/producto\/despertando-a-la-conciencia-superior\/","url":"https:\/\/letrame.com\/catalogo\/producto\/despertando-a-la-conciencia-superior\/","name":"Despertando a la conciencia superior. - Catalogo | Letrame Grupo Editorial","isPartOf":{"@id":"https:\/\/letrame.com\/catalogo\/#website"},"primaryImageOfPage":{"@id":"https:\/\/letrame.com\/catalogo\/producto\/despertando-a-la-conciencia-superior\/#primaryimage"},"image":{"@id":"https:\/\/letrame.com\/catalogo\/producto\/despertando-a-la-conciencia-superior\/#primaryimage"},"thumbnailUrl":"https:\/\/letrame.com\/catalogo\/wp-content\/uploads\/2025\/03\/despertandolaconciencia_1354mm4.jpg","datePublished":"2025-03-04T11:55:23+00:00","dateModified":"2025-03-04T12:45:01+00:00","breadcrumb":{"@id":"https:\/\/letrame.com\/catalogo\/producto\/despertando-a-la-conciencia-superior\/#breadcrumb"},"inLanguage":"es","potentialAction":[{"@type":"ReadAction","target":["https:\/\/letrame.com\/catalogo\/producto\/despertando-a-la-conciencia-superior\/"]}]},{"@type":"ImageObject","inLanguage":"es","@id":"https:\/\/letrame.com\/catalogo\/producto\/despertando-a-la-conciencia-superior\/#primaryimage","url":"https:\/\/letrame.com\/catalogo\/wp-content\/uploads\/2025\/03\/despertandolaconciencia_1354mm4.jpg","contentUrl":"https:\/\/letrame.com\/catalogo\/wp-content\/uploads\/2025\/03\/despertandolaconciencia_1354mm4.jpg","width":354,"height":496,"caption":"Despertando a la conciencia superior"},{"@type":"BreadcrumbList","@id":"https:\/\/letrame.com\/catalogo\/producto\/despertando-a-la-conciencia-superior\/#breadcrumb","itemListElement":[{"@type":"ListItem","position":1,"name":"Portada","item":"https:\/\/letrame.com\/catalogo\/"},{"@type":"ListItem","position":2,"name":"Cat\u00e1logo","item":"https:\/\/letrame.com\/catalogo\/"},{"@type":"ListItem","position":3,"name":"Despertando a la conciencia superior."}]},{"@type":"WebSite","@id":"https:\/\/letrame.com\/catalogo\/#website","url":"https:\/\/letrame.com\/catalogo\/","name":"Catalogo | Letrame Grupo Editorial","description":"","publisher":{"@id":"https:\/\/letrame.com\/catalogo\/#organization"},"potentialAction":[{"@type":"SearchAction","target":{"@type":"EntryPoint","urlTemplate":"https:\/\/letrame.com\/catalogo\/?s={search_term_string}"},"query-input":{"@type":"PropertyValueSpecification","valueRequired":true,"valueName":"search_term_string"}}],"inLanguage":"es"},{"@type":"Organization","@id":"https:\/\/letrame.com\/catalogo\/#organization","name":"Catalogo | Letrame Grupo Editorial","url":"https:\/\/letrame.com\/catalogo\/","logo":{"@type":"ImageObject","inLanguage":"es","@id":"https:\/\/letrame.com\/catalogo\/#\/schema\/logo\/image\/","url":"https:\/\/letrame.com\/catalogo\/wp-content\/uploads\/2024\/03\/logo2.webp","contentUrl":"https:\/\/letrame.com\/catalogo\/wp-content\/uploads\/2024\/03\/logo2.webp","width":394,"height":128,"caption":"Catalogo | Letrame Grupo Editorial"},"image":{"@id":"https:\/\/letrame.com\/catalogo\/#\/schema\/logo\/image\/"}}]}},"_links":{"self":[{"href":"https:\/\/letrame.com\/catalogo\/wp-json\/wp\/v2\/product\/108064","targetHints":{"allow":["GET"]}}],"collection":[{"href":"https:\/\/letrame.com\/catalogo\/wp-json\/wp\/v2\/product"}],"about":[{"href":"https:\/\/letrame.com\/catalogo\/wp-json\/wp\/v2\/types\/product"}],"replies":[{"embeddable":true,"href":"https:\/\/letrame.com\/catalogo\/wp-json\/wp\/v2\/comments?post=108064"}],"acf:post":[{"embeddable":true,"href":"https:\/\/letrame.com\/catalogo\/wp-json\/wp\/v2\/author_book\/108067"}],"wp:featuredmedia":[{"embeddable":true,"href":"https:\/\/letrame.com\/catalogo\/wp-json\/wp\/v2\/media\/108065"}],"wp:attachment":[{"href":"https:\/\/letrame.com\/catalogo\/wp-json\/wp\/v2\/media?parent=108064"}],"wp:term":[{"taxonomy":"libro","embeddable":true,"href":"https:\/\/letrame.com\/catalogo\/wp-json\/wp\/v2\/libro?post=108064"},{"taxonomy":"product_brand","embeddable":true,"href":"https:\/\/letrame.com\/catalogo\/wp-json\/wp\/v2\/product_brand?post=108064"},{"taxonomy":"product_cat","embeddable":true,"href":"https:\/\/letrame.com\/catalogo\/wp-json\/wp\/v2\/product_cat?post=108064"},{"taxonomy":"product_tag","embeddable":true,"href":"https:\/\/letrame.com\/catalogo\/wp-json\/wp\/v2\/product_tag?post=108064"}],"curies":[{"name":"wp","href":"https:\/\/api.w.org\/{rel}","templated":true}]}}