{"id":107832,"date":"2025-01-22T09:21:46","date_gmt":"2025-01-22T08:21:46","guid":{"rendered":"https:\/\/letrame.com\/catalogo\/?post_type=product&#038;p=107832"},"modified":"2025-01-22T09:25:26","modified_gmt":"2025-01-22T08:25:26","slug":"la-guerra-de-las-deudas","status":"publish","type":"product","link":"https:\/\/letrame.com\/catalogo\/producto\/la-guerra-de-las-deudas\/","title":{"rendered":"La guerra de las deudas"},"content":{"rendered":"<p class=\"p1\"><b>ISBN: <\/b>978-84-1089-410-5<\/p>\n<p class=\"p1\"><b>T\u00edtulo: <\/b>La guerra de las deudas<b><\/b><\/p>\n<p><b>Fecha: <\/b>2025<b><\/b><\/p>\n<p><strong>P\u00e1ginas<\/strong>: 158<b><\/b><\/p>\n<p class=\"p1\"><b>SINOPSIS<br \/>\n<\/b><\/p>\n<p class=\"p1\">Bienvenido a La guerra de las deudas, un campo de batalla donde el dinero,<\/p>\n<p class=\"p1\">las creencias heredadas y la neurociencia se cruzan en una danza tan letal como<\/p>\n<p class=\"p1\">fascinante. \u00bfTe atreves a luchar en esta guerra o prefieres seguir siendo v\u00edctima<\/p>\n<p class=\"p1\">de tus propias finanzas?<\/p>\n<p class=\"p1\">En este libro, Diana Requejo, consultora financiera y terapeuta, se pone al<\/p>\n<p class=\"p1\">mando de tu escuadr\u00f3n con el M\u00e9todo DIANA, una estrategia radical que<\/p>\n<p class=\"p1\">no solo te ayudar\u00e1 a salir de las deudas, sino que cambiar\u00e1 la forma en que<\/p>\n<p class=\"p1\">t\u00fa y tu familia se relacionan con el dinero para siempre. Y no, esto no es el<\/p>\n<p class=\"p1\">t\u00edpico serm\u00f3n financiero que ya has escuchado mil veces. Aqu\u00ed, las finanzas<\/p>\n<p class=\"p1\">se enfrentan de una manera que jam\u00e1s habr\u00edas imaginado: NeuroFinanzas,<\/p>\n<p class=\"p1\">un concepto revolucionario donde tu psique, tus emociones y tus decisiones<\/p>\n<p class=\"p1\">econ\u00f3micas est\u00e1n intr\u00ednsecamente conectadas. \u00bfPensabas que tus deudas eran<\/p>\n<p class=\"p1\">solo n\u00fameros en rojo? \u00a1Error! Son el resultado de un c\u00f3ctel explosivo de creen-<\/p>\n<p class=\"p1\">cias limitantes y patrones t\u00f3xicos que heredaste, como una reliquia familiar<\/p>\n<p class=\"p1\">maldita, y que ahora ha llegado el momento de romper. Prep\u00e1rate para una<\/p>\n<p class=\"p1\">lectura irreverente, mordaz, y s\u00ed, bastante entretenida, que te arrancar\u00e1 de la<\/p>\n<p class=\"p1\">c\u00f3moda pero destructiva idea de que estar en deuda es normal. Con un estilo<\/p>\n<p class=\"p1\">fresco y sin pelos en la lengua, Diana te llevar\u00e1 por un recorrido que empieza<\/p>\n<p class=\"p1\">con tus batallas financieras perdidas pero termina en una victoria personal<\/p>\n<p class=\"p1\">tan poderosa que no solo transformar\u00e1 tu vida, sino la de las generaciones que<\/p>\n<p class=\"p1\">vienen detr\u00e1s de ti.<\/p>\n<p class=\"p1\">La guerra de las deudas no es solo un libro; es tu hoja de ruta para una vida libre<\/p>\n<p class=\"p1\">de cargas, donde el dinero no es tu enemigo sino tu aliado, y donde las his-<\/p>\n<p class=\"p1\">torias de escasez que heredaste se desvanecen, dando paso a una nueva era de<\/p>\n<p class=\"p1\">abundancia. As\u00ed que, querido lector, la pregunta no es si necesitas este libro.<\/p>\n<p class=\"p1\">La verdadera pregunta es: \u00bfte atreves a cambiar tu destino financiero y romper<\/p>\n<p class=\"p1\">el ciclo de deudas que ha gobernado tu vida hasta ahora? Si la respuesta es s\u00ed,<\/p>\n<p class=\"p1\">abre estas p\u00e1ginas y comienza tu propia guerra. Te aseguro que, con las herra-<\/p>\n<p class=\"p1\">mientas correctas, la victoria ser\u00e1 tuya.<\/p>\n<p class=\"p1\"><b>\u00a0<\/b><\/p>\n","protected":false},"excerpt":{"rendered":"<p><b>ISBN: <\/b>978-84-1089-410-5<\/p>\n<p class=\"p1\"><b>SINOPSIS<br \/>\n<\/b><\/p>\n<p class=\"p1\">Bienvenido a La guerra de las deudas, un campo de batalla donde el dinero, las creencias heredadas y la neurociencia se cruzan en una danza tan letal como fascinante. \u00bfTe atreves a luchar en esta guerra o prefieres seguir siendo v\u00edctima de tus propias finanzas?<\/p>\n","protected":false},"featured_media":107833,"comment_status":"open","ping_status":"closed","template":"","meta":{"_acf_changed":false},"libro":[],"product_brand":[],"product_cat":[18],"product_tag":[],"class_list":{"0":"post-107832","1":"product","2":"type-product","3":"status-publish","4":"has-post-thumbnail","6":"product_cat-autoayuda","8":"first","9":"instock","10":"shipping-taxable","11":"product-type-simple"},"acf":{"autor":[107834],"enlace_de_compra":""},"yoast_head":"<!-- This site is optimized with the Yoast SEO plugin v26.6 - https:\/\/yoast.com\/wordpress\/plugins\/seo\/ -->\n<title>La guerra de las deudas - Catalogo | Letrame Grupo Editorial<\/title>\n<meta name=\"robots\" content=\"index, follow, max-snippet:-1, max-image-preview:large, max-video-preview:-1\" \/>\n<link rel=\"canonical\" href=\"https:\/\/letrame.com\/catalogo\/producto\/la-guerra-de-las-deudas\/\" \/>\n<meta property=\"og:locale\" content=\"es_ES\" \/>\n<meta property=\"og:type\" content=\"article\" \/>\n<meta property=\"og:title\" content=\"La guerra de las deudas - Catalogo | Letrame Grupo Editorial\" \/>\n<meta property=\"og:description\" content=\"ISBN: 978-84-1089-410-5 SINOPSIS  Bienvenido a La guerra de las deudas, un campo de batalla donde el dinero, las creencias heredadas y la neurociencia se cruzan en una danza tan letal como fascinante. \u00bfTe atreves a luchar en esta guerra o prefieres seguir siendo v\u00edctima de tus propias finanzas?\" \/>\n<meta property=\"og:url\" content=\"https:\/\/letrame.com\/catalogo\/producto\/la-guerra-de-las-deudas\/\" \/>\n<meta property=\"og:site_name\" content=\"Catalogo | Letrame Grupo Editorial\" \/>\n<meta property=\"article:modified_time\" content=\"2025-01-22T08:25:26+00:00\" \/>\n<meta property=\"og:image\" content=\"https:\/\/letrame.com\/catalogo\/wp-content\/uploads\/2025\/01\/PortadaLaguerradelasdeudas.jpg\" \/>\n\t<meta property=\"og:image:width\" content=\"413\" \/>\n\t<meta property=\"og:image:height\" content=\"579\" \/>\n\t<meta property=\"og:image:type\" content=\"image\/jpeg\" \/>\n<meta name=\"twitter:card\" content=\"summary_large_image\" \/>\n<meta name=\"twitter:label1\" content=\"Tiempo de lectura\" \/>\n\t<meta name=\"twitter:data1\" content=\"2 minutos\" \/>\n<script type=\"application\/ld+json\" class=\"yoast-schema-graph\">{\"@context\":\"https:\/\/schema.org\",\"@graph\":[{\"@type\":\"WebPage\",\"@id\":\"https:\/\/letrame.com\/catalogo\/producto\/la-guerra-de-las-deudas\/\",\"url\":\"https:\/\/letrame.com\/catalogo\/producto\/la-guerra-de-las-deudas\/\",\"name\":\"La guerra de las deudas - Catalogo | Letrame Grupo Editorial\",\"isPartOf\":{\"@id\":\"https:\/\/letrame.com\/catalogo\/#website\"},\"primaryImageOfPage\":{\"@id\":\"https:\/\/letrame.com\/catalogo\/producto\/la-guerra-de-las-deudas\/#primaryimage\"},\"image\":{\"@id\":\"https:\/\/letrame.com\/catalogo\/producto\/la-guerra-de-las-deudas\/#primaryimage\"},\"thumbnailUrl\":\"https:\/\/letrame.com\/catalogo\/wp-content\/uploads\/2025\/01\/PortadaLaguerradelasdeudas.jpg\",\"datePublished\":\"2025-01-22T08:21:46+00:00\",\"dateModified\":\"2025-01-22T08:25:26+00:00\",\"breadcrumb\":{\"@id\":\"https:\/\/letrame.com\/catalogo\/producto\/la-guerra-de-las-deudas\/#breadcrumb\"},\"inLanguage\":\"es\",\"potentialAction\":[{\"@type\":\"ReadAction\",\"target\":[\"https:\/\/letrame.com\/catalogo\/producto\/la-guerra-de-las-deudas\/\"]}]},{\"@type\":\"ImageObject\",\"inLanguage\":\"es\",\"@id\":\"https:\/\/letrame.com\/catalogo\/producto\/la-guerra-de-las-deudas\/#primaryimage\",\"url\":\"https:\/\/letrame.com\/catalogo\/wp-content\/uploads\/2025\/01\/PortadaLaguerradelasdeudas.jpg\",\"contentUrl\":\"https:\/\/letrame.com\/catalogo\/wp-content\/uploads\/2025\/01\/PortadaLaguerradelasdeudas.jpg\",\"width\":413,\"height\":579,\"caption\":\"Portada La guerra de las deudas\"},{\"@type\":\"BreadcrumbList\",\"@id\":\"https:\/\/letrame.com\/catalogo\/producto\/la-guerra-de-las-deudas\/#breadcrumb\",\"itemListElement\":[{\"@type\":\"ListItem\",\"position\":1,\"name\":\"Portada\",\"item\":\"https:\/\/letrame.com\/catalogo\/\"},{\"@type\":\"ListItem\",\"position\":2,\"name\":\"Cat\u00e1logo\",\"item\":\"https:\/\/letrame.com\/catalogo\/\"},{\"@type\":\"ListItem\",\"position\":3,\"name\":\"La guerra de las deudas\"}]},{\"@type\":\"WebSite\",\"@id\":\"https:\/\/letrame.com\/catalogo\/#website\",\"url\":\"https:\/\/letrame.com\/catalogo\/\",\"name\":\"Catalogo | Letrame Grupo Editorial\",\"description\":\"\",\"publisher\":{\"@id\":\"https:\/\/letrame.com\/catalogo\/#organization\"},\"potentialAction\":[{\"@type\":\"SearchAction\",\"target\":{\"@type\":\"EntryPoint\",\"urlTemplate\":\"https:\/\/letrame.com\/catalogo\/?s={search_term_string}\"},\"query-input\":{\"@type\":\"PropertyValueSpecification\",\"valueRequired\":true,\"valueName\":\"search_term_string\"}}],\"inLanguage\":\"es\"},{\"@type\":\"Organization\",\"@id\":\"https:\/\/letrame.com\/catalogo\/#organization\",\"name\":\"Catalogo | Letrame Grupo Editorial\",\"url\":\"https:\/\/letrame.com\/catalogo\/\",\"logo\":{\"@type\":\"ImageObject\",\"inLanguage\":\"es\",\"@id\":\"https:\/\/letrame.com\/catalogo\/#\/schema\/logo\/image\/\",\"url\":\"https:\/\/letrame.com\/catalogo\/wp-content\/uploads\/2024\/03\/logo2.webp\",\"contentUrl\":\"https:\/\/letrame.com\/catalogo\/wp-content\/uploads\/2024\/03\/logo2.webp\",\"width\":394,\"height\":128,\"caption\":\"Catalogo | Letrame Grupo Editorial\"},\"image\":{\"@id\":\"https:\/\/letrame.com\/catalogo\/#\/schema\/logo\/image\/\"}}]}<\/script>\n<!-- \/ Yoast SEO plugin. -->","yoast_head_json":{"title":"La guerra de las deudas - Catalogo | Letrame Grupo Editorial","robots":{"index":"index","follow":"follow","max-snippet":"max-snippet:-1","max-image-preview":"max-image-preview:large","max-video-preview":"max-video-preview:-1"},"canonical":"https:\/\/letrame.com\/catalogo\/producto\/la-guerra-de-las-deudas\/","og_locale":"es_ES","og_type":"article","og_title":"La guerra de las deudas - Catalogo | Letrame Grupo Editorial","og_description":"ISBN: 978-84-1089-410-5 SINOPSIS  Bienvenido a La guerra de las deudas, un campo de batalla donde el dinero, las creencias heredadas y la neurociencia se cruzan en una danza tan letal como fascinante. \u00bfTe atreves a luchar en esta guerra o prefieres seguir siendo v\u00edctima de tus propias finanzas?","og_url":"https:\/\/letrame.com\/catalogo\/producto\/la-guerra-de-las-deudas\/","og_site_name":"Catalogo | Letrame Grupo Editorial","article_modified_time":"2025-01-22T08:25:26+00:00","og_image":[{"width":413,"height":579,"url":"https:\/\/letrame.com\/catalogo\/wp-content\/uploads\/2025\/01\/PortadaLaguerradelasdeudas.jpg","type":"image\/jpeg"}],"twitter_card":"summary_large_image","twitter_misc":{"Tiempo de lectura":"2 minutos"},"schema":{"@context":"https:\/\/schema.org","@graph":[{"@type":"WebPage","@id":"https:\/\/letrame.com\/catalogo\/producto\/la-guerra-de-las-deudas\/","url":"https:\/\/letrame.com\/catalogo\/producto\/la-guerra-de-las-deudas\/","name":"La guerra de las deudas - Catalogo | Letrame Grupo Editorial","isPartOf":{"@id":"https:\/\/letrame.com\/catalogo\/#website"},"primaryImageOfPage":{"@id":"https:\/\/letrame.com\/catalogo\/producto\/la-guerra-de-las-deudas\/#primaryimage"},"image":{"@id":"https:\/\/letrame.com\/catalogo\/producto\/la-guerra-de-las-deudas\/#primaryimage"},"thumbnailUrl":"https:\/\/letrame.com\/catalogo\/wp-content\/uploads\/2025\/01\/PortadaLaguerradelasdeudas.jpg","datePublished":"2025-01-22T08:21:46+00:00","dateModified":"2025-01-22T08:25:26+00:00","breadcrumb":{"@id":"https:\/\/letrame.com\/catalogo\/producto\/la-guerra-de-las-deudas\/#breadcrumb"},"inLanguage":"es","potentialAction":[{"@type":"ReadAction","target":["https:\/\/letrame.com\/catalogo\/producto\/la-guerra-de-las-deudas\/"]}]},{"@type":"ImageObject","inLanguage":"es","@id":"https:\/\/letrame.com\/catalogo\/producto\/la-guerra-de-las-deudas\/#primaryimage","url":"https:\/\/letrame.com\/catalogo\/wp-content\/uploads\/2025\/01\/PortadaLaguerradelasdeudas.jpg","contentUrl":"https:\/\/letrame.com\/catalogo\/wp-content\/uploads\/2025\/01\/PortadaLaguerradelasdeudas.jpg","width":413,"height":579,"caption":"Portada La guerra de las deudas"},{"@type":"BreadcrumbList","@id":"https:\/\/letrame.com\/catalogo\/producto\/la-guerra-de-las-deudas\/#breadcrumb","itemListElement":[{"@type":"ListItem","position":1,"name":"Portada","item":"https:\/\/letrame.com\/catalogo\/"},{"@type":"ListItem","position":2,"name":"Cat\u00e1logo","item":"https:\/\/letrame.com\/catalogo\/"},{"@type":"ListItem","position":3,"name":"La guerra de las deudas"}]},{"@type":"WebSite","@id":"https:\/\/letrame.com\/catalogo\/#website","url":"https:\/\/letrame.com\/catalogo\/","name":"Catalogo | Letrame Grupo Editorial","description":"","publisher":{"@id":"https:\/\/letrame.com\/catalogo\/#organization"},"potentialAction":[{"@type":"SearchAction","target":{"@type":"EntryPoint","urlTemplate":"https:\/\/letrame.com\/catalogo\/?s={search_term_string}"},"query-input":{"@type":"PropertyValueSpecification","valueRequired":true,"valueName":"search_term_string"}}],"inLanguage":"es"},{"@type":"Organization","@id":"https:\/\/letrame.com\/catalogo\/#organization","name":"Catalogo | Letrame Grupo Editorial","url":"https:\/\/letrame.com\/catalogo\/","logo":{"@type":"ImageObject","inLanguage":"es","@id":"https:\/\/letrame.com\/catalogo\/#\/schema\/logo\/image\/","url":"https:\/\/letrame.com\/catalogo\/wp-content\/uploads\/2024\/03\/logo2.webp","contentUrl":"https:\/\/letrame.com\/catalogo\/wp-content\/uploads\/2024\/03\/logo2.webp","width":394,"height":128,"caption":"Catalogo | Letrame Grupo Editorial"},"image":{"@id":"https:\/\/letrame.com\/catalogo\/#\/schema\/logo\/image\/"}}]}},"_links":{"self":[{"href":"https:\/\/letrame.com\/catalogo\/wp-json\/wp\/v2\/product\/107832","targetHints":{"allow":["GET"]}}],"collection":[{"href":"https:\/\/letrame.com\/catalogo\/wp-json\/wp\/v2\/product"}],"about":[{"href":"https:\/\/letrame.com\/catalogo\/wp-json\/wp\/v2\/types\/product"}],"replies":[{"embeddable":true,"href":"https:\/\/letrame.com\/catalogo\/wp-json\/wp\/v2\/comments?post=107832"}],"acf:post":[{"embeddable":true,"href":"https:\/\/letrame.com\/catalogo\/wp-json\/wp\/v2\/author_book\/107834"}],"wp:featuredmedia":[{"embeddable":true,"href":"https:\/\/letrame.com\/catalogo\/wp-json\/wp\/v2\/media\/107833"}],"wp:attachment":[{"href":"https:\/\/letrame.com\/catalogo\/wp-json\/wp\/v2\/media?parent=107832"}],"wp:term":[{"taxonomy":"libro","embeddable":true,"href":"https:\/\/letrame.com\/catalogo\/wp-json\/wp\/v2\/libro?post=107832"},{"taxonomy":"product_brand","embeddable":true,"href":"https:\/\/letrame.com\/catalogo\/wp-json\/wp\/v2\/product_brand?post=107832"},{"taxonomy":"product_cat","embeddable":true,"href":"https:\/\/letrame.com\/catalogo\/wp-json\/wp\/v2\/product_cat?post=107832"},{"taxonomy":"product_tag","embeddable":true,"href":"https:\/\/letrame.com\/catalogo\/wp-json\/wp\/v2\/product_tag?post=107832"}],"curies":[{"name":"wp","href":"https:\/\/api.w.org\/{rel}","templated":true}]}}