{"id":107785,"date":"2025-01-17T09:56:33","date_gmt":"2025-01-17T08:56:33","guid":{"rendered":"https:\/\/letrame.com\/catalogo\/?post_type=product&#038;p=107785"},"modified":"2025-04-07T14:00:41","modified_gmt":"2025-04-07T12:00:41","slug":"el-poder-que-escondes","status":"publish","type":"product","link":"https:\/\/letrame.com\/catalogo\/producto\/el-poder-que-escondes\/","title":{"rendered":"El poder que escondes"},"content":{"rendered":"<p class=\"p1\"><b>ISBN: <\/b>978-84-1089-724-3<\/p>\n<p class=\"p1\"><b>T\u00edtulo: <\/b>El poder que escondes<b><\/b><\/p>\n<p><strong>Fecha<\/strong>: 2025<b><\/b><\/p>\n<p><strong>P\u00e1ginas<\/strong>: 174<\/p>\n<p class=\"p1\"><b>SINOPSIS<br \/>\n<\/b><\/p>\n<p class=\"s5\"><span class=\"s2\">\u00bfTe ha pasado alguna vez que todo parece ir bien por fuera, pero por dentro sientes que algo falta? Nos pasa a muchos: nos preocupamos, dudamos de nuestro valor o nos saboteamos sin darnos cuenta. <\/span><span class=\"s4\">El poder que escondes<\/span><span class=\"s2\"> naci\u00f3 precisamente de ah\u00ed, de la necesidad de comprender por qu\u00e9 nos limitamos y de buscar maneras pr\u00e1cticas para reprogramar esos pensamientos que nos frenan.<\/span><\/p>\n<p class=\"s5\"><span class=\"s2\">Este libro <\/span><span class=\"s2\">es<\/span><span class=\"s2\"> una mano abierta,<\/span><span class=\"s2\"> una puerta para explorar lo que de verdad eres capaz de hacer cuando te conoces y te aceptas a fondo. A trav\u00e9s de una exploraci\u00f3n profunda y herramientas pr\u00e1cticas de biodescodificaci\u00f3n<\/span><span class=\"s2\">,<\/span> <span class=\"s2\">Cinta Ramos quiere<\/span> <span class=\"s2\">ayudarte<\/span><span class=\"s2\"> a ver que no tienes que vivir a medias ni en funci\u00f3n de tus miedos. <\/span><\/p>\n<p class=\"s5\"><span class=\"s2\">La autora<\/span><span class=\"s2\"> nos propone ejercitar la mente para reprogramar esos patrones, aprender a reconocer las emociones y abrazarlas desde la conciencia,<\/span> <span class=\"s2\">y as\u00ed<\/span><span class=\"s2\"> transformar nuestras creencias hacia una mentalidad de crecimiento. Porque lo que m\u00e1s nos limita, al final, no es el mundo exterior, sino las barreras que construimos en nuestra propia mente.<\/span><\/p>\n<p class=\"p1\"><b><br \/>\n<\/b><b><\/b><\/p>\n","protected":false},"excerpt":{"rendered":"<p class=\"p1\"><b>ISBN: <\/b>978-84-1089-724-3<b><br \/>\nSINOPSIS<br \/>\n<\/b><\/p>\n<p class=\"s5\"><span class=\"s2\">\u00bfTe ha pasado alguna vez que todo parece ir bien por fuera, pero por dentro sientes que algo falta? Nos pasa a muchos: nos preocupamos, dudamos de nuestro valor o nos saboteamos sin darnos cuenta. <\/span><span class=\"s4\">El poder que escondes<\/span><span class=\"s2\"> naci\u00f3 precisamente de ah\u00ed, de la necesidad de comprender por qu\u00e9 nos limitamos y de buscar maneras pr\u00e1cticas para reprogramar esos pensamientos que nos frenan.<\/span><\/p>\n","protected":false},"featured_media":107786,"comment_status":"open","ping_status":"closed","template":"","meta":{"_acf_changed":false},"libro":[],"product_brand":[],"product_cat":[30],"product_tag":[],"class_list":{"0":"post-107785","1":"product","2":"type-product","3":"status-publish","4":"has-post-thumbnail","6":"product_cat-desarrollo-personal-y-autoconocimiento","8":"first","9":"instock","10":"shipping-taxable","11":"product-type-simple"},"acf":{"autor":[107782],"enlace_de_compra":"https:\/\/www.amazon.es\/dp\/8410894467"},"yoast_head":"<!-- This site is optimized with the Yoast SEO plugin v26.6 - https:\/\/yoast.com\/wordpress\/plugins\/seo\/ -->\n<title>El poder que escondes - Catalogo | Letrame Grupo Editorial<\/title>\n<meta name=\"robots\" content=\"index, follow, max-snippet:-1, max-image-preview:large, max-video-preview:-1\" \/>\n<link rel=\"canonical\" href=\"https:\/\/letrame.com\/catalogo\/producto\/el-poder-que-escondes\/\" \/>\n<meta property=\"og:locale\" content=\"es_ES\" \/>\n<meta property=\"og:type\" content=\"article\" \/>\n<meta property=\"og:title\" content=\"El poder que escondes - Catalogo | Letrame Grupo Editorial\" \/>\n<meta property=\"og:description\" content=\"ISBN: 978-84-1089-724-3 SINOPSIS  \u00bfTe ha pasado alguna vez que todo parece ir bien por fuera, pero por dentro sientes que algo falta? Nos pasa a muchos: nos preocupamos, dudamos de nuestro valor o nos saboteamos sin darnos cuenta. El poder que escondes naci\u00f3 precisamente de ah\u00ed, de la necesidad de comprender por qu\u00e9 nos limitamos y de buscar maneras pr\u00e1cticas para reprogramar esos pensamientos que nos frenan.\" \/>\n<meta property=\"og:url\" content=\"https:\/\/letrame.com\/catalogo\/producto\/el-poder-que-escondes\/\" \/>\n<meta property=\"og:site_name\" content=\"Catalogo | Letrame Grupo Editorial\" \/>\n<meta property=\"article:modified_time\" content=\"2025-04-07T12:00:41+00:00\" \/>\n<meta property=\"og:image\" content=\"https:\/\/letrame.com\/catalogo\/wp-content\/uploads\/2025\/01\/PortadaElpoderqueescondes.jpg\" \/>\n\t<meta property=\"og:image:width\" content=\"425\" \/>\n\t<meta property=\"og:image:height\" content=\"624\" \/>\n\t<meta property=\"og:image:type\" content=\"image\/jpeg\" \/>\n<meta name=\"twitter:card\" content=\"summary_large_image\" \/>\n<meta name=\"twitter:label1\" content=\"Tiempo de lectura\" \/>\n\t<meta name=\"twitter:data1\" content=\"2 minutos\" \/>\n<script type=\"application\/ld+json\" class=\"yoast-schema-graph\">{\"@context\":\"https:\/\/schema.org\",\"@graph\":[{\"@type\":\"WebPage\",\"@id\":\"https:\/\/letrame.com\/catalogo\/producto\/el-poder-que-escondes\/\",\"url\":\"https:\/\/letrame.com\/catalogo\/producto\/el-poder-que-escondes\/\",\"name\":\"El poder que escondes - Catalogo | Letrame Grupo Editorial\",\"isPartOf\":{\"@id\":\"https:\/\/letrame.com\/catalogo\/#website\"},\"primaryImageOfPage\":{\"@id\":\"https:\/\/letrame.com\/catalogo\/producto\/el-poder-que-escondes\/#primaryimage\"},\"image\":{\"@id\":\"https:\/\/letrame.com\/catalogo\/producto\/el-poder-que-escondes\/#primaryimage\"},\"thumbnailUrl\":\"https:\/\/letrame.com\/catalogo\/wp-content\/uploads\/2025\/01\/PortadaElpoderqueescondes.jpg\",\"datePublished\":\"2025-01-17T08:56:33+00:00\",\"dateModified\":\"2025-04-07T12:00:41+00:00\",\"breadcrumb\":{\"@id\":\"https:\/\/letrame.com\/catalogo\/producto\/el-poder-que-escondes\/#breadcrumb\"},\"inLanguage\":\"es\",\"potentialAction\":[{\"@type\":\"ReadAction\",\"target\":[\"https:\/\/letrame.com\/catalogo\/producto\/el-poder-que-escondes\/\"]}]},{\"@type\":\"ImageObject\",\"inLanguage\":\"es\",\"@id\":\"https:\/\/letrame.com\/catalogo\/producto\/el-poder-que-escondes\/#primaryimage\",\"url\":\"https:\/\/letrame.com\/catalogo\/wp-content\/uploads\/2025\/01\/PortadaElpoderqueescondes.jpg\",\"contentUrl\":\"https:\/\/letrame.com\/catalogo\/wp-content\/uploads\/2025\/01\/PortadaElpoderqueescondes.jpg\",\"width\":425,\"height\":624,\"caption\":\"Portada El poder que escondes\"},{\"@type\":\"BreadcrumbList\",\"@id\":\"https:\/\/letrame.com\/catalogo\/producto\/el-poder-que-escondes\/#breadcrumb\",\"itemListElement\":[{\"@type\":\"ListItem\",\"position\":1,\"name\":\"Portada\",\"item\":\"https:\/\/letrame.com\/catalogo\/\"},{\"@type\":\"ListItem\",\"position\":2,\"name\":\"Cat\u00e1logo\",\"item\":\"https:\/\/letrame.com\/catalogo\/\"},{\"@type\":\"ListItem\",\"position\":3,\"name\":\"El poder que escondes\"}]},{\"@type\":\"WebSite\",\"@id\":\"https:\/\/letrame.com\/catalogo\/#website\",\"url\":\"https:\/\/letrame.com\/catalogo\/\",\"name\":\"Catalogo | Letrame Grupo Editorial\",\"description\":\"\",\"publisher\":{\"@id\":\"https:\/\/letrame.com\/catalogo\/#organization\"},\"potentialAction\":[{\"@type\":\"SearchAction\",\"target\":{\"@type\":\"EntryPoint\",\"urlTemplate\":\"https:\/\/letrame.com\/catalogo\/?s={search_term_string}\"},\"query-input\":{\"@type\":\"PropertyValueSpecification\",\"valueRequired\":true,\"valueName\":\"search_term_string\"}}],\"inLanguage\":\"es\"},{\"@type\":\"Organization\",\"@id\":\"https:\/\/letrame.com\/catalogo\/#organization\",\"name\":\"Catalogo | Letrame Grupo Editorial\",\"url\":\"https:\/\/letrame.com\/catalogo\/\",\"logo\":{\"@type\":\"ImageObject\",\"inLanguage\":\"es\",\"@id\":\"https:\/\/letrame.com\/catalogo\/#\/schema\/logo\/image\/\",\"url\":\"https:\/\/letrame.com\/catalogo\/wp-content\/uploads\/2024\/03\/logo2.webp\",\"contentUrl\":\"https:\/\/letrame.com\/catalogo\/wp-content\/uploads\/2024\/03\/logo2.webp\",\"width\":394,\"height\":128,\"caption\":\"Catalogo | Letrame Grupo Editorial\"},\"image\":{\"@id\":\"https:\/\/letrame.com\/catalogo\/#\/schema\/logo\/image\/\"}}]}<\/script>\n<!-- \/ Yoast SEO plugin. -->","yoast_head_json":{"title":"El poder que escondes - Catalogo | Letrame Grupo Editorial","robots":{"index":"index","follow":"follow","max-snippet":"max-snippet:-1","max-image-preview":"max-image-preview:large","max-video-preview":"max-video-preview:-1"},"canonical":"https:\/\/letrame.com\/catalogo\/producto\/el-poder-que-escondes\/","og_locale":"es_ES","og_type":"article","og_title":"El poder que escondes - Catalogo | Letrame Grupo Editorial","og_description":"ISBN: 978-84-1089-724-3 SINOPSIS  \u00bfTe ha pasado alguna vez que todo parece ir bien por fuera, pero por dentro sientes que algo falta? Nos pasa a muchos: nos preocupamos, dudamos de nuestro valor o nos saboteamos sin darnos cuenta. El poder que escondes naci\u00f3 precisamente de ah\u00ed, de la necesidad de comprender por qu\u00e9 nos limitamos y de buscar maneras pr\u00e1cticas para reprogramar esos pensamientos que nos frenan.","og_url":"https:\/\/letrame.com\/catalogo\/producto\/el-poder-que-escondes\/","og_site_name":"Catalogo | Letrame Grupo Editorial","article_modified_time":"2025-04-07T12:00:41+00:00","og_image":[{"width":425,"height":624,"url":"https:\/\/letrame.com\/catalogo\/wp-content\/uploads\/2025\/01\/PortadaElpoderqueescondes.jpg","type":"image\/jpeg"}],"twitter_card":"summary_large_image","twitter_misc":{"Tiempo de lectura":"2 minutos"},"schema":{"@context":"https:\/\/schema.org","@graph":[{"@type":"WebPage","@id":"https:\/\/letrame.com\/catalogo\/producto\/el-poder-que-escondes\/","url":"https:\/\/letrame.com\/catalogo\/producto\/el-poder-que-escondes\/","name":"El poder que escondes - Catalogo | Letrame Grupo Editorial","isPartOf":{"@id":"https:\/\/letrame.com\/catalogo\/#website"},"primaryImageOfPage":{"@id":"https:\/\/letrame.com\/catalogo\/producto\/el-poder-que-escondes\/#primaryimage"},"image":{"@id":"https:\/\/letrame.com\/catalogo\/producto\/el-poder-que-escondes\/#primaryimage"},"thumbnailUrl":"https:\/\/letrame.com\/catalogo\/wp-content\/uploads\/2025\/01\/PortadaElpoderqueescondes.jpg","datePublished":"2025-01-17T08:56:33+00:00","dateModified":"2025-04-07T12:00:41+00:00","breadcrumb":{"@id":"https:\/\/letrame.com\/catalogo\/producto\/el-poder-que-escondes\/#breadcrumb"},"inLanguage":"es","potentialAction":[{"@type":"ReadAction","target":["https:\/\/letrame.com\/catalogo\/producto\/el-poder-que-escondes\/"]}]},{"@type":"ImageObject","inLanguage":"es","@id":"https:\/\/letrame.com\/catalogo\/producto\/el-poder-que-escondes\/#primaryimage","url":"https:\/\/letrame.com\/catalogo\/wp-content\/uploads\/2025\/01\/PortadaElpoderqueescondes.jpg","contentUrl":"https:\/\/letrame.com\/catalogo\/wp-content\/uploads\/2025\/01\/PortadaElpoderqueescondes.jpg","width":425,"height":624,"caption":"Portada El poder que escondes"},{"@type":"BreadcrumbList","@id":"https:\/\/letrame.com\/catalogo\/producto\/el-poder-que-escondes\/#breadcrumb","itemListElement":[{"@type":"ListItem","position":1,"name":"Portada","item":"https:\/\/letrame.com\/catalogo\/"},{"@type":"ListItem","position":2,"name":"Cat\u00e1logo","item":"https:\/\/letrame.com\/catalogo\/"},{"@type":"ListItem","position":3,"name":"El poder que escondes"}]},{"@type":"WebSite","@id":"https:\/\/letrame.com\/catalogo\/#website","url":"https:\/\/letrame.com\/catalogo\/","name":"Catalogo | Letrame Grupo Editorial","description":"","publisher":{"@id":"https:\/\/letrame.com\/catalogo\/#organization"},"potentialAction":[{"@type":"SearchAction","target":{"@type":"EntryPoint","urlTemplate":"https:\/\/letrame.com\/catalogo\/?s={search_term_string}"},"query-input":{"@type":"PropertyValueSpecification","valueRequired":true,"valueName":"search_term_string"}}],"inLanguage":"es"},{"@type":"Organization","@id":"https:\/\/letrame.com\/catalogo\/#organization","name":"Catalogo | Letrame Grupo Editorial","url":"https:\/\/letrame.com\/catalogo\/","logo":{"@type":"ImageObject","inLanguage":"es","@id":"https:\/\/letrame.com\/catalogo\/#\/schema\/logo\/image\/","url":"https:\/\/letrame.com\/catalogo\/wp-content\/uploads\/2024\/03\/logo2.webp","contentUrl":"https:\/\/letrame.com\/catalogo\/wp-content\/uploads\/2024\/03\/logo2.webp","width":394,"height":128,"caption":"Catalogo | Letrame Grupo Editorial"},"image":{"@id":"https:\/\/letrame.com\/catalogo\/#\/schema\/logo\/image\/"}}]}},"_links":{"self":[{"href":"https:\/\/letrame.com\/catalogo\/wp-json\/wp\/v2\/product\/107785","targetHints":{"allow":["GET"]}}],"collection":[{"href":"https:\/\/letrame.com\/catalogo\/wp-json\/wp\/v2\/product"}],"about":[{"href":"https:\/\/letrame.com\/catalogo\/wp-json\/wp\/v2\/types\/product"}],"replies":[{"embeddable":true,"href":"https:\/\/letrame.com\/catalogo\/wp-json\/wp\/v2\/comments?post=107785"}],"acf:post":[{"embeddable":true,"href":"https:\/\/letrame.com\/catalogo\/wp-json\/wp\/v2\/author_book\/107782"}],"wp:featuredmedia":[{"embeddable":true,"href":"https:\/\/letrame.com\/catalogo\/wp-json\/wp\/v2\/media\/107786"}],"wp:attachment":[{"href":"https:\/\/letrame.com\/catalogo\/wp-json\/wp\/v2\/media?parent=107785"}],"wp:term":[{"taxonomy":"libro","embeddable":true,"href":"https:\/\/letrame.com\/catalogo\/wp-json\/wp\/v2\/libro?post=107785"},{"taxonomy":"product_brand","embeddable":true,"href":"https:\/\/letrame.com\/catalogo\/wp-json\/wp\/v2\/product_brand?post=107785"},{"taxonomy":"product_cat","embeddable":true,"href":"https:\/\/letrame.com\/catalogo\/wp-json\/wp\/v2\/product_cat?post=107785"},{"taxonomy":"product_tag","embeddable":true,"href":"https:\/\/letrame.com\/catalogo\/wp-json\/wp\/v2\/product_tag?post=107785"}],"curies":[{"name":"wp","href":"https:\/\/api.w.org\/{rel}","templated":true}]}}