{"id":107614,"date":"2024-12-16T16:04:54","date_gmt":"2024-12-16T15:04:54","guid":{"rendered":"https:\/\/letrame.com\/catalogo\/?post_type=product&#038;p=107614"},"modified":"2025-04-10T09:32:41","modified_gmt":"2025-04-10T07:32:41","slug":"moriras-en-barcelona","status":"publish","type":"product","link":"https:\/\/letrame.com\/catalogo\/producto\/moriras-en-barcelona\/","title":{"rendered":"Morira\u0301s en BARCELONA"},"content":{"rendered":"<p class=\"p1\"><b>ISBN: <\/b>978-84-1089-155-5<\/p>\n<p class=\"p1\"><b>T\u00edtulo:\u00a0 <\/b>Morira\u0301s en BARCELONA<\/p>\n<p class=\"p1\"><b>A\u00f1o:\u00a0<\/b>2024<\/p>\n<p class=\"p1\"><b>P\u00e1ginas:<\/b> 432<\/p>\n<p class=\"p1\"><b>SINOPSIS<\/b><\/p>\n<p>\u00c9RASE UNA VEZ UN PASTOR QUE, BURL\u00d3N, SE RE\u00cdA DE<\/p>\n<p>SUS COMPA\u00d1EROS\u00a0 CON LAS \u00a0FALSAS \u00a0\u00a0AMENAZAS\u00a0 \u00a0DE<\/p>\n<p>QUE VE\u00cdA EL LOBO. AL FINAL, HARTOS DE SUS CHANZAS<\/p>\n<p>DEJARON DE HACERLE CASO&#8230; PERO UN D\u00cdA LLEG\u00d3 LA<\/p>\n<p>FIERA.<\/p>\n<p>&nbsp;<\/p>\n<p>Un autor novel pone su vida en peligro al ser tergiversado el contenido de su novela por el agente literario que lo representa, quien solo busca aumentar las ventas. Al mismo tiempo, un m\u00e9dico palestino, pacifista y dialogante, se cuestiona si, en determinadas circunstancias, es justificable quitar una vida. Un inspector de polic\u00eda en Barcelona est\u00e1 obsesionado con descubrir la identidad de un enigm\u00e1tico asesino que tambi\u00e9n ha operado en Par\u00eds y Madrid. En el \u00e1mbito sentimental, la vida del agente es un infierno, pues est\u00e1 dominado por el amor que siente hacia una prostituta de lujo.<\/p>\n","protected":false},"excerpt":{"rendered":"<p class=\"p1\"><b>ISBN: <\/b>978-84-1089-155-5<\/p>\n<p class=\"p1\"><b>SINOPSIS<\/b><\/p>\n<p>\u00c9RASE UNA VEZ UN PASTOR QUE, BURL\u00d3N, SE RE\u00cdA DE<\/p>\n<p>SUS COMPA\u00d1EROS\u00a0 CON LAS \u00a0FALSAS \u00a0\u00a0AMENAZAS\u00a0 \u00a0DE<\/p>\n<p>QUE VE\u00cdA EL LOBO. AL FINAL, HARTOS DE SUS CHANZAS<\/p>\n<p>DEJARON DE HACERLE CASO&#8230; PERO UN D\u00cdA LLEG\u00d3 LA<\/p>\n<p>FIERA.<\/p>\n<p>&nbsp;<\/p>\n<p>Un autor novel pone su vida en peligro al ser tergiversado el contenido de su novela por el agente literario que lo representa, quien solo busca aumentar las ventas. Al mismo tiempo, un m\u00e9dico palestino, pacifista y dialogante, se cuestiona si, en determinadas circunstancias, es justificable quitar una vida. Un inspector de polic\u00eda en Barcelona est\u00e1 obsesionado con descubrir la identidad de un enigm\u00e1tico asesino que tambi\u00e9n ha operado en Par\u00eds y Madrid. En el \u00e1mbito sentimental, la vida del agente es un infierno, pues est\u00e1 dominado por el amor que siente hacia una prostituta de lujo.<\/p>\n","protected":false},"featured_media":108446,"comment_status":"open","ping_status":"closed","template":"","meta":{"_acf_changed":false},"libro":[],"product_brand":[],"product_cat":[16],"product_tag":[],"class_list":{"0":"post-107614","1":"product","2":"type-product","3":"status-publish","4":"has-post-thumbnail","6":"product_cat-novela","8":"first","9":"instock","10":"shipping-taxable","11":"product-type-simple"},"acf":{"autor":[107613,107617],"enlace_de_compra":"https:\/\/amzn.to\/3VFWde3"},"yoast_head":"<!-- This site is optimized with the Yoast SEO plugin v26.6 - https:\/\/yoast.com\/wordpress\/plugins\/seo\/ -->\n<title>Morira\u0301s en BARCELONA - Catalogo | Letrame Grupo Editorial<\/title>\n<meta name=\"robots\" content=\"index, follow, max-snippet:-1, max-image-preview:large, max-video-preview:-1\" \/>\n<link rel=\"canonical\" href=\"https:\/\/letrame.com\/catalogo\/producto\/moriras-en-barcelona\/\" \/>\n<meta property=\"og:locale\" content=\"es_ES\" \/>\n<meta property=\"og:type\" content=\"article\" \/>\n<meta property=\"og:title\" content=\"Morira\u0301s en BARCELONA - Catalogo | Letrame Grupo Editorial\" \/>\n<meta property=\"og:description\" content=\"ISBN: 978-84-1089-155-5 SINOPSIS \u00c9RASE UNA VEZ UN PASTOR QUE, BURL\u00d3N, SE RE\u00cdA DE  SUS COMPA\u00d1EROS\u00a0 CON LAS \u00a0FALSAS \u00a0\u00a0AMENAZAS\u00a0 \u00a0DE  QUE VE\u00cdA EL LOBO. AL FINAL, HARTOS DE SUS CHANZAS  DEJARON DE HACERLE CASO... PERO UN D\u00cdA LLEG\u00d3 LA  FIERA.  &nbsp;  Un autor novel pone su vida en peligro al ser tergiversado el contenido de su novela por el agente literario que lo representa, quien solo busca aumentar las ventas. Al mismo tiempo, un m\u00e9dico palestino, pacifista y dialogante, se cuestiona si, en determinadas circunstancias, es justificable quitar una vida. Un inspector de polic\u00eda en Barcelona est\u00e1 obsesionado con descubrir la identidad de un enigm\u00e1tico asesino que tambi\u00e9n ha operado en Par\u00eds y Madrid. En el \u00e1mbito sentimental, la vida del agente es un infierno, pues est\u00e1 dominado por el amor que siente hacia una prostituta de lujo.\" \/>\n<meta property=\"og:url\" content=\"https:\/\/letrame.com\/catalogo\/producto\/moriras-en-barcelona\/\" \/>\n<meta property=\"og:site_name\" content=\"Catalogo | Letrame Grupo Editorial\" \/>\n<meta property=\"article:modified_time\" content=\"2025-04-10T07:32:41+00:00\" \/>\n<meta property=\"og:image\" content=\"https:\/\/letrame.com\/catalogo\/wp-content\/uploads\/2024\/12\/Moriras-en-Barcelona.jpg\" \/>\n\t<meta property=\"og:image:width\" content=\"354\" \/>\n\t<meta property=\"og:image:height\" content=\"520\" \/>\n\t<meta property=\"og:image:type\" content=\"image\/jpeg\" \/>\n<meta name=\"twitter:card\" content=\"summary_large_image\" \/>\n<meta name=\"twitter:label1\" content=\"Tiempo de lectura\" \/>\n\t<meta name=\"twitter:data1\" content=\"1 minuto\" \/>\n<script type=\"application\/ld+json\" class=\"yoast-schema-graph\">{\"@context\":\"https:\/\/schema.org\",\"@graph\":[{\"@type\":\"WebPage\",\"@id\":\"https:\/\/letrame.com\/catalogo\/producto\/moriras-en-barcelona\/\",\"url\":\"https:\/\/letrame.com\/catalogo\/producto\/moriras-en-barcelona\/\",\"name\":\"Morira\u0301s en BARCELONA - Catalogo | Letrame Grupo Editorial\",\"isPartOf\":{\"@id\":\"https:\/\/letrame.com\/catalogo\/#website\"},\"primaryImageOfPage\":{\"@id\":\"https:\/\/letrame.com\/catalogo\/producto\/moriras-en-barcelona\/#primaryimage\"},\"image\":{\"@id\":\"https:\/\/letrame.com\/catalogo\/producto\/moriras-en-barcelona\/#primaryimage\"},\"thumbnailUrl\":\"https:\/\/letrame.com\/catalogo\/wp-content\/uploads\/2024\/12\/Moriras-en-Barcelona.jpg\",\"datePublished\":\"2024-12-16T15:04:54+00:00\",\"dateModified\":\"2025-04-10T07:32:41+00:00\",\"breadcrumb\":{\"@id\":\"https:\/\/letrame.com\/catalogo\/producto\/moriras-en-barcelona\/#breadcrumb\"},\"inLanguage\":\"es\",\"potentialAction\":[{\"@type\":\"ReadAction\",\"target\":[\"https:\/\/letrame.com\/catalogo\/producto\/moriras-en-barcelona\/\"]}]},{\"@type\":\"ImageObject\",\"inLanguage\":\"es\",\"@id\":\"https:\/\/letrame.com\/catalogo\/producto\/moriras-en-barcelona\/#primaryimage\",\"url\":\"https:\/\/letrame.com\/catalogo\/wp-content\/uploads\/2024\/12\/Moriras-en-Barcelona.jpg\",\"contentUrl\":\"https:\/\/letrame.com\/catalogo\/wp-content\/uploads\/2024\/12\/Moriras-en-Barcelona.jpg\",\"width\":354,\"height\":520},{\"@type\":\"BreadcrumbList\",\"@id\":\"https:\/\/letrame.com\/catalogo\/producto\/moriras-en-barcelona\/#breadcrumb\",\"itemListElement\":[{\"@type\":\"ListItem\",\"position\":1,\"name\":\"Portada\",\"item\":\"https:\/\/letrame.com\/catalogo\/\"},{\"@type\":\"ListItem\",\"position\":2,\"name\":\"Cat\u00e1logo\",\"item\":\"https:\/\/letrame.com\/catalogo\/\"},{\"@type\":\"ListItem\",\"position\":3,\"name\":\"Morira\u0301s en BARCELONA\"}]},{\"@type\":\"WebSite\",\"@id\":\"https:\/\/letrame.com\/catalogo\/#website\",\"url\":\"https:\/\/letrame.com\/catalogo\/\",\"name\":\"Catalogo | Letrame Grupo Editorial\",\"description\":\"\",\"publisher\":{\"@id\":\"https:\/\/letrame.com\/catalogo\/#organization\"},\"potentialAction\":[{\"@type\":\"SearchAction\",\"target\":{\"@type\":\"EntryPoint\",\"urlTemplate\":\"https:\/\/letrame.com\/catalogo\/?s={search_term_string}\"},\"query-input\":{\"@type\":\"PropertyValueSpecification\",\"valueRequired\":true,\"valueName\":\"search_term_string\"}}],\"inLanguage\":\"es\"},{\"@type\":\"Organization\",\"@id\":\"https:\/\/letrame.com\/catalogo\/#organization\",\"name\":\"Catalogo | Letrame Grupo Editorial\",\"url\":\"https:\/\/letrame.com\/catalogo\/\",\"logo\":{\"@type\":\"ImageObject\",\"inLanguage\":\"es\",\"@id\":\"https:\/\/letrame.com\/catalogo\/#\/schema\/logo\/image\/\",\"url\":\"https:\/\/letrame.com\/catalogo\/wp-content\/uploads\/2024\/03\/logo2.webp\",\"contentUrl\":\"https:\/\/letrame.com\/catalogo\/wp-content\/uploads\/2024\/03\/logo2.webp\",\"width\":394,\"height\":128,\"caption\":\"Catalogo | Letrame Grupo Editorial\"},\"image\":{\"@id\":\"https:\/\/letrame.com\/catalogo\/#\/schema\/logo\/image\/\"}}]}<\/script>\n<!-- \/ Yoast SEO plugin. -->","yoast_head_json":{"title":"Morira\u0301s en BARCELONA - Catalogo | Letrame Grupo Editorial","robots":{"index":"index","follow":"follow","max-snippet":"max-snippet:-1","max-image-preview":"max-image-preview:large","max-video-preview":"max-video-preview:-1"},"canonical":"https:\/\/letrame.com\/catalogo\/producto\/moriras-en-barcelona\/","og_locale":"es_ES","og_type":"article","og_title":"Morira\u0301s en BARCELONA - Catalogo | Letrame Grupo Editorial","og_description":"ISBN: 978-84-1089-155-5 SINOPSIS \u00c9RASE UNA VEZ UN PASTOR QUE, BURL\u00d3N, SE RE\u00cdA DE  SUS COMPA\u00d1EROS\u00a0 CON LAS \u00a0FALSAS \u00a0\u00a0AMENAZAS\u00a0 \u00a0DE  QUE VE\u00cdA EL LOBO. AL FINAL, HARTOS DE SUS CHANZAS  DEJARON DE HACERLE CASO... PERO UN D\u00cdA LLEG\u00d3 LA  FIERA.  &nbsp;  Un autor novel pone su vida en peligro al ser tergiversado el contenido de su novela por el agente literario que lo representa, quien solo busca aumentar las ventas. Al mismo tiempo, un m\u00e9dico palestino, pacifista y dialogante, se cuestiona si, en determinadas circunstancias, es justificable quitar una vida. Un inspector de polic\u00eda en Barcelona est\u00e1 obsesionado con descubrir la identidad de un enigm\u00e1tico asesino que tambi\u00e9n ha operado en Par\u00eds y Madrid. En el \u00e1mbito sentimental, la vida del agente es un infierno, pues est\u00e1 dominado por el amor que siente hacia una prostituta de lujo.","og_url":"https:\/\/letrame.com\/catalogo\/producto\/moriras-en-barcelona\/","og_site_name":"Catalogo | Letrame Grupo Editorial","article_modified_time":"2025-04-10T07:32:41+00:00","og_image":[{"width":354,"height":520,"url":"https:\/\/letrame.com\/catalogo\/wp-content\/uploads\/2024\/12\/Moriras-en-Barcelona.jpg","type":"image\/jpeg"}],"twitter_card":"summary_large_image","twitter_misc":{"Tiempo de lectura":"1 minuto"},"schema":{"@context":"https:\/\/schema.org","@graph":[{"@type":"WebPage","@id":"https:\/\/letrame.com\/catalogo\/producto\/moriras-en-barcelona\/","url":"https:\/\/letrame.com\/catalogo\/producto\/moriras-en-barcelona\/","name":"Morira\u0301s en BARCELONA - Catalogo | Letrame Grupo Editorial","isPartOf":{"@id":"https:\/\/letrame.com\/catalogo\/#website"},"primaryImageOfPage":{"@id":"https:\/\/letrame.com\/catalogo\/producto\/moriras-en-barcelona\/#primaryimage"},"image":{"@id":"https:\/\/letrame.com\/catalogo\/producto\/moriras-en-barcelona\/#primaryimage"},"thumbnailUrl":"https:\/\/letrame.com\/catalogo\/wp-content\/uploads\/2024\/12\/Moriras-en-Barcelona.jpg","datePublished":"2024-12-16T15:04:54+00:00","dateModified":"2025-04-10T07:32:41+00:00","breadcrumb":{"@id":"https:\/\/letrame.com\/catalogo\/producto\/moriras-en-barcelona\/#breadcrumb"},"inLanguage":"es","potentialAction":[{"@type":"ReadAction","target":["https:\/\/letrame.com\/catalogo\/producto\/moriras-en-barcelona\/"]}]},{"@type":"ImageObject","inLanguage":"es","@id":"https:\/\/letrame.com\/catalogo\/producto\/moriras-en-barcelona\/#primaryimage","url":"https:\/\/letrame.com\/catalogo\/wp-content\/uploads\/2024\/12\/Moriras-en-Barcelona.jpg","contentUrl":"https:\/\/letrame.com\/catalogo\/wp-content\/uploads\/2024\/12\/Moriras-en-Barcelona.jpg","width":354,"height":520},{"@type":"BreadcrumbList","@id":"https:\/\/letrame.com\/catalogo\/producto\/moriras-en-barcelona\/#breadcrumb","itemListElement":[{"@type":"ListItem","position":1,"name":"Portada","item":"https:\/\/letrame.com\/catalogo\/"},{"@type":"ListItem","position":2,"name":"Cat\u00e1logo","item":"https:\/\/letrame.com\/catalogo\/"},{"@type":"ListItem","position":3,"name":"Morira\u0301s en BARCELONA"}]},{"@type":"WebSite","@id":"https:\/\/letrame.com\/catalogo\/#website","url":"https:\/\/letrame.com\/catalogo\/","name":"Catalogo | Letrame Grupo Editorial","description":"","publisher":{"@id":"https:\/\/letrame.com\/catalogo\/#organization"},"potentialAction":[{"@type":"SearchAction","target":{"@type":"EntryPoint","urlTemplate":"https:\/\/letrame.com\/catalogo\/?s={search_term_string}"},"query-input":{"@type":"PropertyValueSpecification","valueRequired":true,"valueName":"search_term_string"}}],"inLanguage":"es"},{"@type":"Organization","@id":"https:\/\/letrame.com\/catalogo\/#organization","name":"Catalogo | Letrame Grupo Editorial","url":"https:\/\/letrame.com\/catalogo\/","logo":{"@type":"ImageObject","inLanguage":"es","@id":"https:\/\/letrame.com\/catalogo\/#\/schema\/logo\/image\/","url":"https:\/\/letrame.com\/catalogo\/wp-content\/uploads\/2024\/03\/logo2.webp","contentUrl":"https:\/\/letrame.com\/catalogo\/wp-content\/uploads\/2024\/03\/logo2.webp","width":394,"height":128,"caption":"Catalogo | Letrame Grupo Editorial"},"image":{"@id":"https:\/\/letrame.com\/catalogo\/#\/schema\/logo\/image\/"}}]}},"_links":{"self":[{"href":"https:\/\/letrame.com\/catalogo\/wp-json\/wp\/v2\/product\/107614","targetHints":{"allow":["GET"]}}],"collection":[{"href":"https:\/\/letrame.com\/catalogo\/wp-json\/wp\/v2\/product"}],"about":[{"href":"https:\/\/letrame.com\/catalogo\/wp-json\/wp\/v2\/types\/product"}],"replies":[{"embeddable":true,"href":"https:\/\/letrame.com\/catalogo\/wp-json\/wp\/v2\/comments?post=107614"}],"acf:post":[{"embeddable":true,"href":"https:\/\/letrame.com\/catalogo\/wp-json\/wp\/v2\/author_book\/107617"},{"embeddable":true,"href":"https:\/\/letrame.com\/catalogo\/wp-json\/wp\/v2\/author_book\/107613"}],"wp:featuredmedia":[{"embeddable":true,"href":"https:\/\/letrame.com\/catalogo\/wp-json\/wp\/v2\/media\/108446"}],"wp:attachment":[{"href":"https:\/\/letrame.com\/catalogo\/wp-json\/wp\/v2\/media?parent=107614"}],"wp:term":[{"taxonomy":"libro","embeddable":true,"href":"https:\/\/letrame.com\/catalogo\/wp-json\/wp\/v2\/libro?post=107614"},{"taxonomy":"product_brand","embeddable":true,"href":"https:\/\/letrame.com\/catalogo\/wp-json\/wp\/v2\/product_brand?post=107614"},{"taxonomy":"product_cat","embeddable":true,"href":"https:\/\/letrame.com\/catalogo\/wp-json\/wp\/v2\/product_cat?post=107614"},{"taxonomy":"product_tag","embeddable":true,"href":"https:\/\/letrame.com\/catalogo\/wp-json\/wp\/v2\/product_tag?post=107614"}],"curies":[{"name":"wp","href":"https:\/\/api.w.org\/{rel}","templated":true}]}}