{"id":107484,"date":"2024-12-11T12:50:19","date_gmt":"2024-12-11T11:50:19","guid":{"rendered":"https:\/\/letrame.com\/catalogo\/?post_type=product&#038;p=107484"},"modified":"2025-04-10T11:22:10","modified_gmt":"2025-04-10T09:22:10","slug":"de-los-homosexuales-es-el-reino-de-los-cielos","status":"publish","type":"product","link":"https:\/\/letrame.com\/catalogo\/producto\/de-los-homosexuales-es-el-reino-de-los-cielos\/","title":{"rendered":"De los homosexuales es el reino de los cielos"},"content":{"rendered":"<p class=\"p1\"><b>ISBN: <\/b>978-84-1089-189-0<\/p>\n<p class=\"p1\"><b>T\u00edtulo: <\/b>De los homosexuales es el reino de los cielos<\/p>\n<p class=\"p1\"><b>Fecha: <\/b>2024<\/p>\n<p class=\"p1\"><b>P\u00e1ginas: <\/b>86<\/p>\n<p class=\"p1\"><b>SINOPSIS<\/b><\/p>\n<p>En <em>De los homosexuales es el reino de los cielos<\/em>, Carlos Alberto Zamarripa ofrece una profunda y provocadora reflexi\u00f3n sobre la relaci\u00f3n hist\u00f3rica y contempor\u00e1nea entre la psicolog\u00eda, Iglesia cat\u00f3lica y la homosexualidad. A trav\u00e9s de un an\u00e1lisis riguroso del discurso psicopatol\u00f3gico que la instituci\u00f3n ha empleado durante siglos, el texto desmantela, desde la mirada de la psicolog\u00eda, mitos, prejuicios y estigmas. Presenta una cr\u00edtica aguda a las narrativas que han perpetuado la exclusi\u00f3n y el sufrimiento de la comunidad LGBTQ+ a lo largo de la historia y en nuestro tiempo.<\/p>\n<p>&nbsp;<\/p>\n<p>Este texto no es solo una mirada cr\u00edtica al pasado, sino tambi\u00e9n una invitaci\u00f3n a reconsiderar el futuro de la fe, la sexualidad y la ciencia, y su capacidad de convivir juntas. Con un enfoque accesible y fundamentado, el autor nos lleva a cuestionar las nociones tradicionales del comportamiento social, el juicio religioso, la replicaci\u00f3n del discurso y la desmitificaci\u00f3n del concepto de \u00abenfermedad mental\u00bb, mientras propone una visi\u00f3n m\u00e1s inclusiva, concisa y humana. Una obra imprescindible para quienes buscan comprender el impacto de la religi\u00f3n en el estudio de la homosexualidad, la espiritualidad y las perspectivas sociales contempor\u00e1neas.<\/p>\n","protected":false},"excerpt":{"rendered":"<p class=\"p1\"><b>ISBN: <\/b>978-84-1089-189-0<\/p>\n<p class=\"p1\"><b>SINOPSIS<\/b><\/p>\n<p>En <em>De los homosexuales es el reino de los cielos<\/em>, Carlos Alberto Zamarripa ofrece una profunda y provocadora reflexi\u00f3n sobre la relaci\u00f3n hist\u00f3rica y contempor\u00e1nea entre la psicolog\u00eda, Iglesia cat\u00f3lica y la homosexualidad. A trav\u00e9s de un an\u00e1lisis riguroso del discurso psicopatol\u00f3gico que la instituci\u00f3n ha empleado durante siglos, el texto desmantela, desde la mirada de la psicolog\u00eda, mitos, prejuicios y estigmas. Presenta una cr\u00edtica aguda a las narrativas que han perpetuado la exclusi\u00f3n y el sufrimiento de la comunidad LGBTQ+ a lo largo de la historia y en nuestro tiempo.<\/p>\n<p>&nbsp;<\/p>\n<p>Este texto no es solo una mirada cr\u00edtica al pasado, sino tambi\u00e9n una invitaci\u00f3n a reconsiderar el futuro de la fe, la sexualidad y la ciencia, y su capacidad de convivir juntas. Con un enfoque accesible y fundamentado, el autor nos lleva a cuestionar las nociones tradicionales del comportamiento social, el juicio religioso, la replicaci\u00f3n del discurso y la desmitificaci\u00f3n del concepto de \u00abenfermedad mental\u00bb, mientras propone una visi\u00f3n m\u00e1s inclusiva, concisa y humana. Una obra imprescindible para quienes buscan comprender el impacto de la religi\u00f3n en el estudio de la homosexualidad, la espiritualidad y las perspectivas sociales contempor\u00e1neas.<\/p>\n","protected":false},"featured_media":108455,"comment_status":"open","ping_status":"closed","template":"","meta":{"_acf_changed":false},"libro":[],"product_brand":[],"product_cat":[124],"product_tag":[],"class_list":{"0":"post-107484","1":"product","2":"type-product","3":"status-publish","4":"has-post-thumbnail","6":"product_cat-psicologia","8":"first","9":"instock","10":"shipping-taxable","11":"product-type-simple"},"acf":{"autor":[107483],"enlace_de_compra":"https:\/\/amzn.to\/3Vu6BWc"},"yoast_head":"<!-- This site is optimized with the Yoast SEO plugin v26.6 - https:\/\/yoast.com\/wordpress\/plugins\/seo\/ -->\n<title>De los homosexuales es el reino de los cielos - Catalogo | Letrame Grupo Editorial<\/title>\n<meta name=\"robots\" content=\"index, follow, max-snippet:-1, max-image-preview:large, max-video-preview:-1\" \/>\n<link rel=\"canonical\" href=\"https:\/\/letrame.com\/catalogo\/producto\/de-los-homosexuales-es-el-reino-de-los-cielos\/\" \/>\n<meta property=\"og:locale\" content=\"es_ES\" \/>\n<meta property=\"og:type\" content=\"article\" \/>\n<meta property=\"og:title\" content=\"De los homosexuales es el reino de los cielos - Catalogo | Letrame Grupo Editorial\" \/>\n<meta property=\"og:description\" content=\"ISBN: 978-84-1089-189-0 SINOPSIS En De los homosexuales es el reino de los cielos, Carlos Alberto Zamarripa ofrece una profunda y provocadora reflexi\u00f3n sobre la relaci\u00f3n hist\u00f3rica y contempor\u00e1nea entre la psicolog\u00eda, Iglesia cat\u00f3lica y la homosexualidad. A trav\u00e9s de un an\u00e1lisis riguroso del discurso psicopatol\u00f3gico que la instituci\u00f3n ha empleado durante siglos, el texto desmantela, desde la mirada de la psicolog\u00eda, mitos, prejuicios y estigmas. Presenta una cr\u00edtica aguda a las narrativas que han perpetuado la exclusi\u00f3n y el sufrimiento de la comunidad LGBTQ+ a lo largo de la historia y en nuestro tiempo.  &nbsp;  Este texto no es solo una mirada cr\u00edtica al pasado, sino tambi\u00e9n una invitaci\u00f3n a reconsiderar el futuro de la fe, la sexualidad y la ciencia, y su capacidad de convivir juntas. Con un enfoque accesible y fundamentado, el autor nos lleva a cuestionar las nociones tradicionales del comportamiento social, el juicio religioso, la replicaci\u00f3n del discurso y la desmitificaci\u00f3n del concepto de \u00abenfermedad mental\u00bb, mientras propone una visi\u00f3n m\u00e1s inclusiva, concisa y humana. Una obra imprescindible para quienes buscan comprender el impacto de la religi\u00f3n en el estudio de la homosexualidad, la espiritualidad y las perspectivas sociales contempor\u00e1neas.\" \/>\n<meta property=\"og:url\" content=\"https:\/\/letrame.com\/catalogo\/producto\/de-los-homosexuales-es-el-reino-de-los-cielos\/\" \/>\n<meta property=\"og:site_name\" content=\"Catalogo | Letrame Grupo Editorial\" \/>\n<meta property=\"article:modified_time\" content=\"2025-04-10T09:22:10+00:00\" \/>\n<meta property=\"og:image\" content=\"https:\/\/letrame.com\/catalogo\/wp-content\/uploads\/2024\/12\/De-los-homosexuales-es-el.jpg\" \/>\n\t<meta property=\"og:image:width\" content=\"379\" \/>\n\t<meta property=\"og:image:height\" content=\"537\" \/>\n\t<meta property=\"og:image:type\" content=\"image\/jpeg\" \/>\n<meta name=\"twitter:card\" content=\"summary_large_image\" \/>\n<meta name=\"twitter:label1\" content=\"Tiempo de lectura\" \/>\n\t<meta name=\"twitter:data1\" content=\"2 minutos\" \/>\n<script type=\"application\/ld+json\" class=\"yoast-schema-graph\">{\"@context\":\"https:\/\/schema.org\",\"@graph\":[{\"@type\":\"WebPage\",\"@id\":\"https:\/\/letrame.com\/catalogo\/producto\/de-los-homosexuales-es-el-reino-de-los-cielos\/\",\"url\":\"https:\/\/letrame.com\/catalogo\/producto\/de-los-homosexuales-es-el-reino-de-los-cielos\/\",\"name\":\"De los homosexuales es el reino de los cielos - Catalogo | Letrame Grupo Editorial\",\"isPartOf\":{\"@id\":\"https:\/\/letrame.com\/catalogo\/#website\"},\"primaryImageOfPage\":{\"@id\":\"https:\/\/letrame.com\/catalogo\/producto\/de-los-homosexuales-es-el-reino-de-los-cielos\/#primaryimage\"},\"image\":{\"@id\":\"https:\/\/letrame.com\/catalogo\/producto\/de-los-homosexuales-es-el-reino-de-los-cielos\/#primaryimage\"},\"thumbnailUrl\":\"https:\/\/letrame.com\/catalogo\/wp-content\/uploads\/2024\/12\/De-los-homosexuales-es-el.jpg\",\"datePublished\":\"2024-12-11T11:50:19+00:00\",\"dateModified\":\"2025-04-10T09:22:10+00:00\",\"breadcrumb\":{\"@id\":\"https:\/\/letrame.com\/catalogo\/producto\/de-los-homosexuales-es-el-reino-de-los-cielos\/#breadcrumb\"},\"inLanguage\":\"es\",\"potentialAction\":[{\"@type\":\"ReadAction\",\"target\":[\"https:\/\/letrame.com\/catalogo\/producto\/de-los-homosexuales-es-el-reino-de-los-cielos\/\"]}]},{\"@type\":\"ImageObject\",\"inLanguage\":\"es\",\"@id\":\"https:\/\/letrame.com\/catalogo\/producto\/de-los-homosexuales-es-el-reino-de-los-cielos\/#primaryimage\",\"url\":\"https:\/\/letrame.com\/catalogo\/wp-content\/uploads\/2024\/12\/De-los-homosexuales-es-el.jpg\",\"contentUrl\":\"https:\/\/letrame.com\/catalogo\/wp-content\/uploads\/2024\/12\/De-los-homosexuales-es-el.jpg\",\"width\":379,\"height\":537},{\"@type\":\"BreadcrumbList\",\"@id\":\"https:\/\/letrame.com\/catalogo\/producto\/de-los-homosexuales-es-el-reino-de-los-cielos\/#breadcrumb\",\"itemListElement\":[{\"@type\":\"ListItem\",\"position\":1,\"name\":\"Portada\",\"item\":\"https:\/\/letrame.com\/catalogo\/\"},{\"@type\":\"ListItem\",\"position\":2,\"name\":\"Cat\u00e1logo\",\"item\":\"https:\/\/letrame.com\/catalogo\/\"},{\"@type\":\"ListItem\",\"position\":3,\"name\":\"De los homosexuales es el reino de los cielos\"}]},{\"@type\":\"WebSite\",\"@id\":\"https:\/\/letrame.com\/catalogo\/#website\",\"url\":\"https:\/\/letrame.com\/catalogo\/\",\"name\":\"Catalogo | Letrame Grupo Editorial\",\"description\":\"\",\"publisher\":{\"@id\":\"https:\/\/letrame.com\/catalogo\/#organization\"},\"potentialAction\":[{\"@type\":\"SearchAction\",\"target\":{\"@type\":\"EntryPoint\",\"urlTemplate\":\"https:\/\/letrame.com\/catalogo\/?s={search_term_string}\"},\"query-input\":{\"@type\":\"PropertyValueSpecification\",\"valueRequired\":true,\"valueName\":\"search_term_string\"}}],\"inLanguage\":\"es\"},{\"@type\":\"Organization\",\"@id\":\"https:\/\/letrame.com\/catalogo\/#organization\",\"name\":\"Catalogo | Letrame Grupo Editorial\",\"url\":\"https:\/\/letrame.com\/catalogo\/\",\"logo\":{\"@type\":\"ImageObject\",\"inLanguage\":\"es\",\"@id\":\"https:\/\/letrame.com\/catalogo\/#\/schema\/logo\/image\/\",\"url\":\"https:\/\/letrame.com\/catalogo\/wp-content\/uploads\/2024\/03\/logo2.webp\",\"contentUrl\":\"https:\/\/letrame.com\/catalogo\/wp-content\/uploads\/2024\/03\/logo2.webp\",\"width\":394,\"height\":128,\"caption\":\"Catalogo | Letrame Grupo Editorial\"},\"image\":{\"@id\":\"https:\/\/letrame.com\/catalogo\/#\/schema\/logo\/image\/\"}}]}<\/script>\n<!-- \/ Yoast SEO plugin. -->","yoast_head_json":{"title":"De los homosexuales es el reino de los cielos - Catalogo | Letrame Grupo Editorial","robots":{"index":"index","follow":"follow","max-snippet":"max-snippet:-1","max-image-preview":"max-image-preview:large","max-video-preview":"max-video-preview:-1"},"canonical":"https:\/\/letrame.com\/catalogo\/producto\/de-los-homosexuales-es-el-reino-de-los-cielos\/","og_locale":"es_ES","og_type":"article","og_title":"De los homosexuales es el reino de los cielos - Catalogo | Letrame Grupo Editorial","og_description":"ISBN: 978-84-1089-189-0 SINOPSIS En De los homosexuales es el reino de los cielos, Carlos Alberto Zamarripa ofrece una profunda y provocadora reflexi\u00f3n sobre la relaci\u00f3n hist\u00f3rica y contempor\u00e1nea entre la psicolog\u00eda, Iglesia cat\u00f3lica y la homosexualidad. A trav\u00e9s de un an\u00e1lisis riguroso del discurso psicopatol\u00f3gico que la instituci\u00f3n ha empleado durante siglos, el texto desmantela, desde la mirada de la psicolog\u00eda, mitos, prejuicios y estigmas. Presenta una cr\u00edtica aguda a las narrativas que han perpetuado la exclusi\u00f3n y el sufrimiento de la comunidad LGBTQ+ a lo largo de la historia y en nuestro tiempo.  &nbsp;  Este texto no es solo una mirada cr\u00edtica al pasado, sino tambi\u00e9n una invitaci\u00f3n a reconsiderar el futuro de la fe, la sexualidad y la ciencia, y su capacidad de convivir juntas. Con un enfoque accesible y fundamentado, el autor nos lleva a cuestionar las nociones tradicionales del comportamiento social, el juicio religioso, la replicaci\u00f3n del discurso y la desmitificaci\u00f3n del concepto de \u00abenfermedad mental\u00bb, mientras propone una visi\u00f3n m\u00e1s inclusiva, concisa y humana. Una obra imprescindible para quienes buscan comprender el impacto de la religi\u00f3n en el estudio de la homosexualidad, la espiritualidad y las perspectivas sociales contempor\u00e1neas.","og_url":"https:\/\/letrame.com\/catalogo\/producto\/de-los-homosexuales-es-el-reino-de-los-cielos\/","og_site_name":"Catalogo | Letrame Grupo Editorial","article_modified_time":"2025-04-10T09:22:10+00:00","og_image":[{"width":379,"height":537,"url":"https:\/\/letrame.com\/catalogo\/wp-content\/uploads\/2024\/12\/De-los-homosexuales-es-el.jpg","type":"image\/jpeg"}],"twitter_card":"summary_large_image","twitter_misc":{"Tiempo de lectura":"2 minutos"},"schema":{"@context":"https:\/\/schema.org","@graph":[{"@type":"WebPage","@id":"https:\/\/letrame.com\/catalogo\/producto\/de-los-homosexuales-es-el-reino-de-los-cielos\/","url":"https:\/\/letrame.com\/catalogo\/producto\/de-los-homosexuales-es-el-reino-de-los-cielos\/","name":"De los homosexuales es el reino de los cielos - Catalogo | Letrame Grupo Editorial","isPartOf":{"@id":"https:\/\/letrame.com\/catalogo\/#website"},"primaryImageOfPage":{"@id":"https:\/\/letrame.com\/catalogo\/producto\/de-los-homosexuales-es-el-reino-de-los-cielos\/#primaryimage"},"image":{"@id":"https:\/\/letrame.com\/catalogo\/producto\/de-los-homosexuales-es-el-reino-de-los-cielos\/#primaryimage"},"thumbnailUrl":"https:\/\/letrame.com\/catalogo\/wp-content\/uploads\/2024\/12\/De-los-homosexuales-es-el.jpg","datePublished":"2024-12-11T11:50:19+00:00","dateModified":"2025-04-10T09:22:10+00:00","breadcrumb":{"@id":"https:\/\/letrame.com\/catalogo\/producto\/de-los-homosexuales-es-el-reino-de-los-cielos\/#breadcrumb"},"inLanguage":"es","potentialAction":[{"@type":"ReadAction","target":["https:\/\/letrame.com\/catalogo\/producto\/de-los-homosexuales-es-el-reino-de-los-cielos\/"]}]},{"@type":"ImageObject","inLanguage":"es","@id":"https:\/\/letrame.com\/catalogo\/producto\/de-los-homosexuales-es-el-reino-de-los-cielos\/#primaryimage","url":"https:\/\/letrame.com\/catalogo\/wp-content\/uploads\/2024\/12\/De-los-homosexuales-es-el.jpg","contentUrl":"https:\/\/letrame.com\/catalogo\/wp-content\/uploads\/2024\/12\/De-los-homosexuales-es-el.jpg","width":379,"height":537},{"@type":"BreadcrumbList","@id":"https:\/\/letrame.com\/catalogo\/producto\/de-los-homosexuales-es-el-reino-de-los-cielos\/#breadcrumb","itemListElement":[{"@type":"ListItem","position":1,"name":"Portada","item":"https:\/\/letrame.com\/catalogo\/"},{"@type":"ListItem","position":2,"name":"Cat\u00e1logo","item":"https:\/\/letrame.com\/catalogo\/"},{"@type":"ListItem","position":3,"name":"De los homosexuales es el reino de los cielos"}]},{"@type":"WebSite","@id":"https:\/\/letrame.com\/catalogo\/#website","url":"https:\/\/letrame.com\/catalogo\/","name":"Catalogo | Letrame Grupo Editorial","description":"","publisher":{"@id":"https:\/\/letrame.com\/catalogo\/#organization"},"potentialAction":[{"@type":"SearchAction","target":{"@type":"EntryPoint","urlTemplate":"https:\/\/letrame.com\/catalogo\/?s={search_term_string}"},"query-input":{"@type":"PropertyValueSpecification","valueRequired":true,"valueName":"search_term_string"}}],"inLanguage":"es"},{"@type":"Organization","@id":"https:\/\/letrame.com\/catalogo\/#organization","name":"Catalogo | Letrame Grupo Editorial","url":"https:\/\/letrame.com\/catalogo\/","logo":{"@type":"ImageObject","inLanguage":"es","@id":"https:\/\/letrame.com\/catalogo\/#\/schema\/logo\/image\/","url":"https:\/\/letrame.com\/catalogo\/wp-content\/uploads\/2024\/03\/logo2.webp","contentUrl":"https:\/\/letrame.com\/catalogo\/wp-content\/uploads\/2024\/03\/logo2.webp","width":394,"height":128,"caption":"Catalogo | Letrame Grupo Editorial"},"image":{"@id":"https:\/\/letrame.com\/catalogo\/#\/schema\/logo\/image\/"}}]}},"_links":{"self":[{"href":"https:\/\/letrame.com\/catalogo\/wp-json\/wp\/v2\/product\/107484","targetHints":{"allow":["GET"]}}],"collection":[{"href":"https:\/\/letrame.com\/catalogo\/wp-json\/wp\/v2\/product"}],"about":[{"href":"https:\/\/letrame.com\/catalogo\/wp-json\/wp\/v2\/types\/product"}],"replies":[{"embeddable":true,"href":"https:\/\/letrame.com\/catalogo\/wp-json\/wp\/v2\/comments?post=107484"}],"acf:post":[{"embeddable":true,"href":"https:\/\/letrame.com\/catalogo\/wp-json\/wp\/v2\/author_book\/107483"}],"wp:featuredmedia":[{"embeddable":true,"href":"https:\/\/letrame.com\/catalogo\/wp-json\/wp\/v2\/media\/108455"}],"wp:attachment":[{"href":"https:\/\/letrame.com\/catalogo\/wp-json\/wp\/v2\/media?parent=107484"}],"wp:term":[{"taxonomy":"libro","embeddable":true,"href":"https:\/\/letrame.com\/catalogo\/wp-json\/wp\/v2\/libro?post=107484"},{"taxonomy":"product_brand","embeddable":true,"href":"https:\/\/letrame.com\/catalogo\/wp-json\/wp\/v2\/product_brand?post=107484"},{"taxonomy":"product_cat","embeddable":true,"href":"https:\/\/letrame.com\/catalogo\/wp-json\/wp\/v2\/product_cat?post=107484"},{"taxonomy":"product_tag","embeddable":true,"href":"https:\/\/letrame.com\/catalogo\/wp-json\/wp\/v2\/product_tag?post=107484"}],"curies":[{"name":"wp","href":"https:\/\/api.w.org\/{rel}","templated":true}]}}