{"id":107446,"date":"2024-12-11T09:38:41","date_gmt":"2024-12-11T08:38:41","guid":{"rendered":"https:\/\/letrame.com\/catalogo\/?post_type=product&#038;p=107446"},"modified":"2024-12-11T09:38:41","modified_gmt":"2024-12-11T08:38:41","slug":"el-arte-del-enraizamiento","status":"publish","type":"product","link":"https:\/\/letrame.com\/catalogo\/producto\/el-arte-del-enraizamiento\/","title":{"rendered":"EL ARTE DEL ENRAIZAMIENTO"},"content":{"rendered":"<p class=\"p1\"><b>ISBN:\u00a0<\/b>978-84-1089-090-9<\/p>\n<p class=\"p1\"><b>T\u00edtulo: <\/b>EL ARTE DEL ENRAIZAMIENTO<\/p>\n<p class=\"p1\"><b>Fecha: <\/b>2024<b><br \/>\nP\u00e1ginas: <\/b>374<\/p>\n<p class=\"p1\"><b>SINOPSIS<\/b><\/p>\n<p>En 1847 llegan a Cuba las primeras inmigraciones de chinos. En-vueltos en un drama sociopol\u00edtico de magnitudes existenciales, una gran parte de los emigrantes salieron del puerto de Hai Kou con el fin de escapar a los conflictos econ\u00f3micos desatados con la Guerra del Opio a mediados del siglo XIX. Obligados a trabajar en las plantaciones azucareras bajo humillantes condiciones, muchos se alzaron en las monta\u00f1as o se internaron en las resbaladizas aguas de las ci\u00e9nagas, para unirse a la lucha independentista.<\/p>\n<p>A inicios del siglo XX, una segunda oleada de comerciantes procedentes de California, invierten sus capitales, solidificando la boyante arquitectura del Barrio Chino de la Habana, y el esplendor de uno de los Chinatown m\u00e1s grandes de Latinoam\u00e9rica.<\/p>\n<p>Con lenguaje ameno, el autor abre las puertas de un conocimiento guarecido por las sociedades secretas, los ritos de iniciaci\u00f3n, los juramentos de sangre, el infranqueable nacionalismo del siglo XIX, el solemne ritualismo de las tr\u00edadas, la fusi\u00f3n de algunas instituciones pol\u00edticas con la masoner\u00eda occidental, los f\u00e9rreos estamentos de la Chee Kong Tong y los enclaves, donde los descendientes de los Taiping resguardaron los brillantes pilares de su cultura.<\/p>\n<p>Hilario, un mulato chino de gran carisma, refleja a tres de los maestros que formaron al autor en sus comienzos. En su perfil literario se cristaliza la imagen de un maravilloso gu\u00eda, dotado de gran sabidur\u00eda, humanista, generoso, severo, con gran amor por las letras, la filosof\u00eda, la historia, la ciencia, la astronom\u00eda, el cultivo del ser y el crecimiento interior.<\/p>\n<p>El Arte del Enraizamiento (\u6839\u672c\u4e4b\u85dd\u8853), da inicio a una serie de libros de car\u00e1cter biogr\u00e1fico, cuyos axiomas, metodolog\u00edas y principios, revocar\u00e1n las ense\u00f1anzas de los viejos maestros y los custodiados fundamentos del Kung-fu chino.<\/p>\n","protected":false},"excerpt":{"rendered":"<p class=\"p1\"><b>ISBN:\u00a0<\/b>978-84-1089-090-9<\/p>\n<p class=\"p1\"><b>SINOPSIS<\/b><\/p>\n<p>En 1847 llegan a Cuba las primeras inmigraciones de chinos. En-vueltos en un drama sociopol\u00edtico de magnitudes existenciales, una gran parte de los emigrantes salieron del puerto de Hai Kou con el fin de escapar a los conflictos econ\u00f3micos desatados con la Guerra del Opio a mediados del siglo XIX. Obligados a trabajar en las plantaciones azucareras bajo humillantes condiciones, muchos se alzaron en las monta\u00f1as o se internaron en las resbaladizas aguas de las ci\u00e9nagas, para unirse a la lucha independentista.<\/p>\n<p>A inicios del siglo XX, una segunda oleada de comerciantes procedentes de California, invierten sus capitales, solidificando la boyante arquitectura del Barrio Chino de la Habana, y el esplendor de uno de los Chinatown m\u00e1s grandes de Latinoam\u00e9rica.<\/p>\n<p>Con lenguaje ameno, el autor abre las puertas de un conocimiento guarecido por las sociedades secretas, los ritos de iniciaci\u00f3n, los juramentos de sangre, el infranqueable nacionalismo del siglo XIX, el solemne ritualismo de las tr\u00edadas, la fusi\u00f3n de algunas instituciones pol\u00edticas con la masoner\u00eda occidental, los f\u00e9rreos estamentos de la Chee Kong Tong y los enclaves, donde los descendientes de los Taiping resguardaron los brillantes pilares de su cultura.<\/p>\n<p>Hilario, un mulato chino de gran carisma, refleja a tres de los maestros que formaron al autor en sus comienzos. En su perfil literario se cristaliza la imagen de un maravilloso gu\u00eda, dotado de gran sabidur\u00eda, humanista, generoso, severo, con gran amor por las letras, la filosof\u00eda, la historia, la ciencia, la astronom\u00eda, el cultivo del ser y el crecimiento interior.<\/p>\n<p>El Arte del Enraizamiento (\u6839\u672c\u4e4b\u85dd\u8853), da inicio a una serie de libros de car\u00e1cter biogr\u00e1fico, cuyos axiomas, metodolog\u00edas y principios, revocar\u00e1n las ense\u00f1anzas de los viejos maestros y los custodiados fundamentos del Kung-fu chino.<\/p>\n","protected":false},"featured_media":107448,"comment_status":"open","ping_status":"closed","template":"","meta":{"_acf_changed":false},"libro":[],"product_brand":[],"product_cat":[59],"product_tag":[],"class_list":{"0":"post-107446","1":"product","2":"type-product","3":"status-publish","4":"has-post-thumbnail","6":"product_cat-memorias","8":"first","9":"instock","10":"shipping-taxable","11":"product-type-simple"},"acf":{"autor":[77053],"enlace_de_compra":"https:\/\/amzn.to\/3Zwsd5j"},"yoast_head":"<!-- This site is optimized with the Yoast SEO plugin v27.4 - https:\/\/yoast.com\/product\/yoast-seo-wordpress\/ -->\n<title>EL ARTE DEL ENRAIZAMIENTO - Catalogo | Letrame Grupo Editorial<\/title>\n<meta name=\"robots\" content=\"index, follow, max-snippet:-1, max-image-preview:large, max-video-preview:-1\" \/>\n<link rel=\"canonical\" href=\"https:\/\/letrame.com\/catalogo\/producto\/el-arte-del-enraizamiento\/\" \/>\n<meta property=\"og:locale\" content=\"es_ES\" \/>\n<meta property=\"og:type\" content=\"article\" \/>\n<meta property=\"og:title\" content=\"EL ARTE DEL ENRAIZAMIENTO - Catalogo | Letrame Grupo Editorial\" \/>\n<meta property=\"og:description\" content=\"ISBN:\u00a0978-84-1089-090-9 SINOPSIS En 1847 llegan a Cuba las primeras inmigraciones de chinos. En-vueltos en un drama sociopol\u00edtico de magnitudes existenciales, una gran parte de los emigrantes salieron del puerto de Hai Kou con el fin de escapar a los conflictos econ\u00f3micos desatados con la Guerra del Opio a mediados del siglo XIX. Obligados a trabajar en las plantaciones azucareras bajo humillantes condiciones, muchos se alzaron en las monta\u00f1as o se internaron en las resbaladizas aguas de las ci\u00e9nagas, para unirse a la lucha independentista.  A inicios del siglo XX, una segunda oleada de comerciantes procedentes de California, invierten sus capitales, solidificando la boyante arquitectura del Barrio Chino de la Habana, y el esplendor de uno de los Chinatown m\u00e1s grandes de Latinoam\u00e9rica.  Con lenguaje ameno, el autor abre las puertas de un conocimiento guarecido por las sociedades secretas, los ritos de iniciaci\u00f3n, los juramentos de sangre, el infranqueable nacionalismo del siglo XIX, el solemne ritualismo de las tr\u00edadas, la fusi\u00f3n de algunas instituciones pol\u00edticas con la masoner\u00eda occidental, los f\u00e9rreos estamentos de la Chee Kong Tong y los enclaves, donde los descendientes de los Taiping resguardaron los brillantes pilares de su cultura.  Hilario, un mulato chino de gran carisma, refleja a tres de los maestros que formaron al autor en sus comienzos. En su perfil literario se cristaliza la imagen de un maravilloso gu\u00eda, dotado de gran sabidur\u00eda, humanista, generoso, severo, con gran amor por las letras, la filosof\u00eda, la historia, la ciencia, la astronom\u00eda, el cultivo del ser y el crecimiento interior.  El Arte del Enraizamiento (\u6839\u672c\u4e4b\u85dd\u8853), da inicio a una serie de libros de car\u00e1cter biogr\u00e1fico, cuyos axiomas, metodolog\u00edas y principios, revocar\u00e1n las ense\u00f1anzas de los viejos maestros y los custodiados fundamentos del Kung-fu chino.\" \/>\n<meta property=\"og:url\" content=\"https:\/\/letrame.com\/catalogo\/producto\/el-arte-del-enraizamiento\/\" \/>\n<meta property=\"og:site_name\" content=\"Catalogo | Letrame Grupo Editorial\" \/>\n<meta property=\"og:image\" content=\"https:\/\/letrame.com\/catalogo\/wp-content\/uploads\/2024\/12\/zp_elartedelenraizamiento_205mm.gif\" \/>\n\t<meta property=\"og:image:width\" content=\"470\" \/>\n\t<meta property=\"og:image:height\" content=\"667\" \/>\n\t<meta property=\"og:image:type\" content=\"image\/gif\" \/>\n<meta name=\"twitter:card\" content=\"summary_large_image\" \/>\n<meta name=\"twitter:label1\" content=\"Tiempo de lectura\" \/>\n\t<meta name=\"twitter:data1\" content=\"2 minutos\" \/>\n<script type=\"application\/ld+json\" class=\"yoast-schema-graph\">{\"@context\":\"https:\\\/\\\/schema.org\",\"@graph\":[{\"@type\":\"WebPage\",\"@id\":\"https:\\\/\\\/letrame.com\\\/catalogo\\\/producto\\\/el-arte-del-enraizamiento\\\/\",\"url\":\"https:\\\/\\\/letrame.com\\\/catalogo\\\/producto\\\/el-arte-del-enraizamiento\\\/\",\"name\":\"EL ARTE DEL ENRAIZAMIENTO - Catalogo | Letrame Grupo Editorial\",\"isPartOf\":{\"@id\":\"https:\\\/\\\/letrame.com\\\/catalogo\\\/#website\"},\"primaryImageOfPage\":{\"@id\":\"https:\\\/\\\/letrame.com\\\/catalogo\\\/producto\\\/el-arte-del-enraizamiento\\\/#primaryimage\"},\"image\":{\"@id\":\"https:\\\/\\\/letrame.com\\\/catalogo\\\/producto\\\/el-arte-del-enraizamiento\\\/#primaryimage\"},\"thumbnailUrl\":\"https:\\\/\\\/letrame.com\\\/catalogo\\\/wp-content\\\/uploads\\\/2024\\\/12\\\/zp_elartedelenraizamiento_205mm.gif\",\"datePublished\":\"2024-12-11T08:38:41+00:00\",\"breadcrumb\":{\"@id\":\"https:\\\/\\\/letrame.com\\\/catalogo\\\/producto\\\/el-arte-del-enraizamiento\\\/#breadcrumb\"},\"inLanguage\":\"es\",\"potentialAction\":[{\"@type\":\"ReadAction\",\"target\":[\"https:\\\/\\\/letrame.com\\\/catalogo\\\/producto\\\/el-arte-del-enraizamiento\\\/\"]}]},{\"@type\":\"ImageObject\",\"inLanguage\":\"es\",\"@id\":\"https:\\\/\\\/letrame.com\\\/catalogo\\\/producto\\\/el-arte-del-enraizamiento\\\/#primaryimage\",\"url\":\"https:\\\/\\\/letrame.com\\\/catalogo\\\/wp-content\\\/uploads\\\/2024\\\/12\\\/zp_elartedelenraizamiento_205mm.gif\",\"contentUrl\":\"https:\\\/\\\/letrame.com\\\/catalogo\\\/wp-content\\\/uploads\\\/2024\\\/12\\\/zp_elartedelenraizamiento_205mm.gif\",\"width\":470,\"height\":667},{\"@type\":\"BreadcrumbList\",\"@id\":\"https:\\\/\\\/letrame.com\\\/catalogo\\\/producto\\\/el-arte-del-enraizamiento\\\/#breadcrumb\",\"itemListElement\":[{\"@type\":\"ListItem\",\"position\":1,\"name\":\"Portada\",\"item\":\"https:\\\/\\\/letrame.com\\\/catalogo\\\/\"},{\"@type\":\"ListItem\",\"position\":2,\"name\":\"Cat\u00e1logo\",\"item\":\"https:\\\/\\\/letrame.com\\\/catalogo\\\/\"},{\"@type\":\"ListItem\",\"position\":3,\"name\":\"EL ARTE DEL ENRAIZAMIENTO\"}]},{\"@type\":\"WebSite\",\"@id\":\"https:\\\/\\\/letrame.com\\\/catalogo\\\/#website\",\"url\":\"https:\\\/\\\/letrame.com\\\/catalogo\\\/\",\"name\":\"Catalogo | Letrame Grupo Editorial\",\"description\":\"\",\"publisher\":{\"@id\":\"https:\\\/\\\/letrame.com\\\/catalogo\\\/#organization\"},\"potentialAction\":[{\"@type\":\"SearchAction\",\"target\":{\"@type\":\"EntryPoint\",\"urlTemplate\":\"https:\\\/\\\/letrame.com\\\/catalogo\\\/?s={search_term_string}\"},\"query-input\":{\"@type\":\"PropertyValueSpecification\",\"valueRequired\":true,\"valueName\":\"search_term_string\"}}],\"inLanguage\":\"es\"},{\"@type\":\"Organization\",\"@id\":\"https:\\\/\\\/letrame.com\\\/catalogo\\\/#organization\",\"name\":\"Catalogo | Letrame Grupo Editorial\",\"url\":\"https:\\\/\\\/letrame.com\\\/catalogo\\\/\",\"logo\":{\"@type\":\"ImageObject\",\"inLanguage\":\"es\",\"@id\":\"https:\\\/\\\/letrame.com\\\/catalogo\\\/#\\\/schema\\\/logo\\\/image\\\/\",\"url\":\"https:\\\/\\\/letrame.com\\\/catalogo\\\/wp-content\\\/uploads\\\/2024\\\/03\\\/logo2.webp\",\"contentUrl\":\"https:\\\/\\\/letrame.com\\\/catalogo\\\/wp-content\\\/uploads\\\/2024\\\/03\\\/logo2.webp\",\"width\":394,\"height\":128,\"caption\":\"Catalogo | Letrame Grupo Editorial\"},\"image\":{\"@id\":\"https:\\\/\\\/letrame.com\\\/catalogo\\\/#\\\/schema\\\/logo\\\/image\\\/\"}}]}<\/script>\n<!-- \/ Yoast SEO plugin. -->","yoast_head_json":{"title":"EL ARTE DEL ENRAIZAMIENTO - Catalogo | Letrame Grupo Editorial","robots":{"index":"index","follow":"follow","max-snippet":"max-snippet:-1","max-image-preview":"max-image-preview:large","max-video-preview":"max-video-preview:-1"},"canonical":"https:\/\/letrame.com\/catalogo\/producto\/el-arte-del-enraizamiento\/","og_locale":"es_ES","og_type":"article","og_title":"EL ARTE DEL ENRAIZAMIENTO - Catalogo | Letrame Grupo Editorial","og_description":"ISBN:\u00a0978-84-1089-090-9 SINOPSIS En 1847 llegan a Cuba las primeras inmigraciones de chinos. En-vueltos en un drama sociopol\u00edtico de magnitudes existenciales, una gran parte de los emigrantes salieron del puerto de Hai Kou con el fin de escapar a los conflictos econ\u00f3micos desatados con la Guerra del Opio a mediados del siglo XIX. Obligados a trabajar en las plantaciones azucareras bajo humillantes condiciones, muchos se alzaron en las monta\u00f1as o se internaron en las resbaladizas aguas de las ci\u00e9nagas, para unirse a la lucha independentista.  A inicios del siglo XX, una segunda oleada de comerciantes procedentes de California, invierten sus capitales, solidificando la boyante arquitectura del Barrio Chino de la Habana, y el esplendor de uno de los Chinatown m\u00e1s grandes de Latinoam\u00e9rica.  Con lenguaje ameno, el autor abre las puertas de un conocimiento guarecido por las sociedades secretas, los ritos de iniciaci\u00f3n, los juramentos de sangre, el infranqueable nacionalismo del siglo XIX, el solemne ritualismo de las tr\u00edadas, la fusi\u00f3n de algunas instituciones pol\u00edticas con la masoner\u00eda occidental, los f\u00e9rreos estamentos de la Chee Kong Tong y los enclaves, donde los descendientes de los Taiping resguardaron los brillantes pilares de su cultura.  Hilario, un mulato chino de gran carisma, refleja a tres de los maestros que formaron al autor en sus comienzos. En su perfil literario se cristaliza la imagen de un maravilloso gu\u00eda, dotado de gran sabidur\u00eda, humanista, generoso, severo, con gran amor por las letras, la filosof\u00eda, la historia, la ciencia, la astronom\u00eda, el cultivo del ser y el crecimiento interior.  El Arte del Enraizamiento (\u6839\u672c\u4e4b\u85dd\u8853), da inicio a una serie de libros de car\u00e1cter biogr\u00e1fico, cuyos axiomas, metodolog\u00edas y principios, revocar\u00e1n las ense\u00f1anzas de los viejos maestros y los custodiados fundamentos del Kung-fu chino.","og_url":"https:\/\/letrame.com\/catalogo\/producto\/el-arte-del-enraizamiento\/","og_site_name":"Catalogo | Letrame Grupo Editorial","og_image":[{"width":470,"height":667,"url":"https:\/\/letrame.com\/catalogo\/wp-content\/uploads\/2024\/12\/zp_elartedelenraizamiento_205mm.gif","type":"image\/gif"}],"twitter_card":"summary_large_image","twitter_misc":{"Tiempo de lectura":"2 minutos"},"schema":{"@context":"https:\/\/schema.org","@graph":[{"@type":"WebPage","@id":"https:\/\/letrame.com\/catalogo\/producto\/el-arte-del-enraizamiento\/","url":"https:\/\/letrame.com\/catalogo\/producto\/el-arte-del-enraizamiento\/","name":"EL ARTE DEL ENRAIZAMIENTO - Catalogo | Letrame Grupo Editorial","isPartOf":{"@id":"https:\/\/letrame.com\/catalogo\/#website"},"primaryImageOfPage":{"@id":"https:\/\/letrame.com\/catalogo\/producto\/el-arte-del-enraizamiento\/#primaryimage"},"image":{"@id":"https:\/\/letrame.com\/catalogo\/producto\/el-arte-del-enraizamiento\/#primaryimage"},"thumbnailUrl":"https:\/\/letrame.com\/catalogo\/wp-content\/uploads\/2024\/12\/zp_elartedelenraizamiento_205mm.gif","datePublished":"2024-12-11T08:38:41+00:00","breadcrumb":{"@id":"https:\/\/letrame.com\/catalogo\/producto\/el-arte-del-enraizamiento\/#breadcrumb"},"inLanguage":"es","potentialAction":[{"@type":"ReadAction","target":["https:\/\/letrame.com\/catalogo\/producto\/el-arte-del-enraizamiento\/"]}]},{"@type":"ImageObject","inLanguage":"es","@id":"https:\/\/letrame.com\/catalogo\/producto\/el-arte-del-enraizamiento\/#primaryimage","url":"https:\/\/letrame.com\/catalogo\/wp-content\/uploads\/2024\/12\/zp_elartedelenraizamiento_205mm.gif","contentUrl":"https:\/\/letrame.com\/catalogo\/wp-content\/uploads\/2024\/12\/zp_elartedelenraizamiento_205mm.gif","width":470,"height":667},{"@type":"BreadcrumbList","@id":"https:\/\/letrame.com\/catalogo\/producto\/el-arte-del-enraizamiento\/#breadcrumb","itemListElement":[{"@type":"ListItem","position":1,"name":"Portada","item":"https:\/\/letrame.com\/catalogo\/"},{"@type":"ListItem","position":2,"name":"Cat\u00e1logo","item":"https:\/\/letrame.com\/catalogo\/"},{"@type":"ListItem","position":3,"name":"EL ARTE DEL ENRAIZAMIENTO"}]},{"@type":"WebSite","@id":"https:\/\/letrame.com\/catalogo\/#website","url":"https:\/\/letrame.com\/catalogo\/","name":"Catalogo | Letrame Grupo Editorial","description":"","publisher":{"@id":"https:\/\/letrame.com\/catalogo\/#organization"},"potentialAction":[{"@type":"SearchAction","target":{"@type":"EntryPoint","urlTemplate":"https:\/\/letrame.com\/catalogo\/?s={search_term_string}"},"query-input":{"@type":"PropertyValueSpecification","valueRequired":true,"valueName":"search_term_string"}}],"inLanguage":"es"},{"@type":"Organization","@id":"https:\/\/letrame.com\/catalogo\/#organization","name":"Catalogo | Letrame Grupo Editorial","url":"https:\/\/letrame.com\/catalogo\/","logo":{"@type":"ImageObject","inLanguage":"es","@id":"https:\/\/letrame.com\/catalogo\/#\/schema\/logo\/image\/","url":"https:\/\/letrame.com\/catalogo\/wp-content\/uploads\/2024\/03\/logo2.webp","contentUrl":"https:\/\/letrame.com\/catalogo\/wp-content\/uploads\/2024\/03\/logo2.webp","width":394,"height":128,"caption":"Catalogo | Letrame Grupo Editorial"},"image":{"@id":"https:\/\/letrame.com\/catalogo\/#\/schema\/logo\/image\/"}}]}},"_links":{"self":[{"href":"https:\/\/letrame.com\/catalogo\/wp-json\/wp\/v2\/product\/107446","targetHints":{"allow":["GET"]}}],"collection":[{"href":"https:\/\/letrame.com\/catalogo\/wp-json\/wp\/v2\/product"}],"about":[{"href":"https:\/\/letrame.com\/catalogo\/wp-json\/wp\/v2\/types\/product"}],"replies":[{"embeddable":true,"href":"https:\/\/letrame.com\/catalogo\/wp-json\/wp\/v2\/comments?post=107446"}],"acf:post":[{"embeddable":true,"href":"https:\/\/letrame.com\/catalogo\/wp-json\/wp\/v2\/author_book\/77053"}],"wp:featuredmedia":[{"embeddable":true,"href":"https:\/\/letrame.com\/catalogo\/wp-json\/wp\/v2\/media\/107448"}],"wp:attachment":[{"href":"https:\/\/letrame.com\/catalogo\/wp-json\/wp\/v2\/media?parent=107446"}],"wp:term":[{"taxonomy":"libro","embeddable":true,"href":"https:\/\/letrame.com\/catalogo\/wp-json\/wp\/v2\/libro?post=107446"},{"taxonomy":"product_brand","embeddable":true,"href":"https:\/\/letrame.com\/catalogo\/wp-json\/wp\/v2\/product_brand?post=107446"},{"taxonomy":"product_cat","embeddable":true,"href":"https:\/\/letrame.com\/catalogo\/wp-json\/wp\/v2\/product_cat?post=107446"},{"taxonomy":"product_tag","embeddable":true,"href":"https:\/\/letrame.com\/catalogo\/wp-json\/wp\/v2\/product_tag?post=107446"}],"curies":[{"name":"wp","href":"https:\/\/api.w.org\/{rel}","templated":true}]}}