{"id":107399,"date":"2024-12-03T16:03:55","date_gmt":"2024-12-03T15:03:55","guid":{"rendered":"https:\/\/letrame.com\/catalogo\/?post_type=product&#038;p=107399"},"modified":"2024-12-03T16:03:56","modified_gmt":"2024-12-03T15:03:56","slug":"taekwondo-moo-do","status":"publish","type":"product","link":"https:\/\/letrame.com\/catalogo\/producto\/taekwondo-moo-do\/","title":{"rendered":"Taekwondo Moo Do"},"content":{"rendered":"<p class=\"p1\"><b>ISBN:\u00a0 <\/b>978-84-1068-925-1<\/p>\n<p class=\"p1\"><b>T\u00edtulo: <\/b>Taekwondo Moo Do<\/p>\n<p class=\"p1\"><b>A\u00f1o:\u00a0<\/b>2024<\/p>\n<p class=\"p1\"><b>P\u00e1ginas:<\/b> 274<\/p>\n<p class=\"p1\"><b>SINOPSIS<\/b><\/p>\n<p>Este manual t\u00e9cnico est\u00e1 dirigido a todo tipo de personas sin importar si tienen conocimientos del arte marcial del deporte.<\/p>\n<p>&nbsp;<\/p>\n<p>\u00a1Aprender Taekwondo Moo Do te proporcionar\u00e1 un <strong>entrenamiento \u00fanico para defensa personal<\/strong><strong>!<\/strong><\/p>\n<p><strong>\u00a0<\/strong><\/p>\n<p>El Taekwondo Moo Do es un arte marcial tradicional que se remonta a los antiguos tiempos, con una variedad de t\u00e9cnicas de autodefensa conocidas como\u00a0<strong>Hosinsul &amp; Hambon kyorugui,<\/strong>\u00a0bloqueos, patadas, pu\u00f1os, agarres, luxaciones o controles.<\/p>\n<p>&nbsp;<\/p>\n<p>El Taekwondo Moo Do se enfoca en el desarrollo del cuerpo, la mente y el esp\u00edritu. Ense\u00f1a a los estudiantes a confiar en sus habilidades de combate y a fortalecer los principios de la autodisciplina y el respeto.<\/p>\n<p>&nbsp;<\/p>\n<p>Las clases de Taekwondo Moo Do tambi\u00e9n incluyen ejercicios de\u00a0<strong>Kigon<\/strong>\u00a0y estiramientos, as\u00ed como la pr\u00e1ctica de t\u00e9cnicas para mejorar la agilidad, la resistencia y el equilibrio<\/p>\n<p>&nbsp;<\/p>\n<p>Desde principiantes hasta avanzados, este manual ofrece un recurso valioso para el aprendizaje y perfeccionamiento de t\u00e9cnicas.<\/p>\n<p>Instructores de artes marciales y profesionales que buscan expandir su conocimiento y enriquecer sus programas de entrenamiento encontrar\u00e1n en este libro una fuente de inspiraci\u00f3n y un compendio de t\u00e9cnicas y principios aplicables a la ense\u00f1anza.<\/p>\n<p>&nbsp;<\/p>\n<p>Al mismo tiempo, los estudiantes tambi\u00e9n aprender\u00e1n sobre la cultura y la historia de este arte marcial antiguo desarrollado en la actualidad. \u00a1<strong>Aprender Taekwondo Moo Do ser\u00e1 una experiencia \u00fanica y gratificante!<\/strong><\/p>\n","protected":false},"excerpt":{"rendered":"<p class=\"p1\"><b>ISBN:\u00a0 <\/b>978-84-1068-925-1<\/p>\n<p class=\"p1\">\n<p class=\"p1\"><b>SINOPSIS<\/b><\/p>\n<p>Este manual t\u00e9cnico est\u00e1 dirigido a todo tipo de personas sin importar si tienen conocimientos del arte marcial del deporte.<\/p>\n<p>&nbsp;<\/p>\n<p>\u00a1Aprender Taekwondo Moo Do te proporcionar\u00e1 un <strong>entrenamiento \u00fanico para defensa personal<\/strong><strong>!<\/strong><\/p>\n<p><strong>\u00a0<\/strong><\/p>\n<p>El Taekwondo Moo Do es un arte marcial tradicional que se remonta a los antiguos tiempos, con una variedad de t\u00e9cnicas de autodefensa conocidas como\u00a0<strong>Hosinsul &amp; Hambon kyorugui,<\/strong>\u00a0bloqueos, patadas, pu\u00f1os, agarres, luxaciones o controles.<\/p>\n<p>&nbsp;<\/p>\n<p>El Taekwondo Moo Do se enfoca en el desarrollo del cuerpo, la mente y el esp\u00edritu. Ense\u00f1a a los estudiantes a confiar en sus habilidades de combate y a fortalecer los principios de la autodisciplina y el respeto.<\/p>\n<p>&nbsp;<\/p>\n<p>Las clases de Taekwondo Moo Do tambi\u00e9n incluyen ejercicios de\u00a0<strong>Kigon<\/strong>\u00a0y estiramientos, as\u00ed como la pr\u00e1ctica de t\u00e9cnicas para mejorar la agilidad, la resistencia y el equilibrio<\/p>\n<p>&nbsp;<\/p>\n<p>Desde principiantes hasta avanzados, este manual ofrece un recurso valioso para el aprendizaje y perfeccionamiento de t\u00e9cnicas.<\/p>\n<p>Instructores de artes marciales y profesionales que buscan expandir su conocimiento y enriquecer sus programas de entrenamiento encontrar\u00e1n en este libro una fuente de inspiraci\u00f3n y un compendio de t\u00e9cnicas y principios aplicables a la ense\u00f1anza.<\/p>\n<p>&nbsp;<\/p>\n<p>Al mismo tiempo, los estudiantes tambi\u00e9n aprender\u00e1n sobre la cultura y la historia de este arte marcial antiguo desarrollado en la actualidad. \u00a1<strong>Aprender Taekwondo Moo Do ser\u00e1 una experiencia \u00fanica y gratificante!<\/strong><\/p>\n","protected":false},"featured_media":107401,"comment_status":"open","ping_status":"closed","template":"","meta":{"_acf_changed":false},"libro":[],"product_brand":[],"product_cat":[109],"product_tag":[],"class_list":{"0":"post-107399","1":"product","2":"type-product","3":"status-publish","4":"has-post-thumbnail","6":"product_cat-deporte","8":"first","9":"instock","10":"shipping-taxable","11":"product-type-simple"},"acf":{"autor":[107398],"enlace_de_compra":"https:\/\/amzn.to\/4fSqCxR"},"yoast_head":"<!-- This site is optimized with the Yoast SEO plugin v27.4 - https:\/\/yoast.com\/product\/yoast-seo-wordpress\/ -->\n<title>Taekwondo Moo Do - Catalogo | Letrame Grupo Editorial<\/title>\n<meta name=\"robots\" content=\"index, follow, max-snippet:-1, max-image-preview:large, max-video-preview:-1\" \/>\n<link rel=\"canonical\" href=\"https:\/\/letrame.com\/catalogo\/producto\/taekwondo-moo-do\/\" \/>\n<meta property=\"og:locale\" content=\"es_ES\" \/>\n<meta property=\"og:type\" content=\"article\" \/>\n<meta property=\"og:title\" content=\"Taekwondo Moo Do - Catalogo | Letrame Grupo Editorial\" \/>\n<meta property=\"og:description\" content=\"ISBN:\u00a0 978-84-1068-925-1  SINOPSIS Este manual t\u00e9cnico est\u00e1 dirigido a todo tipo de personas sin importar si tienen conocimientos del arte marcial del deporte.  &nbsp;  \u00a1Aprender Taekwondo Moo Do te proporcionar\u00e1 un entrenamiento \u00fanico para defensa personal!  \u00a0  El Taekwondo Moo Do es un arte marcial tradicional que se remonta a los antiguos tiempos, con una variedad de t\u00e9cnicas de autodefensa conocidas como\u00a0Hosinsul &amp; Hambon kyorugui,\u00a0bloqueos, patadas, pu\u00f1os, agarres, luxaciones o controles.  &nbsp;  El Taekwondo Moo Do se enfoca en el desarrollo del cuerpo, la mente y el esp\u00edritu. Ense\u00f1a a los estudiantes a confiar en sus habilidades de combate y a fortalecer los principios de la autodisciplina y el respeto.  &nbsp;  Las clases de Taekwondo Moo Do tambi\u00e9n incluyen ejercicios de\u00a0Kigon\u00a0y estiramientos, as\u00ed como la pr\u00e1ctica de t\u00e9cnicas para mejorar la agilidad, la resistencia y el equilibrio  &nbsp;  Desde principiantes hasta avanzados, este manual ofrece un recurso valioso para el aprendizaje y perfeccionamiento de t\u00e9cnicas.  Instructores de artes marciales y profesionales que buscan expandir su conocimiento y enriquecer sus programas de entrenamiento encontrar\u00e1n en este libro una fuente de inspiraci\u00f3n y un compendio de t\u00e9cnicas y principios aplicables a la ense\u00f1anza.  &nbsp;  Al mismo tiempo, los estudiantes tambi\u00e9n aprender\u00e1n sobre la cultura y la historia de este arte marcial antiguo desarrollado en la actualidad. \u00a1Aprender Taekwondo Moo Do ser\u00e1 una experiencia \u00fanica y gratificante!\" \/>\n<meta property=\"og:url\" content=\"https:\/\/letrame.com\/catalogo\/producto\/taekwondo-moo-do\/\" \/>\n<meta property=\"og:site_name\" content=\"Catalogo | Letrame Grupo Editorial\" \/>\n<meta property=\"article:modified_time\" content=\"2024-12-03T15:03:56+00:00\" \/>\n<meta property=\"og:image\" content=\"https:\/\/letrame.com\/catalogo\/wp-content\/uploads\/2024\/12\/zp_taekwondo_1576mm.jpg\" \/>\n\t<meta property=\"og:image:width\" content=\"700\" \/>\n\t<meta property=\"og:image:height\" content=\"988\" \/>\n\t<meta property=\"og:image:type\" content=\"image\/jpeg\" \/>\n<meta name=\"twitter:card\" content=\"summary_large_image\" \/>\n<meta name=\"twitter:label1\" content=\"Tiempo de lectura\" \/>\n\t<meta name=\"twitter:data1\" content=\"2 minutos\" \/>\n<script type=\"application\/ld+json\" class=\"yoast-schema-graph\">{\"@context\":\"https:\\\/\\\/schema.org\",\"@graph\":[{\"@type\":\"WebPage\",\"@id\":\"https:\\\/\\\/letrame.com\\\/catalogo\\\/producto\\\/taekwondo-moo-do\\\/\",\"url\":\"https:\\\/\\\/letrame.com\\\/catalogo\\\/producto\\\/taekwondo-moo-do\\\/\",\"name\":\"Taekwondo Moo Do - Catalogo | Letrame Grupo Editorial\",\"isPartOf\":{\"@id\":\"https:\\\/\\\/letrame.com\\\/catalogo\\\/#website\"},\"primaryImageOfPage\":{\"@id\":\"https:\\\/\\\/letrame.com\\\/catalogo\\\/producto\\\/taekwondo-moo-do\\\/#primaryimage\"},\"image\":{\"@id\":\"https:\\\/\\\/letrame.com\\\/catalogo\\\/producto\\\/taekwondo-moo-do\\\/#primaryimage\"},\"thumbnailUrl\":\"https:\\\/\\\/letrame.com\\\/catalogo\\\/wp-content\\\/uploads\\\/2024\\\/12\\\/zp_taekwondo_1576mm.jpg\",\"datePublished\":\"2024-12-03T15:03:55+00:00\",\"dateModified\":\"2024-12-03T15:03:56+00:00\",\"breadcrumb\":{\"@id\":\"https:\\\/\\\/letrame.com\\\/catalogo\\\/producto\\\/taekwondo-moo-do\\\/#breadcrumb\"},\"inLanguage\":\"es\",\"potentialAction\":[{\"@type\":\"ReadAction\",\"target\":[\"https:\\\/\\\/letrame.com\\\/catalogo\\\/producto\\\/taekwondo-moo-do\\\/\"]}]},{\"@type\":\"ImageObject\",\"inLanguage\":\"es\",\"@id\":\"https:\\\/\\\/letrame.com\\\/catalogo\\\/producto\\\/taekwondo-moo-do\\\/#primaryimage\",\"url\":\"https:\\\/\\\/letrame.com\\\/catalogo\\\/wp-content\\\/uploads\\\/2024\\\/12\\\/zp_taekwondo_1576mm.jpg\",\"contentUrl\":\"https:\\\/\\\/letrame.com\\\/catalogo\\\/wp-content\\\/uploads\\\/2024\\\/12\\\/zp_taekwondo_1576mm.jpg\",\"width\":700,\"height\":988},{\"@type\":\"BreadcrumbList\",\"@id\":\"https:\\\/\\\/letrame.com\\\/catalogo\\\/producto\\\/taekwondo-moo-do\\\/#breadcrumb\",\"itemListElement\":[{\"@type\":\"ListItem\",\"position\":1,\"name\":\"Portada\",\"item\":\"https:\\\/\\\/letrame.com\\\/catalogo\\\/\"},{\"@type\":\"ListItem\",\"position\":2,\"name\":\"Cat\u00e1logo\",\"item\":\"https:\\\/\\\/letrame.com\\\/catalogo\\\/\"},{\"@type\":\"ListItem\",\"position\":3,\"name\":\"Taekwondo Moo Do\"}]},{\"@type\":\"WebSite\",\"@id\":\"https:\\\/\\\/letrame.com\\\/catalogo\\\/#website\",\"url\":\"https:\\\/\\\/letrame.com\\\/catalogo\\\/\",\"name\":\"Catalogo | Letrame Grupo Editorial\",\"description\":\"\",\"publisher\":{\"@id\":\"https:\\\/\\\/letrame.com\\\/catalogo\\\/#organization\"},\"potentialAction\":[{\"@type\":\"SearchAction\",\"target\":{\"@type\":\"EntryPoint\",\"urlTemplate\":\"https:\\\/\\\/letrame.com\\\/catalogo\\\/?s={search_term_string}\"},\"query-input\":{\"@type\":\"PropertyValueSpecification\",\"valueRequired\":true,\"valueName\":\"search_term_string\"}}],\"inLanguage\":\"es\"},{\"@type\":\"Organization\",\"@id\":\"https:\\\/\\\/letrame.com\\\/catalogo\\\/#organization\",\"name\":\"Catalogo | Letrame Grupo Editorial\",\"url\":\"https:\\\/\\\/letrame.com\\\/catalogo\\\/\",\"logo\":{\"@type\":\"ImageObject\",\"inLanguage\":\"es\",\"@id\":\"https:\\\/\\\/letrame.com\\\/catalogo\\\/#\\\/schema\\\/logo\\\/image\\\/\",\"url\":\"https:\\\/\\\/letrame.com\\\/catalogo\\\/wp-content\\\/uploads\\\/2024\\\/03\\\/logo2.webp\",\"contentUrl\":\"https:\\\/\\\/letrame.com\\\/catalogo\\\/wp-content\\\/uploads\\\/2024\\\/03\\\/logo2.webp\",\"width\":394,\"height\":128,\"caption\":\"Catalogo | Letrame Grupo Editorial\"},\"image\":{\"@id\":\"https:\\\/\\\/letrame.com\\\/catalogo\\\/#\\\/schema\\\/logo\\\/image\\\/\"}}]}<\/script>\n<!-- \/ Yoast SEO plugin. -->","yoast_head_json":{"title":"Taekwondo Moo Do - Catalogo | Letrame Grupo Editorial","robots":{"index":"index","follow":"follow","max-snippet":"max-snippet:-1","max-image-preview":"max-image-preview:large","max-video-preview":"max-video-preview:-1"},"canonical":"https:\/\/letrame.com\/catalogo\/producto\/taekwondo-moo-do\/","og_locale":"es_ES","og_type":"article","og_title":"Taekwondo Moo Do - Catalogo | Letrame Grupo Editorial","og_description":"ISBN:\u00a0 978-84-1068-925-1  SINOPSIS Este manual t\u00e9cnico est\u00e1 dirigido a todo tipo de personas sin importar si tienen conocimientos del arte marcial del deporte.  &nbsp;  \u00a1Aprender Taekwondo Moo Do te proporcionar\u00e1 un entrenamiento \u00fanico para defensa personal!  \u00a0  El Taekwondo Moo Do es un arte marcial tradicional que se remonta a los antiguos tiempos, con una variedad de t\u00e9cnicas de autodefensa conocidas como\u00a0Hosinsul &amp; Hambon kyorugui,\u00a0bloqueos, patadas, pu\u00f1os, agarres, luxaciones o controles.  &nbsp;  El Taekwondo Moo Do se enfoca en el desarrollo del cuerpo, la mente y el esp\u00edritu. Ense\u00f1a a los estudiantes a confiar en sus habilidades de combate y a fortalecer los principios de la autodisciplina y el respeto.  &nbsp;  Las clases de Taekwondo Moo Do tambi\u00e9n incluyen ejercicios de\u00a0Kigon\u00a0y estiramientos, as\u00ed como la pr\u00e1ctica de t\u00e9cnicas para mejorar la agilidad, la resistencia y el equilibrio  &nbsp;  Desde principiantes hasta avanzados, este manual ofrece un recurso valioso para el aprendizaje y perfeccionamiento de t\u00e9cnicas.  Instructores de artes marciales y profesionales que buscan expandir su conocimiento y enriquecer sus programas de entrenamiento encontrar\u00e1n en este libro una fuente de inspiraci\u00f3n y un compendio de t\u00e9cnicas y principios aplicables a la ense\u00f1anza.  &nbsp;  Al mismo tiempo, los estudiantes tambi\u00e9n aprender\u00e1n sobre la cultura y la historia de este arte marcial antiguo desarrollado en la actualidad. \u00a1Aprender Taekwondo Moo Do ser\u00e1 una experiencia \u00fanica y gratificante!","og_url":"https:\/\/letrame.com\/catalogo\/producto\/taekwondo-moo-do\/","og_site_name":"Catalogo | Letrame Grupo Editorial","article_modified_time":"2024-12-03T15:03:56+00:00","og_image":[{"width":700,"height":988,"url":"https:\/\/letrame.com\/catalogo\/wp-content\/uploads\/2024\/12\/zp_taekwondo_1576mm.jpg","type":"image\/jpeg"}],"twitter_card":"summary_large_image","twitter_misc":{"Tiempo de lectura":"2 minutos"},"schema":{"@context":"https:\/\/schema.org","@graph":[{"@type":"WebPage","@id":"https:\/\/letrame.com\/catalogo\/producto\/taekwondo-moo-do\/","url":"https:\/\/letrame.com\/catalogo\/producto\/taekwondo-moo-do\/","name":"Taekwondo Moo Do - Catalogo | Letrame Grupo Editorial","isPartOf":{"@id":"https:\/\/letrame.com\/catalogo\/#website"},"primaryImageOfPage":{"@id":"https:\/\/letrame.com\/catalogo\/producto\/taekwondo-moo-do\/#primaryimage"},"image":{"@id":"https:\/\/letrame.com\/catalogo\/producto\/taekwondo-moo-do\/#primaryimage"},"thumbnailUrl":"https:\/\/letrame.com\/catalogo\/wp-content\/uploads\/2024\/12\/zp_taekwondo_1576mm.jpg","datePublished":"2024-12-03T15:03:55+00:00","dateModified":"2024-12-03T15:03:56+00:00","breadcrumb":{"@id":"https:\/\/letrame.com\/catalogo\/producto\/taekwondo-moo-do\/#breadcrumb"},"inLanguage":"es","potentialAction":[{"@type":"ReadAction","target":["https:\/\/letrame.com\/catalogo\/producto\/taekwondo-moo-do\/"]}]},{"@type":"ImageObject","inLanguage":"es","@id":"https:\/\/letrame.com\/catalogo\/producto\/taekwondo-moo-do\/#primaryimage","url":"https:\/\/letrame.com\/catalogo\/wp-content\/uploads\/2024\/12\/zp_taekwondo_1576mm.jpg","contentUrl":"https:\/\/letrame.com\/catalogo\/wp-content\/uploads\/2024\/12\/zp_taekwondo_1576mm.jpg","width":700,"height":988},{"@type":"BreadcrumbList","@id":"https:\/\/letrame.com\/catalogo\/producto\/taekwondo-moo-do\/#breadcrumb","itemListElement":[{"@type":"ListItem","position":1,"name":"Portada","item":"https:\/\/letrame.com\/catalogo\/"},{"@type":"ListItem","position":2,"name":"Cat\u00e1logo","item":"https:\/\/letrame.com\/catalogo\/"},{"@type":"ListItem","position":3,"name":"Taekwondo Moo Do"}]},{"@type":"WebSite","@id":"https:\/\/letrame.com\/catalogo\/#website","url":"https:\/\/letrame.com\/catalogo\/","name":"Catalogo | Letrame Grupo Editorial","description":"","publisher":{"@id":"https:\/\/letrame.com\/catalogo\/#organization"},"potentialAction":[{"@type":"SearchAction","target":{"@type":"EntryPoint","urlTemplate":"https:\/\/letrame.com\/catalogo\/?s={search_term_string}"},"query-input":{"@type":"PropertyValueSpecification","valueRequired":true,"valueName":"search_term_string"}}],"inLanguage":"es"},{"@type":"Organization","@id":"https:\/\/letrame.com\/catalogo\/#organization","name":"Catalogo | Letrame Grupo Editorial","url":"https:\/\/letrame.com\/catalogo\/","logo":{"@type":"ImageObject","inLanguage":"es","@id":"https:\/\/letrame.com\/catalogo\/#\/schema\/logo\/image\/","url":"https:\/\/letrame.com\/catalogo\/wp-content\/uploads\/2024\/03\/logo2.webp","contentUrl":"https:\/\/letrame.com\/catalogo\/wp-content\/uploads\/2024\/03\/logo2.webp","width":394,"height":128,"caption":"Catalogo | Letrame Grupo Editorial"},"image":{"@id":"https:\/\/letrame.com\/catalogo\/#\/schema\/logo\/image\/"}}]}},"_links":{"self":[{"href":"https:\/\/letrame.com\/catalogo\/wp-json\/wp\/v2\/product\/107399","targetHints":{"allow":["GET"]}}],"collection":[{"href":"https:\/\/letrame.com\/catalogo\/wp-json\/wp\/v2\/product"}],"about":[{"href":"https:\/\/letrame.com\/catalogo\/wp-json\/wp\/v2\/types\/product"}],"replies":[{"embeddable":true,"href":"https:\/\/letrame.com\/catalogo\/wp-json\/wp\/v2\/comments?post=107399"}],"acf:post":[{"embeddable":true,"href":"https:\/\/letrame.com\/catalogo\/wp-json\/wp\/v2\/author_book\/107398"}],"wp:featuredmedia":[{"embeddable":true,"href":"https:\/\/letrame.com\/catalogo\/wp-json\/wp\/v2\/media\/107401"}],"wp:attachment":[{"href":"https:\/\/letrame.com\/catalogo\/wp-json\/wp\/v2\/media?parent=107399"}],"wp:term":[{"taxonomy":"libro","embeddable":true,"href":"https:\/\/letrame.com\/catalogo\/wp-json\/wp\/v2\/libro?post=107399"},{"taxonomy":"product_brand","embeddable":true,"href":"https:\/\/letrame.com\/catalogo\/wp-json\/wp\/v2\/product_brand?post=107399"},{"taxonomy":"product_cat","embeddable":true,"href":"https:\/\/letrame.com\/catalogo\/wp-json\/wp\/v2\/product_cat?post=107399"},{"taxonomy":"product_tag","embeddable":true,"href":"https:\/\/letrame.com\/catalogo\/wp-json\/wp\/v2\/product_tag?post=107399"}],"curies":[{"name":"wp","href":"https:\/\/api.w.org\/{rel}","templated":true}]}}