{"id":107157,"date":"2024-10-23T15:20:14","date_gmt":"2024-10-23T13:20:14","guid":{"rendered":"https:\/\/letrame.com\/catalogo\/?post_type=product&#038;p=107157"},"modified":"2024-10-23T15:20:14","modified_gmt":"2024-10-23T13:20:14","slug":"un-mundo-de-solos","status":"publish","type":"product","link":"https:\/\/letrame.com\/catalogo\/producto\/un-mundo-de-solos\/","title":{"rendered":"Un mundo de solos"},"content":{"rendered":"<p class=\"p1\">ISBN: 9788410890879<\/p>\n<p class=\"p1\">T\u00edtulo: Un mundo de solos<br \/>\nFecha: 2024<br \/>\nP\u00e1ginas: 96<\/p>\n<p class=\"p1\">SINOPSIS<\/p>\n<p>Los primeros a\u00f1os de vida conforman, sientan c\u00e1tedra, saltan a la vida por la ventana como materia prima, solventan pi\u00e9lago de luces y sombras, glorias y miserias salidas al paso. No son memorias ni mentiras, ficci\u00f3n ni ensalmo. La obra recaba impresiones y emociones perdidas que encaran d\u00edas que restan tras cada esquina que se dobla. Efluvios del pasado que no se va ni se detiene, porque no cabe hacerlo, anclados como est\u00e1n en lo rec\u00f3ndito de la memoria. R\u00e1fagas, ramalazos que montan a\u00f1os por caminos revestidos de colores y extra\u00f1os fogonazos -de todo hay en la vi\u00f1a del Se\u00f1or-; lo que el aire se lleva por medio y sin remedio. Renegaba de que todo partiera tan pronto, entero y artero, aspirando a pervivir de modo inoxidable; como la idea colmatada que no vuela, pero arraiga por dentro. Prende evolutiva por arrabales del recuerdo, avatares que deja el tiempo, juicios de valor que cobrando cuerpo repentivo, logran que no se marchen del todo. Como atrapar fantasmas a suspiros, cazar ideales siendo mariposas de otra \u00e9poca. As\u00f3mese el lector, si quiere, a esa ventana de Tailandia de hace un abismo, donde fui ni\u00f1o.<\/p>\n","protected":false},"excerpt":{"rendered":"<p class=\"p1\">ISBN: 9788410890879<\/p>\n<p class=\"p1\">SINOPSIS<\/p>\n<p>Los primeros a\u00f1os de vida conforman, sientan c\u00e1tedra, saltan a la vida por la ventana como materia prima, solventan pi\u00e9lago de luces y sombras, glorias y miserias salidas al paso. No son memorias ni mentiras, ficci\u00f3n ni ensalmo. La obra recaba impresiones y emociones perdidas que encaran d\u00edas que restan tras cada esquina que se dobla. Efluvios del pasado que no se va ni se detiene, porque no cabe hacerlo, anclados como est\u00e1n en lo rec\u00f3ndito de la memoria. R\u00e1fagas, ramalazos que montan a\u00f1os por caminos revestidos de colores y extra\u00f1os fogonazos -de todo hay en la vi\u00f1a del Se\u00f1or-; lo que el aire se lleva por medio y sin remedio. Renegaba de que todo partiera tan pronto, entero y artero, aspirando a pervivir de modo inoxidable; como la idea colmatada que no vuela, pero arraiga por dentro. Prende evolutiva por arrabales del recuerdo, avatares que deja el tiempo, juicios de valor que cobrando cuerpo repentivo, logran que no se marchen del todo. Como atrapar fantasmas a suspiros, cazar ideales siendo mariposas de otra \u00e9poca. As\u00f3mese el lector, si quiere, a esa ventana de Tailandia de hace un abismo, donde fui ni\u00f1o.<\/p>\n","protected":false},"featured_media":107159,"comment_status":"open","ping_status":"closed","template":"","meta":{"_acf_changed":false},"libro":[],"product_brand":[],"product_cat":[59],"product_tag":[],"class_list":{"0":"post-107157","1":"product","2":"type-product","3":"status-publish","4":"has-post-thumbnail","6":"product_cat-memorias","8":"first","9":"instock","10":"shipping-taxable","11":"product-type-simple"},"acf":{"autor":[75440],"enlace_de_compra":"https:\/\/amzn.to\/3NGb7fC"},"yoast_head":"<!-- This site is optimized with the Yoast SEO plugin v26.6 - https:\/\/yoast.com\/wordpress\/plugins\/seo\/ -->\n<title>Un mundo de solos - Catalogo | Letrame Grupo Editorial<\/title>\n<meta name=\"robots\" content=\"index, follow, max-snippet:-1, max-image-preview:large, max-video-preview:-1\" \/>\n<link rel=\"canonical\" href=\"https:\/\/letrame.com\/catalogo\/producto\/un-mundo-de-solos\/\" \/>\n<meta property=\"og:locale\" content=\"es_ES\" \/>\n<meta property=\"og:type\" content=\"article\" \/>\n<meta property=\"og:title\" content=\"Un mundo de solos - Catalogo | Letrame Grupo Editorial\" \/>\n<meta property=\"og:description\" content=\"ISBN: 9788410890879 SINOPSIS Los primeros a\u00f1os de vida conforman, sientan c\u00e1tedra, saltan a la vida por la ventana como materia prima, solventan pi\u00e9lago de luces y sombras, glorias y miserias salidas al paso. No son memorias ni mentiras, ficci\u00f3n ni ensalmo. La obra recaba impresiones y emociones perdidas que encaran d\u00edas que restan tras cada esquina que se dobla. Efluvios del pasado que no se va ni se detiene, porque no cabe hacerlo, anclados como est\u00e1n en lo rec\u00f3ndito de la memoria. R\u00e1fagas, ramalazos que montan a\u00f1os por caminos revestidos de colores y extra\u00f1os fogonazos -de todo hay en la vi\u00f1a del Se\u00f1or-; lo que el aire se lleva por medio y sin remedio. Renegaba de que todo partiera tan pronto, entero y artero, aspirando a pervivir de modo inoxidable; como la idea colmatada que no vuela, pero arraiga por dentro. Prende evolutiva por arrabales del recuerdo, avatares que deja el tiempo, juicios de valor que cobrando cuerpo repentivo, logran que no se marchen del todo. Como atrapar fantasmas a suspiros, cazar ideales siendo mariposas de otra \u00e9poca. As\u00f3mese el lector, si quiere, a esa ventana de Tailandia de hace un abismo, donde fui ni\u00f1o.\" \/>\n<meta property=\"og:url\" content=\"https:\/\/letrame.com\/catalogo\/producto\/un-mundo-de-solos\/\" \/>\n<meta property=\"og:site_name\" content=\"Catalogo | Letrame Grupo Editorial\" \/>\n<meta property=\"og:image\" content=\"https:\/\/letrame.com\/catalogo\/wp-content\/uploads\/2024\/10\/unmundodesolos_61mm4.jpg\" \/>\n\t<meta property=\"og:image:width\" content=\"1772\" \/>\n\t<meta property=\"og:image:height\" content=\"2480\" \/>\n\t<meta property=\"og:image:type\" content=\"image\/jpeg\" \/>\n<meta name=\"twitter:card\" content=\"summary_large_image\" \/>\n<meta name=\"twitter:label1\" content=\"Tiempo de lectura\" \/>\n\t<meta name=\"twitter:data1\" content=\"2 minutos\" \/>\n<script type=\"application\/ld+json\" class=\"yoast-schema-graph\">{\"@context\":\"https:\/\/schema.org\",\"@graph\":[{\"@type\":\"WebPage\",\"@id\":\"https:\/\/letrame.com\/catalogo\/producto\/un-mundo-de-solos\/\",\"url\":\"https:\/\/letrame.com\/catalogo\/producto\/un-mundo-de-solos\/\",\"name\":\"Un mundo de solos - Catalogo | Letrame Grupo Editorial\",\"isPartOf\":{\"@id\":\"https:\/\/letrame.com\/catalogo\/#website\"},\"primaryImageOfPage\":{\"@id\":\"https:\/\/letrame.com\/catalogo\/producto\/un-mundo-de-solos\/#primaryimage\"},\"image\":{\"@id\":\"https:\/\/letrame.com\/catalogo\/producto\/un-mundo-de-solos\/#primaryimage\"},\"thumbnailUrl\":\"https:\/\/letrame.com\/catalogo\/wp-content\/uploads\/2024\/10\/unmundodesolos_61mm4.jpg\",\"datePublished\":\"2024-10-23T13:20:14+00:00\",\"breadcrumb\":{\"@id\":\"https:\/\/letrame.com\/catalogo\/producto\/un-mundo-de-solos\/#breadcrumb\"},\"inLanguage\":\"es\",\"potentialAction\":[{\"@type\":\"ReadAction\",\"target\":[\"https:\/\/letrame.com\/catalogo\/producto\/un-mundo-de-solos\/\"]}]},{\"@type\":\"ImageObject\",\"inLanguage\":\"es\",\"@id\":\"https:\/\/letrame.com\/catalogo\/producto\/un-mundo-de-solos\/#primaryimage\",\"url\":\"https:\/\/letrame.com\/catalogo\/wp-content\/uploads\/2024\/10\/unmundodesolos_61mm4.jpg\",\"contentUrl\":\"https:\/\/letrame.com\/catalogo\/wp-content\/uploads\/2024\/10\/unmundodesolos_61mm4.jpg\",\"width\":1772,\"height\":2480},{\"@type\":\"BreadcrumbList\",\"@id\":\"https:\/\/letrame.com\/catalogo\/producto\/un-mundo-de-solos\/#breadcrumb\",\"itemListElement\":[{\"@type\":\"ListItem\",\"position\":1,\"name\":\"Portada\",\"item\":\"https:\/\/letrame.com\/catalogo\/\"},{\"@type\":\"ListItem\",\"position\":2,\"name\":\"Cat\u00e1logo\",\"item\":\"https:\/\/letrame.com\/catalogo\/\"},{\"@type\":\"ListItem\",\"position\":3,\"name\":\"Un mundo de solos\"}]},{\"@type\":\"WebSite\",\"@id\":\"https:\/\/letrame.com\/catalogo\/#website\",\"url\":\"https:\/\/letrame.com\/catalogo\/\",\"name\":\"Catalogo | Letrame Grupo Editorial\",\"description\":\"\",\"publisher\":{\"@id\":\"https:\/\/letrame.com\/catalogo\/#organization\"},\"potentialAction\":[{\"@type\":\"SearchAction\",\"target\":{\"@type\":\"EntryPoint\",\"urlTemplate\":\"https:\/\/letrame.com\/catalogo\/?s={search_term_string}\"},\"query-input\":{\"@type\":\"PropertyValueSpecification\",\"valueRequired\":true,\"valueName\":\"search_term_string\"}}],\"inLanguage\":\"es\"},{\"@type\":\"Organization\",\"@id\":\"https:\/\/letrame.com\/catalogo\/#organization\",\"name\":\"Catalogo | Letrame Grupo Editorial\",\"url\":\"https:\/\/letrame.com\/catalogo\/\",\"logo\":{\"@type\":\"ImageObject\",\"inLanguage\":\"es\",\"@id\":\"https:\/\/letrame.com\/catalogo\/#\/schema\/logo\/image\/\",\"url\":\"https:\/\/letrame.com\/catalogo\/wp-content\/uploads\/2024\/03\/logo2.webp\",\"contentUrl\":\"https:\/\/letrame.com\/catalogo\/wp-content\/uploads\/2024\/03\/logo2.webp\",\"width\":394,\"height\":128,\"caption\":\"Catalogo | Letrame Grupo Editorial\"},\"image\":{\"@id\":\"https:\/\/letrame.com\/catalogo\/#\/schema\/logo\/image\/\"}}]}<\/script>\n<!-- \/ Yoast SEO plugin. -->","yoast_head_json":{"title":"Un mundo de solos - Catalogo | Letrame Grupo Editorial","robots":{"index":"index","follow":"follow","max-snippet":"max-snippet:-1","max-image-preview":"max-image-preview:large","max-video-preview":"max-video-preview:-1"},"canonical":"https:\/\/letrame.com\/catalogo\/producto\/un-mundo-de-solos\/","og_locale":"es_ES","og_type":"article","og_title":"Un mundo de solos - Catalogo | Letrame Grupo Editorial","og_description":"ISBN: 9788410890879 SINOPSIS Los primeros a\u00f1os de vida conforman, sientan c\u00e1tedra, saltan a la vida por la ventana como materia prima, solventan pi\u00e9lago de luces y sombras, glorias y miserias salidas al paso. No son memorias ni mentiras, ficci\u00f3n ni ensalmo. La obra recaba impresiones y emociones perdidas que encaran d\u00edas que restan tras cada esquina que se dobla. Efluvios del pasado que no se va ni se detiene, porque no cabe hacerlo, anclados como est\u00e1n en lo rec\u00f3ndito de la memoria. R\u00e1fagas, ramalazos que montan a\u00f1os por caminos revestidos de colores y extra\u00f1os fogonazos -de todo hay en la vi\u00f1a del Se\u00f1or-; lo que el aire se lleva por medio y sin remedio. Renegaba de que todo partiera tan pronto, entero y artero, aspirando a pervivir de modo inoxidable; como la idea colmatada que no vuela, pero arraiga por dentro. Prende evolutiva por arrabales del recuerdo, avatares que deja el tiempo, juicios de valor que cobrando cuerpo repentivo, logran que no se marchen del todo. Como atrapar fantasmas a suspiros, cazar ideales siendo mariposas de otra \u00e9poca. As\u00f3mese el lector, si quiere, a esa ventana de Tailandia de hace un abismo, donde fui ni\u00f1o.","og_url":"https:\/\/letrame.com\/catalogo\/producto\/un-mundo-de-solos\/","og_site_name":"Catalogo | Letrame Grupo Editorial","og_image":[{"width":1772,"height":2480,"url":"https:\/\/letrame.com\/catalogo\/wp-content\/uploads\/2024\/10\/unmundodesolos_61mm4.jpg","type":"image\/jpeg"}],"twitter_card":"summary_large_image","twitter_misc":{"Tiempo de lectura":"2 minutos"},"schema":{"@context":"https:\/\/schema.org","@graph":[{"@type":"WebPage","@id":"https:\/\/letrame.com\/catalogo\/producto\/un-mundo-de-solos\/","url":"https:\/\/letrame.com\/catalogo\/producto\/un-mundo-de-solos\/","name":"Un mundo de solos - Catalogo | Letrame Grupo Editorial","isPartOf":{"@id":"https:\/\/letrame.com\/catalogo\/#website"},"primaryImageOfPage":{"@id":"https:\/\/letrame.com\/catalogo\/producto\/un-mundo-de-solos\/#primaryimage"},"image":{"@id":"https:\/\/letrame.com\/catalogo\/producto\/un-mundo-de-solos\/#primaryimage"},"thumbnailUrl":"https:\/\/letrame.com\/catalogo\/wp-content\/uploads\/2024\/10\/unmundodesolos_61mm4.jpg","datePublished":"2024-10-23T13:20:14+00:00","breadcrumb":{"@id":"https:\/\/letrame.com\/catalogo\/producto\/un-mundo-de-solos\/#breadcrumb"},"inLanguage":"es","potentialAction":[{"@type":"ReadAction","target":["https:\/\/letrame.com\/catalogo\/producto\/un-mundo-de-solos\/"]}]},{"@type":"ImageObject","inLanguage":"es","@id":"https:\/\/letrame.com\/catalogo\/producto\/un-mundo-de-solos\/#primaryimage","url":"https:\/\/letrame.com\/catalogo\/wp-content\/uploads\/2024\/10\/unmundodesolos_61mm4.jpg","contentUrl":"https:\/\/letrame.com\/catalogo\/wp-content\/uploads\/2024\/10\/unmundodesolos_61mm4.jpg","width":1772,"height":2480},{"@type":"BreadcrumbList","@id":"https:\/\/letrame.com\/catalogo\/producto\/un-mundo-de-solos\/#breadcrumb","itemListElement":[{"@type":"ListItem","position":1,"name":"Portada","item":"https:\/\/letrame.com\/catalogo\/"},{"@type":"ListItem","position":2,"name":"Cat\u00e1logo","item":"https:\/\/letrame.com\/catalogo\/"},{"@type":"ListItem","position":3,"name":"Un mundo de solos"}]},{"@type":"WebSite","@id":"https:\/\/letrame.com\/catalogo\/#website","url":"https:\/\/letrame.com\/catalogo\/","name":"Catalogo | Letrame Grupo Editorial","description":"","publisher":{"@id":"https:\/\/letrame.com\/catalogo\/#organization"},"potentialAction":[{"@type":"SearchAction","target":{"@type":"EntryPoint","urlTemplate":"https:\/\/letrame.com\/catalogo\/?s={search_term_string}"},"query-input":{"@type":"PropertyValueSpecification","valueRequired":true,"valueName":"search_term_string"}}],"inLanguage":"es"},{"@type":"Organization","@id":"https:\/\/letrame.com\/catalogo\/#organization","name":"Catalogo | Letrame Grupo Editorial","url":"https:\/\/letrame.com\/catalogo\/","logo":{"@type":"ImageObject","inLanguage":"es","@id":"https:\/\/letrame.com\/catalogo\/#\/schema\/logo\/image\/","url":"https:\/\/letrame.com\/catalogo\/wp-content\/uploads\/2024\/03\/logo2.webp","contentUrl":"https:\/\/letrame.com\/catalogo\/wp-content\/uploads\/2024\/03\/logo2.webp","width":394,"height":128,"caption":"Catalogo | Letrame Grupo Editorial"},"image":{"@id":"https:\/\/letrame.com\/catalogo\/#\/schema\/logo\/image\/"}}]}},"_links":{"self":[{"href":"https:\/\/letrame.com\/catalogo\/wp-json\/wp\/v2\/product\/107157","targetHints":{"allow":["GET"]}}],"collection":[{"href":"https:\/\/letrame.com\/catalogo\/wp-json\/wp\/v2\/product"}],"about":[{"href":"https:\/\/letrame.com\/catalogo\/wp-json\/wp\/v2\/types\/product"}],"replies":[{"embeddable":true,"href":"https:\/\/letrame.com\/catalogo\/wp-json\/wp\/v2\/comments?post=107157"}],"acf:post":[{"embeddable":true,"href":"https:\/\/letrame.com\/catalogo\/wp-json\/wp\/v2\/author_book\/75440"}],"wp:featuredmedia":[{"embeddable":true,"href":"https:\/\/letrame.com\/catalogo\/wp-json\/wp\/v2\/media\/107159"}],"wp:attachment":[{"href":"https:\/\/letrame.com\/catalogo\/wp-json\/wp\/v2\/media?parent=107157"}],"wp:term":[{"taxonomy":"libro","embeddable":true,"href":"https:\/\/letrame.com\/catalogo\/wp-json\/wp\/v2\/libro?post=107157"},{"taxonomy":"product_brand","embeddable":true,"href":"https:\/\/letrame.com\/catalogo\/wp-json\/wp\/v2\/product_brand?post=107157"},{"taxonomy":"product_cat","embeddable":true,"href":"https:\/\/letrame.com\/catalogo\/wp-json\/wp\/v2\/product_cat?post=107157"},{"taxonomy":"product_tag","embeddable":true,"href":"https:\/\/letrame.com\/catalogo\/wp-json\/wp\/v2\/product_tag?post=107157"}],"curies":[{"name":"wp","href":"https:\/\/api.w.org\/{rel}","templated":true}]}}