{"id":107091,"date":"2024-10-22T12:42:41","date_gmt":"2024-10-22T10:42:41","guid":{"rendered":"https:\/\/letrame.com\/catalogo\/?post_type=product&#038;p=107091"},"modified":"2024-10-22T12:47:16","modified_gmt":"2024-10-22T10:47:16","slug":"una-mirada-diferente","status":"publish","type":"product","link":"https:\/\/letrame.com\/catalogo\/producto\/una-mirada-diferente\/","title":{"rendered":"Una mirada diferente"},"content":{"rendered":"<p class=\"p1\">ISBN: 9788410890749<\/p>\n<p class=\"p1\">T\u00edtulo: Una mirada diferente<br \/>\nFecha: 2024<br \/>\nP\u00e1ginas: 98<\/p>\n<p class=\"p1\">SINOPSIS<\/p>\n<p>\u00bfTe ha despertado alguna vez el olor a caf\u00e9 reci\u00e9n hecho?<br \/>\n\u00bfTe acabas de acordar de ese olor?<\/p>\n<p>\u00bfHas visualizado a alguien con tan s\u00f3lo oler su colonia andando por la calle?<br \/>\n\u00bfEscuchas una canci\u00f3n y te transporta a un momento determinado?<br \/>\n\u00bfHay alguna palabra en concreto que te haga reflexionar?<br \/>\n\u00bfEst\u00e1s rodeado de gente, pero a veces te sigues sintiendo solo?<br \/>\nTengo muchas preguntas y quiz\u00e1 no tantas respuestas, pero puede que, si lo enfocamos con una mirada diferente, cambie nuestra perspectiva o la forma de ver las cosas.<br \/>\nSoy Laura, actualmente tengo 36 a\u00f1os, soy mam\u00e1 de dos ni\u00f1os y, como toda mam\u00e1, soy un poco desastre.<br \/>\nComo a todos, me han partido el coraz\u00f3n de diferentes maneras en alguna ocasi\u00f3n.<br \/>\nY como todos, me he tenido que despedir de alguien.<\/p>\n<p>Esta es mi historia, quiz\u00e1 no es la peor, ni la mejor, ni la m\u00e1s corta, ni la m\u00e1s larga. Pero es m\u00eda, y quiz\u00e1 te puedas sentir identificado\/a con ella.<br \/>\nTodo empieza aqu\u00ed\u2026<\/p>\n<p>&nbsp;<\/p>\n","protected":false},"excerpt":{"rendered":"<p class=\"p1\">ISBN: 9788410890749<\/p>\n<p class=\"p1\">SINOPSIS<\/p>\n<p>\u00bfTe ha despertado alguna vez el olor a caf\u00e9 reci\u00e9n hecho?<br \/>\n\u00bfTe acabas de acordar de ese olor?<\/p>\n<p>\u00bfHas visualizado a alguien con tan s\u00f3lo oler su colonia andando por la calle?<br \/>\n\u00bfEscuchas una canci\u00f3n y te transporta a un momento determinado?<br \/>\n\u00bfHay alguna palabra en concreto que te haga reflexionar?<br \/>\n\u00bfEst\u00e1s rodeado de gente, pero a veces te sigues sintiendo solo?<br \/>\nTengo muchas preguntas y quiz\u00e1 no tantas respuestas, pero puede que, si lo enfocamos con una mirada diferente, cambie nuestra perspectiva o la forma de ver las cosas.<br \/>\nSoy Laura, actualmente tengo 36 a\u00f1os, soy mam\u00e1 de dos ni\u00f1os y, como toda mam\u00e1, soy un poco desastre.<br \/>\nComo a todos, me han partido el coraz\u00f3n de diferentes maneras en alguna ocasi\u00f3n.<br \/>\nY como todos, me he tenido que despedir de alguien.<\/p>\n<p>Esta es mi historia, quiz\u00e1 no es la peor, ni la mejor, ni la m\u00e1s corta, ni la m\u00e1s larga. Pero es m\u00eda, y quiz\u00e1 te puedas sentir identificado\/a con ella.<br \/>\nTodo empieza aqu\u00ed\u2026<\/p>\n<p>&nbsp;<\/p>\n","protected":false},"featured_media":107094,"comment_status":"open","ping_status":"closed","template":"","meta":{"_acf_changed":false},"libro":[],"product_brand":[],"product_cat":[30],"product_tag":[],"class_list":{"0":"post-107091","1":"product","2":"type-product","3":"status-publish","4":"has-post-thumbnail","6":"product_cat-desarrollo-personal-y-autoconocimiento","8":"first","9":"instock","10":"shipping-taxable","11":"product-type-simple"},"acf":{"autor":[107092],"enlace_de_compra":"https:\/\/amzn.to\/3AblB3J"},"yoast_head":"<!-- This site is optimized with the Yoast SEO plugin v27.4 - https:\/\/yoast.com\/product\/yoast-seo-wordpress\/ -->\n<title>Una mirada diferente - Catalogo | Letrame Grupo Editorial<\/title>\n<meta name=\"robots\" content=\"index, follow, max-snippet:-1, max-image-preview:large, max-video-preview:-1\" \/>\n<link rel=\"canonical\" href=\"https:\/\/letrame.com\/catalogo\/producto\/una-mirada-diferente\/\" \/>\n<meta property=\"og:locale\" content=\"es_ES\" \/>\n<meta property=\"og:type\" content=\"article\" \/>\n<meta property=\"og:title\" content=\"Una mirada diferente - Catalogo | Letrame Grupo Editorial\" \/>\n<meta property=\"og:description\" content=\"ISBN: 9788410890749 SINOPSIS \u00bfTe ha despertado alguna vez el olor a caf\u00e9 reci\u00e9n hecho? \u00bfTe acabas de acordar de ese olor?  \u00bfHas visualizado a alguien con tan s\u00f3lo oler su colonia andando por la calle? \u00bfEscuchas una canci\u00f3n y te transporta a un momento determinado? \u00bfHay alguna palabra en concreto que te haga reflexionar? \u00bfEst\u00e1s rodeado de gente, pero a veces te sigues sintiendo solo? Tengo muchas preguntas y quiz\u00e1 no tantas respuestas, pero puede que, si lo enfocamos con una mirada diferente, cambie nuestra perspectiva o la forma de ver las cosas. Soy Laura, actualmente tengo 36 a\u00f1os, soy mam\u00e1 de dos ni\u00f1os y, como toda mam\u00e1, soy un poco desastre. Como a todos, me han partido el coraz\u00f3n de diferentes maneras en alguna ocasi\u00f3n. Y como todos, me he tenido que despedir de alguien.  Esta es mi historia, quiz\u00e1 no es la peor, ni la mejor, ni la m\u00e1s corta, ni la m\u00e1s larga. Pero es m\u00eda, y quiz\u00e1 te puedas sentir identificado\/a con ella. Todo empieza aqu\u00ed\u2026  &nbsp;\" \/>\n<meta property=\"og:url\" content=\"https:\/\/letrame.com\/catalogo\/producto\/una-mirada-diferente\/\" \/>\n<meta property=\"og:site_name\" content=\"Catalogo | Letrame Grupo Editorial\" \/>\n<meta property=\"article:modified_time\" content=\"2024-10-22T10:47:16+00:00\" \/>\n<meta property=\"og:image\" content=\"https:\/\/letrame.com\/catalogo\/wp-content\/uploads\/2024\/10\/unamiradadiferente_56mmv4.pdf4_-717x1024.jpg\" \/>\n\t<meta property=\"og:image:width\" content=\"717\" \/>\n\t<meta property=\"og:image:height\" content=\"1024\" \/>\n\t<meta property=\"og:image:type\" content=\"image\/jpeg\" \/>\n<meta name=\"twitter:card\" content=\"summary_large_image\" \/>\n<meta name=\"twitter:label1\" content=\"Tiempo de lectura\" \/>\n\t<meta name=\"twitter:data1\" content=\"2 minutos\" \/>\n<script type=\"application\/ld+json\" class=\"yoast-schema-graph\">{\"@context\":\"https:\\\/\\\/schema.org\",\"@graph\":[{\"@type\":\"WebPage\",\"@id\":\"https:\\\/\\\/letrame.com\\\/catalogo\\\/producto\\\/una-mirada-diferente\\\/\",\"url\":\"https:\\\/\\\/letrame.com\\\/catalogo\\\/producto\\\/una-mirada-diferente\\\/\",\"name\":\"Una mirada diferente - Catalogo | Letrame Grupo Editorial\",\"isPartOf\":{\"@id\":\"https:\\\/\\\/letrame.com\\\/catalogo\\\/#website\"},\"primaryImageOfPage\":{\"@id\":\"https:\\\/\\\/letrame.com\\\/catalogo\\\/producto\\\/una-mirada-diferente\\\/#primaryimage\"},\"image\":{\"@id\":\"https:\\\/\\\/letrame.com\\\/catalogo\\\/producto\\\/una-mirada-diferente\\\/#primaryimage\"},\"thumbnailUrl\":\"https:\\\/\\\/letrame.com\\\/catalogo\\\/wp-content\\\/uploads\\\/2024\\\/10\\\/unamiradadiferente_56mmv4.pdf4_.jpg\",\"datePublished\":\"2024-10-22T10:42:41+00:00\",\"dateModified\":\"2024-10-22T10:47:16+00:00\",\"breadcrumb\":{\"@id\":\"https:\\\/\\\/letrame.com\\\/catalogo\\\/producto\\\/una-mirada-diferente\\\/#breadcrumb\"},\"inLanguage\":\"es\",\"potentialAction\":[{\"@type\":\"ReadAction\",\"target\":[\"https:\\\/\\\/letrame.com\\\/catalogo\\\/producto\\\/una-mirada-diferente\\\/\"]}]},{\"@type\":\"ImageObject\",\"inLanguage\":\"es\",\"@id\":\"https:\\\/\\\/letrame.com\\\/catalogo\\\/producto\\\/una-mirada-diferente\\\/#primaryimage\",\"url\":\"https:\\\/\\\/letrame.com\\\/catalogo\\\/wp-content\\\/uploads\\\/2024\\\/10\\\/unamiradadiferente_56mmv4.pdf4_.jpg\",\"contentUrl\":\"https:\\\/\\\/letrame.com\\\/catalogo\\\/wp-content\\\/uploads\\\/2024\\\/10\\\/unamiradadiferente_56mmv4.pdf4_.jpg\",\"width\":1654,\"height\":2362},{\"@type\":\"BreadcrumbList\",\"@id\":\"https:\\\/\\\/letrame.com\\\/catalogo\\\/producto\\\/una-mirada-diferente\\\/#breadcrumb\",\"itemListElement\":[{\"@type\":\"ListItem\",\"position\":1,\"name\":\"Portada\",\"item\":\"https:\\\/\\\/letrame.com\\\/catalogo\\\/\"},{\"@type\":\"ListItem\",\"position\":2,\"name\":\"Cat\u00e1logo\",\"item\":\"https:\\\/\\\/letrame.com\\\/catalogo\\\/\"},{\"@type\":\"ListItem\",\"position\":3,\"name\":\"Una mirada diferente\"}]},{\"@type\":\"WebSite\",\"@id\":\"https:\\\/\\\/letrame.com\\\/catalogo\\\/#website\",\"url\":\"https:\\\/\\\/letrame.com\\\/catalogo\\\/\",\"name\":\"Catalogo | Letrame Grupo Editorial\",\"description\":\"\",\"publisher\":{\"@id\":\"https:\\\/\\\/letrame.com\\\/catalogo\\\/#organization\"},\"potentialAction\":[{\"@type\":\"SearchAction\",\"target\":{\"@type\":\"EntryPoint\",\"urlTemplate\":\"https:\\\/\\\/letrame.com\\\/catalogo\\\/?s={search_term_string}\"},\"query-input\":{\"@type\":\"PropertyValueSpecification\",\"valueRequired\":true,\"valueName\":\"search_term_string\"}}],\"inLanguage\":\"es\"},{\"@type\":\"Organization\",\"@id\":\"https:\\\/\\\/letrame.com\\\/catalogo\\\/#organization\",\"name\":\"Catalogo | Letrame Grupo Editorial\",\"url\":\"https:\\\/\\\/letrame.com\\\/catalogo\\\/\",\"logo\":{\"@type\":\"ImageObject\",\"inLanguage\":\"es\",\"@id\":\"https:\\\/\\\/letrame.com\\\/catalogo\\\/#\\\/schema\\\/logo\\\/image\\\/\",\"url\":\"https:\\\/\\\/letrame.com\\\/catalogo\\\/wp-content\\\/uploads\\\/2024\\\/03\\\/logo2.webp\",\"contentUrl\":\"https:\\\/\\\/letrame.com\\\/catalogo\\\/wp-content\\\/uploads\\\/2024\\\/03\\\/logo2.webp\",\"width\":394,\"height\":128,\"caption\":\"Catalogo | Letrame Grupo Editorial\"},\"image\":{\"@id\":\"https:\\\/\\\/letrame.com\\\/catalogo\\\/#\\\/schema\\\/logo\\\/image\\\/\"}}]}<\/script>\n<!-- \/ Yoast SEO plugin. -->","yoast_head_json":{"title":"Una mirada diferente - Catalogo | Letrame Grupo Editorial","robots":{"index":"index","follow":"follow","max-snippet":"max-snippet:-1","max-image-preview":"max-image-preview:large","max-video-preview":"max-video-preview:-1"},"canonical":"https:\/\/letrame.com\/catalogo\/producto\/una-mirada-diferente\/","og_locale":"es_ES","og_type":"article","og_title":"Una mirada diferente - Catalogo | Letrame Grupo Editorial","og_description":"ISBN: 9788410890749 SINOPSIS \u00bfTe ha despertado alguna vez el olor a caf\u00e9 reci\u00e9n hecho? \u00bfTe acabas de acordar de ese olor?  \u00bfHas visualizado a alguien con tan s\u00f3lo oler su colonia andando por la calle? \u00bfEscuchas una canci\u00f3n y te transporta a un momento determinado? \u00bfHay alguna palabra en concreto que te haga reflexionar? \u00bfEst\u00e1s rodeado de gente, pero a veces te sigues sintiendo solo? Tengo muchas preguntas y quiz\u00e1 no tantas respuestas, pero puede que, si lo enfocamos con una mirada diferente, cambie nuestra perspectiva o la forma de ver las cosas. Soy Laura, actualmente tengo 36 a\u00f1os, soy mam\u00e1 de dos ni\u00f1os y, como toda mam\u00e1, soy un poco desastre. Como a todos, me han partido el coraz\u00f3n de diferentes maneras en alguna ocasi\u00f3n. Y como todos, me he tenido que despedir de alguien.  Esta es mi historia, quiz\u00e1 no es la peor, ni la mejor, ni la m\u00e1s corta, ni la m\u00e1s larga. Pero es m\u00eda, y quiz\u00e1 te puedas sentir identificado\/a con ella. Todo empieza aqu\u00ed\u2026  &nbsp;","og_url":"https:\/\/letrame.com\/catalogo\/producto\/una-mirada-diferente\/","og_site_name":"Catalogo | Letrame Grupo Editorial","article_modified_time":"2024-10-22T10:47:16+00:00","og_image":[{"width":717,"height":1024,"url":"https:\/\/letrame.com\/catalogo\/wp-content\/uploads\/2024\/10\/unamiradadiferente_56mmv4.pdf4_-717x1024.jpg","type":"image\/jpeg"}],"twitter_card":"summary_large_image","twitter_misc":{"Tiempo de lectura":"2 minutos"},"schema":{"@context":"https:\/\/schema.org","@graph":[{"@type":"WebPage","@id":"https:\/\/letrame.com\/catalogo\/producto\/una-mirada-diferente\/","url":"https:\/\/letrame.com\/catalogo\/producto\/una-mirada-diferente\/","name":"Una mirada diferente - Catalogo | Letrame Grupo Editorial","isPartOf":{"@id":"https:\/\/letrame.com\/catalogo\/#website"},"primaryImageOfPage":{"@id":"https:\/\/letrame.com\/catalogo\/producto\/una-mirada-diferente\/#primaryimage"},"image":{"@id":"https:\/\/letrame.com\/catalogo\/producto\/una-mirada-diferente\/#primaryimage"},"thumbnailUrl":"https:\/\/letrame.com\/catalogo\/wp-content\/uploads\/2024\/10\/unamiradadiferente_56mmv4.pdf4_.jpg","datePublished":"2024-10-22T10:42:41+00:00","dateModified":"2024-10-22T10:47:16+00:00","breadcrumb":{"@id":"https:\/\/letrame.com\/catalogo\/producto\/una-mirada-diferente\/#breadcrumb"},"inLanguage":"es","potentialAction":[{"@type":"ReadAction","target":["https:\/\/letrame.com\/catalogo\/producto\/una-mirada-diferente\/"]}]},{"@type":"ImageObject","inLanguage":"es","@id":"https:\/\/letrame.com\/catalogo\/producto\/una-mirada-diferente\/#primaryimage","url":"https:\/\/letrame.com\/catalogo\/wp-content\/uploads\/2024\/10\/unamiradadiferente_56mmv4.pdf4_.jpg","contentUrl":"https:\/\/letrame.com\/catalogo\/wp-content\/uploads\/2024\/10\/unamiradadiferente_56mmv4.pdf4_.jpg","width":1654,"height":2362},{"@type":"BreadcrumbList","@id":"https:\/\/letrame.com\/catalogo\/producto\/una-mirada-diferente\/#breadcrumb","itemListElement":[{"@type":"ListItem","position":1,"name":"Portada","item":"https:\/\/letrame.com\/catalogo\/"},{"@type":"ListItem","position":2,"name":"Cat\u00e1logo","item":"https:\/\/letrame.com\/catalogo\/"},{"@type":"ListItem","position":3,"name":"Una mirada diferente"}]},{"@type":"WebSite","@id":"https:\/\/letrame.com\/catalogo\/#website","url":"https:\/\/letrame.com\/catalogo\/","name":"Catalogo | Letrame Grupo Editorial","description":"","publisher":{"@id":"https:\/\/letrame.com\/catalogo\/#organization"},"potentialAction":[{"@type":"SearchAction","target":{"@type":"EntryPoint","urlTemplate":"https:\/\/letrame.com\/catalogo\/?s={search_term_string}"},"query-input":{"@type":"PropertyValueSpecification","valueRequired":true,"valueName":"search_term_string"}}],"inLanguage":"es"},{"@type":"Organization","@id":"https:\/\/letrame.com\/catalogo\/#organization","name":"Catalogo | Letrame Grupo Editorial","url":"https:\/\/letrame.com\/catalogo\/","logo":{"@type":"ImageObject","inLanguage":"es","@id":"https:\/\/letrame.com\/catalogo\/#\/schema\/logo\/image\/","url":"https:\/\/letrame.com\/catalogo\/wp-content\/uploads\/2024\/03\/logo2.webp","contentUrl":"https:\/\/letrame.com\/catalogo\/wp-content\/uploads\/2024\/03\/logo2.webp","width":394,"height":128,"caption":"Catalogo | Letrame Grupo Editorial"},"image":{"@id":"https:\/\/letrame.com\/catalogo\/#\/schema\/logo\/image\/"}}]}},"_links":{"self":[{"href":"https:\/\/letrame.com\/catalogo\/wp-json\/wp\/v2\/product\/107091","targetHints":{"allow":["GET"]}}],"collection":[{"href":"https:\/\/letrame.com\/catalogo\/wp-json\/wp\/v2\/product"}],"about":[{"href":"https:\/\/letrame.com\/catalogo\/wp-json\/wp\/v2\/types\/product"}],"replies":[{"embeddable":true,"href":"https:\/\/letrame.com\/catalogo\/wp-json\/wp\/v2\/comments?post=107091"}],"acf:post":[{"embeddable":true,"href":"https:\/\/letrame.com\/catalogo\/wp-json\/wp\/v2\/author_book\/107092"}],"wp:featuredmedia":[{"embeddable":true,"href":"https:\/\/letrame.com\/catalogo\/wp-json\/wp\/v2\/media\/107094"}],"wp:attachment":[{"href":"https:\/\/letrame.com\/catalogo\/wp-json\/wp\/v2\/media?parent=107091"}],"wp:term":[{"taxonomy":"libro","embeddable":true,"href":"https:\/\/letrame.com\/catalogo\/wp-json\/wp\/v2\/libro?post=107091"},{"taxonomy":"product_brand","embeddable":true,"href":"https:\/\/letrame.com\/catalogo\/wp-json\/wp\/v2\/product_brand?post=107091"},{"taxonomy":"product_cat","embeddable":true,"href":"https:\/\/letrame.com\/catalogo\/wp-json\/wp\/v2\/product_cat?post=107091"},{"taxonomy":"product_tag","embeddable":true,"href":"https:\/\/letrame.com\/catalogo\/wp-json\/wp\/v2\/product_tag?post=107091"}],"curies":[{"name":"wp","href":"https:\/\/api.w.org\/{rel}","templated":true}]}}