{"id":107027,"date":"2024-10-16T13:12:29","date_gmt":"2024-10-16T11:12:29","guid":{"rendered":"https:\/\/letrame.com\/catalogo\/?post_type=product&#038;p=107027"},"modified":"2024-10-16T13:16:28","modified_gmt":"2024-10-16T11:16:28","slug":"breve-ensayo-sobre-la-necesidad-de-responsabilidad-emocional","status":"publish","type":"product","link":"https:\/\/letrame.com\/catalogo\/producto\/breve-ensayo-sobre-la-necesidad-de-responsabilidad-emocional\/","title":{"rendered":"Breve ensayo sobre la necesidad de responsabilidad emocional"},"content":{"rendered":"<p class=\"p1\">ISBN: 9788410890121<\/p>\n<p class=\"p1\">T\u00edtulo: Breve ensayo sobre la necesidad de responsabilidad emocional<br \/>\nFecha: 2024<br \/>\nP\u00e1ginas: 64<\/p>\n<p class=\"p1\">SINOPSIS<\/p>\n<p>\u00bfCu\u00e1ntas veces ha terminado el d\u00eda y nos hemos preparado una infusi\u00f3n, nos hemos sentado en el sof\u00e1 y nos hemos parado a pensar acerca de nuestra actitud y si esta ha podido producir sentimientos negativos en alguien de nuestro alrededor? Esta es una cuesti\u00f3n clave en nuestra sociedad actual donde est\u00e1 en auge la responsabilidad afectiva.<br \/>\nA trav\u00e9s de este ensayo nos adentraremos por el pasaje de los diferentes conceptos sociales, como empat\u00eda, asertividad, sus caracter\u00edsticas en nuestra sociedad y c\u00f3mo su puesta en pr\u00e1ctica mediante las diferentes actividades que se trabajar\u00e1n puede llevarnos a desarrollar, de una manera pr\u00e1ctica, el concepto de responsabilidad afectiva.<br \/>\nDurante este trayecto se desarrollar\u00e1n estas virtudes de empat\u00eda, asertividad, responsabilidad afectiva, desde la visi\u00f3n de diferentes autores pasando desde Homero, hasta Virginia Woolf, donde podremos contemplar c\u00f3mo estas han ido cambiando a lo largo del tiempo y nos han hecho adaptarnos dentro de la sociedad en la que nos ha tocado vivir, desenvolvernos y ser capaces de mejorar cada d\u00eda sin morir en el intento, a pesar de la dram\u00e1tica de los autores describiendo al ser humano como nada que sea m\u00e1s agonizante que este.<\/p>\n","protected":false},"excerpt":{"rendered":"<p class=\"p1\">ISBN: 9788410890121<\/p>\n<p class=\"p1\">SINOPSIS<\/p>\n<p>\u00bfCu\u00e1ntas veces ha terminado el d\u00eda y nos hemos preparado una infusi\u00f3n, nos hemos sentado en el sof\u00e1 y nos hemos parado a pensar acerca de nuestra actitud y si esta ha podido producir sentimientos negativos en alguien de nuestro alrededor? Esta es una cuesti\u00f3n clave en nuestra sociedad actual donde est\u00e1 en auge la responsabilidad afectiva.<br \/>\nA trav\u00e9s de este ensayo nos adentraremos por el pasaje de los diferentes conceptos sociales, como empat\u00eda, asertividad, sus caracter\u00edsticas en nuestra sociedad y c\u00f3mo su puesta en pr\u00e1ctica mediante las diferentes actividades que se trabajar\u00e1n puede llevarnos a desarrollar, de una manera pr\u00e1ctica, el concepto de responsabilidad afectiva.<br \/>\nDurante este trayecto se desarrollar\u00e1n estas virtudes de empat\u00eda, asertividad, responsabilidad afectiva, desde la visi\u00f3n de diferentes autores pasando desde Homero, hasta Virginia Woolf, donde podremos contemplar c\u00f3mo estas han ido cambiando a lo largo del tiempo y nos han hecho adaptarnos dentro de la sociedad en la que nos ha tocado vivir, desenvolvernos y ser capaces de mejorar cada d\u00eda sin morir en el intento, a pesar de la dram\u00e1tica de los autores describiendo al ser humano como nada que sea m\u00e1s agonizante que este.<\/p>\n","protected":false},"featured_media":107029,"comment_status":"open","ping_status":"closed","template":"","meta":{"_acf_changed":false},"libro":[],"product_brand":[],"product_cat":[23],"product_tag":[],"class_list":{"0":"post-107027","1":"product","2":"type-product","3":"status-publish","4":"has-post-thumbnail","6":"product_cat-ensayos","8":"first","9":"instock","10":"shipping-taxable","11":"product-type-simple"},"acf":{"autor":[107028],"enlace_de_compra":"https:\/\/amzn.to\/4eQy4J9"},"yoast_head":"<!-- This site is optimized with the Yoast SEO plugin v26.6 - https:\/\/yoast.com\/wordpress\/plugins\/seo\/ -->\n<title>Breve ensayo sobre la necesidad de responsabilidad emocional - Catalogo | Letrame Grupo Editorial<\/title>\n<meta name=\"robots\" content=\"index, follow, max-snippet:-1, max-image-preview:large, max-video-preview:-1\" \/>\n<link rel=\"canonical\" href=\"https:\/\/letrame.com\/catalogo\/producto\/breve-ensayo-sobre-la-necesidad-de-responsabilidad-emocional\/\" \/>\n<meta property=\"og:locale\" content=\"es_ES\" \/>\n<meta property=\"og:type\" content=\"article\" \/>\n<meta property=\"og:title\" content=\"Breve ensayo sobre la necesidad de responsabilidad emocional - Catalogo | Letrame Grupo Editorial\" \/>\n<meta property=\"og:description\" content=\"ISBN: 9788410890121 SINOPSIS \u00bfCu\u00e1ntas veces ha terminado el d\u00eda y nos hemos preparado una infusi\u00f3n, nos hemos sentado en el sof\u00e1 y nos hemos parado a pensar acerca de nuestra actitud y si esta ha podido producir sentimientos negativos en alguien de nuestro alrededor? Esta es una cuesti\u00f3n clave en nuestra sociedad actual donde est\u00e1 en auge la responsabilidad afectiva. A trav\u00e9s de este ensayo nos adentraremos por el pasaje de los diferentes conceptos sociales, como empat\u00eda, asertividad, sus caracter\u00edsticas en nuestra sociedad y c\u00f3mo su puesta en pr\u00e1ctica mediante las diferentes actividades que se trabajar\u00e1n puede llevarnos a desarrollar, de una manera pr\u00e1ctica, el concepto de responsabilidad afectiva. Durante este trayecto se desarrollar\u00e1n estas virtudes de empat\u00eda, asertividad, responsabilidad afectiva, desde la visi\u00f3n de diferentes autores pasando desde Homero, hasta Virginia Woolf, donde podremos contemplar c\u00f3mo estas han ido cambiando a lo largo del tiempo y nos han hecho adaptarnos dentro de la sociedad en la que nos ha tocado vivir, desenvolvernos y ser capaces de mejorar cada d\u00eda sin morir en el intento, a pesar de la dram\u00e1tica de los autores describiendo al ser humano como nada que sea m\u00e1s agonizante que este.\" \/>\n<meta property=\"og:url\" content=\"https:\/\/letrame.com\/catalogo\/producto\/breve-ensayo-sobre-la-necesidad-de-responsabilidad-emocional\/\" \/>\n<meta property=\"og:site_name\" content=\"Catalogo | Letrame Grupo Editorial\" \/>\n<meta property=\"article:modified_time\" content=\"2024-10-16T11:16:28+00:00\" \/>\n<meta property=\"og:image\" content=\"https:\/\/letrame.com\/catalogo\/wp-content\/uploads\/2024\/10\/breveensayo_44mm4.jpg\" \/>\n\t<meta property=\"og:image:width\" content=\"1748\" \/>\n\t<meta property=\"og:image:height\" content=\"2480\" \/>\n\t<meta property=\"og:image:type\" content=\"image\/jpeg\" \/>\n<meta name=\"twitter:card\" content=\"summary_large_image\" \/>\n<meta name=\"twitter:label1\" content=\"Tiempo de lectura\" \/>\n\t<meta name=\"twitter:data1\" content=\"2 minutos\" \/>\n<script type=\"application\/ld+json\" class=\"yoast-schema-graph\">{\"@context\":\"https:\/\/schema.org\",\"@graph\":[{\"@type\":\"WebPage\",\"@id\":\"https:\/\/letrame.com\/catalogo\/producto\/breve-ensayo-sobre-la-necesidad-de-responsabilidad-emocional\/\",\"url\":\"https:\/\/letrame.com\/catalogo\/producto\/breve-ensayo-sobre-la-necesidad-de-responsabilidad-emocional\/\",\"name\":\"Breve ensayo sobre la necesidad de responsabilidad emocional - Catalogo | Letrame Grupo Editorial\",\"isPartOf\":{\"@id\":\"https:\/\/letrame.com\/catalogo\/#website\"},\"primaryImageOfPage\":{\"@id\":\"https:\/\/letrame.com\/catalogo\/producto\/breve-ensayo-sobre-la-necesidad-de-responsabilidad-emocional\/#primaryimage\"},\"image\":{\"@id\":\"https:\/\/letrame.com\/catalogo\/producto\/breve-ensayo-sobre-la-necesidad-de-responsabilidad-emocional\/#primaryimage\"},\"thumbnailUrl\":\"https:\/\/letrame.com\/catalogo\/wp-content\/uploads\/2024\/10\/breveensayo_44mm4.jpg\",\"datePublished\":\"2024-10-16T11:12:29+00:00\",\"dateModified\":\"2024-10-16T11:16:28+00:00\",\"breadcrumb\":{\"@id\":\"https:\/\/letrame.com\/catalogo\/producto\/breve-ensayo-sobre-la-necesidad-de-responsabilidad-emocional\/#breadcrumb\"},\"inLanguage\":\"es\",\"potentialAction\":[{\"@type\":\"ReadAction\",\"target\":[\"https:\/\/letrame.com\/catalogo\/producto\/breve-ensayo-sobre-la-necesidad-de-responsabilidad-emocional\/\"]}]},{\"@type\":\"ImageObject\",\"inLanguage\":\"es\",\"@id\":\"https:\/\/letrame.com\/catalogo\/producto\/breve-ensayo-sobre-la-necesidad-de-responsabilidad-emocional\/#primaryimage\",\"url\":\"https:\/\/letrame.com\/catalogo\/wp-content\/uploads\/2024\/10\/breveensayo_44mm4.jpg\",\"contentUrl\":\"https:\/\/letrame.com\/catalogo\/wp-content\/uploads\/2024\/10\/breveensayo_44mm4.jpg\",\"width\":1748,\"height\":2480},{\"@type\":\"BreadcrumbList\",\"@id\":\"https:\/\/letrame.com\/catalogo\/producto\/breve-ensayo-sobre-la-necesidad-de-responsabilidad-emocional\/#breadcrumb\",\"itemListElement\":[{\"@type\":\"ListItem\",\"position\":1,\"name\":\"Portada\",\"item\":\"https:\/\/letrame.com\/catalogo\/\"},{\"@type\":\"ListItem\",\"position\":2,\"name\":\"Cat\u00e1logo\",\"item\":\"https:\/\/letrame.com\/catalogo\/\"},{\"@type\":\"ListItem\",\"position\":3,\"name\":\"Breve ensayo sobre la necesidad de responsabilidad emocional\"}]},{\"@type\":\"WebSite\",\"@id\":\"https:\/\/letrame.com\/catalogo\/#website\",\"url\":\"https:\/\/letrame.com\/catalogo\/\",\"name\":\"Catalogo | Letrame Grupo Editorial\",\"description\":\"\",\"publisher\":{\"@id\":\"https:\/\/letrame.com\/catalogo\/#organization\"},\"potentialAction\":[{\"@type\":\"SearchAction\",\"target\":{\"@type\":\"EntryPoint\",\"urlTemplate\":\"https:\/\/letrame.com\/catalogo\/?s={search_term_string}\"},\"query-input\":{\"@type\":\"PropertyValueSpecification\",\"valueRequired\":true,\"valueName\":\"search_term_string\"}}],\"inLanguage\":\"es\"},{\"@type\":\"Organization\",\"@id\":\"https:\/\/letrame.com\/catalogo\/#organization\",\"name\":\"Catalogo | Letrame Grupo Editorial\",\"url\":\"https:\/\/letrame.com\/catalogo\/\",\"logo\":{\"@type\":\"ImageObject\",\"inLanguage\":\"es\",\"@id\":\"https:\/\/letrame.com\/catalogo\/#\/schema\/logo\/image\/\",\"url\":\"https:\/\/letrame.com\/catalogo\/wp-content\/uploads\/2024\/03\/logo2.webp\",\"contentUrl\":\"https:\/\/letrame.com\/catalogo\/wp-content\/uploads\/2024\/03\/logo2.webp\",\"width\":394,\"height\":128,\"caption\":\"Catalogo | Letrame Grupo Editorial\"},\"image\":{\"@id\":\"https:\/\/letrame.com\/catalogo\/#\/schema\/logo\/image\/\"}}]}<\/script>\n<!-- \/ Yoast SEO plugin. -->","yoast_head_json":{"title":"Breve ensayo sobre la necesidad de responsabilidad emocional - Catalogo | Letrame Grupo Editorial","robots":{"index":"index","follow":"follow","max-snippet":"max-snippet:-1","max-image-preview":"max-image-preview:large","max-video-preview":"max-video-preview:-1"},"canonical":"https:\/\/letrame.com\/catalogo\/producto\/breve-ensayo-sobre-la-necesidad-de-responsabilidad-emocional\/","og_locale":"es_ES","og_type":"article","og_title":"Breve ensayo sobre la necesidad de responsabilidad emocional - Catalogo | Letrame Grupo Editorial","og_description":"ISBN: 9788410890121 SINOPSIS \u00bfCu\u00e1ntas veces ha terminado el d\u00eda y nos hemos preparado una infusi\u00f3n, nos hemos sentado en el sof\u00e1 y nos hemos parado a pensar acerca de nuestra actitud y si esta ha podido producir sentimientos negativos en alguien de nuestro alrededor? Esta es una cuesti\u00f3n clave en nuestra sociedad actual donde est\u00e1 en auge la responsabilidad afectiva. A trav\u00e9s de este ensayo nos adentraremos por el pasaje de los diferentes conceptos sociales, como empat\u00eda, asertividad, sus caracter\u00edsticas en nuestra sociedad y c\u00f3mo su puesta en pr\u00e1ctica mediante las diferentes actividades que se trabajar\u00e1n puede llevarnos a desarrollar, de una manera pr\u00e1ctica, el concepto de responsabilidad afectiva. Durante este trayecto se desarrollar\u00e1n estas virtudes de empat\u00eda, asertividad, responsabilidad afectiva, desde la visi\u00f3n de diferentes autores pasando desde Homero, hasta Virginia Woolf, donde podremos contemplar c\u00f3mo estas han ido cambiando a lo largo del tiempo y nos han hecho adaptarnos dentro de la sociedad en la que nos ha tocado vivir, desenvolvernos y ser capaces de mejorar cada d\u00eda sin morir en el intento, a pesar de la dram\u00e1tica de los autores describiendo al ser humano como nada que sea m\u00e1s agonizante que este.","og_url":"https:\/\/letrame.com\/catalogo\/producto\/breve-ensayo-sobre-la-necesidad-de-responsabilidad-emocional\/","og_site_name":"Catalogo | Letrame Grupo Editorial","article_modified_time":"2024-10-16T11:16:28+00:00","og_image":[{"width":1748,"height":2480,"url":"https:\/\/letrame.com\/catalogo\/wp-content\/uploads\/2024\/10\/breveensayo_44mm4.jpg","type":"image\/jpeg"}],"twitter_card":"summary_large_image","twitter_misc":{"Tiempo de lectura":"2 minutos"},"schema":{"@context":"https:\/\/schema.org","@graph":[{"@type":"WebPage","@id":"https:\/\/letrame.com\/catalogo\/producto\/breve-ensayo-sobre-la-necesidad-de-responsabilidad-emocional\/","url":"https:\/\/letrame.com\/catalogo\/producto\/breve-ensayo-sobre-la-necesidad-de-responsabilidad-emocional\/","name":"Breve ensayo sobre la necesidad de responsabilidad emocional - Catalogo | Letrame Grupo Editorial","isPartOf":{"@id":"https:\/\/letrame.com\/catalogo\/#website"},"primaryImageOfPage":{"@id":"https:\/\/letrame.com\/catalogo\/producto\/breve-ensayo-sobre-la-necesidad-de-responsabilidad-emocional\/#primaryimage"},"image":{"@id":"https:\/\/letrame.com\/catalogo\/producto\/breve-ensayo-sobre-la-necesidad-de-responsabilidad-emocional\/#primaryimage"},"thumbnailUrl":"https:\/\/letrame.com\/catalogo\/wp-content\/uploads\/2024\/10\/breveensayo_44mm4.jpg","datePublished":"2024-10-16T11:12:29+00:00","dateModified":"2024-10-16T11:16:28+00:00","breadcrumb":{"@id":"https:\/\/letrame.com\/catalogo\/producto\/breve-ensayo-sobre-la-necesidad-de-responsabilidad-emocional\/#breadcrumb"},"inLanguage":"es","potentialAction":[{"@type":"ReadAction","target":["https:\/\/letrame.com\/catalogo\/producto\/breve-ensayo-sobre-la-necesidad-de-responsabilidad-emocional\/"]}]},{"@type":"ImageObject","inLanguage":"es","@id":"https:\/\/letrame.com\/catalogo\/producto\/breve-ensayo-sobre-la-necesidad-de-responsabilidad-emocional\/#primaryimage","url":"https:\/\/letrame.com\/catalogo\/wp-content\/uploads\/2024\/10\/breveensayo_44mm4.jpg","contentUrl":"https:\/\/letrame.com\/catalogo\/wp-content\/uploads\/2024\/10\/breveensayo_44mm4.jpg","width":1748,"height":2480},{"@type":"BreadcrumbList","@id":"https:\/\/letrame.com\/catalogo\/producto\/breve-ensayo-sobre-la-necesidad-de-responsabilidad-emocional\/#breadcrumb","itemListElement":[{"@type":"ListItem","position":1,"name":"Portada","item":"https:\/\/letrame.com\/catalogo\/"},{"@type":"ListItem","position":2,"name":"Cat\u00e1logo","item":"https:\/\/letrame.com\/catalogo\/"},{"@type":"ListItem","position":3,"name":"Breve ensayo sobre la necesidad de responsabilidad emocional"}]},{"@type":"WebSite","@id":"https:\/\/letrame.com\/catalogo\/#website","url":"https:\/\/letrame.com\/catalogo\/","name":"Catalogo | Letrame Grupo Editorial","description":"","publisher":{"@id":"https:\/\/letrame.com\/catalogo\/#organization"},"potentialAction":[{"@type":"SearchAction","target":{"@type":"EntryPoint","urlTemplate":"https:\/\/letrame.com\/catalogo\/?s={search_term_string}"},"query-input":{"@type":"PropertyValueSpecification","valueRequired":true,"valueName":"search_term_string"}}],"inLanguage":"es"},{"@type":"Organization","@id":"https:\/\/letrame.com\/catalogo\/#organization","name":"Catalogo | Letrame Grupo Editorial","url":"https:\/\/letrame.com\/catalogo\/","logo":{"@type":"ImageObject","inLanguage":"es","@id":"https:\/\/letrame.com\/catalogo\/#\/schema\/logo\/image\/","url":"https:\/\/letrame.com\/catalogo\/wp-content\/uploads\/2024\/03\/logo2.webp","contentUrl":"https:\/\/letrame.com\/catalogo\/wp-content\/uploads\/2024\/03\/logo2.webp","width":394,"height":128,"caption":"Catalogo | Letrame Grupo Editorial"},"image":{"@id":"https:\/\/letrame.com\/catalogo\/#\/schema\/logo\/image\/"}}]}},"_links":{"self":[{"href":"https:\/\/letrame.com\/catalogo\/wp-json\/wp\/v2\/product\/107027","targetHints":{"allow":["GET"]}}],"collection":[{"href":"https:\/\/letrame.com\/catalogo\/wp-json\/wp\/v2\/product"}],"about":[{"href":"https:\/\/letrame.com\/catalogo\/wp-json\/wp\/v2\/types\/product"}],"replies":[{"embeddable":true,"href":"https:\/\/letrame.com\/catalogo\/wp-json\/wp\/v2\/comments?post=107027"}],"acf:post":[{"embeddable":true,"href":"https:\/\/letrame.com\/catalogo\/wp-json\/wp\/v2\/author_book\/107028"}],"wp:featuredmedia":[{"embeddable":true,"href":"https:\/\/letrame.com\/catalogo\/wp-json\/wp\/v2\/media\/107029"}],"wp:attachment":[{"href":"https:\/\/letrame.com\/catalogo\/wp-json\/wp\/v2\/media?parent=107027"}],"wp:term":[{"taxonomy":"libro","embeddable":true,"href":"https:\/\/letrame.com\/catalogo\/wp-json\/wp\/v2\/libro?post=107027"},{"taxonomy":"product_brand","embeddable":true,"href":"https:\/\/letrame.com\/catalogo\/wp-json\/wp\/v2\/product_brand?post=107027"},{"taxonomy":"product_cat","embeddable":true,"href":"https:\/\/letrame.com\/catalogo\/wp-json\/wp\/v2\/product_cat?post=107027"},{"taxonomy":"product_tag","embeddable":true,"href":"https:\/\/letrame.com\/catalogo\/wp-json\/wp\/v2\/product_tag?post=107027"}],"curies":[{"name":"wp","href":"https:\/\/api.w.org\/{rel}","templated":true}]}}