{"id":106976,"date":"2024-10-15T14:47:08","date_gmt":"2024-10-15T12:47:08","guid":{"rendered":"https:\/\/letrame.com\/catalogo\/?post_type=product&#038;p=106976"},"modified":"2024-10-15T14:49:51","modified_gmt":"2024-10-15T12:49:51","slug":"palabras-con-un-toque-de-amor","status":"publish","type":"product","link":"https:\/\/letrame.com\/catalogo\/producto\/palabras-con-un-toque-de-amor\/","title":{"rendered":"Palabras con un toque de amor"},"content":{"rendered":"<p class=\"p1\">ISBN: 9788410686731<\/p>\n<p class=\"p1\">T\u00edtulo: Palabras con un toque de amor<br \/>\nFecha: 2024<br \/>\nP\u00e1ginas: 82<\/p>\n<p class=\"p1\">SINOPSIS<\/p>\n<p>Palabras con un toque de amor, palabras convertidas en poemas, que invitan al amor, a recordar con nostalgia, a cerrar ciclos, comprender lo incomprendido, a vivir creando historias en el coraz\u00f3n.<br \/>\nConoce historias, vivencias o ilusiones de sentimiento profundo, pero tambi\u00e9n de intensa alegr\u00eda.<\/p>\n<p>Con estas palabras sentir\u00e1s amor y brotar\u00e1n las l\u00e1grimas, porque con el sentimiento que emana de cada uno de sus versos, sentir\u00e1s que est\u00e1n llenos de irracionalidad, de sue\u00f1os, de vivencias.<br \/>\nEmociones que solo t\u00fa podr\u00e1s sentir al verter la energ\u00eda de las palabras en ti.<br \/>\nC\u00f3mo no dedicar parte del d\u00eda a escribir, si con ello, le doy vida a mi vivir.<br \/>\nTe invito a conocer el d\u00eda a d\u00eda de historias alegres, pero tambi\u00e9n de vidas incomprendidas.<\/p>\n<p>Sue\u00f1o, este libro fue un sue\u00f1o hace tiempo, este libro se ve\u00eda lejano en el firmamento y hoy, estoy que no me lo creo. Te invito a conocer lo que brota de mi coraz\u00f3n deseoso de ser le\u00eddo, por aquellos que a veces necesitan consuelo, o tal vez puro amor, para que se derritan sus penas y se conviertan en sue\u00f1os llenos de pasi\u00f3n.<\/p>\n<p>Te invito a perseguir tus sue\u00f1os volando entre palabras. Palabras que te dar\u00e1n un concepto de vida distinto a aquellos que solo viven a momentos.<\/p>\n<p>Te invito a degustar de estos bellos y sensibles poemas, hechos de sentimiento, vestidos de reflexi\u00f3n, dedicados al d\u00eda a d\u00eda, y a temas tan humanos y variados como: Mi vida, Mirada, La paz, Nadie, Fortuna, Hast\u00edo, Sorpresa y Sacrificio\u2026 y hasta\u2026 \u00d1a\u00f1aras, que, literalmente, nos deja sin palabras, por lo que la inspirada autora puede concluir: \u00abSoy todo lo que quiero ser, para cerrar este primer libro con una expresi\u00f3n luminosa con: \u00abLa sonrisa que me da tu vida\u00bb\u00bb.<\/p>\n<p>\u00a1A disfrutar!<\/p>\n","protected":false},"excerpt":{"rendered":"<p class=\"p1\">ISBN: 9788410686731<\/p>\n<p class=\"p1\">SINOPSIS<\/p>\n<p>Palabras con un toque de amor, palabras convertidas en poemas, que invitan al amor, a recordar con nostalgia, a cerrar ciclos, comprender lo incomprendido, a vivir creando historias en el coraz\u00f3n.<br \/>\nConoce historias, vivencias o ilusiones de sentimiento profundo, pero tambi\u00e9n de intensa alegr\u00eda.<\/p>\n<p>Con estas palabras sentir\u00e1s amor y brotar\u00e1n las l\u00e1grimas, porque con el sentimiento que emana de cada uno de sus versos, sentir\u00e1s que est\u00e1n llenos de irracionalidad, de sue\u00f1os, de vivencias.<br \/>\nEmociones que solo t\u00fa podr\u00e1s sentir al verter la energ\u00eda de las palabras en ti.<br \/>\nC\u00f3mo no dedicar parte del d\u00eda a escribir, si con ello, le doy vida a mi vivir.<br \/>\nTe invito a conocer el d\u00eda a d\u00eda de historias alegres, pero tambi\u00e9n de vidas incomprendidas.<\/p>\n<p>Sue\u00f1o, este libro fue un sue\u00f1o hace tiempo, este libro se ve\u00eda lejano en el firmamento y hoy, estoy que no me lo creo. Te invito a conocer lo que brota de mi coraz\u00f3n deseoso de ser le\u00eddo, por aquellos que a veces necesitan consuelo, o tal vez puro amor, para que se derritan sus penas y se conviertan en sue\u00f1os llenos de pasi\u00f3n.<\/p>\n<p>Te invito a perseguir tus sue\u00f1os volando entre palabras. Palabras que te dar\u00e1n un concepto de vida distinto a aquellos que solo viven a momentos.<\/p>\n<p>Te invito a degustar de estos bellos y sensibles poemas, hechos de sentimiento, vestidos de reflexi\u00f3n, dedicados al d\u00eda a d\u00eda, y a temas tan humanos y variados como: Mi vida, Mirada, La paz, Nadie, Fortuna, Hast\u00edo, Sorpresa y Sacrificio\u2026 y hasta\u2026 \u00d1a\u00f1aras, que, literalmente, nos deja sin palabras, por lo que la inspirada autora puede concluir: \u00abSoy todo lo que quiero ser, para cerrar este primer libro con una expresi\u00f3n luminosa con: \u00abLa sonrisa que me da tu vida\u00bb\u00bb.<\/p>\n<p>\u00a1A disfrutar!<\/p>\n","protected":false},"featured_media":106979,"comment_status":"open","ping_status":"closed","template":"","meta":{"_acf_changed":false},"libro":[],"product_brand":[],"product_cat":[15],"product_tag":[],"class_list":{"0":"post-106976","1":"product","2":"type-product","3":"status-publish","4":"has-post-thumbnail","6":"product_cat-sin-categorizar","8":"first","9":"instock","10":"shipping-taxable","11":"product-type-simple"},"acf":{"autor":[106975],"enlace_de_compra":"https:\/\/amzn.to\/4f6BqY3"},"yoast_head":"<!-- This site is optimized with the Yoast SEO plugin v26.6 - https:\/\/yoast.com\/wordpress\/plugins\/seo\/ -->\n<title>Palabras con un toque de amor - Catalogo | Letrame Grupo Editorial<\/title>\n<meta name=\"robots\" content=\"index, follow, max-snippet:-1, max-image-preview:large, max-video-preview:-1\" \/>\n<link rel=\"canonical\" href=\"https:\/\/letrame.com\/catalogo\/producto\/palabras-con-un-toque-de-amor\/\" \/>\n<meta property=\"og:locale\" content=\"es_ES\" \/>\n<meta property=\"og:type\" content=\"article\" \/>\n<meta property=\"og:title\" content=\"Palabras con un toque de amor - Catalogo | Letrame Grupo Editorial\" \/>\n<meta property=\"og:description\" content=\"ISBN: 9788410686731 SINOPSIS Palabras con un toque de amor, palabras convertidas en poemas, que invitan al amor, a recordar con nostalgia, a cerrar ciclos, comprender lo incomprendido, a vivir creando historias en el coraz\u00f3n. Conoce historias, vivencias o ilusiones de sentimiento profundo, pero tambi\u00e9n de intensa alegr\u00eda.  Con estas palabras sentir\u00e1s amor y brotar\u00e1n las l\u00e1grimas, porque con el sentimiento que emana de cada uno de sus versos, sentir\u00e1s que est\u00e1n llenos de irracionalidad, de sue\u00f1os, de vivencias. Emociones que solo t\u00fa podr\u00e1s sentir al verter la energ\u00eda de las palabras en ti. C\u00f3mo no dedicar parte del d\u00eda a escribir, si con ello, le doy vida a mi vivir. Te invito a conocer el d\u00eda a d\u00eda de historias alegres, pero tambi\u00e9n de vidas incomprendidas.  Sue\u00f1o, este libro fue un sue\u00f1o hace tiempo, este libro se ve\u00eda lejano en el firmamento y hoy, estoy que no me lo creo. Te invito a conocer lo que brota de mi coraz\u00f3n deseoso de ser le\u00eddo, por aquellos que a veces necesitan consuelo, o tal vez puro amor, para que se derritan sus penas y se conviertan en sue\u00f1os llenos de pasi\u00f3n.  Te invito a perseguir tus sue\u00f1os volando entre palabras. Palabras que te dar\u00e1n un concepto de vida distinto a aquellos que solo viven a momentos.  Te invito a degustar de estos bellos y sensibles poemas, hechos de sentimiento, vestidos de reflexi\u00f3n, dedicados al d\u00eda a d\u00eda, y a temas tan humanos y variados como: Mi vida, Mirada, La paz, Nadie, Fortuna, Hast\u00edo, Sorpresa y Sacrificio\u2026 y hasta\u2026 \u00d1a\u00f1aras, que, literalmente, nos deja sin palabras, por lo que la inspirada autora puede concluir: &quot;Soy todo lo que quiero ser, para cerrar este primer libro con una expresi\u00f3n luminosa con: &quot;La sonrisa que me da tu vida&quot;&quot;.  \u00a1A disfrutar!\" \/>\n<meta property=\"og:url\" content=\"https:\/\/letrame.com\/catalogo\/producto\/palabras-con-un-toque-de-amor\/\" \/>\n<meta property=\"og:site_name\" content=\"Catalogo | Letrame Grupo Editorial\" \/>\n<meta property=\"article:modified_time\" content=\"2024-10-15T12:49:51+00:00\" \/>\n<meta property=\"og:image\" content=\"https:\/\/letrame.com\/catalogo\/wp-content\/uploads\/2024\/10\/palabrasconuntoque_485mm4.jpg\" \/>\n\t<meta property=\"og:image:width\" content=\"1594\" \/>\n\t<meta property=\"og:image:height\" content=\"2303\" \/>\n\t<meta property=\"og:image:type\" content=\"image\/jpeg\" \/>\n<meta name=\"twitter:card\" content=\"summary_large_image\" \/>\n<meta name=\"twitter:label1\" content=\"Tiempo de lectura\" \/>\n\t<meta name=\"twitter:data1\" content=\"2 minutos\" \/>\n<script type=\"application\/ld+json\" class=\"yoast-schema-graph\">{\"@context\":\"https:\/\/schema.org\",\"@graph\":[{\"@type\":\"WebPage\",\"@id\":\"https:\/\/letrame.com\/catalogo\/producto\/palabras-con-un-toque-de-amor\/\",\"url\":\"https:\/\/letrame.com\/catalogo\/producto\/palabras-con-un-toque-de-amor\/\",\"name\":\"Palabras con un toque de amor - Catalogo | Letrame Grupo Editorial\",\"isPartOf\":{\"@id\":\"https:\/\/letrame.com\/catalogo\/#website\"},\"primaryImageOfPage\":{\"@id\":\"https:\/\/letrame.com\/catalogo\/producto\/palabras-con-un-toque-de-amor\/#primaryimage\"},\"image\":{\"@id\":\"https:\/\/letrame.com\/catalogo\/producto\/palabras-con-un-toque-de-amor\/#primaryimage\"},\"thumbnailUrl\":\"https:\/\/letrame.com\/catalogo\/wp-content\/uploads\/2024\/10\/palabrasconuntoque_485mm4.jpg\",\"datePublished\":\"2024-10-15T12:47:08+00:00\",\"dateModified\":\"2024-10-15T12:49:51+00:00\",\"breadcrumb\":{\"@id\":\"https:\/\/letrame.com\/catalogo\/producto\/palabras-con-un-toque-de-amor\/#breadcrumb\"},\"inLanguage\":\"es\",\"potentialAction\":[{\"@type\":\"ReadAction\",\"target\":[\"https:\/\/letrame.com\/catalogo\/producto\/palabras-con-un-toque-de-amor\/\"]}]},{\"@type\":\"ImageObject\",\"inLanguage\":\"es\",\"@id\":\"https:\/\/letrame.com\/catalogo\/producto\/palabras-con-un-toque-de-amor\/#primaryimage\",\"url\":\"https:\/\/letrame.com\/catalogo\/wp-content\/uploads\/2024\/10\/palabrasconuntoque_485mm4.jpg\",\"contentUrl\":\"https:\/\/letrame.com\/catalogo\/wp-content\/uploads\/2024\/10\/palabrasconuntoque_485mm4.jpg\",\"width\":1594,\"height\":2303},{\"@type\":\"BreadcrumbList\",\"@id\":\"https:\/\/letrame.com\/catalogo\/producto\/palabras-con-un-toque-de-amor\/#breadcrumb\",\"itemListElement\":[{\"@type\":\"ListItem\",\"position\":1,\"name\":\"Portada\",\"item\":\"https:\/\/letrame.com\/catalogo\/\"},{\"@type\":\"ListItem\",\"position\":2,\"name\":\"Cat\u00e1logo\",\"item\":\"https:\/\/letrame.com\/catalogo\/\"},{\"@type\":\"ListItem\",\"position\":3,\"name\":\"Palabras con un toque de amor\"}]},{\"@type\":\"WebSite\",\"@id\":\"https:\/\/letrame.com\/catalogo\/#website\",\"url\":\"https:\/\/letrame.com\/catalogo\/\",\"name\":\"Catalogo | Letrame Grupo Editorial\",\"description\":\"\",\"publisher\":{\"@id\":\"https:\/\/letrame.com\/catalogo\/#organization\"},\"potentialAction\":[{\"@type\":\"SearchAction\",\"target\":{\"@type\":\"EntryPoint\",\"urlTemplate\":\"https:\/\/letrame.com\/catalogo\/?s={search_term_string}\"},\"query-input\":{\"@type\":\"PropertyValueSpecification\",\"valueRequired\":true,\"valueName\":\"search_term_string\"}}],\"inLanguage\":\"es\"},{\"@type\":\"Organization\",\"@id\":\"https:\/\/letrame.com\/catalogo\/#organization\",\"name\":\"Catalogo | Letrame Grupo Editorial\",\"url\":\"https:\/\/letrame.com\/catalogo\/\",\"logo\":{\"@type\":\"ImageObject\",\"inLanguage\":\"es\",\"@id\":\"https:\/\/letrame.com\/catalogo\/#\/schema\/logo\/image\/\",\"url\":\"https:\/\/letrame.com\/catalogo\/wp-content\/uploads\/2024\/03\/logo2.webp\",\"contentUrl\":\"https:\/\/letrame.com\/catalogo\/wp-content\/uploads\/2024\/03\/logo2.webp\",\"width\":394,\"height\":128,\"caption\":\"Catalogo | Letrame Grupo Editorial\"},\"image\":{\"@id\":\"https:\/\/letrame.com\/catalogo\/#\/schema\/logo\/image\/\"}}]}<\/script>\n<!-- \/ Yoast SEO plugin. -->","yoast_head_json":{"title":"Palabras con un toque de amor - Catalogo | Letrame Grupo Editorial","robots":{"index":"index","follow":"follow","max-snippet":"max-snippet:-1","max-image-preview":"max-image-preview:large","max-video-preview":"max-video-preview:-1"},"canonical":"https:\/\/letrame.com\/catalogo\/producto\/palabras-con-un-toque-de-amor\/","og_locale":"es_ES","og_type":"article","og_title":"Palabras con un toque de amor - Catalogo | Letrame Grupo Editorial","og_description":"ISBN: 9788410686731 SINOPSIS Palabras con un toque de amor, palabras convertidas en poemas, que invitan al amor, a recordar con nostalgia, a cerrar ciclos, comprender lo incomprendido, a vivir creando historias en el coraz\u00f3n. Conoce historias, vivencias o ilusiones de sentimiento profundo, pero tambi\u00e9n de intensa alegr\u00eda.  Con estas palabras sentir\u00e1s amor y brotar\u00e1n las l\u00e1grimas, porque con el sentimiento que emana de cada uno de sus versos, sentir\u00e1s que est\u00e1n llenos de irracionalidad, de sue\u00f1os, de vivencias. Emociones que solo t\u00fa podr\u00e1s sentir al verter la energ\u00eda de las palabras en ti. C\u00f3mo no dedicar parte del d\u00eda a escribir, si con ello, le doy vida a mi vivir. Te invito a conocer el d\u00eda a d\u00eda de historias alegres, pero tambi\u00e9n de vidas incomprendidas.  Sue\u00f1o, este libro fue un sue\u00f1o hace tiempo, este libro se ve\u00eda lejano en el firmamento y hoy, estoy que no me lo creo. Te invito a conocer lo que brota de mi coraz\u00f3n deseoso de ser le\u00eddo, por aquellos que a veces necesitan consuelo, o tal vez puro amor, para que se derritan sus penas y se conviertan en sue\u00f1os llenos de pasi\u00f3n.  Te invito a perseguir tus sue\u00f1os volando entre palabras. Palabras que te dar\u00e1n un concepto de vida distinto a aquellos que solo viven a momentos.  Te invito a degustar de estos bellos y sensibles poemas, hechos de sentimiento, vestidos de reflexi\u00f3n, dedicados al d\u00eda a d\u00eda, y a temas tan humanos y variados como: Mi vida, Mirada, La paz, Nadie, Fortuna, Hast\u00edo, Sorpresa y Sacrificio\u2026 y hasta\u2026 \u00d1a\u00f1aras, que, literalmente, nos deja sin palabras, por lo que la inspirada autora puede concluir: \"Soy todo lo que quiero ser, para cerrar este primer libro con una expresi\u00f3n luminosa con: \"La sonrisa que me da tu vida\"\".  \u00a1A disfrutar!","og_url":"https:\/\/letrame.com\/catalogo\/producto\/palabras-con-un-toque-de-amor\/","og_site_name":"Catalogo | Letrame Grupo Editorial","article_modified_time":"2024-10-15T12:49:51+00:00","og_image":[{"width":1594,"height":2303,"url":"https:\/\/letrame.com\/catalogo\/wp-content\/uploads\/2024\/10\/palabrasconuntoque_485mm4.jpg","type":"image\/jpeg"}],"twitter_card":"summary_large_image","twitter_misc":{"Tiempo de lectura":"2 minutos"},"schema":{"@context":"https:\/\/schema.org","@graph":[{"@type":"WebPage","@id":"https:\/\/letrame.com\/catalogo\/producto\/palabras-con-un-toque-de-amor\/","url":"https:\/\/letrame.com\/catalogo\/producto\/palabras-con-un-toque-de-amor\/","name":"Palabras con un toque de amor - Catalogo | Letrame Grupo Editorial","isPartOf":{"@id":"https:\/\/letrame.com\/catalogo\/#website"},"primaryImageOfPage":{"@id":"https:\/\/letrame.com\/catalogo\/producto\/palabras-con-un-toque-de-amor\/#primaryimage"},"image":{"@id":"https:\/\/letrame.com\/catalogo\/producto\/palabras-con-un-toque-de-amor\/#primaryimage"},"thumbnailUrl":"https:\/\/letrame.com\/catalogo\/wp-content\/uploads\/2024\/10\/palabrasconuntoque_485mm4.jpg","datePublished":"2024-10-15T12:47:08+00:00","dateModified":"2024-10-15T12:49:51+00:00","breadcrumb":{"@id":"https:\/\/letrame.com\/catalogo\/producto\/palabras-con-un-toque-de-amor\/#breadcrumb"},"inLanguage":"es","potentialAction":[{"@type":"ReadAction","target":["https:\/\/letrame.com\/catalogo\/producto\/palabras-con-un-toque-de-amor\/"]}]},{"@type":"ImageObject","inLanguage":"es","@id":"https:\/\/letrame.com\/catalogo\/producto\/palabras-con-un-toque-de-amor\/#primaryimage","url":"https:\/\/letrame.com\/catalogo\/wp-content\/uploads\/2024\/10\/palabrasconuntoque_485mm4.jpg","contentUrl":"https:\/\/letrame.com\/catalogo\/wp-content\/uploads\/2024\/10\/palabrasconuntoque_485mm4.jpg","width":1594,"height":2303},{"@type":"BreadcrumbList","@id":"https:\/\/letrame.com\/catalogo\/producto\/palabras-con-un-toque-de-amor\/#breadcrumb","itemListElement":[{"@type":"ListItem","position":1,"name":"Portada","item":"https:\/\/letrame.com\/catalogo\/"},{"@type":"ListItem","position":2,"name":"Cat\u00e1logo","item":"https:\/\/letrame.com\/catalogo\/"},{"@type":"ListItem","position":3,"name":"Palabras con un toque de amor"}]},{"@type":"WebSite","@id":"https:\/\/letrame.com\/catalogo\/#website","url":"https:\/\/letrame.com\/catalogo\/","name":"Catalogo | Letrame Grupo Editorial","description":"","publisher":{"@id":"https:\/\/letrame.com\/catalogo\/#organization"},"potentialAction":[{"@type":"SearchAction","target":{"@type":"EntryPoint","urlTemplate":"https:\/\/letrame.com\/catalogo\/?s={search_term_string}"},"query-input":{"@type":"PropertyValueSpecification","valueRequired":true,"valueName":"search_term_string"}}],"inLanguage":"es"},{"@type":"Organization","@id":"https:\/\/letrame.com\/catalogo\/#organization","name":"Catalogo | Letrame Grupo Editorial","url":"https:\/\/letrame.com\/catalogo\/","logo":{"@type":"ImageObject","inLanguage":"es","@id":"https:\/\/letrame.com\/catalogo\/#\/schema\/logo\/image\/","url":"https:\/\/letrame.com\/catalogo\/wp-content\/uploads\/2024\/03\/logo2.webp","contentUrl":"https:\/\/letrame.com\/catalogo\/wp-content\/uploads\/2024\/03\/logo2.webp","width":394,"height":128,"caption":"Catalogo | Letrame Grupo Editorial"},"image":{"@id":"https:\/\/letrame.com\/catalogo\/#\/schema\/logo\/image\/"}}]}},"_links":{"self":[{"href":"https:\/\/letrame.com\/catalogo\/wp-json\/wp\/v2\/product\/106976","targetHints":{"allow":["GET"]}}],"collection":[{"href":"https:\/\/letrame.com\/catalogo\/wp-json\/wp\/v2\/product"}],"about":[{"href":"https:\/\/letrame.com\/catalogo\/wp-json\/wp\/v2\/types\/product"}],"replies":[{"embeddable":true,"href":"https:\/\/letrame.com\/catalogo\/wp-json\/wp\/v2\/comments?post=106976"}],"acf:post":[{"embeddable":true,"href":"https:\/\/letrame.com\/catalogo\/wp-json\/wp\/v2\/author_book\/106975"}],"wp:featuredmedia":[{"embeddable":true,"href":"https:\/\/letrame.com\/catalogo\/wp-json\/wp\/v2\/media\/106979"}],"wp:attachment":[{"href":"https:\/\/letrame.com\/catalogo\/wp-json\/wp\/v2\/media?parent=106976"}],"wp:term":[{"taxonomy":"libro","embeddable":true,"href":"https:\/\/letrame.com\/catalogo\/wp-json\/wp\/v2\/libro?post=106976"},{"taxonomy":"product_brand","embeddable":true,"href":"https:\/\/letrame.com\/catalogo\/wp-json\/wp\/v2\/product_brand?post=106976"},{"taxonomy":"product_cat","embeddable":true,"href":"https:\/\/letrame.com\/catalogo\/wp-json\/wp\/v2\/product_cat?post=106976"},{"taxonomy":"product_tag","embeddable":true,"href":"https:\/\/letrame.com\/catalogo\/wp-json\/wp\/v2\/product_tag?post=106976"}],"curies":[{"name":"wp","href":"https:\/\/api.w.org\/{rel}","templated":true}]}}