{"id":106806,"date":"2024-09-30T14:39:00","date_gmt":"2024-09-30T12:39:00","guid":{"rendered":"https:\/\/letrame.com\/catalogo\/?post_type=product&#038;p=106806"},"modified":"2024-09-30T14:39:00","modified_gmt":"2024-09-30T12:39:00","slug":"rompiendo-cadenas","status":"publish","type":"product","link":"https:\/\/letrame.com\/catalogo\/producto\/rompiendo-cadenas\/","title":{"rendered":"Rompiendo cadenas"},"content":{"rendered":"<p class=\"p1\"><b>ISBN:<\/b> 978-84-1068-889-6<\/p>\n<p class=\"p1\"><b>T\u00edtulo:<\/b> Rompiendo cadenas<\/p>\n<p class=\"p1\"><b>A\u00f1o:\u00a0<\/b>2024<\/p>\n<p class=\"p1\"><b>P\u00e1ginas:<\/b> 166<\/p>\n<p class=\"p1\"><b>SINOPSIS<\/b><\/p>\n<p>Soy Lizdalia Genoveva Magurno Cisneros y quiero compartir con ustedes <em>Rompiendo cadenas: Gu\u00eda para salir de una relaci\u00f3n t\u00f3xica<\/em>, una obra reveladora y profundamente conmovedora. Este libro es una luz de esperanza para todas aquellas personas atrapadas en la oscuridad de relaciones abusivas y destructivas.<\/p>\n<p>En la primera parte, exploro el contexto hist\u00f3rico y social de la violencia de g\u00e9nero, proporcionando una visi\u00f3n anal\u00edtica y comprensiva de este fen\u00f3meno a trav\u00e9s de la historia. Con testimonios impactantes y casos espec\u00edficos, expongo las diversas formas en que la violencia puede manifestarse, ayudando al lector a entender que no est\u00e1n solos en su lucha.<\/p>\n<p>La segunda parte se convierte en una gu\u00eda pr\u00e1ctica y accesible para quienes desean liberarse de relaciones t\u00f3xicas. Desde el reconocimiento de los signos de toxicidad hasta la implementaci\u00f3n de un plan de acci\u00f3n y la sanaci\u00f3n emocional, ofrezco herramientas efectivas y estrategias adaptables para cada situaci\u00f3n. Enfatizo la importancia del autocuidado, la preparaci\u00f3n mental y emocional, y la construcci\u00f3n de una red de apoyo s\u00f3lida para asegurar una transici\u00f3n segura hacia una vida m\u00e1s saludable y plena.<\/p>\n<p>Con un enfoque emp\u00e1tico y alentador, <em>Rompiendo cadenas<\/em> no solo busca la liberaci\u00f3n de las cadenas de una relaci\u00f3n da\u00f1ina, sino tambi\u00e9n la reconstrucci\u00f3n de la autoestima y el desarrollo personal continuo. Destaco que pedir ayuda es un acto de valent\u00eda y amor propio, y proporciono recursos valiosos para mantener el progreso y evitar reca\u00eddas en patrones t\u00f3xicos.<\/p>\n<p>Este libro es un testimonio de resiliencia y un llamado a la acci\u00f3n para todas aquellas personas que buscan una vida libre de maltrato, llena de amor, respeto y bienestar. Los invito a emprender un valiente viaje hacia la libertad y la recuperaci\u00f3n emocional, ofreciendo esperanza y gu\u00eda en cada p\u00e1gina.<\/p>\n","protected":false},"excerpt":{"rendered":"<p class=\"p1\"><b>ISBN:<\/b> 978-84-1068-889-6<\/p>\n<p class=\"p1\">\n<p class=\"p1\"><b>SINOPSIS<\/b><\/p>\n<p>Soy Lizdalia Genoveva Magurno Cisneros y quiero compartir con ustedes <em>Rompiendo cadenas: Gu\u00eda para salir de una relaci\u00f3n t\u00f3xica<\/em>, una obra reveladora y profundamente conmovedora. Este libro es una luz de esperanza para todas aquellas personas atrapadas en la oscuridad de relaciones abusivas y destructivas.<\/p>\n<p>En la primera parte, exploro el contexto hist\u00f3rico y social de la violencia de g\u00e9nero, proporcionando una visi\u00f3n anal\u00edtica y comprensiva de este fen\u00f3meno a trav\u00e9s de la historia. Con testimonios impactantes y casos espec\u00edficos, expongo las diversas formas en que la violencia puede manifestarse, ayudando al lector a entender que no est\u00e1n solos en su lucha.<\/p>\n<p>La segunda parte se convierte en una gu\u00eda pr\u00e1ctica y accesible para quienes desean liberarse de relaciones t\u00f3xicas. Desde el reconocimiento de los signos de toxicidad hasta la implementaci\u00f3n de un plan de acci\u00f3n y la sanaci\u00f3n emocional, ofrezco herramientas efectivas y estrategias adaptables para cada situaci\u00f3n. Enfatizo la importancia del autocuidado, la preparaci\u00f3n mental y emocional, y la construcci\u00f3n de una red de apoyo s\u00f3lida para asegurar una transici\u00f3n segura hacia una vida m\u00e1s saludable y plena.<\/p>\n<p>Con un enfoque emp\u00e1tico y alentador, <em>Rompiendo cadenas<\/em> no solo busca la liberaci\u00f3n de las cadenas de una relaci\u00f3n da\u00f1ina, sino tambi\u00e9n la reconstrucci\u00f3n de la autoestima y el desarrollo personal continuo. Destaco que pedir ayuda es un acto de valent\u00eda y amor propio, y proporciono recursos valiosos para mantener el progreso y evitar reca\u00eddas en patrones t\u00f3xicos.<\/p>\n<p>Este libro es un testimonio de resiliencia y un llamado a la acci\u00f3n para todas aquellas personas que buscan una vida libre de maltrato, llena de amor, respeto y bienestar. Los invito a emprender un valiente viaje hacia la libertad y la recuperaci\u00f3n emocional, ofreciendo esperanza y gu\u00eda en cada p\u00e1gina.<\/p>\n","protected":false},"featured_media":106809,"comment_status":"open","ping_status":"closed","template":"","meta":{"_acf_changed":false},"libro":[],"product_brand":[],"product_cat":[18],"product_tag":[],"class_list":{"0":"post-106806","1":"product","2":"type-product","3":"status-publish","4":"has-post-thumbnail","6":"product_cat-autoayuda","8":"first","9":"instock","10":"shipping-taxable","11":"product-type-simple"},"acf":{"autor":[106805],"enlace_de_compra":"https:\/\/amzn.to\/3zurmJz"},"yoast_head":"<!-- This site is optimized with the Yoast SEO plugin v27.4 - https:\/\/yoast.com\/product\/yoast-seo-wordpress\/ -->\n<title>Rompiendo cadenas - Catalogo | Letrame Grupo Editorial<\/title>\n<meta name=\"robots\" content=\"index, follow, max-snippet:-1, max-image-preview:large, max-video-preview:-1\" \/>\n<link rel=\"canonical\" href=\"https:\/\/letrame.com\/catalogo\/producto\/rompiendo-cadenas\/\" \/>\n<meta property=\"og:locale\" content=\"es_ES\" \/>\n<meta property=\"og:type\" content=\"article\" \/>\n<meta property=\"og:title\" content=\"Rompiendo cadenas - Catalogo | Letrame Grupo Editorial\" \/>\n<meta property=\"og:description\" content=\"ISBN: 978-84-1068-889-6  SINOPSIS Soy Lizdalia Genoveva Magurno Cisneros y quiero compartir con ustedes Rompiendo cadenas: Gu\u00eda para salir de una relaci\u00f3n t\u00f3xica, una obra reveladora y profundamente conmovedora. Este libro es una luz de esperanza para todas aquellas personas atrapadas en la oscuridad de relaciones abusivas y destructivas.  En la primera parte, exploro el contexto hist\u00f3rico y social de la violencia de g\u00e9nero, proporcionando una visi\u00f3n anal\u00edtica y comprensiva de este fen\u00f3meno a trav\u00e9s de la historia. Con testimonios impactantes y casos espec\u00edficos, expongo las diversas formas en que la violencia puede manifestarse, ayudando al lector a entender que no est\u00e1n solos en su lucha.  La segunda parte se convierte en una gu\u00eda pr\u00e1ctica y accesible para quienes desean liberarse de relaciones t\u00f3xicas. Desde el reconocimiento de los signos de toxicidad hasta la implementaci\u00f3n de un plan de acci\u00f3n y la sanaci\u00f3n emocional, ofrezco herramientas efectivas y estrategias adaptables para cada situaci\u00f3n. Enfatizo la importancia del autocuidado, la preparaci\u00f3n mental y emocional, y la construcci\u00f3n de una red de apoyo s\u00f3lida para asegurar una transici\u00f3n segura hacia una vida m\u00e1s saludable y plena.  Con un enfoque emp\u00e1tico y alentador, Rompiendo cadenas no solo busca la liberaci\u00f3n de las cadenas de una relaci\u00f3n da\u00f1ina, sino tambi\u00e9n la reconstrucci\u00f3n de la autoestima y el desarrollo personal continuo. Destaco que pedir ayuda es un acto de valent\u00eda y amor propio, y proporciono recursos valiosos para mantener el progreso y evitar reca\u00eddas en patrones t\u00f3xicos.  Este libro es un testimonio de resiliencia y un llamado a la acci\u00f3n para todas aquellas personas que buscan una vida libre de maltrato, llena de amor, respeto y bienestar. Los invito a emprender un valiente viaje hacia la libertad y la recuperaci\u00f3n emocional, ofreciendo esperanza y gu\u00eda en cada p\u00e1gina.\" \/>\n<meta property=\"og:url\" content=\"https:\/\/letrame.com\/catalogo\/producto\/rompiendo-cadenas\/\" \/>\n<meta property=\"og:site_name\" content=\"Catalogo | Letrame Grupo Editorial\" \/>\n<meta property=\"og:image\" content=\"https:\/\/letrame.com\/catalogo\/wp-content\/uploads\/2024\/09\/zrompiendocadenas_873mm4.jpg\" \/>\n\t<meta property=\"og:image:width\" content=\"550\" \/>\n\t<meta property=\"og:image:height\" content=\"780\" \/>\n\t<meta property=\"og:image:type\" content=\"image\/jpeg\" \/>\n<meta name=\"twitter:card\" content=\"summary_large_image\" \/>\n<meta name=\"twitter:label1\" content=\"Tiempo de lectura\" \/>\n\t<meta name=\"twitter:data1\" content=\"2 minutos\" \/>\n<script type=\"application\/ld+json\" class=\"yoast-schema-graph\">{\"@context\":\"https:\\\/\\\/schema.org\",\"@graph\":[{\"@type\":\"WebPage\",\"@id\":\"https:\\\/\\\/letrame.com\\\/catalogo\\\/producto\\\/rompiendo-cadenas\\\/\",\"url\":\"https:\\\/\\\/letrame.com\\\/catalogo\\\/producto\\\/rompiendo-cadenas\\\/\",\"name\":\"Rompiendo cadenas - Catalogo | Letrame Grupo Editorial\",\"isPartOf\":{\"@id\":\"https:\\\/\\\/letrame.com\\\/catalogo\\\/#website\"},\"primaryImageOfPage\":{\"@id\":\"https:\\\/\\\/letrame.com\\\/catalogo\\\/producto\\\/rompiendo-cadenas\\\/#primaryimage\"},\"image\":{\"@id\":\"https:\\\/\\\/letrame.com\\\/catalogo\\\/producto\\\/rompiendo-cadenas\\\/#primaryimage\"},\"thumbnailUrl\":\"https:\\\/\\\/letrame.com\\\/catalogo\\\/wp-content\\\/uploads\\\/2024\\\/09\\\/zrompiendocadenas_873mm4.jpg\",\"datePublished\":\"2024-09-30T12:39:00+00:00\",\"breadcrumb\":{\"@id\":\"https:\\\/\\\/letrame.com\\\/catalogo\\\/producto\\\/rompiendo-cadenas\\\/#breadcrumb\"},\"inLanguage\":\"es\",\"potentialAction\":[{\"@type\":\"ReadAction\",\"target\":[\"https:\\\/\\\/letrame.com\\\/catalogo\\\/producto\\\/rompiendo-cadenas\\\/\"]}]},{\"@type\":\"ImageObject\",\"inLanguage\":\"es\",\"@id\":\"https:\\\/\\\/letrame.com\\\/catalogo\\\/producto\\\/rompiendo-cadenas\\\/#primaryimage\",\"url\":\"https:\\\/\\\/letrame.com\\\/catalogo\\\/wp-content\\\/uploads\\\/2024\\\/09\\\/zrompiendocadenas_873mm4.jpg\",\"contentUrl\":\"https:\\\/\\\/letrame.com\\\/catalogo\\\/wp-content\\\/uploads\\\/2024\\\/09\\\/zrompiendocadenas_873mm4.jpg\",\"width\":550,\"height\":780},{\"@type\":\"BreadcrumbList\",\"@id\":\"https:\\\/\\\/letrame.com\\\/catalogo\\\/producto\\\/rompiendo-cadenas\\\/#breadcrumb\",\"itemListElement\":[{\"@type\":\"ListItem\",\"position\":1,\"name\":\"Portada\",\"item\":\"https:\\\/\\\/letrame.com\\\/catalogo\\\/\"},{\"@type\":\"ListItem\",\"position\":2,\"name\":\"Cat\u00e1logo\",\"item\":\"https:\\\/\\\/letrame.com\\\/catalogo\\\/\"},{\"@type\":\"ListItem\",\"position\":3,\"name\":\"Rompiendo cadenas\"}]},{\"@type\":\"WebSite\",\"@id\":\"https:\\\/\\\/letrame.com\\\/catalogo\\\/#website\",\"url\":\"https:\\\/\\\/letrame.com\\\/catalogo\\\/\",\"name\":\"Catalogo | Letrame Grupo Editorial\",\"description\":\"\",\"publisher\":{\"@id\":\"https:\\\/\\\/letrame.com\\\/catalogo\\\/#organization\"},\"potentialAction\":[{\"@type\":\"SearchAction\",\"target\":{\"@type\":\"EntryPoint\",\"urlTemplate\":\"https:\\\/\\\/letrame.com\\\/catalogo\\\/?s={search_term_string}\"},\"query-input\":{\"@type\":\"PropertyValueSpecification\",\"valueRequired\":true,\"valueName\":\"search_term_string\"}}],\"inLanguage\":\"es\"},{\"@type\":\"Organization\",\"@id\":\"https:\\\/\\\/letrame.com\\\/catalogo\\\/#organization\",\"name\":\"Catalogo | Letrame Grupo Editorial\",\"url\":\"https:\\\/\\\/letrame.com\\\/catalogo\\\/\",\"logo\":{\"@type\":\"ImageObject\",\"inLanguage\":\"es\",\"@id\":\"https:\\\/\\\/letrame.com\\\/catalogo\\\/#\\\/schema\\\/logo\\\/image\\\/\",\"url\":\"https:\\\/\\\/letrame.com\\\/catalogo\\\/wp-content\\\/uploads\\\/2024\\\/03\\\/logo2.webp\",\"contentUrl\":\"https:\\\/\\\/letrame.com\\\/catalogo\\\/wp-content\\\/uploads\\\/2024\\\/03\\\/logo2.webp\",\"width\":394,\"height\":128,\"caption\":\"Catalogo | Letrame Grupo Editorial\"},\"image\":{\"@id\":\"https:\\\/\\\/letrame.com\\\/catalogo\\\/#\\\/schema\\\/logo\\\/image\\\/\"}}]}<\/script>\n<!-- \/ Yoast SEO plugin. -->","yoast_head_json":{"title":"Rompiendo cadenas - Catalogo | Letrame Grupo Editorial","robots":{"index":"index","follow":"follow","max-snippet":"max-snippet:-1","max-image-preview":"max-image-preview:large","max-video-preview":"max-video-preview:-1"},"canonical":"https:\/\/letrame.com\/catalogo\/producto\/rompiendo-cadenas\/","og_locale":"es_ES","og_type":"article","og_title":"Rompiendo cadenas - Catalogo | Letrame Grupo Editorial","og_description":"ISBN: 978-84-1068-889-6  SINOPSIS Soy Lizdalia Genoveva Magurno Cisneros y quiero compartir con ustedes Rompiendo cadenas: Gu\u00eda para salir de una relaci\u00f3n t\u00f3xica, una obra reveladora y profundamente conmovedora. Este libro es una luz de esperanza para todas aquellas personas atrapadas en la oscuridad de relaciones abusivas y destructivas.  En la primera parte, exploro el contexto hist\u00f3rico y social de la violencia de g\u00e9nero, proporcionando una visi\u00f3n anal\u00edtica y comprensiva de este fen\u00f3meno a trav\u00e9s de la historia. Con testimonios impactantes y casos espec\u00edficos, expongo las diversas formas en que la violencia puede manifestarse, ayudando al lector a entender que no est\u00e1n solos en su lucha.  La segunda parte se convierte en una gu\u00eda pr\u00e1ctica y accesible para quienes desean liberarse de relaciones t\u00f3xicas. Desde el reconocimiento de los signos de toxicidad hasta la implementaci\u00f3n de un plan de acci\u00f3n y la sanaci\u00f3n emocional, ofrezco herramientas efectivas y estrategias adaptables para cada situaci\u00f3n. Enfatizo la importancia del autocuidado, la preparaci\u00f3n mental y emocional, y la construcci\u00f3n de una red de apoyo s\u00f3lida para asegurar una transici\u00f3n segura hacia una vida m\u00e1s saludable y plena.  Con un enfoque emp\u00e1tico y alentador, Rompiendo cadenas no solo busca la liberaci\u00f3n de las cadenas de una relaci\u00f3n da\u00f1ina, sino tambi\u00e9n la reconstrucci\u00f3n de la autoestima y el desarrollo personal continuo. Destaco que pedir ayuda es un acto de valent\u00eda y amor propio, y proporciono recursos valiosos para mantener el progreso y evitar reca\u00eddas en patrones t\u00f3xicos.  Este libro es un testimonio de resiliencia y un llamado a la acci\u00f3n para todas aquellas personas que buscan una vida libre de maltrato, llena de amor, respeto y bienestar. Los invito a emprender un valiente viaje hacia la libertad y la recuperaci\u00f3n emocional, ofreciendo esperanza y gu\u00eda en cada p\u00e1gina.","og_url":"https:\/\/letrame.com\/catalogo\/producto\/rompiendo-cadenas\/","og_site_name":"Catalogo | Letrame Grupo Editorial","og_image":[{"width":550,"height":780,"url":"https:\/\/letrame.com\/catalogo\/wp-content\/uploads\/2024\/09\/zrompiendocadenas_873mm4.jpg","type":"image\/jpeg"}],"twitter_card":"summary_large_image","twitter_misc":{"Tiempo de lectura":"2 minutos"},"schema":{"@context":"https:\/\/schema.org","@graph":[{"@type":"WebPage","@id":"https:\/\/letrame.com\/catalogo\/producto\/rompiendo-cadenas\/","url":"https:\/\/letrame.com\/catalogo\/producto\/rompiendo-cadenas\/","name":"Rompiendo cadenas - Catalogo | Letrame Grupo Editorial","isPartOf":{"@id":"https:\/\/letrame.com\/catalogo\/#website"},"primaryImageOfPage":{"@id":"https:\/\/letrame.com\/catalogo\/producto\/rompiendo-cadenas\/#primaryimage"},"image":{"@id":"https:\/\/letrame.com\/catalogo\/producto\/rompiendo-cadenas\/#primaryimage"},"thumbnailUrl":"https:\/\/letrame.com\/catalogo\/wp-content\/uploads\/2024\/09\/zrompiendocadenas_873mm4.jpg","datePublished":"2024-09-30T12:39:00+00:00","breadcrumb":{"@id":"https:\/\/letrame.com\/catalogo\/producto\/rompiendo-cadenas\/#breadcrumb"},"inLanguage":"es","potentialAction":[{"@type":"ReadAction","target":["https:\/\/letrame.com\/catalogo\/producto\/rompiendo-cadenas\/"]}]},{"@type":"ImageObject","inLanguage":"es","@id":"https:\/\/letrame.com\/catalogo\/producto\/rompiendo-cadenas\/#primaryimage","url":"https:\/\/letrame.com\/catalogo\/wp-content\/uploads\/2024\/09\/zrompiendocadenas_873mm4.jpg","contentUrl":"https:\/\/letrame.com\/catalogo\/wp-content\/uploads\/2024\/09\/zrompiendocadenas_873mm4.jpg","width":550,"height":780},{"@type":"BreadcrumbList","@id":"https:\/\/letrame.com\/catalogo\/producto\/rompiendo-cadenas\/#breadcrumb","itemListElement":[{"@type":"ListItem","position":1,"name":"Portada","item":"https:\/\/letrame.com\/catalogo\/"},{"@type":"ListItem","position":2,"name":"Cat\u00e1logo","item":"https:\/\/letrame.com\/catalogo\/"},{"@type":"ListItem","position":3,"name":"Rompiendo cadenas"}]},{"@type":"WebSite","@id":"https:\/\/letrame.com\/catalogo\/#website","url":"https:\/\/letrame.com\/catalogo\/","name":"Catalogo | Letrame Grupo Editorial","description":"","publisher":{"@id":"https:\/\/letrame.com\/catalogo\/#organization"},"potentialAction":[{"@type":"SearchAction","target":{"@type":"EntryPoint","urlTemplate":"https:\/\/letrame.com\/catalogo\/?s={search_term_string}"},"query-input":{"@type":"PropertyValueSpecification","valueRequired":true,"valueName":"search_term_string"}}],"inLanguage":"es"},{"@type":"Organization","@id":"https:\/\/letrame.com\/catalogo\/#organization","name":"Catalogo | Letrame Grupo Editorial","url":"https:\/\/letrame.com\/catalogo\/","logo":{"@type":"ImageObject","inLanguage":"es","@id":"https:\/\/letrame.com\/catalogo\/#\/schema\/logo\/image\/","url":"https:\/\/letrame.com\/catalogo\/wp-content\/uploads\/2024\/03\/logo2.webp","contentUrl":"https:\/\/letrame.com\/catalogo\/wp-content\/uploads\/2024\/03\/logo2.webp","width":394,"height":128,"caption":"Catalogo | Letrame Grupo Editorial"},"image":{"@id":"https:\/\/letrame.com\/catalogo\/#\/schema\/logo\/image\/"}}]}},"_links":{"self":[{"href":"https:\/\/letrame.com\/catalogo\/wp-json\/wp\/v2\/product\/106806","targetHints":{"allow":["GET"]}}],"collection":[{"href":"https:\/\/letrame.com\/catalogo\/wp-json\/wp\/v2\/product"}],"about":[{"href":"https:\/\/letrame.com\/catalogo\/wp-json\/wp\/v2\/types\/product"}],"replies":[{"embeddable":true,"href":"https:\/\/letrame.com\/catalogo\/wp-json\/wp\/v2\/comments?post=106806"}],"acf:post":[{"embeddable":true,"href":"https:\/\/letrame.com\/catalogo\/wp-json\/wp\/v2\/author_book\/106805"}],"wp:featuredmedia":[{"embeddable":true,"href":"https:\/\/letrame.com\/catalogo\/wp-json\/wp\/v2\/media\/106809"}],"wp:attachment":[{"href":"https:\/\/letrame.com\/catalogo\/wp-json\/wp\/v2\/media?parent=106806"}],"wp:term":[{"taxonomy":"libro","embeddable":true,"href":"https:\/\/letrame.com\/catalogo\/wp-json\/wp\/v2\/libro?post=106806"},{"taxonomy":"product_brand","embeddable":true,"href":"https:\/\/letrame.com\/catalogo\/wp-json\/wp\/v2\/product_brand?post=106806"},{"taxonomy":"product_cat","embeddable":true,"href":"https:\/\/letrame.com\/catalogo\/wp-json\/wp\/v2\/product_cat?post=106806"},{"taxonomy":"product_tag","embeddable":true,"href":"https:\/\/letrame.com\/catalogo\/wp-json\/wp\/v2\/product_tag?post=106806"}],"curies":[{"name":"wp","href":"https:\/\/api.w.org\/{rel}","templated":true}]}}