{"id":106772,"date":"2024-09-30T13:50:06","date_gmt":"2024-09-30T11:50:06","guid":{"rendered":"https:\/\/letrame.com\/catalogo\/?post_type=product&#038;p=106772"},"modified":"2024-09-30T13:51:50","modified_gmt":"2024-09-30T11:51:50","slug":"piedad","status":"publish","type":"product","link":"https:\/\/letrame.com\/catalogo\/producto\/piedad\/","title":{"rendered":"Piedad"},"content":{"rendered":"<p class=\"p1\"><b>ISBN:\u00a0<\/b>978-84-1068-878-0<\/p>\n<p class=\"p1\"><b>T\u00edtulo:\u00a0<\/b>Piedad<\/p>\n<p class=\"p1\"><b>A\u00f1o:<\/b>2024<\/p>\n<p class=\"p1\"><b>P\u00e1ginas:<\/b> 154<\/p>\n<p class=\"p1\"><b>SINOPSIS<\/b><\/p>\n<p>Luis, un profesor de historia que trabaja en la Universidad de Antioquia, conoce y se enamora de la tambi\u00e9n historiadora Piedad Fino. Cuando Piedad, que recibe amenazas e intimidaci\u00f3n debido a su labor como investigadora, desaparece en misteriosas circunstancias, Luis decide abandonar todas sus responsabilidades y emprender un viaje en su b\u00fasqueda, que comenzar\u00e1 en el municipio de Santa Fe de Antioquia.<\/p>\n<p>Una vez all\u00ed, una serie de pistas le llevar\u00e1 hasta un manuscrito que cuenta la historia de otro Luis, que vivi\u00f3 en la ciudad en el siglo XVII. Mientras realiza la transcripci\u00f3n del texto, el profesor se ver\u00e1 engullido por un caleidoscopio narrativo donde se funden pasado con presente y descendientes con ancestros para desvelar parte de la historia no escrita de esta regi\u00f3n, que la desaparecida Piedad puso tanto empe\u00f1o en desentra\u00f1ar.<\/p>\n","protected":false},"excerpt":{"rendered":"<p class=\"p1\"><b>ISBN:\u00a0<\/b>978-84-1068-878-0<\/p>\n<p class=\"p1\"><b>SINOPSIS<\/b><\/p>\n<p>Luis, un profesor de historia que trabaja en la Universidad de Antioquia, conoce y se enamora de la tambi\u00e9n historiadora Piedad Fino. Cuando Piedad, que recibe amenazas e intimidaci\u00f3n debido a su labor como investigadora, desaparece en misteriosas circunstancias, Luis decide abandonar todas sus responsabilidades y emprender un viaje en su b\u00fasqueda, que comenzar\u00e1 en el municipio de Santa Fe de Antioquia.<\/p>\n<p>Una vez all\u00ed, una serie de pistas le llevar\u00e1 hasta un manuscrito que cuenta la historia de otro Luis, que vivi\u00f3 en la ciudad en el siglo XVII. Mientras realiza la transcripci\u00f3n del texto, el profesor se ver\u00e1 engullido por un caleidoscopio narrativo donde se funden pasado con presente y descendientes con ancestros para desvelar parte de la historia no escrita de esta regi\u00f3n, que la desaparecida Piedad puso tanto empe\u00f1o en desentra\u00f1ar.<\/p>\n","protected":false},"featured_media":106774,"comment_status":"open","ping_status":"closed","template":"","meta":{"_acf_changed":false},"libro":[],"product_brand":[],"product_cat":[29],"product_tag":[],"class_list":{"0":"post-106772","1":"product","2":"type-product","3":"status-publish","4":"has-post-thumbnail","6":"product_cat-novela-historica","8":"first","9":"instock","10":"shipping-taxable","11":"product-type-simple"},"acf":{"autor":[106771],"enlace_de_compra":"https:\/\/amzn.to\/3zrJ5kU"},"yoast_head":"<!-- This site is optimized with the Yoast SEO plugin v26.6 - https:\/\/yoast.com\/wordpress\/plugins\/seo\/ -->\n<title>Piedad - Catalogo | Letrame Grupo Editorial<\/title>\n<meta name=\"robots\" content=\"index, follow, max-snippet:-1, max-image-preview:large, max-video-preview:-1\" \/>\n<link rel=\"canonical\" href=\"https:\/\/letrame.com\/catalogo\/producto\/piedad\/\" \/>\n<meta property=\"og:locale\" content=\"es_ES\" \/>\n<meta property=\"og:type\" content=\"article\" \/>\n<meta property=\"og:title\" content=\"Piedad - Catalogo | Letrame Grupo Editorial\" \/>\n<meta property=\"og:description\" content=\"ISBN:\u00a0978-84-1068-878-0 SINOPSIS Luis, un profesor de historia que trabaja en la Universidad de Antioquia, conoce y se enamora de la tambi\u00e9n historiadora Piedad Fino. Cuando Piedad, que recibe amenazas e intimidaci\u00f3n debido a su labor como investigadora, desaparece en misteriosas circunstancias, Luis decide abandonar todas sus responsabilidades y emprender un viaje en su b\u00fasqueda, que comenzar\u00e1 en el municipio de Santa Fe de Antioquia.  Una vez all\u00ed, una serie de pistas le llevar\u00e1 hasta un manuscrito que cuenta la historia de otro Luis, que vivi\u00f3 en la ciudad en el siglo XVII. Mientras realiza la transcripci\u00f3n del texto, el profesor se ver\u00e1 engullido por un caleidoscopio narrativo donde se funden pasado con presente y descendientes con ancestros para desvelar parte de la historia no escrita de esta regi\u00f3n, que la desaparecida Piedad puso tanto empe\u00f1o en desentra\u00f1ar.\" \/>\n<meta property=\"og:url\" content=\"https:\/\/letrame.com\/catalogo\/producto\/piedad\/\" \/>\n<meta property=\"og:site_name\" content=\"Catalogo | Letrame Grupo Editorial\" \/>\n<meta property=\"article:modified_time\" content=\"2024-09-30T11:51:50+00:00\" \/>\n<meta property=\"og:image\" content=\"https:\/\/letrame.com\/catalogo\/wp-content\/uploads\/2024\/09\/p_piedad_817mm.jpg\" \/>\n\t<meta property=\"og:image:width\" content=\"500\" \/>\n\t<meta property=\"og:image:height\" content=\"700\" \/>\n\t<meta property=\"og:image:type\" content=\"image\/jpeg\" \/>\n<meta name=\"twitter:card\" content=\"summary_large_image\" \/>\n<meta name=\"twitter:label1\" content=\"Tiempo de lectura\" \/>\n\t<meta name=\"twitter:data1\" content=\"1 minuto\" \/>\n<script type=\"application\/ld+json\" class=\"yoast-schema-graph\">{\"@context\":\"https:\/\/schema.org\",\"@graph\":[{\"@type\":\"WebPage\",\"@id\":\"https:\/\/letrame.com\/catalogo\/producto\/piedad\/\",\"url\":\"https:\/\/letrame.com\/catalogo\/producto\/piedad\/\",\"name\":\"Piedad - Catalogo | Letrame Grupo Editorial\",\"isPartOf\":{\"@id\":\"https:\/\/letrame.com\/catalogo\/#website\"},\"primaryImageOfPage\":{\"@id\":\"https:\/\/letrame.com\/catalogo\/producto\/piedad\/#primaryimage\"},\"image\":{\"@id\":\"https:\/\/letrame.com\/catalogo\/producto\/piedad\/#primaryimage\"},\"thumbnailUrl\":\"https:\/\/letrame.com\/catalogo\/wp-content\/uploads\/2024\/09\/p_piedad_817mm.jpg\",\"datePublished\":\"2024-09-30T11:50:06+00:00\",\"dateModified\":\"2024-09-30T11:51:50+00:00\",\"breadcrumb\":{\"@id\":\"https:\/\/letrame.com\/catalogo\/producto\/piedad\/#breadcrumb\"},\"inLanguage\":\"es\",\"potentialAction\":[{\"@type\":\"ReadAction\",\"target\":[\"https:\/\/letrame.com\/catalogo\/producto\/piedad\/\"]}]},{\"@type\":\"ImageObject\",\"inLanguage\":\"es\",\"@id\":\"https:\/\/letrame.com\/catalogo\/producto\/piedad\/#primaryimage\",\"url\":\"https:\/\/letrame.com\/catalogo\/wp-content\/uploads\/2024\/09\/p_piedad_817mm.jpg\",\"contentUrl\":\"https:\/\/letrame.com\/catalogo\/wp-content\/uploads\/2024\/09\/p_piedad_817mm.jpg\",\"width\":500,\"height\":700},{\"@type\":\"BreadcrumbList\",\"@id\":\"https:\/\/letrame.com\/catalogo\/producto\/piedad\/#breadcrumb\",\"itemListElement\":[{\"@type\":\"ListItem\",\"position\":1,\"name\":\"Portada\",\"item\":\"https:\/\/letrame.com\/catalogo\/\"},{\"@type\":\"ListItem\",\"position\":2,\"name\":\"Cat\u00e1logo\",\"item\":\"https:\/\/letrame.com\/catalogo\/\"},{\"@type\":\"ListItem\",\"position\":3,\"name\":\"Piedad\"}]},{\"@type\":\"WebSite\",\"@id\":\"https:\/\/letrame.com\/catalogo\/#website\",\"url\":\"https:\/\/letrame.com\/catalogo\/\",\"name\":\"Catalogo | Letrame Grupo Editorial\",\"description\":\"\",\"publisher\":{\"@id\":\"https:\/\/letrame.com\/catalogo\/#organization\"},\"potentialAction\":[{\"@type\":\"SearchAction\",\"target\":{\"@type\":\"EntryPoint\",\"urlTemplate\":\"https:\/\/letrame.com\/catalogo\/?s={search_term_string}\"},\"query-input\":{\"@type\":\"PropertyValueSpecification\",\"valueRequired\":true,\"valueName\":\"search_term_string\"}}],\"inLanguage\":\"es\"},{\"@type\":\"Organization\",\"@id\":\"https:\/\/letrame.com\/catalogo\/#organization\",\"name\":\"Catalogo | Letrame Grupo Editorial\",\"url\":\"https:\/\/letrame.com\/catalogo\/\",\"logo\":{\"@type\":\"ImageObject\",\"inLanguage\":\"es\",\"@id\":\"https:\/\/letrame.com\/catalogo\/#\/schema\/logo\/image\/\",\"url\":\"https:\/\/letrame.com\/catalogo\/wp-content\/uploads\/2024\/03\/logo2.webp\",\"contentUrl\":\"https:\/\/letrame.com\/catalogo\/wp-content\/uploads\/2024\/03\/logo2.webp\",\"width\":394,\"height\":128,\"caption\":\"Catalogo | Letrame Grupo Editorial\"},\"image\":{\"@id\":\"https:\/\/letrame.com\/catalogo\/#\/schema\/logo\/image\/\"}}]}<\/script>\n<!-- \/ Yoast SEO plugin. -->","yoast_head_json":{"title":"Piedad - Catalogo | Letrame Grupo Editorial","robots":{"index":"index","follow":"follow","max-snippet":"max-snippet:-1","max-image-preview":"max-image-preview:large","max-video-preview":"max-video-preview:-1"},"canonical":"https:\/\/letrame.com\/catalogo\/producto\/piedad\/","og_locale":"es_ES","og_type":"article","og_title":"Piedad - Catalogo | Letrame Grupo Editorial","og_description":"ISBN:\u00a0978-84-1068-878-0 SINOPSIS Luis, un profesor de historia que trabaja en la Universidad de Antioquia, conoce y se enamora de la tambi\u00e9n historiadora Piedad Fino. Cuando Piedad, que recibe amenazas e intimidaci\u00f3n debido a su labor como investigadora, desaparece en misteriosas circunstancias, Luis decide abandonar todas sus responsabilidades y emprender un viaje en su b\u00fasqueda, que comenzar\u00e1 en el municipio de Santa Fe de Antioquia.  Una vez all\u00ed, una serie de pistas le llevar\u00e1 hasta un manuscrito que cuenta la historia de otro Luis, que vivi\u00f3 en la ciudad en el siglo XVII. Mientras realiza la transcripci\u00f3n del texto, el profesor se ver\u00e1 engullido por un caleidoscopio narrativo donde se funden pasado con presente y descendientes con ancestros para desvelar parte de la historia no escrita de esta regi\u00f3n, que la desaparecida Piedad puso tanto empe\u00f1o en desentra\u00f1ar.","og_url":"https:\/\/letrame.com\/catalogo\/producto\/piedad\/","og_site_name":"Catalogo | Letrame Grupo Editorial","article_modified_time":"2024-09-30T11:51:50+00:00","og_image":[{"width":500,"height":700,"url":"https:\/\/letrame.com\/catalogo\/wp-content\/uploads\/2024\/09\/p_piedad_817mm.jpg","type":"image\/jpeg"}],"twitter_card":"summary_large_image","twitter_misc":{"Tiempo de lectura":"1 minuto"},"schema":{"@context":"https:\/\/schema.org","@graph":[{"@type":"WebPage","@id":"https:\/\/letrame.com\/catalogo\/producto\/piedad\/","url":"https:\/\/letrame.com\/catalogo\/producto\/piedad\/","name":"Piedad - Catalogo | Letrame Grupo Editorial","isPartOf":{"@id":"https:\/\/letrame.com\/catalogo\/#website"},"primaryImageOfPage":{"@id":"https:\/\/letrame.com\/catalogo\/producto\/piedad\/#primaryimage"},"image":{"@id":"https:\/\/letrame.com\/catalogo\/producto\/piedad\/#primaryimage"},"thumbnailUrl":"https:\/\/letrame.com\/catalogo\/wp-content\/uploads\/2024\/09\/p_piedad_817mm.jpg","datePublished":"2024-09-30T11:50:06+00:00","dateModified":"2024-09-30T11:51:50+00:00","breadcrumb":{"@id":"https:\/\/letrame.com\/catalogo\/producto\/piedad\/#breadcrumb"},"inLanguage":"es","potentialAction":[{"@type":"ReadAction","target":["https:\/\/letrame.com\/catalogo\/producto\/piedad\/"]}]},{"@type":"ImageObject","inLanguage":"es","@id":"https:\/\/letrame.com\/catalogo\/producto\/piedad\/#primaryimage","url":"https:\/\/letrame.com\/catalogo\/wp-content\/uploads\/2024\/09\/p_piedad_817mm.jpg","contentUrl":"https:\/\/letrame.com\/catalogo\/wp-content\/uploads\/2024\/09\/p_piedad_817mm.jpg","width":500,"height":700},{"@type":"BreadcrumbList","@id":"https:\/\/letrame.com\/catalogo\/producto\/piedad\/#breadcrumb","itemListElement":[{"@type":"ListItem","position":1,"name":"Portada","item":"https:\/\/letrame.com\/catalogo\/"},{"@type":"ListItem","position":2,"name":"Cat\u00e1logo","item":"https:\/\/letrame.com\/catalogo\/"},{"@type":"ListItem","position":3,"name":"Piedad"}]},{"@type":"WebSite","@id":"https:\/\/letrame.com\/catalogo\/#website","url":"https:\/\/letrame.com\/catalogo\/","name":"Catalogo | Letrame Grupo Editorial","description":"","publisher":{"@id":"https:\/\/letrame.com\/catalogo\/#organization"},"potentialAction":[{"@type":"SearchAction","target":{"@type":"EntryPoint","urlTemplate":"https:\/\/letrame.com\/catalogo\/?s={search_term_string}"},"query-input":{"@type":"PropertyValueSpecification","valueRequired":true,"valueName":"search_term_string"}}],"inLanguage":"es"},{"@type":"Organization","@id":"https:\/\/letrame.com\/catalogo\/#organization","name":"Catalogo | Letrame Grupo Editorial","url":"https:\/\/letrame.com\/catalogo\/","logo":{"@type":"ImageObject","inLanguage":"es","@id":"https:\/\/letrame.com\/catalogo\/#\/schema\/logo\/image\/","url":"https:\/\/letrame.com\/catalogo\/wp-content\/uploads\/2024\/03\/logo2.webp","contentUrl":"https:\/\/letrame.com\/catalogo\/wp-content\/uploads\/2024\/03\/logo2.webp","width":394,"height":128,"caption":"Catalogo | Letrame Grupo Editorial"},"image":{"@id":"https:\/\/letrame.com\/catalogo\/#\/schema\/logo\/image\/"}}]}},"_links":{"self":[{"href":"https:\/\/letrame.com\/catalogo\/wp-json\/wp\/v2\/product\/106772","targetHints":{"allow":["GET"]}}],"collection":[{"href":"https:\/\/letrame.com\/catalogo\/wp-json\/wp\/v2\/product"}],"about":[{"href":"https:\/\/letrame.com\/catalogo\/wp-json\/wp\/v2\/types\/product"}],"replies":[{"embeddable":true,"href":"https:\/\/letrame.com\/catalogo\/wp-json\/wp\/v2\/comments?post=106772"}],"acf:post":[{"embeddable":true,"href":"https:\/\/letrame.com\/catalogo\/wp-json\/wp\/v2\/author_book\/106771"}],"wp:featuredmedia":[{"embeddable":true,"href":"https:\/\/letrame.com\/catalogo\/wp-json\/wp\/v2\/media\/106774"}],"wp:attachment":[{"href":"https:\/\/letrame.com\/catalogo\/wp-json\/wp\/v2\/media?parent=106772"}],"wp:term":[{"taxonomy":"libro","embeddable":true,"href":"https:\/\/letrame.com\/catalogo\/wp-json\/wp\/v2\/libro?post=106772"},{"taxonomy":"product_brand","embeddable":true,"href":"https:\/\/letrame.com\/catalogo\/wp-json\/wp\/v2\/product_brand?post=106772"},{"taxonomy":"product_cat","embeddable":true,"href":"https:\/\/letrame.com\/catalogo\/wp-json\/wp\/v2\/product_cat?post=106772"},{"taxonomy":"product_tag","embeddable":true,"href":"https:\/\/letrame.com\/catalogo\/wp-json\/wp\/v2\/product_tag?post=106772"}],"curies":[{"name":"wp","href":"https:\/\/api.w.org\/{rel}","templated":true}]}}