{"id":106594,"date":"2024-09-20T13:29:42","date_gmt":"2024-09-20T11:29:42","guid":{"rendered":"https:\/\/letrame.com\/catalogo\/?post_type=product&#038;p=106594"},"modified":"2025-12-22T16:35:40","modified_gmt":"2025-12-22T15:35:40","slug":"la-rebelion-de-los-venxas","status":"publish","type":"product","link":"https:\/\/letrame.com\/catalogo\/producto\/la-rebelion-de-los-venxas\/","title":{"rendered":"La rebeli\u00f3n de los venxas. 2\u00ba Edici\u00f3n"},"content":{"rendered":"<div class=\"page\" title=\"Page 6\">\n<div class=\"layoutArea\">\n<div class=\"column\">\n<p>ISBN: 979-13-7012-760-2<\/p>\n<\/div>\n<\/div>\n<\/div>\n<p class=\"p1\">T\u00edtulo: La rebeli\u00f3n de los venxas<\/p>\n<p class=\"p1\">A\u00f1o: 2024<\/p>\n<p class=\"p1\">P\u00e1ginas: 256<\/p>\n<p class=\"p1\">SINOPSIS<\/p>\n<p><em>Dos venxas con un <\/em><\/p>\n<p><em>poder inigualable<\/em><\/p>\n<p><em>\u00a0<\/em>Hace muchos a\u00f1os, los venxas perdieron la guerra con los humanos, qued\u00e1ndose estos con su reino. Los venxas fueron enviados al exilio.<\/p>\n<p>Ahora todo cambia. Nuevos aliados. Secretos del pasado. Poderes extraordinarios.<\/p>\n<p>Dos viajes a lo desconocido.<\/p>\n<p>Kendra y sus tres compa\u00f1eros venxas, que viven en el exilio, se adentrar\u00e1n en un viaje lleno de aventuras, emociones y misterios.<\/p>\n<p>Elvia, una venxa solitaria con el poder de la ilusi\u00f3n, se une a un fant\u00e1stico viaje con un venxa noble, una humana prepotente y un gartai desconfiado. Descubrir\u00e1n el valor de la lealtad, la amistad y la traici\u00f3n.<\/p>\n<p>Ambos viajes con un \u00fanico fin: acabar de una vez por todas con el enemigo.<\/p>\n","protected":false},"excerpt":{"rendered":"<div class=\"page\" title=\"Page 6\">\n<div class=\"layoutArea\">\n<div class=\"column\">\n<p>ISBN: 979-13-7012-760-2<\/p>\n<\/div>\n<\/div>\n<\/div>\n<p class=\"p1\">SINOPSIS<\/p>\n<p><em>Dos venxas con un <\/em><\/p>\n<p><em>poder inigualable<\/em><\/p>\n<p><em>\u00a0<\/em>Hace muchos a\u00f1os, los venxas perdieron la guerra con los humanos, qued\u00e1ndose estos con su reino. Los venxas fueron enviados al exilio.<\/p>\n<p>Ahora todo cambia. Nuevos aliados. Secretos del pasado. Poderes extraordinarios.<\/p>\n<p>Dos viajes a lo desconocido.<\/p>\n<p>Kendra y sus tres compa\u00f1eros venxas, que viven en el exilio, se adentrar\u00e1n en un viaje lleno de aventuras, emociones y misterios.<\/p>\n<p>Elvia, una venxa solitaria con el poder de la ilusi\u00f3n, se une a un fant\u00e1stico viaje con un venxa noble, una humana prepotente y un gartai desconfiado. Descubrir\u00e1n el valor de la lealtad, la amistad y la traici\u00f3n.<\/p>\n<p>Ambos viajes con un \u00fanico fin: acabar de una vez por todas con el enemigo.<\/p>\n","protected":false},"featured_media":110128,"comment_status":"open","ping_status":"closed","template":"","meta":{"_acf_changed":false},"libro":[],"product_brand":[],"product_cat":[16],"product_tag":[],"class_list":{"0":"post-106594","1":"product","2":"type-product","3":"status-publish","4":"has-post-thumbnail","6":"product_cat-novela","8":"first","9":"instock","10":"shipping-taxable","11":"product-type-simple"},"acf":{"autor":[106584],"enlace_de_compra":"https:\/\/amzn.to\/3B5K6PO"},"yoast_head":"<!-- This site is optimized with the Yoast SEO plugin v26.6 - https:\/\/yoast.com\/wordpress\/plugins\/seo\/ -->\n<title>La rebeli\u00f3n de los venxas. 2\u00ba Edici\u00f3n - Catalogo | Letrame Grupo Editorial<\/title>\n<meta name=\"robots\" content=\"index, follow, max-snippet:-1, max-image-preview:large, max-video-preview:-1\" \/>\n<link rel=\"canonical\" href=\"https:\/\/letrame.com\/catalogo\/producto\/la-rebelion-de-los-venxas\/\" \/>\n<meta property=\"og:locale\" content=\"es_ES\" \/>\n<meta property=\"og:type\" content=\"article\" \/>\n<meta property=\"og:title\" content=\"La rebeli\u00f3n de los venxas. 2\u00ba Edici\u00f3n - Catalogo | Letrame Grupo Editorial\" \/>\n<meta property=\"og:description\" content=\"ISBN: 979-13-7012-760-2     SINOPSIS Dos venxas con un   poder inigualable  \u00a0Hace muchos a\u00f1os, los venxas perdieron la guerra con los humanos, qued\u00e1ndose estos con su reino. Los venxas fueron enviados al exilio.  Ahora todo cambia. Nuevos aliados. Secretos del pasado. Poderes extraordinarios.  Dos viajes a lo desconocido.  Kendra y sus tres compa\u00f1eros venxas, que viven en el exilio, se adentrar\u00e1n en un viaje lleno de aventuras, emociones y misterios.  Elvia, una venxa solitaria con el poder de la ilusi\u00f3n, se une a un fant\u00e1stico viaje con un venxa noble, una humana prepotente y un gartai desconfiado. Descubrir\u00e1n el valor de la lealtad, la amistad y la traici\u00f3n.  Ambos viajes con un \u00fanico fin: acabar de una vez por todas con el enemigo.\" \/>\n<meta property=\"og:url\" content=\"https:\/\/letrame.com\/catalogo\/producto\/la-rebelion-de-los-venxas\/\" \/>\n<meta property=\"og:site_name\" content=\"Catalogo | Letrame Grupo Editorial\" \/>\n<meta property=\"article:modified_time\" content=\"2025-12-22T15:35:40+00:00\" \/>\n<meta property=\"og:image\" content=\"https:\/\/letrame.com\/catalogo\/wp-content\/uploads\/2024\/09\/larebeliondelasvenxas_1288mm4.jpg\" \/>\n\t<meta property=\"og:image:width\" content=\"1772\" \/>\n\t<meta property=\"og:image:height\" content=\"2480\" \/>\n\t<meta property=\"og:image:type\" content=\"image\/jpeg\" \/>\n<meta name=\"twitter:card\" content=\"summary_large_image\" \/>\n<meta name=\"twitter:label1\" content=\"Tiempo de lectura\" \/>\n\t<meta name=\"twitter:data1\" content=\"1 minuto\" \/>\n<script type=\"application\/ld+json\" class=\"yoast-schema-graph\">{\"@context\":\"https:\/\/schema.org\",\"@graph\":[{\"@type\":\"WebPage\",\"@id\":\"https:\/\/letrame.com\/catalogo\/producto\/la-rebelion-de-los-venxas\/\",\"url\":\"https:\/\/letrame.com\/catalogo\/producto\/la-rebelion-de-los-venxas\/\",\"name\":\"La rebeli\u00f3n de los venxas. 2\u00ba Edici\u00f3n - Catalogo | Letrame Grupo Editorial\",\"isPartOf\":{\"@id\":\"https:\/\/letrame.com\/catalogo\/#website\"},\"primaryImageOfPage\":{\"@id\":\"https:\/\/letrame.com\/catalogo\/producto\/la-rebelion-de-los-venxas\/#primaryimage\"},\"image\":{\"@id\":\"https:\/\/letrame.com\/catalogo\/producto\/la-rebelion-de-los-venxas\/#primaryimage\"},\"thumbnailUrl\":\"https:\/\/letrame.com\/catalogo\/wp-content\/uploads\/2024\/09\/larebeliondelasvenxas_1288mm4.jpg\",\"datePublished\":\"2024-09-20T11:29:42+00:00\",\"dateModified\":\"2025-12-22T15:35:40+00:00\",\"breadcrumb\":{\"@id\":\"https:\/\/letrame.com\/catalogo\/producto\/la-rebelion-de-los-venxas\/#breadcrumb\"},\"inLanguage\":\"es\",\"potentialAction\":[{\"@type\":\"ReadAction\",\"target\":[\"https:\/\/letrame.com\/catalogo\/producto\/la-rebelion-de-los-venxas\/\"]}]},{\"@type\":\"ImageObject\",\"inLanguage\":\"es\",\"@id\":\"https:\/\/letrame.com\/catalogo\/producto\/la-rebelion-de-los-venxas\/#primaryimage\",\"url\":\"https:\/\/letrame.com\/catalogo\/wp-content\/uploads\/2024\/09\/larebeliondelasvenxas_1288mm4.jpg\",\"contentUrl\":\"https:\/\/letrame.com\/catalogo\/wp-content\/uploads\/2024\/09\/larebeliondelasvenxas_1288mm4.jpg\",\"width\":1772,\"height\":2480},{\"@type\":\"BreadcrumbList\",\"@id\":\"https:\/\/letrame.com\/catalogo\/producto\/la-rebelion-de-los-venxas\/#breadcrumb\",\"itemListElement\":[{\"@type\":\"ListItem\",\"position\":1,\"name\":\"Portada\",\"item\":\"https:\/\/letrame.com\/catalogo\/\"},{\"@type\":\"ListItem\",\"position\":2,\"name\":\"Cat\u00e1logo\",\"item\":\"https:\/\/letrame.com\/catalogo\/\"},{\"@type\":\"ListItem\",\"position\":3,\"name\":\"La rebeli\u00f3n de los venxas. 2\u00ba Edici\u00f3n\"}]},{\"@type\":\"WebSite\",\"@id\":\"https:\/\/letrame.com\/catalogo\/#website\",\"url\":\"https:\/\/letrame.com\/catalogo\/\",\"name\":\"Catalogo | Letrame Grupo Editorial\",\"description\":\"\",\"publisher\":{\"@id\":\"https:\/\/letrame.com\/catalogo\/#organization\"},\"potentialAction\":[{\"@type\":\"SearchAction\",\"target\":{\"@type\":\"EntryPoint\",\"urlTemplate\":\"https:\/\/letrame.com\/catalogo\/?s={search_term_string}\"},\"query-input\":{\"@type\":\"PropertyValueSpecification\",\"valueRequired\":true,\"valueName\":\"search_term_string\"}}],\"inLanguage\":\"es\"},{\"@type\":\"Organization\",\"@id\":\"https:\/\/letrame.com\/catalogo\/#organization\",\"name\":\"Catalogo | Letrame Grupo Editorial\",\"url\":\"https:\/\/letrame.com\/catalogo\/\",\"logo\":{\"@type\":\"ImageObject\",\"inLanguage\":\"es\",\"@id\":\"https:\/\/letrame.com\/catalogo\/#\/schema\/logo\/image\/\",\"url\":\"https:\/\/letrame.com\/catalogo\/wp-content\/uploads\/2024\/03\/logo2.webp\",\"contentUrl\":\"https:\/\/letrame.com\/catalogo\/wp-content\/uploads\/2024\/03\/logo2.webp\",\"width\":394,\"height\":128,\"caption\":\"Catalogo | Letrame Grupo Editorial\"},\"image\":{\"@id\":\"https:\/\/letrame.com\/catalogo\/#\/schema\/logo\/image\/\"}}]}<\/script>\n<!-- \/ Yoast SEO plugin. -->","yoast_head_json":{"title":"La rebeli\u00f3n de los venxas. 2\u00ba Edici\u00f3n - Catalogo | Letrame Grupo Editorial","robots":{"index":"index","follow":"follow","max-snippet":"max-snippet:-1","max-image-preview":"max-image-preview:large","max-video-preview":"max-video-preview:-1"},"canonical":"https:\/\/letrame.com\/catalogo\/producto\/la-rebelion-de-los-venxas\/","og_locale":"es_ES","og_type":"article","og_title":"La rebeli\u00f3n de los venxas. 2\u00ba Edici\u00f3n - Catalogo | Letrame Grupo Editorial","og_description":"ISBN: 979-13-7012-760-2     SINOPSIS Dos venxas con un   poder inigualable  \u00a0Hace muchos a\u00f1os, los venxas perdieron la guerra con los humanos, qued\u00e1ndose estos con su reino. Los venxas fueron enviados al exilio.  Ahora todo cambia. Nuevos aliados. Secretos del pasado. Poderes extraordinarios.  Dos viajes a lo desconocido.  Kendra y sus tres compa\u00f1eros venxas, que viven en el exilio, se adentrar\u00e1n en un viaje lleno de aventuras, emociones y misterios.  Elvia, una venxa solitaria con el poder de la ilusi\u00f3n, se une a un fant\u00e1stico viaje con un venxa noble, una humana prepotente y un gartai desconfiado. Descubrir\u00e1n el valor de la lealtad, la amistad y la traici\u00f3n.  Ambos viajes con un \u00fanico fin: acabar de una vez por todas con el enemigo.","og_url":"https:\/\/letrame.com\/catalogo\/producto\/la-rebelion-de-los-venxas\/","og_site_name":"Catalogo | Letrame Grupo Editorial","article_modified_time":"2025-12-22T15:35:40+00:00","og_image":[{"width":1772,"height":2480,"url":"https:\/\/letrame.com\/catalogo\/wp-content\/uploads\/2024\/09\/larebeliondelasvenxas_1288mm4.jpg","type":"image\/jpeg"}],"twitter_card":"summary_large_image","twitter_misc":{"Tiempo de lectura":"1 minuto"},"schema":{"@context":"https:\/\/schema.org","@graph":[{"@type":"WebPage","@id":"https:\/\/letrame.com\/catalogo\/producto\/la-rebelion-de-los-venxas\/","url":"https:\/\/letrame.com\/catalogo\/producto\/la-rebelion-de-los-venxas\/","name":"La rebeli\u00f3n de los venxas. 2\u00ba Edici\u00f3n - Catalogo | Letrame Grupo Editorial","isPartOf":{"@id":"https:\/\/letrame.com\/catalogo\/#website"},"primaryImageOfPage":{"@id":"https:\/\/letrame.com\/catalogo\/producto\/la-rebelion-de-los-venxas\/#primaryimage"},"image":{"@id":"https:\/\/letrame.com\/catalogo\/producto\/la-rebelion-de-los-venxas\/#primaryimage"},"thumbnailUrl":"https:\/\/letrame.com\/catalogo\/wp-content\/uploads\/2024\/09\/larebeliondelasvenxas_1288mm4.jpg","datePublished":"2024-09-20T11:29:42+00:00","dateModified":"2025-12-22T15:35:40+00:00","breadcrumb":{"@id":"https:\/\/letrame.com\/catalogo\/producto\/la-rebelion-de-los-venxas\/#breadcrumb"},"inLanguage":"es","potentialAction":[{"@type":"ReadAction","target":["https:\/\/letrame.com\/catalogo\/producto\/la-rebelion-de-los-venxas\/"]}]},{"@type":"ImageObject","inLanguage":"es","@id":"https:\/\/letrame.com\/catalogo\/producto\/la-rebelion-de-los-venxas\/#primaryimage","url":"https:\/\/letrame.com\/catalogo\/wp-content\/uploads\/2024\/09\/larebeliondelasvenxas_1288mm4.jpg","contentUrl":"https:\/\/letrame.com\/catalogo\/wp-content\/uploads\/2024\/09\/larebeliondelasvenxas_1288mm4.jpg","width":1772,"height":2480},{"@type":"BreadcrumbList","@id":"https:\/\/letrame.com\/catalogo\/producto\/la-rebelion-de-los-venxas\/#breadcrumb","itemListElement":[{"@type":"ListItem","position":1,"name":"Portada","item":"https:\/\/letrame.com\/catalogo\/"},{"@type":"ListItem","position":2,"name":"Cat\u00e1logo","item":"https:\/\/letrame.com\/catalogo\/"},{"@type":"ListItem","position":3,"name":"La rebeli\u00f3n de los venxas. 2\u00ba Edici\u00f3n"}]},{"@type":"WebSite","@id":"https:\/\/letrame.com\/catalogo\/#website","url":"https:\/\/letrame.com\/catalogo\/","name":"Catalogo | Letrame Grupo Editorial","description":"","publisher":{"@id":"https:\/\/letrame.com\/catalogo\/#organization"},"potentialAction":[{"@type":"SearchAction","target":{"@type":"EntryPoint","urlTemplate":"https:\/\/letrame.com\/catalogo\/?s={search_term_string}"},"query-input":{"@type":"PropertyValueSpecification","valueRequired":true,"valueName":"search_term_string"}}],"inLanguage":"es"},{"@type":"Organization","@id":"https:\/\/letrame.com\/catalogo\/#organization","name":"Catalogo | Letrame Grupo Editorial","url":"https:\/\/letrame.com\/catalogo\/","logo":{"@type":"ImageObject","inLanguage":"es","@id":"https:\/\/letrame.com\/catalogo\/#\/schema\/logo\/image\/","url":"https:\/\/letrame.com\/catalogo\/wp-content\/uploads\/2024\/03\/logo2.webp","contentUrl":"https:\/\/letrame.com\/catalogo\/wp-content\/uploads\/2024\/03\/logo2.webp","width":394,"height":128,"caption":"Catalogo | Letrame Grupo Editorial"},"image":{"@id":"https:\/\/letrame.com\/catalogo\/#\/schema\/logo\/image\/"}}]}},"_links":{"self":[{"href":"https:\/\/letrame.com\/catalogo\/wp-json\/wp\/v2\/product\/106594","targetHints":{"allow":["GET"]}}],"collection":[{"href":"https:\/\/letrame.com\/catalogo\/wp-json\/wp\/v2\/product"}],"about":[{"href":"https:\/\/letrame.com\/catalogo\/wp-json\/wp\/v2\/types\/product"}],"replies":[{"embeddable":true,"href":"https:\/\/letrame.com\/catalogo\/wp-json\/wp\/v2\/comments?post=106594"}],"acf:post":[{"embeddable":true,"href":"https:\/\/letrame.com\/catalogo\/wp-json\/wp\/v2\/author_book\/106584"}],"wp:featuredmedia":[{"embeddable":true,"href":"https:\/\/letrame.com\/catalogo\/wp-json\/wp\/v2\/media\/110128"}],"wp:attachment":[{"href":"https:\/\/letrame.com\/catalogo\/wp-json\/wp\/v2\/media?parent=106594"}],"wp:term":[{"taxonomy":"libro","embeddable":true,"href":"https:\/\/letrame.com\/catalogo\/wp-json\/wp\/v2\/libro?post=106594"},{"taxonomy":"product_brand","embeddable":true,"href":"https:\/\/letrame.com\/catalogo\/wp-json\/wp\/v2\/product_brand?post=106594"},{"taxonomy":"product_cat","embeddable":true,"href":"https:\/\/letrame.com\/catalogo\/wp-json\/wp\/v2\/product_cat?post=106594"},{"taxonomy":"product_tag","embeddable":true,"href":"https:\/\/letrame.com\/catalogo\/wp-json\/wp\/v2\/product_tag?post=106594"}],"curies":[{"name":"wp","href":"https:\/\/api.w.org\/{rel}","templated":true}]}}