{"id":106550,"date":"2024-09-20T12:41:48","date_gmt":"2024-09-20T10:41:48","guid":{"rendered":"https:\/\/letrame.com\/catalogo\/?post_type=product&#038;p=106550"},"modified":"2024-09-20T12:41:48","modified_gmt":"2024-09-20T10:41:48","slug":"derecho-eclesiastico-del-estado-ecuatoguineano","status":"publish","type":"product","link":"https:\/\/letrame.com\/catalogo\/producto\/derecho-eclesiastico-del-estado-ecuatoguineano\/","title":{"rendered":"Derecho eclesi\u00e1stico del estado Ecuatoguineano"},"content":{"rendered":"<div class=\"page\" title=\"Page 6\">\n<div class=\"layoutArea\">\n<div class=\"column\">\n<p>ISBN: 978-84-1068-849-0<\/p>\n<\/div>\n<\/div>\n<\/div>\n<p class=\"p1\">T\u00edtulo: Derecho eclesi\u00e1stico del estado ecuatoguineano<\/p>\n<p class=\"p1\">A\u00f1o: 2024<\/p>\n<p class=\"p1\">P\u00e1ginas: 128<\/p>\n<p class=\"p1\">SINOPSIS<\/p>\n<p>A lo largo de mi investigaci\u00f3n sobre las bases jur\u00eddicas del Acuerdo entre la Santa Sede y el Estado ecuatoguineano, tuve una gran dificultad: \u00a0La falta de doctrina, sistematizaci\u00f3n, escasa legislaci\u00f3n o de publicaciones sobre las leyes estatales que regulan el hecho o fen\u00f3meno religioso en Guinea Ecuatorial.<\/p>\n<p>Ante esta gran dificultad, he hecho de la necesidad virtud, escribiendo este libro que tiene como finalidad iniciar a los ciudadanos en el conocimiento de lo que reconocen, regulan y garantizan las leyes estatales sobre el fen\u00f3meno religioso, que es el \u00e1rea del Derecho Eclesi\u00e1stico del Estado.<\/p>\n<p>Las normas existentes en materia religiosa, recogidas en art\u00edculos y diseminadas por el ordenamiento jur\u00eddico ecuatoguineano, las agrupamos teniendo en cuenta la libertad constitucional de culto y de religi\u00f3n y el principio de libertad religiosa sobre el que el Estado regula el fen\u00f3meno religioso.<\/p>\n<p>Teniendo este contenido esencial, el lector identificar\u00e1 el derecho fundamental de libertad religiosa en su manifestaci\u00f3n individual y colectiva, su ejercicio en Guinea Ecuatorial, as\u00ed como la actitud y el tipo de relaciones que el Estado Ecuatoguineano debe mantener con todas las manifestaciones religiosas.<\/p>\n","protected":false},"excerpt":{"rendered":"<div class=\"page\" title=\"Page 6\">\n<div class=\"layoutArea\">\n<div class=\"column\">\n<p>ISBN: 978-84-1068-849-0<\/p>\n<\/div>\n<\/div>\n<\/div>\n<p class=\"p1\">SINOPSIS<\/p>\n<p>A lo largo de mi investigaci\u00f3n sobre las bases jur\u00eddicas del Acuerdo entre la Santa Sede y el Estado ecuatoguineano, tuve una gran dificultad: \u00a0La falta de doctrina, sistematizaci\u00f3n, escasa legislaci\u00f3n o de publicaciones sobre las leyes estatales que regulan el hecho o fen\u00f3meno religioso en Guinea Ecuatorial.<\/p>\n<p>Ante esta gran dificultad, he hecho de la necesidad virtud, escribiendo este libro que tiene como finalidad iniciar a los ciudadanos en el conocimiento de lo que reconocen, regulan y garantizan las leyes estatales sobre el fen\u00f3meno religioso, que es el \u00e1rea del Derecho Eclesi\u00e1stico del Estado.<\/p>\n<p>Las normas existentes en materia religiosa, recogidas en art\u00edculos y diseminadas por el ordenamiento jur\u00eddico ecuatoguineano, las agrupamos teniendo en cuenta la libertad constitucional de culto y de religi\u00f3n y el principio de libertad religiosa sobre el que el Estado regula el fen\u00f3meno religioso.<\/p>\n<p>Teniendo este contenido esencial, el lector identificar\u00e1 el derecho fundamental de libertad religiosa en su manifestaci\u00f3n individual y colectiva, su ejercicio en Guinea Ecuatorial, as\u00ed como la actitud y el tipo de relaciones que el Estado Ecuatoguineano debe mantener con todas las manifestaciones religiosas.<\/p>\n","protected":false},"featured_media":106553,"comment_status":"open","ping_status":"closed","template":"","meta":{"_acf_changed":false},"libro":[],"product_brand":[],"product_cat":[129],"product_tag":[],"class_list":{"0":"post-106550","1":"product","2":"type-product","3":"status-publish","4":"has-post-thumbnail","6":"product_cat-leyes","8":"first","9":"instock","10":"shipping-taxable","11":"product-type-simple"},"acf":{"autor":[106549],"enlace_de_compra":"https:\/\/amzn.to\/4dcgkq8"},"yoast_head":"<!-- This site is optimized with the Yoast SEO plugin v27.4 - https:\/\/yoast.com\/product\/yoast-seo-wordpress\/ -->\n<title>Derecho eclesi\u00e1stico del estado Ecuatoguineano - Catalogo | Letrame Grupo Editorial<\/title>\n<meta name=\"robots\" content=\"index, follow, max-snippet:-1, max-image-preview:large, max-video-preview:-1\" \/>\n<link rel=\"canonical\" href=\"https:\/\/letrame.com\/catalogo\/producto\/derecho-eclesiastico-del-estado-ecuatoguineano\/\" \/>\n<meta property=\"og:locale\" content=\"es_ES\" \/>\n<meta property=\"og:type\" content=\"article\" \/>\n<meta property=\"og:title\" content=\"Derecho eclesi\u00e1stico del estado Ecuatoguineano - Catalogo | Letrame Grupo Editorial\" \/>\n<meta property=\"og:description\" content=\"ISBN: 978-84-1068-849-0     SINOPSIS A lo largo de mi investigaci\u00f3n sobre las bases jur\u00eddicas del Acuerdo entre la Santa Sede y el Estado ecuatoguineano, tuve una gran dificultad: \u00a0La falta de doctrina, sistematizaci\u00f3n, escasa legislaci\u00f3n o de publicaciones sobre las leyes estatales que regulan el hecho o fen\u00f3meno religioso en Guinea Ecuatorial.  Ante esta gran dificultad, he hecho de la necesidad virtud, escribiendo este libro que tiene como finalidad iniciar a los ciudadanos en el conocimiento de lo que reconocen, regulan y garantizan las leyes estatales sobre el fen\u00f3meno religioso, que es el \u00e1rea del Derecho Eclesi\u00e1stico del Estado.  Las normas existentes en materia religiosa, recogidas en art\u00edculos y diseminadas por el ordenamiento jur\u00eddico ecuatoguineano, las agrupamos teniendo en cuenta la libertad constitucional de culto y de religi\u00f3n y el principio de libertad religiosa sobre el que el Estado regula el fen\u00f3meno religioso.  Teniendo este contenido esencial, el lector identificar\u00e1 el derecho fundamental de libertad religiosa en su manifestaci\u00f3n individual y colectiva, su ejercicio en Guinea Ecuatorial, as\u00ed como la actitud y el tipo de relaciones que el Estado Ecuatoguineano debe mantener con todas las manifestaciones religiosas.\" \/>\n<meta property=\"og:url\" content=\"https:\/\/letrame.com\/catalogo\/producto\/derecho-eclesiastico-del-estado-ecuatoguineano\/\" \/>\n<meta property=\"og:site_name\" content=\"Catalogo | Letrame Grupo Editorial\" \/>\n<meta property=\"og:image\" content=\"https:\/\/letrame.com\/catalogo\/wp-content\/uploads\/2024\/09\/zerechoeclesiastico_698mmv44.jpg\" \/>\n\t<meta property=\"og:image:width\" content=\"600\" \/>\n\t<meta property=\"og:image:height\" content=\"880\" \/>\n\t<meta property=\"og:image:type\" content=\"image\/jpeg\" \/>\n<meta name=\"twitter:card\" content=\"summary_large_image\" \/>\n<meta name=\"twitter:label1\" content=\"Tiempo de lectura\" \/>\n\t<meta name=\"twitter:data1\" content=\"2 minutos\" \/>\n<script type=\"application\/ld+json\" class=\"yoast-schema-graph\">{\"@context\":\"https:\\\/\\\/schema.org\",\"@graph\":[{\"@type\":\"WebPage\",\"@id\":\"https:\\\/\\\/letrame.com\\\/catalogo\\\/producto\\\/derecho-eclesiastico-del-estado-ecuatoguineano\\\/\",\"url\":\"https:\\\/\\\/letrame.com\\\/catalogo\\\/producto\\\/derecho-eclesiastico-del-estado-ecuatoguineano\\\/\",\"name\":\"Derecho eclesi\u00e1stico del estado Ecuatoguineano - Catalogo | Letrame Grupo Editorial\",\"isPartOf\":{\"@id\":\"https:\\\/\\\/letrame.com\\\/catalogo\\\/#website\"},\"primaryImageOfPage\":{\"@id\":\"https:\\\/\\\/letrame.com\\\/catalogo\\\/producto\\\/derecho-eclesiastico-del-estado-ecuatoguineano\\\/#primaryimage\"},\"image\":{\"@id\":\"https:\\\/\\\/letrame.com\\\/catalogo\\\/producto\\\/derecho-eclesiastico-del-estado-ecuatoguineano\\\/#primaryimage\"},\"thumbnailUrl\":\"https:\\\/\\\/letrame.com\\\/catalogo\\\/wp-content\\\/uploads\\\/2024\\\/09\\\/zerechoeclesiastico_698mmv44.jpg\",\"datePublished\":\"2024-09-20T10:41:48+00:00\",\"breadcrumb\":{\"@id\":\"https:\\\/\\\/letrame.com\\\/catalogo\\\/producto\\\/derecho-eclesiastico-del-estado-ecuatoguineano\\\/#breadcrumb\"},\"inLanguage\":\"es\",\"potentialAction\":[{\"@type\":\"ReadAction\",\"target\":[\"https:\\\/\\\/letrame.com\\\/catalogo\\\/producto\\\/derecho-eclesiastico-del-estado-ecuatoguineano\\\/\"]}]},{\"@type\":\"ImageObject\",\"inLanguage\":\"es\",\"@id\":\"https:\\\/\\\/letrame.com\\\/catalogo\\\/producto\\\/derecho-eclesiastico-del-estado-ecuatoguineano\\\/#primaryimage\",\"url\":\"https:\\\/\\\/letrame.com\\\/catalogo\\\/wp-content\\\/uploads\\\/2024\\\/09\\\/zerechoeclesiastico_698mmv44.jpg\",\"contentUrl\":\"https:\\\/\\\/letrame.com\\\/catalogo\\\/wp-content\\\/uploads\\\/2024\\\/09\\\/zerechoeclesiastico_698mmv44.jpg\",\"width\":600,\"height\":880},{\"@type\":\"BreadcrumbList\",\"@id\":\"https:\\\/\\\/letrame.com\\\/catalogo\\\/producto\\\/derecho-eclesiastico-del-estado-ecuatoguineano\\\/#breadcrumb\",\"itemListElement\":[{\"@type\":\"ListItem\",\"position\":1,\"name\":\"Portada\",\"item\":\"https:\\\/\\\/letrame.com\\\/catalogo\\\/\"},{\"@type\":\"ListItem\",\"position\":2,\"name\":\"Cat\u00e1logo\",\"item\":\"https:\\\/\\\/letrame.com\\\/catalogo\\\/\"},{\"@type\":\"ListItem\",\"position\":3,\"name\":\"Derecho eclesi\u00e1stico del estado Ecuatoguineano\"}]},{\"@type\":\"WebSite\",\"@id\":\"https:\\\/\\\/letrame.com\\\/catalogo\\\/#website\",\"url\":\"https:\\\/\\\/letrame.com\\\/catalogo\\\/\",\"name\":\"Catalogo | Letrame Grupo Editorial\",\"description\":\"\",\"publisher\":{\"@id\":\"https:\\\/\\\/letrame.com\\\/catalogo\\\/#organization\"},\"potentialAction\":[{\"@type\":\"SearchAction\",\"target\":{\"@type\":\"EntryPoint\",\"urlTemplate\":\"https:\\\/\\\/letrame.com\\\/catalogo\\\/?s={search_term_string}\"},\"query-input\":{\"@type\":\"PropertyValueSpecification\",\"valueRequired\":true,\"valueName\":\"search_term_string\"}}],\"inLanguage\":\"es\"},{\"@type\":\"Organization\",\"@id\":\"https:\\\/\\\/letrame.com\\\/catalogo\\\/#organization\",\"name\":\"Catalogo | Letrame Grupo Editorial\",\"url\":\"https:\\\/\\\/letrame.com\\\/catalogo\\\/\",\"logo\":{\"@type\":\"ImageObject\",\"inLanguage\":\"es\",\"@id\":\"https:\\\/\\\/letrame.com\\\/catalogo\\\/#\\\/schema\\\/logo\\\/image\\\/\",\"url\":\"https:\\\/\\\/letrame.com\\\/catalogo\\\/wp-content\\\/uploads\\\/2024\\\/03\\\/logo2.webp\",\"contentUrl\":\"https:\\\/\\\/letrame.com\\\/catalogo\\\/wp-content\\\/uploads\\\/2024\\\/03\\\/logo2.webp\",\"width\":394,\"height\":128,\"caption\":\"Catalogo | Letrame Grupo Editorial\"},\"image\":{\"@id\":\"https:\\\/\\\/letrame.com\\\/catalogo\\\/#\\\/schema\\\/logo\\\/image\\\/\"}}]}<\/script>\n<!-- \/ Yoast SEO plugin. -->","yoast_head_json":{"title":"Derecho eclesi\u00e1stico del estado Ecuatoguineano - Catalogo | Letrame Grupo Editorial","robots":{"index":"index","follow":"follow","max-snippet":"max-snippet:-1","max-image-preview":"max-image-preview:large","max-video-preview":"max-video-preview:-1"},"canonical":"https:\/\/letrame.com\/catalogo\/producto\/derecho-eclesiastico-del-estado-ecuatoguineano\/","og_locale":"es_ES","og_type":"article","og_title":"Derecho eclesi\u00e1stico del estado Ecuatoguineano - Catalogo | Letrame Grupo Editorial","og_description":"ISBN: 978-84-1068-849-0     SINOPSIS A lo largo de mi investigaci\u00f3n sobre las bases jur\u00eddicas del Acuerdo entre la Santa Sede y el Estado ecuatoguineano, tuve una gran dificultad: \u00a0La falta de doctrina, sistematizaci\u00f3n, escasa legislaci\u00f3n o de publicaciones sobre las leyes estatales que regulan el hecho o fen\u00f3meno religioso en Guinea Ecuatorial.  Ante esta gran dificultad, he hecho de la necesidad virtud, escribiendo este libro que tiene como finalidad iniciar a los ciudadanos en el conocimiento de lo que reconocen, regulan y garantizan las leyes estatales sobre el fen\u00f3meno religioso, que es el \u00e1rea del Derecho Eclesi\u00e1stico del Estado.  Las normas existentes en materia religiosa, recogidas en art\u00edculos y diseminadas por el ordenamiento jur\u00eddico ecuatoguineano, las agrupamos teniendo en cuenta la libertad constitucional de culto y de religi\u00f3n y el principio de libertad religiosa sobre el que el Estado regula el fen\u00f3meno religioso.  Teniendo este contenido esencial, el lector identificar\u00e1 el derecho fundamental de libertad religiosa en su manifestaci\u00f3n individual y colectiva, su ejercicio en Guinea Ecuatorial, as\u00ed como la actitud y el tipo de relaciones que el Estado Ecuatoguineano debe mantener con todas las manifestaciones religiosas.","og_url":"https:\/\/letrame.com\/catalogo\/producto\/derecho-eclesiastico-del-estado-ecuatoguineano\/","og_site_name":"Catalogo | Letrame Grupo Editorial","og_image":[{"width":600,"height":880,"url":"https:\/\/letrame.com\/catalogo\/wp-content\/uploads\/2024\/09\/zerechoeclesiastico_698mmv44.jpg","type":"image\/jpeg"}],"twitter_card":"summary_large_image","twitter_misc":{"Tiempo de lectura":"2 minutos"},"schema":{"@context":"https:\/\/schema.org","@graph":[{"@type":"WebPage","@id":"https:\/\/letrame.com\/catalogo\/producto\/derecho-eclesiastico-del-estado-ecuatoguineano\/","url":"https:\/\/letrame.com\/catalogo\/producto\/derecho-eclesiastico-del-estado-ecuatoguineano\/","name":"Derecho eclesi\u00e1stico del estado Ecuatoguineano - Catalogo | Letrame Grupo Editorial","isPartOf":{"@id":"https:\/\/letrame.com\/catalogo\/#website"},"primaryImageOfPage":{"@id":"https:\/\/letrame.com\/catalogo\/producto\/derecho-eclesiastico-del-estado-ecuatoguineano\/#primaryimage"},"image":{"@id":"https:\/\/letrame.com\/catalogo\/producto\/derecho-eclesiastico-del-estado-ecuatoguineano\/#primaryimage"},"thumbnailUrl":"https:\/\/letrame.com\/catalogo\/wp-content\/uploads\/2024\/09\/zerechoeclesiastico_698mmv44.jpg","datePublished":"2024-09-20T10:41:48+00:00","breadcrumb":{"@id":"https:\/\/letrame.com\/catalogo\/producto\/derecho-eclesiastico-del-estado-ecuatoguineano\/#breadcrumb"},"inLanguage":"es","potentialAction":[{"@type":"ReadAction","target":["https:\/\/letrame.com\/catalogo\/producto\/derecho-eclesiastico-del-estado-ecuatoguineano\/"]}]},{"@type":"ImageObject","inLanguage":"es","@id":"https:\/\/letrame.com\/catalogo\/producto\/derecho-eclesiastico-del-estado-ecuatoguineano\/#primaryimage","url":"https:\/\/letrame.com\/catalogo\/wp-content\/uploads\/2024\/09\/zerechoeclesiastico_698mmv44.jpg","contentUrl":"https:\/\/letrame.com\/catalogo\/wp-content\/uploads\/2024\/09\/zerechoeclesiastico_698mmv44.jpg","width":600,"height":880},{"@type":"BreadcrumbList","@id":"https:\/\/letrame.com\/catalogo\/producto\/derecho-eclesiastico-del-estado-ecuatoguineano\/#breadcrumb","itemListElement":[{"@type":"ListItem","position":1,"name":"Portada","item":"https:\/\/letrame.com\/catalogo\/"},{"@type":"ListItem","position":2,"name":"Cat\u00e1logo","item":"https:\/\/letrame.com\/catalogo\/"},{"@type":"ListItem","position":3,"name":"Derecho eclesi\u00e1stico del estado Ecuatoguineano"}]},{"@type":"WebSite","@id":"https:\/\/letrame.com\/catalogo\/#website","url":"https:\/\/letrame.com\/catalogo\/","name":"Catalogo | Letrame Grupo Editorial","description":"","publisher":{"@id":"https:\/\/letrame.com\/catalogo\/#organization"},"potentialAction":[{"@type":"SearchAction","target":{"@type":"EntryPoint","urlTemplate":"https:\/\/letrame.com\/catalogo\/?s={search_term_string}"},"query-input":{"@type":"PropertyValueSpecification","valueRequired":true,"valueName":"search_term_string"}}],"inLanguage":"es"},{"@type":"Organization","@id":"https:\/\/letrame.com\/catalogo\/#organization","name":"Catalogo | Letrame Grupo Editorial","url":"https:\/\/letrame.com\/catalogo\/","logo":{"@type":"ImageObject","inLanguage":"es","@id":"https:\/\/letrame.com\/catalogo\/#\/schema\/logo\/image\/","url":"https:\/\/letrame.com\/catalogo\/wp-content\/uploads\/2024\/03\/logo2.webp","contentUrl":"https:\/\/letrame.com\/catalogo\/wp-content\/uploads\/2024\/03\/logo2.webp","width":394,"height":128,"caption":"Catalogo | Letrame Grupo Editorial"},"image":{"@id":"https:\/\/letrame.com\/catalogo\/#\/schema\/logo\/image\/"}}]}},"_links":{"self":[{"href":"https:\/\/letrame.com\/catalogo\/wp-json\/wp\/v2\/product\/106550","targetHints":{"allow":["GET"]}}],"collection":[{"href":"https:\/\/letrame.com\/catalogo\/wp-json\/wp\/v2\/product"}],"about":[{"href":"https:\/\/letrame.com\/catalogo\/wp-json\/wp\/v2\/types\/product"}],"replies":[{"embeddable":true,"href":"https:\/\/letrame.com\/catalogo\/wp-json\/wp\/v2\/comments?post=106550"}],"acf:post":[{"embeddable":true,"href":"https:\/\/letrame.com\/catalogo\/wp-json\/wp\/v2\/author_book\/106549"}],"wp:featuredmedia":[{"embeddable":true,"href":"https:\/\/letrame.com\/catalogo\/wp-json\/wp\/v2\/media\/106553"}],"wp:attachment":[{"href":"https:\/\/letrame.com\/catalogo\/wp-json\/wp\/v2\/media?parent=106550"}],"wp:term":[{"taxonomy":"libro","embeddable":true,"href":"https:\/\/letrame.com\/catalogo\/wp-json\/wp\/v2\/libro?post=106550"},{"taxonomy":"product_brand","embeddable":true,"href":"https:\/\/letrame.com\/catalogo\/wp-json\/wp\/v2\/product_brand?post=106550"},{"taxonomy":"product_cat","embeddable":true,"href":"https:\/\/letrame.com\/catalogo\/wp-json\/wp\/v2\/product_cat?post=106550"},{"taxonomy":"product_tag","embeddable":true,"href":"https:\/\/letrame.com\/catalogo\/wp-json\/wp\/v2\/product_tag?post=106550"}],"curies":[{"name":"wp","href":"https:\/\/api.w.org\/{rel}","templated":true}]}}