{"id":106510,"date":"2024-09-20T09:20:13","date_gmt":"2024-09-20T07:20:13","guid":{"rendered":"https:\/\/letrame.com\/catalogo\/?post_type=product&#038;p=106510"},"modified":"2024-09-20T09:20:13","modified_gmt":"2024-09-20T07:20:13","slug":"la-isla-oscura","status":"publish","type":"product","link":"https:\/\/letrame.com\/catalogo\/producto\/la-isla-oscura\/","title":{"rendered":"La isla oscura"},"content":{"rendered":"<p class=\"p1\">ISBN: 978-84-1068-834-6<\/p>\n<p class=\"p1\">T\u00edtulo: La isla oscura<\/p>\n<p class=\"p1\">A\u00f1o: 2024<\/p>\n<p class=\"p1\">P\u00e1ginas: 488<\/p>\n<p class=\"p1\">SINOPSIS<\/p>\n<p>&nbsp;<\/p>\n<p>Transcurr\u00eda el a\u00f1o 1347 en Italia. No hab\u00eda piedad para los infectados, Europa estaba sumida bajo el asedio de la peste negra. Los enfermos mor\u00edan sin nadie a su lado y sus cuerpos permanec\u00edan varios d\u00edas en sus casas o abandonados en las calles. La caridad estaba muerta y el pueblo empezaba a perder la esperanza.<\/p>\n<p>&nbsp;<\/p>\n<p>Siete siglos despu\u00e9s, la maldici\u00f3n segu\u00eda latente.<\/p>\n<p>&nbsp;<\/p>\n<p>Cient\u00edficos experimentados quieren encontrar la cura para intentar salvar el mundo, cuando en realidad el mayor peligro que les acecha es otro.<\/p>\n","protected":false},"excerpt":{"rendered":"<p class=\"p1\">ISBN: 978-84-1068-834-6<\/p>\n<p class=\"p1\">\n<p class=\"p1\">SINOPSIS<\/p>\n<p>&nbsp;<\/p>\n<p>Transcurr\u00eda el a\u00f1o 1347 en Italia. No hab\u00eda piedad para los infectados, Europa estaba sumida bajo el asedio de la peste negra. Los enfermos mor\u00edan sin nadie a su lado y sus cuerpos permanec\u00edan varios d\u00edas en sus casas o abandonados en las calles. La caridad estaba muerta y el pueblo empezaba a perder la esperanza.<\/p>\n<p>&nbsp;<\/p>\n<p>Siete siglos despu\u00e9s, la maldici\u00f3n segu\u00eda latente.<\/p>\n<p>&nbsp;<\/p>\n<p>Cient\u00edficos experimentados quieren encontrar la cura para intentar salvar el mundo, cuando en realidad el mayor peligro que les acecha es otro.<\/p>\n","protected":false},"featured_media":106513,"comment_status":"open","ping_status":"closed","template":"","meta":{"_acf_changed":false},"libro":[],"product_brand":[],"product_cat":[57],"product_tag":[],"class_list":{"0":"post-106510","1":"product","2":"type-product","3":"status-publish","4":"has-post-thumbnail","6":"product_cat-suspenso","8":"first","9":"instock","10":"shipping-taxable","11":"product-type-simple"},"acf":{"autor":[106509],"enlace_de_compra":""},"yoast_head":"<!-- This site is optimized with the Yoast SEO plugin v27.4 - https:\/\/yoast.com\/product\/yoast-seo-wordpress\/ -->\n<title>La isla oscura - Catalogo | Letrame Grupo Editorial<\/title>\n<meta name=\"robots\" content=\"index, follow, max-snippet:-1, max-image-preview:large, max-video-preview:-1\" \/>\n<link rel=\"canonical\" href=\"https:\/\/letrame.com\/catalogo\/producto\/la-isla-oscura\/\" \/>\n<meta property=\"og:locale\" content=\"es_ES\" \/>\n<meta property=\"og:type\" content=\"article\" \/>\n<meta property=\"og:title\" content=\"La isla oscura - Catalogo | Letrame Grupo Editorial\" \/>\n<meta property=\"og:description\" content=\"ISBN: 978-84-1068-834-6  SINOPSIS &nbsp;  Transcurr\u00eda el a\u00f1o 1347 en Italia. No hab\u00eda piedad para los infectados, Europa estaba sumida bajo el asedio de la peste negra. Los enfermos mor\u00edan sin nadie a su lado y sus cuerpos permanec\u00edan varios d\u00edas en sus casas o abandonados en las calles. La caridad estaba muerta y el pueblo empezaba a perder la esperanza.  &nbsp;  Siete siglos despu\u00e9s, la maldici\u00f3n segu\u00eda latente.  &nbsp;  Cient\u00edficos experimentados quieren encontrar la cura para intentar salvar el mundo, cuando en realidad el mayor peligro que les acecha es otro.\" \/>\n<meta property=\"og:url\" content=\"https:\/\/letrame.com\/catalogo\/producto\/la-isla-oscura\/\" \/>\n<meta property=\"og:site_name\" content=\"Catalogo | Letrame Grupo Editorial\" \/>\n<meta property=\"og:image\" content=\"https:\/\/letrame.com\/catalogo\/wp-content\/uploads\/2024\/09\/zlaislaoscura_2358mm4.jpg\" \/>\n\t<meta property=\"og:image:width\" content=\"450\" \/>\n\t<meta property=\"og:image:height\" content=\"660\" \/>\n\t<meta property=\"og:image:type\" content=\"image\/jpeg\" \/>\n<meta name=\"twitter:card\" content=\"summary_large_image\" \/>\n<meta name=\"twitter:label1\" content=\"Tiempo de lectura\" \/>\n\t<meta name=\"twitter:data1\" content=\"1 minuto\" \/>\n<script type=\"application\/ld+json\" class=\"yoast-schema-graph\">{\"@context\":\"https:\\\/\\\/schema.org\",\"@graph\":[{\"@type\":\"WebPage\",\"@id\":\"https:\\\/\\\/letrame.com\\\/catalogo\\\/producto\\\/la-isla-oscura\\\/\",\"url\":\"https:\\\/\\\/letrame.com\\\/catalogo\\\/producto\\\/la-isla-oscura\\\/\",\"name\":\"La isla oscura - Catalogo | Letrame Grupo Editorial\",\"isPartOf\":{\"@id\":\"https:\\\/\\\/letrame.com\\\/catalogo\\\/#website\"},\"primaryImageOfPage\":{\"@id\":\"https:\\\/\\\/letrame.com\\\/catalogo\\\/producto\\\/la-isla-oscura\\\/#primaryimage\"},\"image\":{\"@id\":\"https:\\\/\\\/letrame.com\\\/catalogo\\\/producto\\\/la-isla-oscura\\\/#primaryimage\"},\"thumbnailUrl\":\"https:\\\/\\\/letrame.com\\\/catalogo\\\/wp-content\\\/uploads\\\/2024\\\/09\\\/zlaislaoscura_2358mm4.jpg\",\"datePublished\":\"2024-09-20T07:20:13+00:00\",\"breadcrumb\":{\"@id\":\"https:\\\/\\\/letrame.com\\\/catalogo\\\/producto\\\/la-isla-oscura\\\/#breadcrumb\"},\"inLanguage\":\"es\",\"potentialAction\":[{\"@type\":\"ReadAction\",\"target\":[\"https:\\\/\\\/letrame.com\\\/catalogo\\\/producto\\\/la-isla-oscura\\\/\"]}]},{\"@type\":\"ImageObject\",\"inLanguage\":\"es\",\"@id\":\"https:\\\/\\\/letrame.com\\\/catalogo\\\/producto\\\/la-isla-oscura\\\/#primaryimage\",\"url\":\"https:\\\/\\\/letrame.com\\\/catalogo\\\/wp-content\\\/uploads\\\/2024\\\/09\\\/zlaislaoscura_2358mm4.jpg\",\"contentUrl\":\"https:\\\/\\\/letrame.com\\\/catalogo\\\/wp-content\\\/uploads\\\/2024\\\/09\\\/zlaislaoscura_2358mm4.jpg\",\"width\":450,\"height\":660},{\"@type\":\"BreadcrumbList\",\"@id\":\"https:\\\/\\\/letrame.com\\\/catalogo\\\/producto\\\/la-isla-oscura\\\/#breadcrumb\",\"itemListElement\":[{\"@type\":\"ListItem\",\"position\":1,\"name\":\"Portada\",\"item\":\"https:\\\/\\\/letrame.com\\\/catalogo\\\/\"},{\"@type\":\"ListItem\",\"position\":2,\"name\":\"Cat\u00e1logo\",\"item\":\"https:\\\/\\\/letrame.com\\\/catalogo\\\/\"},{\"@type\":\"ListItem\",\"position\":3,\"name\":\"La isla oscura\"}]},{\"@type\":\"WebSite\",\"@id\":\"https:\\\/\\\/letrame.com\\\/catalogo\\\/#website\",\"url\":\"https:\\\/\\\/letrame.com\\\/catalogo\\\/\",\"name\":\"Catalogo | Letrame Grupo Editorial\",\"description\":\"\",\"publisher\":{\"@id\":\"https:\\\/\\\/letrame.com\\\/catalogo\\\/#organization\"},\"potentialAction\":[{\"@type\":\"SearchAction\",\"target\":{\"@type\":\"EntryPoint\",\"urlTemplate\":\"https:\\\/\\\/letrame.com\\\/catalogo\\\/?s={search_term_string}\"},\"query-input\":{\"@type\":\"PropertyValueSpecification\",\"valueRequired\":true,\"valueName\":\"search_term_string\"}}],\"inLanguage\":\"es\"},{\"@type\":\"Organization\",\"@id\":\"https:\\\/\\\/letrame.com\\\/catalogo\\\/#organization\",\"name\":\"Catalogo | Letrame Grupo Editorial\",\"url\":\"https:\\\/\\\/letrame.com\\\/catalogo\\\/\",\"logo\":{\"@type\":\"ImageObject\",\"inLanguage\":\"es\",\"@id\":\"https:\\\/\\\/letrame.com\\\/catalogo\\\/#\\\/schema\\\/logo\\\/image\\\/\",\"url\":\"https:\\\/\\\/letrame.com\\\/catalogo\\\/wp-content\\\/uploads\\\/2024\\\/03\\\/logo2.webp\",\"contentUrl\":\"https:\\\/\\\/letrame.com\\\/catalogo\\\/wp-content\\\/uploads\\\/2024\\\/03\\\/logo2.webp\",\"width\":394,\"height\":128,\"caption\":\"Catalogo | Letrame Grupo Editorial\"},\"image\":{\"@id\":\"https:\\\/\\\/letrame.com\\\/catalogo\\\/#\\\/schema\\\/logo\\\/image\\\/\"}}]}<\/script>\n<!-- \/ Yoast SEO plugin. -->","yoast_head_json":{"title":"La isla oscura - Catalogo | Letrame Grupo Editorial","robots":{"index":"index","follow":"follow","max-snippet":"max-snippet:-1","max-image-preview":"max-image-preview:large","max-video-preview":"max-video-preview:-1"},"canonical":"https:\/\/letrame.com\/catalogo\/producto\/la-isla-oscura\/","og_locale":"es_ES","og_type":"article","og_title":"La isla oscura - Catalogo | Letrame Grupo Editorial","og_description":"ISBN: 978-84-1068-834-6  SINOPSIS &nbsp;  Transcurr\u00eda el a\u00f1o 1347 en Italia. No hab\u00eda piedad para los infectados, Europa estaba sumida bajo el asedio de la peste negra. Los enfermos mor\u00edan sin nadie a su lado y sus cuerpos permanec\u00edan varios d\u00edas en sus casas o abandonados en las calles. La caridad estaba muerta y el pueblo empezaba a perder la esperanza.  &nbsp;  Siete siglos despu\u00e9s, la maldici\u00f3n segu\u00eda latente.  &nbsp;  Cient\u00edficos experimentados quieren encontrar la cura para intentar salvar el mundo, cuando en realidad el mayor peligro que les acecha es otro.","og_url":"https:\/\/letrame.com\/catalogo\/producto\/la-isla-oscura\/","og_site_name":"Catalogo | Letrame Grupo Editorial","og_image":[{"width":450,"height":660,"url":"https:\/\/letrame.com\/catalogo\/wp-content\/uploads\/2024\/09\/zlaislaoscura_2358mm4.jpg","type":"image\/jpeg"}],"twitter_card":"summary_large_image","twitter_misc":{"Tiempo de lectura":"1 minuto"},"schema":{"@context":"https:\/\/schema.org","@graph":[{"@type":"WebPage","@id":"https:\/\/letrame.com\/catalogo\/producto\/la-isla-oscura\/","url":"https:\/\/letrame.com\/catalogo\/producto\/la-isla-oscura\/","name":"La isla oscura - Catalogo | Letrame Grupo Editorial","isPartOf":{"@id":"https:\/\/letrame.com\/catalogo\/#website"},"primaryImageOfPage":{"@id":"https:\/\/letrame.com\/catalogo\/producto\/la-isla-oscura\/#primaryimage"},"image":{"@id":"https:\/\/letrame.com\/catalogo\/producto\/la-isla-oscura\/#primaryimage"},"thumbnailUrl":"https:\/\/letrame.com\/catalogo\/wp-content\/uploads\/2024\/09\/zlaislaoscura_2358mm4.jpg","datePublished":"2024-09-20T07:20:13+00:00","breadcrumb":{"@id":"https:\/\/letrame.com\/catalogo\/producto\/la-isla-oscura\/#breadcrumb"},"inLanguage":"es","potentialAction":[{"@type":"ReadAction","target":["https:\/\/letrame.com\/catalogo\/producto\/la-isla-oscura\/"]}]},{"@type":"ImageObject","inLanguage":"es","@id":"https:\/\/letrame.com\/catalogo\/producto\/la-isla-oscura\/#primaryimage","url":"https:\/\/letrame.com\/catalogo\/wp-content\/uploads\/2024\/09\/zlaislaoscura_2358mm4.jpg","contentUrl":"https:\/\/letrame.com\/catalogo\/wp-content\/uploads\/2024\/09\/zlaislaoscura_2358mm4.jpg","width":450,"height":660},{"@type":"BreadcrumbList","@id":"https:\/\/letrame.com\/catalogo\/producto\/la-isla-oscura\/#breadcrumb","itemListElement":[{"@type":"ListItem","position":1,"name":"Portada","item":"https:\/\/letrame.com\/catalogo\/"},{"@type":"ListItem","position":2,"name":"Cat\u00e1logo","item":"https:\/\/letrame.com\/catalogo\/"},{"@type":"ListItem","position":3,"name":"La isla oscura"}]},{"@type":"WebSite","@id":"https:\/\/letrame.com\/catalogo\/#website","url":"https:\/\/letrame.com\/catalogo\/","name":"Catalogo | Letrame Grupo Editorial","description":"","publisher":{"@id":"https:\/\/letrame.com\/catalogo\/#organization"},"potentialAction":[{"@type":"SearchAction","target":{"@type":"EntryPoint","urlTemplate":"https:\/\/letrame.com\/catalogo\/?s={search_term_string}"},"query-input":{"@type":"PropertyValueSpecification","valueRequired":true,"valueName":"search_term_string"}}],"inLanguage":"es"},{"@type":"Organization","@id":"https:\/\/letrame.com\/catalogo\/#organization","name":"Catalogo | Letrame Grupo Editorial","url":"https:\/\/letrame.com\/catalogo\/","logo":{"@type":"ImageObject","inLanguage":"es","@id":"https:\/\/letrame.com\/catalogo\/#\/schema\/logo\/image\/","url":"https:\/\/letrame.com\/catalogo\/wp-content\/uploads\/2024\/03\/logo2.webp","contentUrl":"https:\/\/letrame.com\/catalogo\/wp-content\/uploads\/2024\/03\/logo2.webp","width":394,"height":128,"caption":"Catalogo | Letrame Grupo Editorial"},"image":{"@id":"https:\/\/letrame.com\/catalogo\/#\/schema\/logo\/image\/"}}]}},"_links":{"self":[{"href":"https:\/\/letrame.com\/catalogo\/wp-json\/wp\/v2\/product\/106510","targetHints":{"allow":["GET"]}}],"collection":[{"href":"https:\/\/letrame.com\/catalogo\/wp-json\/wp\/v2\/product"}],"about":[{"href":"https:\/\/letrame.com\/catalogo\/wp-json\/wp\/v2\/types\/product"}],"replies":[{"embeddable":true,"href":"https:\/\/letrame.com\/catalogo\/wp-json\/wp\/v2\/comments?post=106510"}],"acf:post":[{"embeddable":true,"href":"https:\/\/letrame.com\/catalogo\/wp-json\/wp\/v2\/author_book\/106509"}],"wp:featuredmedia":[{"embeddable":true,"href":"https:\/\/letrame.com\/catalogo\/wp-json\/wp\/v2\/media\/106513"}],"wp:attachment":[{"href":"https:\/\/letrame.com\/catalogo\/wp-json\/wp\/v2\/media?parent=106510"}],"wp:term":[{"taxonomy":"libro","embeddable":true,"href":"https:\/\/letrame.com\/catalogo\/wp-json\/wp\/v2\/libro?post=106510"},{"taxonomy":"product_brand","embeddable":true,"href":"https:\/\/letrame.com\/catalogo\/wp-json\/wp\/v2\/product_brand?post=106510"},{"taxonomy":"product_cat","embeddable":true,"href":"https:\/\/letrame.com\/catalogo\/wp-json\/wp\/v2\/product_cat?post=106510"},{"taxonomy":"product_tag","embeddable":true,"href":"https:\/\/letrame.com\/catalogo\/wp-json\/wp\/v2\/product_tag?post=106510"}],"curies":[{"name":"wp","href":"https:\/\/api.w.org\/{rel}","templated":true}]}}

<p class="p1">ISBN: 978-84-1068-834-6</p>
<p class="p1">Título: La isla oscura</p>
<p class="p1">Año: 2024</p>
<p class="p1">Páginas: 488</p>
<p class="p1">SINOPSIS</p>
<p>&nbsp;</p>
<p>Transcurría el año 1347 en Italia. No había piedad para los infectados, Europa estaba sumida bajo el asedio de la peste negra. Los enfermos morían sin nadie a su lado y sus cuerpos permanecían varios días en sus casas o abandonados en las calles. La caridad estaba muerta y el pueblo empezaba a perder la esperanza.</p>
<p>&nbsp;</p>
<p>Siete siglos después, la maldición seguía latente.</p>
<p>&nbsp;</p>
<p>Científicos experimentados quieren encontrar la cura para intentar salvar el mundo, cuando en realidad el mayor peligro que les acecha es otro.</p>

<p class="p1">ISBN: 978-84-1068-834-6</p>
<p class="p1">
<p class="p1">SINOPSIS</p>
<p>&nbsp;</p>
<p>Transcurría el año 1347 en Italia. No había piedad para los infectados, Europa estaba sumida bajo el asedio de la peste negra. Los enfermos morían sin nadie a su lado y sus cuerpos permanecían varios días en sus casas o abandonados en las calles. La caridad estaba muerta y el pueblo empezaba a perder la esperanza.</p>
<p>&nbsp;</p>
<p>Siete siglos después, la maldición seguía latente.</p>
<p>&nbsp;</p>
<p>Científicos experimentados quieren encontrar la cura para intentar salvar el mundo, cuando en realidad el mayor peligro que les acecha es otro.</p>

<!-- This site is optimized with the Yoast SEO plugin v27.4 - https://yoast.com/product/yoast-seo-wordpress/ -->
<title>La isla oscura - Catalogo | Letrame Grupo Editorial</title>
<meta name="robots" content="index, follow, max-snippet:-1, max-image-preview:large, max-video-preview:-1" />
<link rel="canonical" href="https://letrame.com/catalogo/producto/la-isla-oscura/" />
<meta property="og:locale" content="es_ES" />
<meta property="og:type" content="article" />
<meta property="og:title" content="La isla oscura - Catalogo | Letrame Grupo Editorial" />
<meta property="og:description" content="ISBN: 978-84-1068-834-6  SINOPSIS &nbsp;  Transcurría el año 1347 en Italia. No había piedad para los infectados, Europa estaba sumida bajo el asedio de la peste negra. Los enfermos morían sin nadie a su lado y sus cuerpos permanecían varios días en sus casas o abandonados en las calles. La caridad estaba muerta y el pueblo empezaba a perder la esperanza.  &nbsp;  Siete siglos después, la maldición seguía latente.  &nbsp;  Científicos experimentados quieren encontrar la cura para intentar salvar el mundo, cuando en realidad el mayor peligro que les acecha es otro." />
<meta property="og:url" content="https://letrame.com/catalogo/producto/la-isla-oscura/" />
<meta property="og:site_name" content="Catalogo | Letrame Grupo Editorial" />
<meta property="og:image" content="https://letrame.com/catalogo/wp-content/uploads/2024/09/zlaislaoscura_2358mm4.jpg" />
	<meta property="og:image:width" content="450" />
	<meta property="og:image:height" content="660" />
	<meta property="og:image:type" content="image/jpeg" />
<meta name="twitter:card" content="summary_large_image" />
<meta name="twitter:label1" content="Tiempo de lectura" />
	<meta name="twitter:data1" content="1 minuto" />
<script type="application/ld+json" class="yoast-schema-graph">{"@context":"https:\/\/schema.org","@graph":[{"@type":"WebPage","@id":"https:\/\/letrame.com\/catalogo\/producto\/la-isla-oscura\/","url":"https:\/\/letrame.com\/catalogo\/producto\/la-isla-oscura\/","name":"La isla oscura - Catalogo | Letrame Grupo Editorial","isPartOf":{"@id":"https:\/\/letrame.com\/catalogo\/#website"},"primaryImageOfPage":{"@id":"https:\/\/letrame.com\/catalogo\/producto\/la-isla-oscura\/#primaryimage"},"image":{"@id":"https:\/\/letrame.com\/catalogo\/producto\/la-isla-oscura\/#primaryimage"},"thumbnailUrl":"https:\/\/letrame.com\/catalogo\/wp-content\/uploads\/2024\/09\/zlaislaoscura_2358mm4.jpg","datePublished":"2024-09-20T07:20:13+00:00","breadcrumb":{"@id":"https:\/\/letrame.com\/catalogo\/producto\/la-isla-oscura\/#breadcrumb"},"inLanguage":"es","potentialAction":[{"@type":"ReadAction","target":["https:\/\/letrame.com\/catalogo\/producto\/la-isla-oscura\/"]}]},{"@type":"ImageObject","inLanguage":"es","@id":"https:\/\/letrame.com\/catalogo\/producto\/la-isla-oscura\/#primaryimage","url":"https:\/\/letrame.com\/catalogo\/wp-content\/uploads\/2024\/09\/zlaislaoscura_2358mm4.jpg","contentUrl":"https:\/\/letrame.com\/catalogo\/wp-content\/uploads\/2024\/09\/zlaislaoscura_2358mm4.jpg","width":450,"height":660},{"@type":"BreadcrumbList","@id":"https:\/\/letrame.com\/catalogo\/producto\/la-isla-oscura\/#breadcrumb","itemListElement":[{"@type":"ListItem","position":1,"name":"Portada","item":"https:\/\/letrame.com\/catalogo\/"},{"@type":"ListItem","position":2,"name":"Catálogo","item":"https:\/\/letrame.com\/catalogo\/"},{"@type":"ListItem","position":3,"name":"La isla oscura"}]},{"@type":"WebSite","@id":"https:\/\/letrame.com\/catalogo\/#website","url":"https:\/\/letrame.com\/catalogo\/","name":"Catalogo | Letrame Grupo Editorial","description":"","publisher":{"@id":"https:\/\/letrame.com\/catalogo\/#organization"},"potentialAction":[{"@type":"SearchAction","target":{"@type":"EntryPoint","urlTemplate":"https:\/\/letrame.com\/catalogo\/?s={search_term_string}"},"query-input":{"@type":"PropertyValueSpecification","valueRequired":true,"valueName":"search_term_string"}}],"inLanguage":"es"},{"@type":"Organization","@id":"https:\/\/letrame.com\/catalogo\/#organization","name":"Catalogo | Letrame Grupo Editorial","url":"https:\/\/letrame.com\/catalogo\/","logo":{"@type":"ImageObject","inLanguage":"es","@id":"https:\/\/letrame.com\/catalogo\/#\/schema\/logo\/image\/","url":"https:\/\/letrame.com\/catalogo\/wp-content\/uploads\/2024\/03\/logo2.webp","contentUrl":"https:\/\/letrame.com\/catalogo\/wp-content\/uploads\/2024\/03\/logo2.webp","width":394,"height":128,"caption":"Catalogo | Letrame Grupo Editorial"},"image":{"@id":"https:\/\/letrame.com\/catalogo\/#\/schema\/logo\/image\/"}}]}</script>
<!-- / Yoast SEO plugin. -->

ISBN: 978-84-1068-834-6  SINOPSIS &nbsp;  Transcurría el año 1347 en Italia. No había piedad para los infectados, Europa estaba sumida bajo el asedio de la peste negra. Los enfermos morían sin nadie a su lado y sus cuerpos permanecían varios días en sus casas o abandonados en las calles. La caridad estaba muerta y el pueblo empezaba a perder la esperanza.  &nbsp;  Siete siglos después, la maldición seguía latente.  &nbsp;  Científicos experimentados quieren encontrar la cura para intentar salvar el mundo, cuando en realidad el mayor peligro que les acecha es otro.

Catálogo
