{"id":106476,"date":"2024-09-19T16:16:57","date_gmt":"2024-09-19T14:16:57","guid":{"rendered":"https:\/\/letrame.com\/catalogo\/?post_type=product&#038;p=106476"},"modified":"2024-09-19T16:16:57","modified_gmt":"2024-09-19T14:16:57","slug":"inspirado-por-el-amor","status":"publish","type":"product","link":"https:\/\/letrame.com\/catalogo\/producto\/inspirado-por-el-amor\/","title":{"rendered":"Inspirado por el amor"},"content":{"rendered":"<p class=\"p1\">ISBN: 978-84-1068-581-9<\/p>\n<p class=\"p1\">T\u00edtulo: Inspirado por el amor<\/p>\n<p class=\"p1\">A\u00f1o: 2024<\/p>\n<p class=\"p1\">P\u00e1ginas: 58<\/p>\n<p class=\"p1\">SINOPSIS<\/p>\n<p><em>Inspirado por el amor<\/em> es un libro de poemas, que invita al lector a disfrutar del placer de la literatura a trav\u00e9s de un lenguaje claro y sencillo, que poco a poco le va sumergiendo en el mundo de las emociones a partir de una realidad reflexiva de virtudes y vicios humanos, que hacen parte del diario vivir.<\/p>\n<p>&nbsp;<\/p>\n<p>Este libro de poemas y de temas variados se inspira en el amor como instrumento mediador de la condici\u00f3n humana y divina, que debe jalonar al ser humano a ser mejor cada d\u00eda como persona.<\/p>\n<p>&nbsp;<\/p>\n<p>Cada poema est\u00e1 escrito con palabras comunes y cada uno de ellos est\u00e1 cargado de sentimientos profundos, que expresan las emociones del autor despertando el inter\u00e9s del lector, para que su imaginaci\u00f3n le lleve a comprender y a crear un mejor mundo.<\/p>\n","protected":false},"excerpt":{"rendered":"<p class=\"p1\">ISBN: 978-84-1068-581-9<\/p>\n<p class=\"p1\">\n<p class=\"p1\">SINOPSIS<\/p>\n<p><em>Inspirado por el amor<\/em> es un libro de poemas, que invita al lector a disfrutar del placer de la literatura a trav\u00e9s de un lenguaje claro y sencillo, que poco a poco le va sumergiendo en el mundo de las emociones a partir de una realidad reflexiva de virtudes y vicios humanos, que hacen parte del diario vivir.<\/p>\n<p>&nbsp;<\/p>\n<p>Este libro de poemas y de temas variados se inspira en el amor como instrumento mediador de la condici\u00f3n humana y divina, que debe jalonar al ser humano a ser mejor cada d\u00eda como persona.<\/p>\n<p>&nbsp;<\/p>\n<p>Cada poema est\u00e1 escrito con palabras comunes y cada uno de ellos est\u00e1 cargado de sentimientos profundos, que expresan las emociones del autor despertando el inter\u00e9s del lector, para que su imaginaci\u00f3n le lleve a comprender y a crear un mejor mundo.<\/p>\n","protected":false},"featured_media":106478,"comment_status":"open","ping_status":"closed","template":"","meta":{"_acf_changed":false},"libro":[],"product_brand":[],"product_cat":[20],"product_tag":[],"class_list":{"0":"post-106476","1":"product","2":"type-product","3":"status-publish","4":"has-post-thumbnail","6":"product_cat-poesia","8":"first","9":"instock","10":"shipping-taxable","11":"product-type-simple"},"acf":{"autor":[106475],"enlace_de_compra":"https:\/\/amzn.to\/3zgmPKG"},"yoast_head":"<!-- This site is optimized with the Yoast SEO plugin v27.4 - https:\/\/yoast.com\/product\/yoast-seo-wordpress\/ -->\n<title>Inspirado por el amor - Catalogo | Letrame Grupo Editorial<\/title>\n<meta name=\"robots\" content=\"index, follow, max-snippet:-1, max-image-preview:large, max-video-preview:-1\" \/>\n<link rel=\"canonical\" href=\"https:\/\/letrame.com\/catalogo\/producto\/inspirado-por-el-amor\/\" \/>\n<meta property=\"og:locale\" content=\"es_ES\" \/>\n<meta property=\"og:type\" content=\"article\" \/>\n<meta property=\"og:title\" content=\"Inspirado por el amor - Catalogo | Letrame Grupo Editorial\" \/>\n<meta property=\"og:description\" content=\"ISBN: 978-84-1068-581-9  SINOPSIS Inspirado por el amor es un libro de poemas, que invita al lector a disfrutar del placer de la literatura a trav\u00e9s de un lenguaje claro y sencillo, que poco a poco le va sumergiendo en el mundo de las emociones a partir de una realidad reflexiva de virtudes y vicios humanos, que hacen parte del diario vivir.  &nbsp;  Este libro de poemas y de temas variados se inspira en el amor como instrumento mediador de la condici\u00f3n humana y divina, que debe jalonar al ser humano a ser mejor cada d\u00eda como persona.  &nbsp;  Cada poema est\u00e1 escrito con palabras comunes y cada uno de ellos est\u00e1 cargado de sentimientos profundos, que expresan las emociones del autor despertando el inter\u00e9s del lector, para que su imaginaci\u00f3n le lleve a comprender y a crear un mejor mundo.\" \/>\n<meta property=\"og:url\" content=\"https:\/\/letrame.com\/catalogo\/producto\/inspirado-por-el-amor\/\" \/>\n<meta property=\"og:site_name\" content=\"Catalogo | Letrame Grupo Editorial\" \/>\n<meta property=\"og:image\" content=\"https:\/\/letrame.com\/catalogo\/wp-content\/uploads\/2024\/09\/zinspiradoporelamor_31mmv24.jpg\" \/>\n\t<meta property=\"og:image:width\" content=\"500\" \/>\n\t<meta property=\"og:image:height\" content=\"780\" \/>\n\t<meta property=\"og:image:type\" content=\"image\/jpeg\" \/>\n<meta name=\"twitter:card\" content=\"summary_large_image\" \/>\n<meta name=\"twitter:label1\" content=\"Tiempo de lectura\" \/>\n\t<meta name=\"twitter:data1\" content=\"1 minuto\" \/>\n<script type=\"application\/ld+json\" class=\"yoast-schema-graph\">{\"@context\":\"https:\\\/\\\/schema.org\",\"@graph\":[{\"@type\":\"WebPage\",\"@id\":\"https:\\\/\\\/letrame.com\\\/catalogo\\\/producto\\\/inspirado-por-el-amor\\\/\",\"url\":\"https:\\\/\\\/letrame.com\\\/catalogo\\\/producto\\\/inspirado-por-el-amor\\\/\",\"name\":\"Inspirado por el amor - Catalogo | Letrame Grupo Editorial\",\"isPartOf\":{\"@id\":\"https:\\\/\\\/letrame.com\\\/catalogo\\\/#website\"},\"primaryImageOfPage\":{\"@id\":\"https:\\\/\\\/letrame.com\\\/catalogo\\\/producto\\\/inspirado-por-el-amor\\\/#primaryimage\"},\"image\":{\"@id\":\"https:\\\/\\\/letrame.com\\\/catalogo\\\/producto\\\/inspirado-por-el-amor\\\/#primaryimage\"},\"thumbnailUrl\":\"https:\\\/\\\/letrame.com\\\/catalogo\\\/wp-content\\\/uploads\\\/2024\\\/09\\\/zinspiradoporelamor_31mmv24.jpg\",\"datePublished\":\"2024-09-19T14:16:57+00:00\",\"breadcrumb\":{\"@id\":\"https:\\\/\\\/letrame.com\\\/catalogo\\\/producto\\\/inspirado-por-el-amor\\\/#breadcrumb\"},\"inLanguage\":\"es\",\"potentialAction\":[{\"@type\":\"ReadAction\",\"target\":[\"https:\\\/\\\/letrame.com\\\/catalogo\\\/producto\\\/inspirado-por-el-amor\\\/\"]}]},{\"@type\":\"ImageObject\",\"inLanguage\":\"es\",\"@id\":\"https:\\\/\\\/letrame.com\\\/catalogo\\\/producto\\\/inspirado-por-el-amor\\\/#primaryimage\",\"url\":\"https:\\\/\\\/letrame.com\\\/catalogo\\\/wp-content\\\/uploads\\\/2024\\\/09\\\/zinspiradoporelamor_31mmv24.jpg\",\"contentUrl\":\"https:\\\/\\\/letrame.com\\\/catalogo\\\/wp-content\\\/uploads\\\/2024\\\/09\\\/zinspiradoporelamor_31mmv24.jpg\",\"width\":500,\"height\":780},{\"@type\":\"BreadcrumbList\",\"@id\":\"https:\\\/\\\/letrame.com\\\/catalogo\\\/producto\\\/inspirado-por-el-amor\\\/#breadcrumb\",\"itemListElement\":[{\"@type\":\"ListItem\",\"position\":1,\"name\":\"Portada\",\"item\":\"https:\\\/\\\/letrame.com\\\/catalogo\\\/\"},{\"@type\":\"ListItem\",\"position\":2,\"name\":\"Cat\u00e1logo\",\"item\":\"https:\\\/\\\/letrame.com\\\/catalogo\\\/\"},{\"@type\":\"ListItem\",\"position\":3,\"name\":\"Inspirado por el amor\"}]},{\"@type\":\"WebSite\",\"@id\":\"https:\\\/\\\/letrame.com\\\/catalogo\\\/#website\",\"url\":\"https:\\\/\\\/letrame.com\\\/catalogo\\\/\",\"name\":\"Catalogo | Letrame Grupo Editorial\",\"description\":\"\",\"publisher\":{\"@id\":\"https:\\\/\\\/letrame.com\\\/catalogo\\\/#organization\"},\"potentialAction\":[{\"@type\":\"SearchAction\",\"target\":{\"@type\":\"EntryPoint\",\"urlTemplate\":\"https:\\\/\\\/letrame.com\\\/catalogo\\\/?s={search_term_string}\"},\"query-input\":{\"@type\":\"PropertyValueSpecification\",\"valueRequired\":true,\"valueName\":\"search_term_string\"}}],\"inLanguage\":\"es\"},{\"@type\":\"Organization\",\"@id\":\"https:\\\/\\\/letrame.com\\\/catalogo\\\/#organization\",\"name\":\"Catalogo | Letrame Grupo Editorial\",\"url\":\"https:\\\/\\\/letrame.com\\\/catalogo\\\/\",\"logo\":{\"@type\":\"ImageObject\",\"inLanguage\":\"es\",\"@id\":\"https:\\\/\\\/letrame.com\\\/catalogo\\\/#\\\/schema\\\/logo\\\/image\\\/\",\"url\":\"https:\\\/\\\/letrame.com\\\/catalogo\\\/wp-content\\\/uploads\\\/2024\\\/03\\\/logo2.webp\",\"contentUrl\":\"https:\\\/\\\/letrame.com\\\/catalogo\\\/wp-content\\\/uploads\\\/2024\\\/03\\\/logo2.webp\",\"width\":394,\"height\":128,\"caption\":\"Catalogo | Letrame Grupo Editorial\"},\"image\":{\"@id\":\"https:\\\/\\\/letrame.com\\\/catalogo\\\/#\\\/schema\\\/logo\\\/image\\\/\"}}]}<\/script>\n<!-- \/ Yoast SEO plugin. -->","yoast_head_json":{"title":"Inspirado por el amor - Catalogo | Letrame Grupo Editorial","robots":{"index":"index","follow":"follow","max-snippet":"max-snippet:-1","max-image-preview":"max-image-preview:large","max-video-preview":"max-video-preview:-1"},"canonical":"https:\/\/letrame.com\/catalogo\/producto\/inspirado-por-el-amor\/","og_locale":"es_ES","og_type":"article","og_title":"Inspirado por el amor - Catalogo | Letrame Grupo Editorial","og_description":"ISBN: 978-84-1068-581-9  SINOPSIS Inspirado por el amor es un libro de poemas, que invita al lector a disfrutar del placer de la literatura a trav\u00e9s de un lenguaje claro y sencillo, que poco a poco le va sumergiendo en el mundo de las emociones a partir de una realidad reflexiva de virtudes y vicios humanos, que hacen parte del diario vivir.  &nbsp;  Este libro de poemas y de temas variados se inspira en el amor como instrumento mediador de la condici\u00f3n humana y divina, que debe jalonar al ser humano a ser mejor cada d\u00eda como persona.  &nbsp;  Cada poema est\u00e1 escrito con palabras comunes y cada uno de ellos est\u00e1 cargado de sentimientos profundos, que expresan las emociones del autor despertando el inter\u00e9s del lector, para que su imaginaci\u00f3n le lleve a comprender y a crear un mejor mundo.","og_url":"https:\/\/letrame.com\/catalogo\/producto\/inspirado-por-el-amor\/","og_site_name":"Catalogo | Letrame Grupo Editorial","og_image":[{"width":500,"height":780,"url":"https:\/\/letrame.com\/catalogo\/wp-content\/uploads\/2024\/09\/zinspiradoporelamor_31mmv24.jpg","type":"image\/jpeg"}],"twitter_card":"summary_large_image","twitter_misc":{"Tiempo de lectura":"1 minuto"},"schema":{"@context":"https:\/\/schema.org","@graph":[{"@type":"WebPage","@id":"https:\/\/letrame.com\/catalogo\/producto\/inspirado-por-el-amor\/","url":"https:\/\/letrame.com\/catalogo\/producto\/inspirado-por-el-amor\/","name":"Inspirado por el amor - Catalogo | Letrame Grupo Editorial","isPartOf":{"@id":"https:\/\/letrame.com\/catalogo\/#website"},"primaryImageOfPage":{"@id":"https:\/\/letrame.com\/catalogo\/producto\/inspirado-por-el-amor\/#primaryimage"},"image":{"@id":"https:\/\/letrame.com\/catalogo\/producto\/inspirado-por-el-amor\/#primaryimage"},"thumbnailUrl":"https:\/\/letrame.com\/catalogo\/wp-content\/uploads\/2024\/09\/zinspiradoporelamor_31mmv24.jpg","datePublished":"2024-09-19T14:16:57+00:00","breadcrumb":{"@id":"https:\/\/letrame.com\/catalogo\/producto\/inspirado-por-el-amor\/#breadcrumb"},"inLanguage":"es","potentialAction":[{"@type":"ReadAction","target":["https:\/\/letrame.com\/catalogo\/producto\/inspirado-por-el-amor\/"]}]},{"@type":"ImageObject","inLanguage":"es","@id":"https:\/\/letrame.com\/catalogo\/producto\/inspirado-por-el-amor\/#primaryimage","url":"https:\/\/letrame.com\/catalogo\/wp-content\/uploads\/2024\/09\/zinspiradoporelamor_31mmv24.jpg","contentUrl":"https:\/\/letrame.com\/catalogo\/wp-content\/uploads\/2024\/09\/zinspiradoporelamor_31mmv24.jpg","width":500,"height":780},{"@type":"BreadcrumbList","@id":"https:\/\/letrame.com\/catalogo\/producto\/inspirado-por-el-amor\/#breadcrumb","itemListElement":[{"@type":"ListItem","position":1,"name":"Portada","item":"https:\/\/letrame.com\/catalogo\/"},{"@type":"ListItem","position":2,"name":"Cat\u00e1logo","item":"https:\/\/letrame.com\/catalogo\/"},{"@type":"ListItem","position":3,"name":"Inspirado por el amor"}]},{"@type":"WebSite","@id":"https:\/\/letrame.com\/catalogo\/#website","url":"https:\/\/letrame.com\/catalogo\/","name":"Catalogo | Letrame Grupo Editorial","description":"","publisher":{"@id":"https:\/\/letrame.com\/catalogo\/#organization"},"potentialAction":[{"@type":"SearchAction","target":{"@type":"EntryPoint","urlTemplate":"https:\/\/letrame.com\/catalogo\/?s={search_term_string}"},"query-input":{"@type":"PropertyValueSpecification","valueRequired":true,"valueName":"search_term_string"}}],"inLanguage":"es"},{"@type":"Organization","@id":"https:\/\/letrame.com\/catalogo\/#organization","name":"Catalogo | Letrame Grupo Editorial","url":"https:\/\/letrame.com\/catalogo\/","logo":{"@type":"ImageObject","inLanguage":"es","@id":"https:\/\/letrame.com\/catalogo\/#\/schema\/logo\/image\/","url":"https:\/\/letrame.com\/catalogo\/wp-content\/uploads\/2024\/03\/logo2.webp","contentUrl":"https:\/\/letrame.com\/catalogo\/wp-content\/uploads\/2024\/03\/logo2.webp","width":394,"height":128,"caption":"Catalogo | Letrame Grupo Editorial"},"image":{"@id":"https:\/\/letrame.com\/catalogo\/#\/schema\/logo\/image\/"}}]}},"_links":{"self":[{"href":"https:\/\/letrame.com\/catalogo\/wp-json\/wp\/v2\/product\/106476","targetHints":{"allow":["GET"]}}],"collection":[{"href":"https:\/\/letrame.com\/catalogo\/wp-json\/wp\/v2\/product"}],"about":[{"href":"https:\/\/letrame.com\/catalogo\/wp-json\/wp\/v2\/types\/product"}],"replies":[{"embeddable":true,"href":"https:\/\/letrame.com\/catalogo\/wp-json\/wp\/v2\/comments?post=106476"}],"acf:post":[{"embeddable":true,"href":"https:\/\/letrame.com\/catalogo\/wp-json\/wp\/v2\/author_book\/106475"}],"wp:featuredmedia":[{"embeddable":true,"href":"https:\/\/letrame.com\/catalogo\/wp-json\/wp\/v2\/media\/106478"}],"wp:attachment":[{"href":"https:\/\/letrame.com\/catalogo\/wp-json\/wp\/v2\/media?parent=106476"}],"wp:term":[{"taxonomy":"libro","embeddable":true,"href":"https:\/\/letrame.com\/catalogo\/wp-json\/wp\/v2\/libro?post=106476"},{"taxonomy":"product_brand","embeddable":true,"href":"https:\/\/letrame.com\/catalogo\/wp-json\/wp\/v2\/product_brand?post=106476"},{"taxonomy":"product_cat","embeddable":true,"href":"https:\/\/letrame.com\/catalogo\/wp-json\/wp\/v2\/product_cat?post=106476"},{"taxonomy":"product_tag","embeddable":true,"href":"https:\/\/letrame.com\/catalogo\/wp-json\/wp\/v2\/product_tag?post=106476"}],"curies":[{"name":"wp","href":"https:\/\/api.w.org\/{rel}","templated":true}]}}