{"id":106440,"date":"2024-09-19T12:56:52","date_gmt":"2024-09-19T10:56:52","guid":{"rendered":"https:\/\/letrame.com\/catalogo\/?post_type=product&#038;p=106440"},"modified":"2024-09-19T12:56:53","modified_gmt":"2024-09-19T10:56:53","slug":"61-2","status":"publish","type":"product","link":"https:\/\/letrame.com\/catalogo\/producto\/61-2\/","title":{"rendered":"61"},"content":{"rendered":"<p class=\"p1\">ISBN: 978-84-1181-203-0<\/p>\n<p class=\"p1\">T\u00edtulo:\u00a061<\/p>\n<p class=\"p1\">A\u00f1o: 2024<\/p>\n<p class=\"p1\">P\u00e1ginas: 198<\/p>\n<p class=\"p1\">SINOPSIS<\/p>\n<p>Sum\u00e9rgete en un cautivador viaje a trav\u00e9s de la vida de un educador apasionado que se enfrenta a la encrucijada de la jubilaci\u00f3n a los 61 a\u00f1os. Pero esta no es una historia com\u00fan de despedida, \u00a1ni mucho menos! Acomp\u00e1\u00f1alo en un emotivo recorrido por los recuerdos que han tejido el tapiz de su existencia, desde los primeros destellos de conciencia hasta los misterios de la evanescencia que se vislumbra en el horizonte. En esta cautivadora remembranza, descubrir\u00e1s c\u00f3mo cada experiencia, cada desaf\u00edo y cada logro han moldeado la identidad de este educador a lo largo de los a\u00f1os. Desde los momentos de asombro y descubrimiento en la juventud hasta los sorprendentes giros del destino que forjaron su camino, cada p\u00e1gina revela capas profundas de sabidur\u00eda y reflexi\u00f3n. A medida que el educador teje su narrativa, te invita a explorar las esencias de la vida, los lazos que unen a las personas y la trascendencia de las huellas que dejamos atr\u00e1s. \u00bfQu\u00e9 significa realmente existir? \u00bfC\u00f3mo abrazamos la fugacidad de los momentos y la eternidad de los recuerdos? En este relato evocador, la jubilaci\u00f3n se convierte en una oportunidad para mirar hacia atr\u00e1s con gratitud y hacia adelante con anticipaci\u00f3n, mientras el educador comparte lecciones de vida arraigadas en la empat\u00eda, la pasi\u00f3n y el deseo inquebrantable de dejar un legado perdurable. Prep\u00e1rate para re\u00edr, llorar y reflexionar a medida que te sumerges en esta cr\u00f3nica \u00edntima y conmovedora de una vida bien vivida, capturando la esencia misma de lo que significa ser humano.<\/p>\n","protected":false},"excerpt":{"rendered":"<p class=\"p1\">ISBN: 978-84-1181-203-0<\/p>\n<p class=\"p1\">SINOPSIS<\/p>\n<p>Sum\u00e9rgete en un cautivador viaje a trav\u00e9s de la vida de un educador apasionado que se enfrenta a la encrucijada de la jubilaci\u00f3n a los 61 a\u00f1os. Pero esta no es una historia com\u00fan de despedida, \u00a1ni mucho menos! Acomp\u00e1\u00f1alo en un emotivo recorrido por los recuerdos que han tejido el tapiz de su existencia, desde los primeros destellos de conciencia hasta los misterios de la evanescencia que se vislumbra en el horizonte. En esta cautivadora remembranza, descubrir\u00e1s c\u00f3mo cada experiencia, cada desaf\u00edo y cada logro han moldeado la identidad de este educador a lo largo de los a\u00f1os. Desde los momentos de asombro y descubrimiento en la juventud hasta los sorprendentes giros del destino que forjaron su camino, cada p\u00e1gina revela capas profundas de sabidur\u00eda y reflexi\u00f3n. A medida que el educador teje su narrativa, te invita a explorar las esencias de la vida, los lazos que unen a las personas y la trascendencia de las huellas que dejamos atr\u00e1s. \u00bfQu\u00e9 significa realmente existir? \u00bfC\u00f3mo abrazamos la fugacidad de los momentos y la eternidad de los recuerdos? En este relato evocador, la jubilaci\u00f3n se convierte en una oportunidad para mirar hacia atr\u00e1s con gratitud y hacia adelante con anticipaci\u00f3n, mientras el educador comparte lecciones de vida arraigadas en la empat\u00eda, la pasi\u00f3n y el deseo inquebrantable de dejar un legado perdurable. Prep\u00e1rate para re\u00edr, llorar y reflexionar a medida que te sumerges en esta cr\u00f3nica \u00edntima y conmovedora de una vida bien vivida, capturando la esencia misma de lo que significa ser humano.<\/p>\n","protected":false},"featured_media":106444,"comment_status":"open","ping_status":"closed","template":"","meta":{"_acf_changed":false},"libro":[],"product_brand":[],"product_cat":[110],"product_tag":[],"class_list":{"0":"post-106440","1":"product","2":"type-product","3":"status-publish","4":"has-post-thumbnail","6":"product_cat-hechos-reales","8":"first","9":"instock","10":"shipping-taxable","11":"product-type-simple"},"acf":{"autor":[106439],"enlace_de_compra":""},"yoast_head":"<!-- This site is optimized with the Yoast SEO plugin v27.4 - https:\/\/yoast.com\/product\/yoast-seo-wordpress\/ -->\n<title>61 - Catalogo | Letrame Grupo Editorial<\/title>\n<meta name=\"robots\" content=\"index, follow, max-snippet:-1, max-image-preview:large, max-video-preview:-1\" \/>\n<link rel=\"canonical\" href=\"https:\/\/letrame.com\/catalogo\/producto\/61-2\/\" \/>\n<meta property=\"og:locale\" content=\"es_ES\" \/>\n<meta property=\"og:type\" content=\"article\" \/>\n<meta property=\"og:title\" content=\"61 - Catalogo | Letrame Grupo Editorial\" \/>\n<meta property=\"og:description\" content=\"ISBN: 978-84-1181-203-0 SINOPSIS Sum\u00e9rgete en un cautivador viaje a trav\u00e9s de la vida de un educador apasionado que se enfrenta a la encrucijada de la jubilaci\u00f3n a los 61 a\u00f1os. Pero esta no es una historia com\u00fan de despedida, \u00a1ni mucho menos! Acomp\u00e1\u00f1alo en un emotivo recorrido por los recuerdos que han tejido el tapiz de su existencia, desde los primeros destellos de conciencia hasta los misterios de la evanescencia que se vislumbra en el horizonte. En esta cautivadora remembranza, descubrir\u00e1s c\u00f3mo cada experiencia, cada desaf\u00edo y cada logro han moldeado la identidad de este educador a lo largo de los a\u00f1os. Desde los momentos de asombro y descubrimiento en la juventud hasta los sorprendentes giros del destino que forjaron su camino, cada p\u00e1gina revela capas profundas de sabidur\u00eda y reflexi\u00f3n. A medida que el educador teje su narrativa, te invita a explorar las esencias de la vida, los lazos que unen a las personas y la trascendencia de las huellas que dejamos atr\u00e1s. \u00bfQu\u00e9 significa realmente existir? \u00bfC\u00f3mo abrazamos la fugacidad de los momentos y la eternidad de los recuerdos? En este relato evocador, la jubilaci\u00f3n se convierte en una oportunidad para mirar hacia atr\u00e1s con gratitud y hacia adelante con anticipaci\u00f3n, mientras el educador comparte lecciones de vida arraigadas en la empat\u00eda, la pasi\u00f3n y el deseo inquebrantable de dejar un legado perdurable. Prep\u00e1rate para re\u00edr, llorar y reflexionar a medida que te sumerges en esta cr\u00f3nica \u00edntima y conmovedora de una vida bien vivida, capturando la esencia misma de lo que significa ser humano.\" \/>\n<meta property=\"og:url\" content=\"https:\/\/letrame.com\/catalogo\/producto\/61-2\/\" \/>\n<meta property=\"og:site_name\" content=\"Catalogo | Letrame Grupo Editorial\" \/>\n<meta property=\"article:modified_time\" content=\"2024-09-19T10:56:53+00:00\" \/>\n<meta property=\"og:image\" content=\"https:\/\/letrame.com\/catalogo\/wp-content\/uploads\/2024\/09\/zwebportada_61_102mm-copia.jpg\" \/>\n\t<meta property=\"og:image:width\" content=\"550\" \/>\n\t<meta property=\"og:image:height\" content=\"806\" \/>\n\t<meta property=\"og:image:type\" content=\"image\/jpeg\" \/>\n<meta name=\"twitter:card\" content=\"summary_large_image\" \/>\n<meta name=\"twitter:label1\" content=\"Tiempo de lectura\" \/>\n\t<meta name=\"twitter:data1\" content=\"2 minutos\" \/>\n<script type=\"application\/ld+json\" class=\"yoast-schema-graph\">{\"@context\":\"https:\\\/\\\/schema.org\",\"@graph\":[{\"@type\":\"WebPage\",\"@id\":\"https:\\\/\\\/letrame.com\\\/catalogo\\\/producto\\\/61-2\\\/\",\"url\":\"https:\\\/\\\/letrame.com\\\/catalogo\\\/producto\\\/61-2\\\/\",\"name\":\"61 - Catalogo | Letrame Grupo Editorial\",\"isPartOf\":{\"@id\":\"https:\\\/\\\/letrame.com\\\/catalogo\\\/#website\"},\"primaryImageOfPage\":{\"@id\":\"https:\\\/\\\/letrame.com\\\/catalogo\\\/producto\\\/61-2\\\/#primaryimage\"},\"image\":{\"@id\":\"https:\\\/\\\/letrame.com\\\/catalogo\\\/producto\\\/61-2\\\/#primaryimage\"},\"thumbnailUrl\":\"https:\\\/\\\/letrame.com\\\/catalogo\\\/wp-content\\\/uploads\\\/2024\\\/09\\\/zwebportada_61_102mm-copia.jpg\",\"datePublished\":\"2024-09-19T10:56:52+00:00\",\"dateModified\":\"2024-09-19T10:56:53+00:00\",\"breadcrumb\":{\"@id\":\"https:\\\/\\\/letrame.com\\\/catalogo\\\/producto\\\/61-2\\\/#breadcrumb\"},\"inLanguage\":\"es\",\"potentialAction\":[{\"@type\":\"ReadAction\",\"target\":[\"https:\\\/\\\/letrame.com\\\/catalogo\\\/producto\\\/61-2\\\/\"]}]},{\"@type\":\"ImageObject\",\"inLanguage\":\"es\",\"@id\":\"https:\\\/\\\/letrame.com\\\/catalogo\\\/producto\\\/61-2\\\/#primaryimage\",\"url\":\"https:\\\/\\\/letrame.com\\\/catalogo\\\/wp-content\\\/uploads\\\/2024\\\/09\\\/zwebportada_61_102mm-copia.jpg\",\"contentUrl\":\"https:\\\/\\\/letrame.com\\\/catalogo\\\/wp-content\\\/uploads\\\/2024\\\/09\\\/zwebportada_61_102mm-copia.jpg\",\"width\":550,\"height\":806},{\"@type\":\"BreadcrumbList\",\"@id\":\"https:\\\/\\\/letrame.com\\\/catalogo\\\/producto\\\/61-2\\\/#breadcrumb\",\"itemListElement\":[{\"@type\":\"ListItem\",\"position\":1,\"name\":\"Portada\",\"item\":\"https:\\\/\\\/letrame.com\\\/catalogo\\\/\"},{\"@type\":\"ListItem\",\"position\":2,\"name\":\"Cat\u00e1logo\",\"item\":\"https:\\\/\\\/letrame.com\\\/catalogo\\\/\"},{\"@type\":\"ListItem\",\"position\":3,\"name\":\"61\"}]},{\"@type\":\"WebSite\",\"@id\":\"https:\\\/\\\/letrame.com\\\/catalogo\\\/#website\",\"url\":\"https:\\\/\\\/letrame.com\\\/catalogo\\\/\",\"name\":\"Catalogo | Letrame Grupo Editorial\",\"description\":\"\",\"publisher\":{\"@id\":\"https:\\\/\\\/letrame.com\\\/catalogo\\\/#organization\"},\"potentialAction\":[{\"@type\":\"SearchAction\",\"target\":{\"@type\":\"EntryPoint\",\"urlTemplate\":\"https:\\\/\\\/letrame.com\\\/catalogo\\\/?s={search_term_string}\"},\"query-input\":{\"@type\":\"PropertyValueSpecification\",\"valueRequired\":true,\"valueName\":\"search_term_string\"}}],\"inLanguage\":\"es\"},{\"@type\":\"Organization\",\"@id\":\"https:\\\/\\\/letrame.com\\\/catalogo\\\/#organization\",\"name\":\"Catalogo | Letrame Grupo Editorial\",\"url\":\"https:\\\/\\\/letrame.com\\\/catalogo\\\/\",\"logo\":{\"@type\":\"ImageObject\",\"inLanguage\":\"es\",\"@id\":\"https:\\\/\\\/letrame.com\\\/catalogo\\\/#\\\/schema\\\/logo\\\/image\\\/\",\"url\":\"https:\\\/\\\/letrame.com\\\/catalogo\\\/wp-content\\\/uploads\\\/2024\\\/03\\\/logo2.webp\",\"contentUrl\":\"https:\\\/\\\/letrame.com\\\/catalogo\\\/wp-content\\\/uploads\\\/2024\\\/03\\\/logo2.webp\",\"width\":394,\"height\":128,\"caption\":\"Catalogo | Letrame Grupo Editorial\"},\"image\":{\"@id\":\"https:\\\/\\\/letrame.com\\\/catalogo\\\/#\\\/schema\\\/logo\\\/image\\\/\"}}]}<\/script>\n<!-- \/ Yoast SEO plugin. -->","yoast_head_json":{"title":"61 - Catalogo | Letrame Grupo Editorial","robots":{"index":"index","follow":"follow","max-snippet":"max-snippet:-1","max-image-preview":"max-image-preview:large","max-video-preview":"max-video-preview:-1"},"canonical":"https:\/\/letrame.com\/catalogo\/producto\/61-2\/","og_locale":"es_ES","og_type":"article","og_title":"61 - Catalogo | Letrame Grupo Editorial","og_description":"ISBN: 978-84-1181-203-0 SINOPSIS Sum\u00e9rgete en un cautivador viaje a trav\u00e9s de la vida de un educador apasionado que se enfrenta a la encrucijada de la jubilaci\u00f3n a los 61 a\u00f1os. Pero esta no es una historia com\u00fan de despedida, \u00a1ni mucho menos! Acomp\u00e1\u00f1alo en un emotivo recorrido por los recuerdos que han tejido el tapiz de su existencia, desde los primeros destellos de conciencia hasta los misterios de la evanescencia que se vislumbra en el horizonte. En esta cautivadora remembranza, descubrir\u00e1s c\u00f3mo cada experiencia, cada desaf\u00edo y cada logro han moldeado la identidad de este educador a lo largo de los a\u00f1os. Desde los momentos de asombro y descubrimiento en la juventud hasta los sorprendentes giros del destino que forjaron su camino, cada p\u00e1gina revela capas profundas de sabidur\u00eda y reflexi\u00f3n. A medida que el educador teje su narrativa, te invita a explorar las esencias de la vida, los lazos que unen a las personas y la trascendencia de las huellas que dejamos atr\u00e1s. \u00bfQu\u00e9 significa realmente existir? \u00bfC\u00f3mo abrazamos la fugacidad de los momentos y la eternidad de los recuerdos? En este relato evocador, la jubilaci\u00f3n se convierte en una oportunidad para mirar hacia atr\u00e1s con gratitud y hacia adelante con anticipaci\u00f3n, mientras el educador comparte lecciones de vida arraigadas en la empat\u00eda, la pasi\u00f3n y el deseo inquebrantable de dejar un legado perdurable. Prep\u00e1rate para re\u00edr, llorar y reflexionar a medida que te sumerges en esta cr\u00f3nica \u00edntima y conmovedora de una vida bien vivida, capturando la esencia misma de lo que significa ser humano.","og_url":"https:\/\/letrame.com\/catalogo\/producto\/61-2\/","og_site_name":"Catalogo | Letrame Grupo Editorial","article_modified_time":"2024-09-19T10:56:53+00:00","og_image":[{"width":550,"height":806,"url":"https:\/\/letrame.com\/catalogo\/wp-content\/uploads\/2024\/09\/zwebportada_61_102mm-copia.jpg","type":"image\/jpeg"}],"twitter_card":"summary_large_image","twitter_misc":{"Tiempo de lectura":"2 minutos"},"schema":{"@context":"https:\/\/schema.org","@graph":[{"@type":"WebPage","@id":"https:\/\/letrame.com\/catalogo\/producto\/61-2\/","url":"https:\/\/letrame.com\/catalogo\/producto\/61-2\/","name":"61 - Catalogo | Letrame Grupo Editorial","isPartOf":{"@id":"https:\/\/letrame.com\/catalogo\/#website"},"primaryImageOfPage":{"@id":"https:\/\/letrame.com\/catalogo\/producto\/61-2\/#primaryimage"},"image":{"@id":"https:\/\/letrame.com\/catalogo\/producto\/61-2\/#primaryimage"},"thumbnailUrl":"https:\/\/letrame.com\/catalogo\/wp-content\/uploads\/2024\/09\/zwebportada_61_102mm-copia.jpg","datePublished":"2024-09-19T10:56:52+00:00","dateModified":"2024-09-19T10:56:53+00:00","breadcrumb":{"@id":"https:\/\/letrame.com\/catalogo\/producto\/61-2\/#breadcrumb"},"inLanguage":"es","potentialAction":[{"@type":"ReadAction","target":["https:\/\/letrame.com\/catalogo\/producto\/61-2\/"]}]},{"@type":"ImageObject","inLanguage":"es","@id":"https:\/\/letrame.com\/catalogo\/producto\/61-2\/#primaryimage","url":"https:\/\/letrame.com\/catalogo\/wp-content\/uploads\/2024\/09\/zwebportada_61_102mm-copia.jpg","contentUrl":"https:\/\/letrame.com\/catalogo\/wp-content\/uploads\/2024\/09\/zwebportada_61_102mm-copia.jpg","width":550,"height":806},{"@type":"BreadcrumbList","@id":"https:\/\/letrame.com\/catalogo\/producto\/61-2\/#breadcrumb","itemListElement":[{"@type":"ListItem","position":1,"name":"Portada","item":"https:\/\/letrame.com\/catalogo\/"},{"@type":"ListItem","position":2,"name":"Cat\u00e1logo","item":"https:\/\/letrame.com\/catalogo\/"},{"@type":"ListItem","position":3,"name":"61"}]},{"@type":"WebSite","@id":"https:\/\/letrame.com\/catalogo\/#website","url":"https:\/\/letrame.com\/catalogo\/","name":"Catalogo | Letrame Grupo Editorial","description":"","publisher":{"@id":"https:\/\/letrame.com\/catalogo\/#organization"},"potentialAction":[{"@type":"SearchAction","target":{"@type":"EntryPoint","urlTemplate":"https:\/\/letrame.com\/catalogo\/?s={search_term_string}"},"query-input":{"@type":"PropertyValueSpecification","valueRequired":true,"valueName":"search_term_string"}}],"inLanguage":"es"},{"@type":"Organization","@id":"https:\/\/letrame.com\/catalogo\/#organization","name":"Catalogo | Letrame Grupo Editorial","url":"https:\/\/letrame.com\/catalogo\/","logo":{"@type":"ImageObject","inLanguage":"es","@id":"https:\/\/letrame.com\/catalogo\/#\/schema\/logo\/image\/","url":"https:\/\/letrame.com\/catalogo\/wp-content\/uploads\/2024\/03\/logo2.webp","contentUrl":"https:\/\/letrame.com\/catalogo\/wp-content\/uploads\/2024\/03\/logo2.webp","width":394,"height":128,"caption":"Catalogo | Letrame Grupo Editorial"},"image":{"@id":"https:\/\/letrame.com\/catalogo\/#\/schema\/logo\/image\/"}}]}},"_links":{"self":[{"href":"https:\/\/letrame.com\/catalogo\/wp-json\/wp\/v2\/product\/106440","targetHints":{"allow":["GET"]}}],"collection":[{"href":"https:\/\/letrame.com\/catalogo\/wp-json\/wp\/v2\/product"}],"about":[{"href":"https:\/\/letrame.com\/catalogo\/wp-json\/wp\/v2\/types\/product"}],"replies":[{"embeddable":true,"href":"https:\/\/letrame.com\/catalogo\/wp-json\/wp\/v2\/comments?post=106440"}],"acf:post":[{"embeddable":true,"href":"https:\/\/letrame.com\/catalogo\/wp-json\/wp\/v2\/author_book\/106439"}],"wp:featuredmedia":[{"embeddable":true,"href":"https:\/\/letrame.com\/catalogo\/wp-json\/wp\/v2\/media\/106444"}],"wp:attachment":[{"href":"https:\/\/letrame.com\/catalogo\/wp-json\/wp\/v2\/media?parent=106440"}],"wp:term":[{"taxonomy":"libro","embeddable":true,"href":"https:\/\/letrame.com\/catalogo\/wp-json\/wp\/v2\/libro?post=106440"},{"taxonomy":"product_brand","embeddable":true,"href":"https:\/\/letrame.com\/catalogo\/wp-json\/wp\/v2\/product_brand?post=106440"},{"taxonomy":"product_cat","embeddable":true,"href":"https:\/\/letrame.com\/catalogo\/wp-json\/wp\/v2\/product_cat?post=106440"},{"taxonomy":"product_tag","embeddable":true,"href":"https:\/\/letrame.com\/catalogo\/wp-json\/wp\/v2\/product_tag?post=106440"}],"curies":[{"name":"wp","href":"https:\/\/api.w.org\/{rel}","templated":true}]}}