{"id":106433,"date":"2024-09-19T11:16:26","date_gmt":"2024-09-19T09:16:26","guid":{"rendered":"https:\/\/letrame.com\/catalogo\/?post_type=product&#038;p=106433"},"modified":"2024-09-19T11:16:26","modified_gmt":"2024-09-19T09:16:26","slug":"desierto-de-amor","status":"publish","type":"product","link":"https:\/\/letrame.com\/catalogo\/producto\/desierto-de-amor\/","title":{"rendered":"Desierto de amor"},"content":{"rendered":"<p class=\"p1\">ISBN:\u00a0978-84-1068-605-2<\/p>\n<p class=\"p1\">T\u00edtulo:\u00a0Desierto de amor<\/p>\n<p class=\"p1\">A\u00f1o: 2024<\/p>\n<p class=\"p1\">P\u00e1ginas: 204<\/p>\n<p class=\"p1\">SINOPSIS<\/p>\n<p>Hassna, una ni\u00f1a descendiente de una familia pudiente \u00e1rabe bereber, queda hu\u00e9rfana al estrellarse el <em>jet<\/em> de sus padres regresando a M\u00e1laga. El socio y amigo de la familia se hace cargo de ella hasta entregarla al hermano del padre de la ni\u00f1a para que se encargue de ella en calidad de tutor y albacea de la fortuna que hereda la peque\u00f1a. Hassna es trasladada a Granada, a su nuevo hogar. Lalla, esposa de Manssur, t\u00edo de Hassna, se encari\u00f1a con ella hasta que, por decisi\u00f3n del t\u00edo, es enviada a un internado, donde conoce a Rania, que ser\u00e1 para ella como una hermana. Manssur, adicto a las apuestas, lapida su patrimonio y va en busca del dinero de Hassna.<\/p>\n<p>A\u00f1os despu\u00e9s, debido al matrimonio frustrado de Hassna con su amigo Omar, ella contrae una fuerte depresi\u00f3n. El t\u00edo la confina dentro de un sanatorio y la declara loca e incapaz de administrar su herencia. Rania, con ayuda de Lalla, emprender\u00e1 el rescate y la huida de la muchacha al desierto, donde se encontrar\u00e1 con retos tratando de sobrevivir la odisea que se le presenta en el camino. Hassna es perseguida por un detective privado y un sicario para terminar con su vida.<\/p>\n<p>Es una novela de mucha acci\u00f3n, amor, suspenso y muertes, en la que el lector estar\u00e1 absorto de principio a fin.<\/p>\n<p>En la novela, se va narrando las costumbres \u00e1rabes-marroqu\u00edes, como tambi\u00e9n los bellos lugares donde se va desarrollando la novela.<\/p>\n","protected":false},"excerpt":{"rendered":"<p class=\"p1\">ISBN:\u00a0978-84-1068-605-2<\/p>\n<p class=\"p1\">SINOPSIS<\/p>\n<p>Hassna, una ni\u00f1a descendiente de una familia pudiente \u00e1rabe bereber, queda hu\u00e9rfana al estrellarse el <em>jet<\/em> de sus padres regresando a M\u00e1laga. El socio y amigo de la familia se hace cargo de ella hasta entregarla al hermano del padre de la ni\u00f1a para que se encargue de ella en calidad de tutor y albacea de la fortuna que hereda la peque\u00f1a. Hassna es trasladada a Granada, a su nuevo hogar. Lalla, esposa de Manssur, t\u00edo de Hassna, se encari\u00f1a con ella hasta que, por decisi\u00f3n del t\u00edo, es enviada a un internado, donde conoce a Rania, que ser\u00e1 para ella como una hermana. Manssur, adicto a las apuestas, lapida su patrimonio y va en busca del dinero de Hassna.<\/p>\n<p>A\u00f1os despu\u00e9s, debido al matrimonio frustrado de Hassna con su amigo Omar, ella contrae una fuerte depresi\u00f3n. El t\u00edo la confina dentro de un sanatorio y la declara loca e incapaz de administrar su herencia. Rania, con ayuda de Lalla, emprender\u00e1 el rescate y la huida de la muchacha al desierto, donde se encontrar\u00e1 con retos tratando de sobrevivir la odisea que se le presenta en el camino. Hassna es perseguida por un detective privado y un sicario para terminar con su vida.<\/p>\n<p>Es una novela de mucha acci\u00f3n, amor, suspenso y muertes, en la que el lector estar\u00e1 absorto de principio a fin.<\/p>\n<p>En la novela, se va narrando las costumbres \u00e1rabes-marroqu\u00edes, como tambi\u00e9n los bellos lugares donde se va desarrollando la novela.<\/p>\n","protected":false},"featured_media":106437,"comment_status":"open","ping_status":"closed","template":"","meta":{"_acf_changed":false},"libro":[],"product_brand":[],"product_cat":[57],"product_tag":[],"class_list":{"0":"post-106433","1":"product","2":"type-product","3":"status-publish","4":"has-post-thumbnail","6":"product_cat-suspenso","8":"first","9":"instock","10":"shipping-taxable","11":"product-type-simple"},"acf":{"autor":[106434],"enlace_de_compra":"https:\/\/amzn.to\/3BdkjW3"},"yoast_head":"<!-- This site is optimized with the Yoast SEO plugin v27.4 - https:\/\/yoast.com\/product\/yoast-seo-wordpress\/ -->\n<title>Desierto de amor - Catalogo | Letrame Grupo Editorial<\/title>\n<meta name=\"robots\" content=\"index, follow, max-snippet:-1, max-image-preview:large, max-video-preview:-1\" \/>\n<link rel=\"canonical\" href=\"https:\/\/letrame.com\/catalogo\/producto\/desierto-de-amor\/\" \/>\n<meta property=\"og:locale\" content=\"es_ES\" \/>\n<meta property=\"og:type\" content=\"article\" \/>\n<meta property=\"og:title\" content=\"Desierto de amor - Catalogo | Letrame Grupo Editorial\" \/>\n<meta property=\"og:description\" content=\"ISBN:\u00a0978-84-1068-605-2 SINOPSIS Hassna, una ni\u00f1a descendiente de una familia pudiente \u00e1rabe bereber, queda hu\u00e9rfana al estrellarse el jet de sus padres regresando a M\u00e1laga. El socio y amigo de la familia se hace cargo de ella hasta entregarla al hermano del padre de la ni\u00f1a para que se encargue de ella en calidad de tutor y albacea de la fortuna que hereda la peque\u00f1a. Hassna es trasladada a Granada, a su nuevo hogar. Lalla, esposa de Manssur, t\u00edo de Hassna, se encari\u00f1a con ella hasta que, por decisi\u00f3n del t\u00edo, es enviada a un internado, donde conoce a Rania, que ser\u00e1 para ella como una hermana. Manssur, adicto a las apuestas, lapida su patrimonio y va en busca del dinero de Hassna.  A\u00f1os despu\u00e9s, debido al matrimonio frustrado de Hassna con su amigo Omar, ella contrae una fuerte depresi\u00f3n. El t\u00edo la confina dentro de un sanatorio y la declara loca e incapaz de administrar su herencia. Rania, con ayuda de Lalla, emprender\u00e1 el rescate y la huida de la muchacha al desierto, donde se encontrar\u00e1 con retos tratando de sobrevivir la odisea que se le presenta en el camino. Hassna es perseguida por un detective privado y un sicario para terminar con su vida.  Es una novela de mucha acci\u00f3n, amor, suspenso y muertes, en la que el lector estar\u00e1 absorto de principio a fin.  En la novela, se va narrando las costumbres \u00e1rabes-marroqu\u00edes, como tambi\u00e9n los bellos lugares donde se va desarrollando la novela.\" \/>\n<meta property=\"og:url\" content=\"https:\/\/letrame.com\/catalogo\/producto\/desierto-de-amor\/\" \/>\n<meta property=\"og:site_name\" content=\"Catalogo | Letrame Grupo Editorial\" \/>\n<meta property=\"og:image\" content=\"https:\/\/letrame.com\/catalogo\/wp-content\/uploads\/2024\/09\/zdesiertodeamor_1048mm4.jpg\" \/>\n\t<meta property=\"og:image:width\" content=\"1000\" \/>\n\t<meta property=\"og:image:height\" content=\"1466\" \/>\n\t<meta property=\"og:image:type\" content=\"image\/jpeg\" \/>\n<meta name=\"twitter:card\" content=\"summary_large_image\" \/>\n<meta name=\"twitter:label1\" content=\"Tiempo de lectura\" \/>\n\t<meta name=\"twitter:data1\" content=\"2 minutos\" \/>\n<script type=\"application\/ld+json\" class=\"yoast-schema-graph\">{\"@context\":\"https:\\\/\\\/schema.org\",\"@graph\":[{\"@type\":\"WebPage\",\"@id\":\"https:\\\/\\\/letrame.com\\\/catalogo\\\/producto\\\/desierto-de-amor\\\/\",\"url\":\"https:\\\/\\\/letrame.com\\\/catalogo\\\/producto\\\/desierto-de-amor\\\/\",\"name\":\"Desierto de amor - Catalogo | Letrame Grupo Editorial\",\"isPartOf\":{\"@id\":\"https:\\\/\\\/letrame.com\\\/catalogo\\\/#website\"},\"primaryImageOfPage\":{\"@id\":\"https:\\\/\\\/letrame.com\\\/catalogo\\\/producto\\\/desierto-de-amor\\\/#primaryimage\"},\"image\":{\"@id\":\"https:\\\/\\\/letrame.com\\\/catalogo\\\/producto\\\/desierto-de-amor\\\/#primaryimage\"},\"thumbnailUrl\":\"https:\\\/\\\/letrame.com\\\/catalogo\\\/wp-content\\\/uploads\\\/2024\\\/09\\\/zdesiertodeamor_1048mm4.jpg\",\"datePublished\":\"2024-09-19T09:16:26+00:00\",\"breadcrumb\":{\"@id\":\"https:\\\/\\\/letrame.com\\\/catalogo\\\/producto\\\/desierto-de-amor\\\/#breadcrumb\"},\"inLanguage\":\"es\",\"potentialAction\":[{\"@type\":\"ReadAction\",\"target\":[\"https:\\\/\\\/letrame.com\\\/catalogo\\\/producto\\\/desierto-de-amor\\\/\"]}]},{\"@type\":\"ImageObject\",\"inLanguage\":\"es\",\"@id\":\"https:\\\/\\\/letrame.com\\\/catalogo\\\/producto\\\/desierto-de-amor\\\/#primaryimage\",\"url\":\"https:\\\/\\\/letrame.com\\\/catalogo\\\/wp-content\\\/uploads\\\/2024\\\/09\\\/zdesiertodeamor_1048mm4.jpg\",\"contentUrl\":\"https:\\\/\\\/letrame.com\\\/catalogo\\\/wp-content\\\/uploads\\\/2024\\\/09\\\/zdesiertodeamor_1048mm4.jpg\",\"width\":1000,\"height\":1466},{\"@type\":\"BreadcrumbList\",\"@id\":\"https:\\\/\\\/letrame.com\\\/catalogo\\\/producto\\\/desierto-de-amor\\\/#breadcrumb\",\"itemListElement\":[{\"@type\":\"ListItem\",\"position\":1,\"name\":\"Portada\",\"item\":\"https:\\\/\\\/letrame.com\\\/catalogo\\\/\"},{\"@type\":\"ListItem\",\"position\":2,\"name\":\"Cat\u00e1logo\",\"item\":\"https:\\\/\\\/letrame.com\\\/catalogo\\\/\"},{\"@type\":\"ListItem\",\"position\":3,\"name\":\"Desierto de amor\"}]},{\"@type\":\"WebSite\",\"@id\":\"https:\\\/\\\/letrame.com\\\/catalogo\\\/#website\",\"url\":\"https:\\\/\\\/letrame.com\\\/catalogo\\\/\",\"name\":\"Catalogo | Letrame Grupo Editorial\",\"description\":\"\",\"publisher\":{\"@id\":\"https:\\\/\\\/letrame.com\\\/catalogo\\\/#organization\"},\"potentialAction\":[{\"@type\":\"SearchAction\",\"target\":{\"@type\":\"EntryPoint\",\"urlTemplate\":\"https:\\\/\\\/letrame.com\\\/catalogo\\\/?s={search_term_string}\"},\"query-input\":{\"@type\":\"PropertyValueSpecification\",\"valueRequired\":true,\"valueName\":\"search_term_string\"}}],\"inLanguage\":\"es\"},{\"@type\":\"Organization\",\"@id\":\"https:\\\/\\\/letrame.com\\\/catalogo\\\/#organization\",\"name\":\"Catalogo | Letrame Grupo Editorial\",\"url\":\"https:\\\/\\\/letrame.com\\\/catalogo\\\/\",\"logo\":{\"@type\":\"ImageObject\",\"inLanguage\":\"es\",\"@id\":\"https:\\\/\\\/letrame.com\\\/catalogo\\\/#\\\/schema\\\/logo\\\/image\\\/\",\"url\":\"https:\\\/\\\/letrame.com\\\/catalogo\\\/wp-content\\\/uploads\\\/2024\\\/03\\\/logo2.webp\",\"contentUrl\":\"https:\\\/\\\/letrame.com\\\/catalogo\\\/wp-content\\\/uploads\\\/2024\\\/03\\\/logo2.webp\",\"width\":394,\"height\":128,\"caption\":\"Catalogo | Letrame Grupo Editorial\"},\"image\":{\"@id\":\"https:\\\/\\\/letrame.com\\\/catalogo\\\/#\\\/schema\\\/logo\\\/image\\\/\"}}]}<\/script>\n<!-- \/ Yoast SEO plugin. -->","yoast_head_json":{"title":"Desierto de amor - Catalogo | Letrame Grupo Editorial","robots":{"index":"index","follow":"follow","max-snippet":"max-snippet:-1","max-image-preview":"max-image-preview:large","max-video-preview":"max-video-preview:-1"},"canonical":"https:\/\/letrame.com\/catalogo\/producto\/desierto-de-amor\/","og_locale":"es_ES","og_type":"article","og_title":"Desierto de amor - Catalogo | Letrame Grupo Editorial","og_description":"ISBN:\u00a0978-84-1068-605-2 SINOPSIS Hassna, una ni\u00f1a descendiente de una familia pudiente \u00e1rabe bereber, queda hu\u00e9rfana al estrellarse el jet de sus padres regresando a M\u00e1laga. El socio y amigo de la familia se hace cargo de ella hasta entregarla al hermano del padre de la ni\u00f1a para que se encargue de ella en calidad de tutor y albacea de la fortuna que hereda la peque\u00f1a. Hassna es trasladada a Granada, a su nuevo hogar. Lalla, esposa de Manssur, t\u00edo de Hassna, se encari\u00f1a con ella hasta que, por decisi\u00f3n del t\u00edo, es enviada a un internado, donde conoce a Rania, que ser\u00e1 para ella como una hermana. Manssur, adicto a las apuestas, lapida su patrimonio y va en busca del dinero de Hassna.  A\u00f1os despu\u00e9s, debido al matrimonio frustrado de Hassna con su amigo Omar, ella contrae una fuerte depresi\u00f3n. El t\u00edo la confina dentro de un sanatorio y la declara loca e incapaz de administrar su herencia. Rania, con ayuda de Lalla, emprender\u00e1 el rescate y la huida de la muchacha al desierto, donde se encontrar\u00e1 con retos tratando de sobrevivir la odisea que se le presenta en el camino. Hassna es perseguida por un detective privado y un sicario para terminar con su vida.  Es una novela de mucha acci\u00f3n, amor, suspenso y muertes, en la que el lector estar\u00e1 absorto de principio a fin.  En la novela, se va narrando las costumbres \u00e1rabes-marroqu\u00edes, como tambi\u00e9n los bellos lugares donde se va desarrollando la novela.","og_url":"https:\/\/letrame.com\/catalogo\/producto\/desierto-de-amor\/","og_site_name":"Catalogo | Letrame Grupo Editorial","og_image":[{"width":1000,"height":1466,"url":"https:\/\/letrame.com\/catalogo\/wp-content\/uploads\/2024\/09\/zdesiertodeamor_1048mm4.jpg","type":"image\/jpeg"}],"twitter_card":"summary_large_image","twitter_misc":{"Tiempo de lectura":"2 minutos"},"schema":{"@context":"https:\/\/schema.org","@graph":[{"@type":"WebPage","@id":"https:\/\/letrame.com\/catalogo\/producto\/desierto-de-amor\/","url":"https:\/\/letrame.com\/catalogo\/producto\/desierto-de-amor\/","name":"Desierto de amor - Catalogo | Letrame Grupo Editorial","isPartOf":{"@id":"https:\/\/letrame.com\/catalogo\/#website"},"primaryImageOfPage":{"@id":"https:\/\/letrame.com\/catalogo\/producto\/desierto-de-amor\/#primaryimage"},"image":{"@id":"https:\/\/letrame.com\/catalogo\/producto\/desierto-de-amor\/#primaryimage"},"thumbnailUrl":"https:\/\/letrame.com\/catalogo\/wp-content\/uploads\/2024\/09\/zdesiertodeamor_1048mm4.jpg","datePublished":"2024-09-19T09:16:26+00:00","breadcrumb":{"@id":"https:\/\/letrame.com\/catalogo\/producto\/desierto-de-amor\/#breadcrumb"},"inLanguage":"es","potentialAction":[{"@type":"ReadAction","target":["https:\/\/letrame.com\/catalogo\/producto\/desierto-de-amor\/"]}]},{"@type":"ImageObject","inLanguage":"es","@id":"https:\/\/letrame.com\/catalogo\/producto\/desierto-de-amor\/#primaryimage","url":"https:\/\/letrame.com\/catalogo\/wp-content\/uploads\/2024\/09\/zdesiertodeamor_1048mm4.jpg","contentUrl":"https:\/\/letrame.com\/catalogo\/wp-content\/uploads\/2024\/09\/zdesiertodeamor_1048mm4.jpg","width":1000,"height":1466},{"@type":"BreadcrumbList","@id":"https:\/\/letrame.com\/catalogo\/producto\/desierto-de-amor\/#breadcrumb","itemListElement":[{"@type":"ListItem","position":1,"name":"Portada","item":"https:\/\/letrame.com\/catalogo\/"},{"@type":"ListItem","position":2,"name":"Cat\u00e1logo","item":"https:\/\/letrame.com\/catalogo\/"},{"@type":"ListItem","position":3,"name":"Desierto de amor"}]},{"@type":"WebSite","@id":"https:\/\/letrame.com\/catalogo\/#website","url":"https:\/\/letrame.com\/catalogo\/","name":"Catalogo | Letrame Grupo Editorial","description":"","publisher":{"@id":"https:\/\/letrame.com\/catalogo\/#organization"},"potentialAction":[{"@type":"SearchAction","target":{"@type":"EntryPoint","urlTemplate":"https:\/\/letrame.com\/catalogo\/?s={search_term_string}"},"query-input":{"@type":"PropertyValueSpecification","valueRequired":true,"valueName":"search_term_string"}}],"inLanguage":"es"},{"@type":"Organization","@id":"https:\/\/letrame.com\/catalogo\/#organization","name":"Catalogo | Letrame Grupo Editorial","url":"https:\/\/letrame.com\/catalogo\/","logo":{"@type":"ImageObject","inLanguage":"es","@id":"https:\/\/letrame.com\/catalogo\/#\/schema\/logo\/image\/","url":"https:\/\/letrame.com\/catalogo\/wp-content\/uploads\/2024\/03\/logo2.webp","contentUrl":"https:\/\/letrame.com\/catalogo\/wp-content\/uploads\/2024\/03\/logo2.webp","width":394,"height":128,"caption":"Catalogo | Letrame Grupo Editorial"},"image":{"@id":"https:\/\/letrame.com\/catalogo\/#\/schema\/logo\/image\/"}}]}},"_links":{"self":[{"href":"https:\/\/letrame.com\/catalogo\/wp-json\/wp\/v2\/product\/106433","targetHints":{"allow":["GET"]}}],"collection":[{"href":"https:\/\/letrame.com\/catalogo\/wp-json\/wp\/v2\/product"}],"about":[{"href":"https:\/\/letrame.com\/catalogo\/wp-json\/wp\/v2\/types\/product"}],"replies":[{"embeddable":true,"href":"https:\/\/letrame.com\/catalogo\/wp-json\/wp\/v2\/comments?post=106433"}],"acf:post":[{"embeddable":true,"href":"https:\/\/letrame.com\/catalogo\/wp-json\/wp\/v2\/author_book\/106434"}],"wp:featuredmedia":[{"embeddable":true,"href":"https:\/\/letrame.com\/catalogo\/wp-json\/wp\/v2\/media\/106437"}],"wp:attachment":[{"href":"https:\/\/letrame.com\/catalogo\/wp-json\/wp\/v2\/media?parent=106433"}],"wp:term":[{"taxonomy":"libro","embeddable":true,"href":"https:\/\/letrame.com\/catalogo\/wp-json\/wp\/v2\/libro?post=106433"},{"taxonomy":"product_brand","embeddable":true,"href":"https:\/\/letrame.com\/catalogo\/wp-json\/wp\/v2\/product_brand?post=106433"},{"taxonomy":"product_cat","embeddable":true,"href":"https:\/\/letrame.com\/catalogo\/wp-json\/wp\/v2\/product_cat?post=106433"},{"taxonomy":"product_tag","embeddable":true,"href":"https:\/\/letrame.com\/catalogo\/wp-json\/wp\/v2\/product_tag?post=106433"}],"curies":[{"name":"wp","href":"https:\/\/api.w.org\/{rel}","templated":true}]}}