{"id":106383,"date":"2024-09-17T10:25:50","date_gmt":"2024-09-17T08:25:50","guid":{"rendered":"https:\/\/letrame.com\/catalogo\/?post_type=product&#038;p=106383"},"modified":"2024-09-17T15:56:15","modified_gmt":"2024-09-17T13:56:15","slug":"a-mi-leal-saber-y-entender","status":"publish","type":"product","link":"https:\/\/letrame.com\/catalogo\/producto\/a-mi-leal-saber-y-entender\/","title":{"rendered":"A mi leal saber y entender"},"content":{"rendered":"<p class=\"p1\">ISBN: 978-84-1068-765-3<\/p>\n<p class=\"p1\">T\u00edtulo: A mi leal saber y entender<\/p>\n<p class=\"p1\">A\u00f1o: 2024<\/p>\n<p class=\"p1\">P\u00e1ginas: 216<\/p>\n<p class=\"p1\">SINOPSIS<\/p>\n<p>El perito de seguros se enfrenta d\u00eda a d\u00eda con problemas derivados de su oficio, y todos los ojos se posan sobre \u00e9l para buscar una soluci\u00f3n. Adem\u00e1s de su formaci\u00f3n acad\u00e9mica y t\u00e9cnica, el perito est\u00e1 en formaci\u00f3n continua por el simple hecho de vivir todo tipo de realidades, hechos y circunstancias.<\/p>\n<p>Tras la publicaci\u00f3n de <em>A superior criterio de la compa\u00f1\u00eda<\/em> hace trece a\u00f1os, ahora se actualizan sus contenidos en este nuevo t\u00edtulo y se incorporan algunas an\u00e9cdotas y apuntes que, tras el inevitable y machac\u00f3n paso del tiempo, han quedado aqu\u00ed plasmados.<\/p>\n<p>Ni que decir tiene, pero para que nadie pueda llamarse a enga\u00f1o, que estas p\u00e1ginas no recogen tediosos p\u00e1rrafos sobre la teor\u00eda del seguro, ni balances ni datos o estad\u00edsticas que utilizan los actuarios, sino la simple experiencia de un perito con treinta a\u00f1os de oficio <em>apatrullando<\/em> las calles de Madrid.<\/p>\n<p>Se trata de la visi\u00f3n de un perito y de su relaci\u00f3n con los otros protagonistas de un siniestro, como son los tramitadores, abogados, asegurados\u2026, pero bajo un punto de vista humano, cercano y simp\u00e1tico con el que se pretende sacar una sonrisa al lector.<\/p>\n","protected":false},"excerpt":{"rendered":"<p class=\"p1\">ISBN: 978-84-1068-765-3<\/p>\n<p class=\"p1\">SINOPSIS<\/p>\n<p>El perito de seguros se enfrenta d\u00eda a d\u00eda con problemas derivados de su oficio, y todos los ojos se posan sobre \u00e9l para buscar una soluci\u00f3n. Adem\u00e1s de su formaci\u00f3n acad\u00e9mica y t\u00e9cnica, el perito est\u00e1 en formaci\u00f3n continua por el simple hecho de vivir todo tipo de realidades, hechos y circunstancias.<\/p>\n<p>Tras la publicaci\u00f3n de <em>A superior criterio de la compa\u00f1\u00eda<\/em> hace trece a\u00f1os, ahora se actualizan sus contenidos en este nuevo t\u00edtulo y se incorporan algunas an\u00e9cdotas y apuntes que, tras el inevitable y machac\u00f3n paso del tiempo, han quedado aqu\u00ed plasmados.<\/p>\n<p>Ni que decir tiene, pero para que nadie pueda llamarse a enga\u00f1o, que estas p\u00e1ginas no recogen tediosos p\u00e1rrafos sobre la teor\u00eda del seguro, ni balances ni datos o estad\u00edsticas que utilizan los actuarios, sino la simple experiencia de un perito con treinta a\u00f1os de oficio <em>apatrullando<\/em> las calles de Madrid.<\/p>\n<p>Se trata de la visi\u00f3n de un perito y de su relaci\u00f3n con los otros protagonistas de un siniestro, como son los tramitadores, abogados, asegurados\u2026, pero bajo un punto de vista humano, cercano y simp\u00e1tico con el que se pretende sacar una sonrisa al lector.<\/p>\n","protected":false},"featured_media":106386,"comment_status":"open","ping_status":"closed","template":"","meta":{"_acf_changed":false},"libro":[],"product_brand":[],"product_cat":[23],"product_tag":[],"class_list":{"0":"post-106383","1":"product","2":"type-product","3":"status-publish","4":"has-post-thumbnail","6":"product_cat-ensayos","8":"first","9":"instock","10":"shipping-taxable","11":"product-type-simple"},"acf":{"autor":[106382],"enlace_de_compra":"https:\/\/www.paypal.com\/cgi-bin\/webscr?cmd=_s-xclick&hosted_button_id=V6FBX7MZ6XRQE"},"yoast_head":"<!-- This site is optimized with the Yoast SEO plugin v27.4 - https:\/\/yoast.com\/product\/yoast-seo-wordpress\/ -->\n<title>A mi leal saber y entender - Catalogo | Letrame Grupo Editorial<\/title>\n<meta name=\"robots\" content=\"index, follow, max-snippet:-1, max-image-preview:large, max-video-preview:-1\" \/>\n<link rel=\"canonical\" href=\"https:\/\/letrame.com\/catalogo\/producto\/a-mi-leal-saber-y-entender\/\" \/>\n<meta property=\"og:locale\" content=\"es_ES\" \/>\n<meta property=\"og:type\" content=\"article\" \/>\n<meta property=\"og:title\" content=\"A mi leal saber y entender - Catalogo | Letrame Grupo Editorial\" \/>\n<meta property=\"og:description\" content=\"ISBN: 978-84-1068-765-3 SINOPSIS El perito de seguros se enfrenta d\u00eda a d\u00eda con problemas derivados de su oficio, y todos los ojos se posan sobre \u00e9l para buscar una soluci\u00f3n. Adem\u00e1s de su formaci\u00f3n acad\u00e9mica y t\u00e9cnica, el perito est\u00e1 en formaci\u00f3n continua por el simple hecho de vivir todo tipo de realidades, hechos y circunstancias.  Tras la publicaci\u00f3n de A superior criterio de la compa\u00f1\u00eda hace trece a\u00f1os, ahora se actualizan sus contenidos en este nuevo t\u00edtulo y se incorporan algunas an\u00e9cdotas y apuntes que, tras el inevitable y machac\u00f3n paso del tiempo, han quedado aqu\u00ed plasmados.  Ni que decir tiene, pero para que nadie pueda llamarse a enga\u00f1o, que estas p\u00e1ginas no recogen tediosos p\u00e1rrafos sobre la teor\u00eda del seguro, ni balances ni datos o estad\u00edsticas que utilizan los actuarios, sino la simple experiencia de un perito con treinta a\u00f1os de oficio apatrullando las calles de Madrid.  Se trata de la visi\u00f3n de un perito y de su relaci\u00f3n con los otros protagonistas de un siniestro, como son los tramitadores, abogados, asegurados\u2026, pero bajo un punto de vista humano, cercano y simp\u00e1tico con el que se pretende sacar una sonrisa al lector.\" \/>\n<meta property=\"og:url\" content=\"https:\/\/letrame.com\/catalogo\/producto\/a-mi-leal-saber-y-entender\/\" \/>\n<meta property=\"og:site_name\" content=\"Catalogo | Letrame Grupo Editorial\" \/>\n<meta property=\"article:modified_time\" content=\"2024-09-17T13:56:15+00:00\" \/>\n<meta property=\"og:image\" content=\"https:\/\/letrame.com\/catalogo\/wp-content\/uploads\/2024\/09\/zzamileal_1229mm4.jpg\" \/>\n\t<meta property=\"og:image:width\" content=\"700\" \/>\n\t<meta property=\"og:image:height\" content=\"1011\" \/>\n\t<meta property=\"og:image:type\" content=\"image\/jpeg\" \/>\n<meta name=\"twitter:card\" content=\"summary_large_image\" \/>\n<meta name=\"twitter:label1\" content=\"Tiempo de lectura\" \/>\n\t<meta name=\"twitter:data1\" content=\"2 minutos\" \/>\n<script type=\"application\/ld+json\" class=\"yoast-schema-graph\">{\"@context\":\"https:\\\/\\\/schema.org\",\"@graph\":[{\"@type\":\"WebPage\",\"@id\":\"https:\\\/\\\/letrame.com\\\/catalogo\\\/producto\\\/a-mi-leal-saber-y-entender\\\/\",\"url\":\"https:\\\/\\\/letrame.com\\\/catalogo\\\/producto\\\/a-mi-leal-saber-y-entender\\\/\",\"name\":\"A mi leal saber y entender - Catalogo | Letrame Grupo Editorial\",\"isPartOf\":{\"@id\":\"https:\\\/\\\/letrame.com\\\/catalogo\\\/#website\"},\"primaryImageOfPage\":{\"@id\":\"https:\\\/\\\/letrame.com\\\/catalogo\\\/producto\\\/a-mi-leal-saber-y-entender\\\/#primaryimage\"},\"image\":{\"@id\":\"https:\\\/\\\/letrame.com\\\/catalogo\\\/producto\\\/a-mi-leal-saber-y-entender\\\/#primaryimage\"},\"thumbnailUrl\":\"https:\\\/\\\/letrame.com\\\/catalogo\\\/wp-content\\\/uploads\\\/2024\\\/09\\\/zzamileal_1229mm4.jpg\",\"datePublished\":\"2024-09-17T08:25:50+00:00\",\"dateModified\":\"2024-09-17T13:56:15+00:00\",\"breadcrumb\":{\"@id\":\"https:\\\/\\\/letrame.com\\\/catalogo\\\/producto\\\/a-mi-leal-saber-y-entender\\\/#breadcrumb\"},\"inLanguage\":\"es\",\"potentialAction\":[{\"@type\":\"ReadAction\",\"target\":[\"https:\\\/\\\/letrame.com\\\/catalogo\\\/producto\\\/a-mi-leal-saber-y-entender\\\/\"]}]},{\"@type\":\"ImageObject\",\"inLanguage\":\"es\",\"@id\":\"https:\\\/\\\/letrame.com\\\/catalogo\\\/producto\\\/a-mi-leal-saber-y-entender\\\/#primaryimage\",\"url\":\"https:\\\/\\\/letrame.com\\\/catalogo\\\/wp-content\\\/uploads\\\/2024\\\/09\\\/zzamileal_1229mm4.jpg\",\"contentUrl\":\"https:\\\/\\\/letrame.com\\\/catalogo\\\/wp-content\\\/uploads\\\/2024\\\/09\\\/zzamileal_1229mm4.jpg\",\"width\":700,\"height\":1011},{\"@type\":\"BreadcrumbList\",\"@id\":\"https:\\\/\\\/letrame.com\\\/catalogo\\\/producto\\\/a-mi-leal-saber-y-entender\\\/#breadcrumb\",\"itemListElement\":[{\"@type\":\"ListItem\",\"position\":1,\"name\":\"Portada\",\"item\":\"https:\\\/\\\/letrame.com\\\/catalogo\\\/\"},{\"@type\":\"ListItem\",\"position\":2,\"name\":\"Cat\u00e1logo\",\"item\":\"https:\\\/\\\/letrame.com\\\/catalogo\\\/\"},{\"@type\":\"ListItem\",\"position\":3,\"name\":\"A mi leal saber y entender\"}]},{\"@type\":\"WebSite\",\"@id\":\"https:\\\/\\\/letrame.com\\\/catalogo\\\/#website\",\"url\":\"https:\\\/\\\/letrame.com\\\/catalogo\\\/\",\"name\":\"Catalogo | Letrame Grupo Editorial\",\"description\":\"\",\"publisher\":{\"@id\":\"https:\\\/\\\/letrame.com\\\/catalogo\\\/#organization\"},\"potentialAction\":[{\"@type\":\"SearchAction\",\"target\":{\"@type\":\"EntryPoint\",\"urlTemplate\":\"https:\\\/\\\/letrame.com\\\/catalogo\\\/?s={search_term_string}\"},\"query-input\":{\"@type\":\"PropertyValueSpecification\",\"valueRequired\":true,\"valueName\":\"search_term_string\"}}],\"inLanguage\":\"es\"},{\"@type\":\"Organization\",\"@id\":\"https:\\\/\\\/letrame.com\\\/catalogo\\\/#organization\",\"name\":\"Catalogo | Letrame Grupo Editorial\",\"url\":\"https:\\\/\\\/letrame.com\\\/catalogo\\\/\",\"logo\":{\"@type\":\"ImageObject\",\"inLanguage\":\"es\",\"@id\":\"https:\\\/\\\/letrame.com\\\/catalogo\\\/#\\\/schema\\\/logo\\\/image\\\/\",\"url\":\"https:\\\/\\\/letrame.com\\\/catalogo\\\/wp-content\\\/uploads\\\/2024\\\/03\\\/logo2.webp\",\"contentUrl\":\"https:\\\/\\\/letrame.com\\\/catalogo\\\/wp-content\\\/uploads\\\/2024\\\/03\\\/logo2.webp\",\"width\":394,\"height\":128,\"caption\":\"Catalogo | Letrame Grupo Editorial\"},\"image\":{\"@id\":\"https:\\\/\\\/letrame.com\\\/catalogo\\\/#\\\/schema\\\/logo\\\/image\\\/\"}}]}<\/script>\n<!-- \/ Yoast SEO plugin. -->","yoast_head_json":{"title":"A mi leal saber y entender - Catalogo | Letrame Grupo Editorial","robots":{"index":"index","follow":"follow","max-snippet":"max-snippet:-1","max-image-preview":"max-image-preview:large","max-video-preview":"max-video-preview:-1"},"canonical":"https:\/\/letrame.com\/catalogo\/producto\/a-mi-leal-saber-y-entender\/","og_locale":"es_ES","og_type":"article","og_title":"A mi leal saber y entender - Catalogo | Letrame Grupo Editorial","og_description":"ISBN: 978-84-1068-765-3 SINOPSIS El perito de seguros se enfrenta d\u00eda a d\u00eda con problemas derivados de su oficio, y todos los ojos se posan sobre \u00e9l para buscar una soluci\u00f3n. Adem\u00e1s de su formaci\u00f3n acad\u00e9mica y t\u00e9cnica, el perito est\u00e1 en formaci\u00f3n continua por el simple hecho de vivir todo tipo de realidades, hechos y circunstancias.  Tras la publicaci\u00f3n de A superior criterio de la compa\u00f1\u00eda hace trece a\u00f1os, ahora se actualizan sus contenidos en este nuevo t\u00edtulo y se incorporan algunas an\u00e9cdotas y apuntes que, tras el inevitable y machac\u00f3n paso del tiempo, han quedado aqu\u00ed plasmados.  Ni que decir tiene, pero para que nadie pueda llamarse a enga\u00f1o, que estas p\u00e1ginas no recogen tediosos p\u00e1rrafos sobre la teor\u00eda del seguro, ni balances ni datos o estad\u00edsticas que utilizan los actuarios, sino la simple experiencia de un perito con treinta a\u00f1os de oficio apatrullando las calles de Madrid.  Se trata de la visi\u00f3n de un perito y de su relaci\u00f3n con los otros protagonistas de un siniestro, como son los tramitadores, abogados, asegurados\u2026, pero bajo un punto de vista humano, cercano y simp\u00e1tico con el que se pretende sacar una sonrisa al lector.","og_url":"https:\/\/letrame.com\/catalogo\/producto\/a-mi-leal-saber-y-entender\/","og_site_name":"Catalogo | Letrame Grupo Editorial","article_modified_time":"2024-09-17T13:56:15+00:00","og_image":[{"width":700,"height":1011,"url":"https:\/\/letrame.com\/catalogo\/wp-content\/uploads\/2024\/09\/zzamileal_1229mm4.jpg","type":"image\/jpeg"}],"twitter_card":"summary_large_image","twitter_misc":{"Tiempo de lectura":"2 minutos"},"schema":{"@context":"https:\/\/schema.org","@graph":[{"@type":"WebPage","@id":"https:\/\/letrame.com\/catalogo\/producto\/a-mi-leal-saber-y-entender\/","url":"https:\/\/letrame.com\/catalogo\/producto\/a-mi-leal-saber-y-entender\/","name":"A mi leal saber y entender - Catalogo | Letrame Grupo Editorial","isPartOf":{"@id":"https:\/\/letrame.com\/catalogo\/#website"},"primaryImageOfPage":{"@id":"https:\/\/letrame.com\/catalogo\/producto\/a-mi-leal-saber-y-entender\/#primaryimage"},"image":{"@id":"https:\/\/letrame.com\/catalogo\/producto\/a-mi-leal-saber-y-entender\/#primaryimage"},"thumbnailUrl":"https:\/\/letrame.com\/catalogo\/wp-content\/uploads\/2024\/09\/zzamileal_1229mm4.jpg","datePublished":"2024-09-17T08:25:50+00:00","dateModified":"2024-09-17T13:56:15+00:00","breadcrumb":{"@id":"https:\/\/letrame.com\/catalogo\/producto\/a-mi-leal-saber-y-entender\/#breadcrumb"},"inLanguage":"es","potentialAction":[{"@type":"ReadAction","target":["https:\/\/letrame.com\/catalogo\/producto\/a-mi-leal-saber-y-entender\/"]}]},{"@type":"ImageObject","inLanguage":"es","@id":"https:\/\/letrame.com\/catalogo\/producto\/a-mi-leal-saber-y-entender\/#primaryimage","url":"https:\/\/letrame.com\/catalogo\/wp-content\/uploads\/2024\/09\/zzamileal_1229mm4.jpg","contentUrl":"https:\/\/letrame.com\/catalogo\/wp-content\/uploads\/2024\/09\/zzamileal_1229mm4.jpg","width":700,"height":1011},{"@type":"BreadcrumbList","@id":"https:\/\/letrame.com\/catalogo\/producto\/a-mi-leal-saber-y-entender\/#breadcrumb","itemListElement":[{"@type":"ListItem","position":1,"name":"Portada","item":"https:\/\/letrame.com\/catalogo\/"},{"@type":"ListItem","position":2,"name":"Cat\u00e1logo","item":"https:\/\/letrame.com\/catalogo\/"},{"@type":"ListItem","position":3,"name":"A mi leal saber y entender"}]},{"@type":"WebSite","@id":"https:\/\/letrame.com\/catalogo\/#website","url":"https:\/\/letrame.com\/catalogo\/","name":"Catalogo | Letrame Grupo Editorial","description":"","publisher":{"@id":"https:\/\/letrame.com\/catalogo\/#organization"},"potentialAction":[{"@type":"SearchAction","target":{"@type":"EntryPoint","urlTemplate":"https:\/\/letrame.com\/catalogo\/?s={search_term_string}"},"query-input":{"@type":"PropertyValueSpecification","valueRequired":true,"valueName":"search_term_string"}}],"inLanguage":"es"},{"@type":"Organization","@id":"https:\/\/letrame.com\/catalogo\/#organization","name":"Catalogo | Letrame Grupo Editorial","url":"https:\/\/letrame.com\/catalogo\/","logo":{"@type":"ImageObject","inLanguage":"es","@id":"https:\/\/letrame.com\/catalogo\/#\/schema\/logo\/image\/","url":"https:\/\/letrame.com\/catalogo\/wp-content\/uploads\/2024\/03\/logo2.webp","contentUrl":"https:\/\/letrame.com\/catalogo\/wp-content\/uploads\/2024\/03\/logo2.webp","width":394,"height":128,"caption":"Catalogo | Letrame Grupo Editorial"},"image":{"@id":"https:\/\/letrame.com\/catalogo\/#\/schema\/logo\/image\/"}}]}},"_links":{"self":[{"href":"https:\/\/letrame.com\/catalogo\/wp-json\/wp\/v2\/product\/106383","targetHints":{"allow":["GET"]}}],"collection":[{"href":"https:\/\/letrame.com\/catalogo\/wp-json\/wp\/v2\/product"}],"about":[{"href":"https:\/\/letrame.com\/catalogo\/wp-json\/wp\/v2\/types\/product"}],"replies":[{"embeddable":true,"href":"https:\/\/letrame.com\/catalogo\/wp-json\/wp\/v2\/comments?post=106383"}],"acf:post":[{"embeddable":true,"href":"https:\/\/letrame.com\/catalogo\/wp-json\/wp\/v2\/author_book\/106382"}],"wp:featuredmedia":[{"embeddable":true,"href":"https:\/\/letrame.com\/catalogo\/wp-json\/wp\/v2\/media\/106386"}],"wp:attachment":[{"href":"https:\/\/letrame.com\/catalogo\/wp-json\/wp\/v2\/media?parent=106383"}],"wp:term":[{"taxonomy":"libro","embeddable":true,"href":"https:\/\/letrame.com\/catalogo\/wp-json\/wp\/v2\/libro?post=106383"},{"taxonomy":"product_brand","embeddable":true,"href":"https:\/\/letrame.com\/catalogo\/wp-json\/wp\/v2\/product_brand?post=106383"},{"taxonomy":"product_cat","embeddable":true,"href":"https:\/\/letrame.com\/catalogo\/wp-json\/wp\/v2\/product_cat?post=106383"},{"taxonomy":"product_tag","embeddable":true,"href":"https:\/\/letrame.com\/catalogo\/wp-json\/wp\/v2\/product_tag?post=106383"}],"curies":[{"name":"wp","href":"https:\/\/api.w.org\/{rel}","templated":true}]}}