{"id":106337,"date":"2024-09-12T09:45:16","date_gmt":"2024-09-12T07:45:16","guid":{"rendered":"https:\/\/letrame.com\/catalogo\/?post_type=product&#038;p=106337"},"modified":"2024-09-12T09:45:16","modified_gmt":"2024-09-12T07:45:16","slug":"dios-mio-donde-esta-mi-abuela","status":"publish","type":"product","link":"https:\/\/letrame.com\/catalogo\/producto\/dios-mio-donde-esta-mi-abuela\/","title":{"rendered":"\u00a1Dios m\u00edo! \u00bfD\u00f3nde est\u00e1 mi abuela?"},"content":{"rendered":"<p class=\"p1\">ISBN: 978-84-1068-704-2<\/p>\n<p class=\"p1\">T\u00edtulo: \u00a1Dios m\u00edo! \u00bfD\u00f3nde est\u00e1 mi abuela?<\/p>\n<p class=\"p1\">A\u00f1o: 2024<\/p>\n<p class=\"p1\">P\u00e1ginas: 136<\/p>\n<p class=\"p1\">SINOPSIS<\/p>\n<p>En mayo de 2021, debido a su labor solidaria y a la buena prensa que est\u00e1 obteniendo con \u201cLos jubilados los carga el diablo\u201d, Luis Chac\u00f3n es invitado a la apertura del programa \u201cEn Compa\u00f1\u00eda\u201d, de CMMedia, la televisi\u00f3n de Castilla-La Mancha, para promocionar el libro junto a Ram\u00f3n Garc\u00eda, el popular presentador.<\/p>\n<p>&nbsp;<\/p>\n<p>En 2022 el autor retoma la literatura infantil ilustrada y publica\u00a0<strong><em>\u201cPeripecias de un ni\u00f1o tiquismiquis 1\u201d<\/em><\/strong>. En este cuento repasa su rocambolesca infancia y las trastadas, ocurrencias, desmadres y travesuras que hizo siendo cr\u00edo. Los beneficios los dona en esta ocasi\u00f3n a C\u00c1RITAS y a AFA (Asociaci\u00f3n de Familiares de enfermos de Alzheimer y otras demencias).<\/p>\n<p>&nbsp;<\/p>\n<p>En 2023 Luis Chac\u00f3n publica la continuaci\u00f3n de sus vivencias en\u00a0<strong><em>\u201cPeripecias de un ni\u00f1o tiquismiquis 2\u201d<\/em><\/strong>, repasando las situaciones surrealistas que experiment\u00f3 durante la adolescencia, en plena \u201cedad del pavo\u201d, a su paso por el instituto y la universidad. Los beneficios de las ventas los destina esta vez a PROYECTO SUE\u00d1OS (FUNDACI\u00d3N VALS\u00c9). Esta obra, adem\u00e1s, es nominada a los PREMIOS LETRAME 2024 en la categor\u00eda BIOGRAF\u00cdA, lo que supone un reconocimiento para el autor.<\/p>\n<p>&nbsp;<\/p>\n<p>Ahora, en 2024, decide reeditar en tapa dura <strong><em>\u00ab\u00a1Dios m\u00edo! \u00a1He perdido a mi abuela!\u00bb<\/em><\/strong>, solo que modificando el t\u00edtulo ligeramente por <strong><em>\u00ab\u00a1Dios m\u00edo! \u00bfD\u00f3nde est\u00e1 mi abuela?\u00bb<\/em><\/strong>, ya que hab\u00eda se\u00f1oras que no se lo compraban a sus hijas, sobrinas o nietas, porque se pensaban que trataba del fallecimiento de una anciana, cuando es todo lo contrario, es un libro para mearse de risa. Los beneficios de esta obra los dona a las Hermanas de la Natividad de Mar\u00eda, de Valdepe\u00f1as.<\/p>\n<p>&nbsp;<\/p>\n<p>Con su actividad solidaria, Luis Chac\u00f3n lleva ya m\u00e1s de 7.000 \u20ac recaudados y donados entre las distintas asociaciones y ONG\u00b4s con fines solidarios con las que colabora. Una raz\u00f3n m\u00e1s para hacerse con alguna de sus obras.<\/p>\n","protected":false},"excerpt":{"rendered":"<p class=\"p1\">ISBN: 978-84-1068-704-2<\/p>\n<p class=\"p1\">SINOPSIS<\/p>\n<p>En mayo de 2021, debido a su labor solidaria y a la buena prensa que est\u00e1 obteniendo con \u201cLos jubilados los carga el diablo\u201d, Luis Chac\u00f3n es invitado a la apertura del programa \u201cEn Compa\u00f1\u00eda\u201d, de CMMedia, la televisi\u00f3n de Castilla-La Mancha, para promocionar el libro junto a Ram\u00f3n Garc\u00eda, el popular presentador.<\/p>\n<p>&nbsp;<\/p>\n<p>En 2022 el autor retoma la literatura infantil ilustrada y publica\u00a0<strong><em>\u201cPeripecias de un ni\u00f1o tiquismiquis 1\u201d<\/em><\/strong>. En este cuento repasa su rocambolesca infancia y las trastadas, ocurrencias, desmadres y travesuras que hizo siendo cr\u00edo. Los beneficios los dona en esta ocasi\u00f3n a C\u00c1RITAS y a AFA (Asociaci\u00f3n de Familiares de enfermos de Alzheimer y otras demencias).<\/p>\n<p>&nbsp;<\/p>\n<p>En 2023 Luis Chac\u00f3n publica la continuaci\u00f3n de sus vivencias en\u00a0<strong><em>\u201cPeripecias de un ni\u00f1o tiquismiquis 2\u201d<\/em><\/strong>, repasando las situaciones surrealistas que experiment\u00f3 durante la adolescencia, en plena \u201cedad del pavo\u201d, a su paso por el instituto y la universidad. Los beneficios de las ventas los destina esta vez a PROYECTO SUE\u00d1OS (FUNDACI\u00d3N VALS\u00c9). Esta obra, adem\u00e1s, es nominada a los PREMIOS LETRAME 2024 en la categor\u00eda BIOGRAF\u00cdA, lo que supone un reconocimiento para el autor.<\/p>\n<p>&nbsp;<\/p>\n<p>Ahora, en 2024, decide reeditar en tapa dura <strong><em>\u00ab\u00a1Dios m\u00edo! \u00a1He perdido a mi abuela!\u00bb<\/em><\/strong>, solo que modificando el t\u00edtulo ligeramente por <strong><em>\u00ab\u00a1Dios m\u00edo! \u00bfD\u00f3nde est\u00e1 mi abuela?\u00bb<\/em><\/strong>, ya que hab\u00eda se\u00f1oras que no se lo compraban a sus hijas, sobrinas o nietas, porque se pensaban que trataba del fallecimiento de una anciana, cuando es todo lo contrario, es un libro para mearse de risa. Los beneficios de esta obra los dona a las Hermanas de la Natividad de Mar\u00eda, de Valdepe\u00f1as.<\/p>\n<p>&nbsp;<\/p>\n<p>Con su actividad solidaria, Luis Chac\u00f3n lleva ya m\u00e1s de 7.000 \u20ac recaudados y donados entre las distintas asociaciones y ONG\u00b4s con fines solidarios con las que colabora. Una raz\u00f3n m\u00e1s para hacerse con alguna de sus obras.<\/p>\n","protected":false},"featured_media":106339,"comment_status":"open","ping_status":"closed","template":"","meta":{"_acf_changed":false},"libro":[],"product_brand":[],"product_cat":[63],"product_tag":[],"class_list":{"0":"post-106337","1":"product","2":"type-product","3":"status-publish","4":"has-post-thumbnail","6":"product_cat-comedia","8":"first","9":"instock","10":"shipping-taxable","11":"product-type-simple"},"acf":{"autor":[76048],"enlace_de_compra":"https:\/\/amzn.to\/3ZhoWsb"},"yoast_head":"<!-- This site is optimized with the Yoast SEO plugin v27.4 - https:\/\/yoast.com\/product\/yoast-seo-wordpress\/ -->\n<title>\u00a1Dios m\u00edo! \u00bfD\u00f3nde est\u00e1 mi abuela? - Catalogo | Letrame Grupo Editorial<\/title>\n<meta name=\"robots\" content=\"index, follow, max-snippet:-1, max-image-preview:large, max-video-preview:-1\" \/>\n<link rel=\"canonical\" href=\"https:\/\/letrame.com\/catalogo\/producto\/dios-mio-donde-esta-mi-abuela\/\" \/>\n<meta property=\"og:locale\" content=\"es_ES\" \/>\n<meta property=\"og:type\" content=\"article\" \/>\n<meta property=\"og:title\" content=\"\u00a1Dios m\u00edo! \u00bfD\u00f3nde est\u00e1 mi abuela? - Catalogo | Letrame Grupo Editorial\" \/>\n<meta property=\"og:description\" content=\"ISBN: 978-84-1068-704-2 SINOPSIS En mayo de 2021, debido a su labor solidaria y a la buena prensa que est\u00e1 obteniendo con \u201cLos jubilados los carga el diablo\u201d, Luis Chac\u00f3n es invitado a la apertura del programa \u201cEn Compa\u00f1\u00eda\u201d, de CMMedia, la televisi\u00f3n de Castilla-La Mancha, para promocionar el libro junto a Ram\u00f3n Garc\u00eda, el popular presentador.  &nbsp;  En 2022 el autor retoma la literatura infantil ilustrada y publica\u00a0\u201cPeripecias de un ni\u00f1o tiquismiquis 1\u201d. En este cuento repasa su rocambolesca infancia y las trastadas, ocurrencias, desmadres y travesuras que hizo siendo cr\u00edo. Los beneficios los dona en esta ocasi\u00f3n a C\u00c1RITAS y a AFA (Asociaci\u00f3n de Familiares de enfermos de Alzheimer y otras demencias).  &nbsp;  En 2023 Luis Chac\u00f3n publica la continuaci\u00f3n de sus vivencias en\u00a0\u201cPeripecias de un ni\u00f1o tiquismiquis 2\u201d, repasando las situaciones surrealistas que experiment\u00f3 durante la adolescencia, en plena \u201cedad del pavo\u201d, a su paso por el instituto y la universidad. Los beneficios de las ventas los destina esta vez a PROYECTO SUE\u00d1OS (FUNDACI\u00d3N VALS\u00c9). Esta obra, adem\u00e1s, es nominada a los PREMIOS LETRAME 2024 en la categor\u00eda BIOGRAF\u00cdA, lo que supone un reconocimiento para el autor.  &nbsp;  Ahora, en 2024, decide reeditar en tapa dura &quot;\u00a1Dios m\u00edo! \u00a1He perdido a mi abuela!&quot;, solo que modificando el t\u00edtulo ligeramente por &quot;\u00a1Dios m\u00edo! \u00bfD\u00f3nde est\u00e1 mi abuela?&quot;, ya que hab\u00eda se\u00f1oras que no se lo compraban a sus hijas, sobrinas o nietas, porque se pensaban que trataba del fallecimiento de una anciana, cuando es todo lo contrario, es un libro para mearse de risa. Los beneficios de esta obra los dona a las Hermanas de la Natividad de Mar\u00eda, de Valdepe\u00f1as.  &nbsp;  Con su actividad solidaria, Luis Chac\u00f3n lleva ya m\u00e1s de 7.000 \u20ac recaudados y donados entre las distintas asociaciones y ONG\u00b4s con fines solidarios con las que colabora. Una raz\u00f3n m\u00e1s para hacerse con alguna de sus obras.\" \/>\n<meta property=\"og:url\" content=\"https:\/\/letrame.com\/catalogo\/producto\/dios-mio-donde-esta-mi-abuela\/\" \/>\n<meta property=\"og:site_name\" content=\"Catalogo | Letrame Grupo Editorial\" \/>\n<meta property=\"og:image\" content=\"https:\/\/letrame.com\/catalogo\/wp-content\/uploads\/2024\/09\/zp_diosmio.jpg\" \/>\n\t<meta property=\"og:image:width\" content=\"800\" \/>\n\t<meta property=\"og:image:height\" content=\"667\" \/>\n\t<meta property=\"og:image:type\" content=\"image\/jpeg\" \/>\n<meta name=\"twitter:card\" content=\"summary_large_image\" \/>\n<meta name=\"twitter:label1\" content=\"Tiempo de lectura\" \/>\n\t<meta name=\"twitter:data1\" content=\"2 minutos\" \/>\n<script type=\"application\/ld+json\" class=\"yoast-schema-graph\">{\"@context\":\"https:\\\/\\\/schema.org\",\"@graph\":[{\"@type\":\"WebPage\",\"@id\":\"https:\\\/\\\/letrame.com\\\/catalogo\\\/producto\\\/dios-mio-donde-esta-mi-abuela\\\/\",\"url\":\"https:\\\/\\\/letrame.com\\\/catalogo\\\/producto\\\/dios-mio-donde-esta-mi-abuela\\\/\",\"name\":\"\u00a1Dios m\u00edo! \u00bfD\u00f3nde est\u00e1 mi abuela? - Catalogo | Letrame Grupo Editorial\",\"isPartOf\":{\"@id\":\"https:\\\/\\\/letrame.com\\\/catalogo\\\/#website\"},\"primaryImageOfPage\":{\"@id\":\"https:\\\/\\\/letrame.com\\\/catalogo\\\/producto\\\/dios-mio-donde-esta-mi-abuela\\\/#primaryimage\"},\"image\":{\"@id\":\"https:\\\/\\\/letrame.com\\\/catalogo\\\/producto\\\/dios-mio-donde-esta-mi-abuela\\\/#primaryimage\"},\"thumbnailUrl\":\"https:\\\/\\\/letrame.com\\\/catalogo\\\/wp-content\\\/uploads\\\/2024\\\/09\\\/zp_diosmio.jpg\",\"datePublished\":\"2024-09-12T07:45:16+00:00\",\"breadcrumb\":{\"@id\":\"https:\\\/\\\/letrame.com\\\/catalogo\\\/producto\\\/dios-mio-donde-esta-mi-abuela\\\/#breadcrumb\"},\"inLanguage\":\"es\",\"potentialAction\":[{\"@type\":\"ReadAction\",\"target\":[\"https:\\\/\\\/letrame.com\\\/catalogo\\\/producto\\\/dios-mio-donde-esta-mi-abuela\\\/\"]}]},{\"@type\":\"ImageObject\",\"inLanguage\":\"es\",\"@id\":\"https:\\\/\\\/letrame.com\\\/catalogo\\\/producto\\\/dios-mio-donde-esta-mi-abuela\\\/#primaryimage\",\"url\":\"https:\\\/\\\/letrame.com\\\/catalogo\\\/wp-content\\\/uploads\\\/2024\\\/09\\\/zp_diosmio.jpg\",\"contentUrl\":\"https:\\\/\\\/letrame.com\\\/catalogo\\\/wp-content\\\/uploads\\\/2024\\\/09\\\/zp_diosmio.jpg\",\"width\":800,\"height\":667},{\"@type\":\"BreadcrumbList\",\"@id\":\"https:\\\/\\\/letrame.com\\\/catalogo\\\/producto\\\/dios-mio-donde-esta-mi-abuela\\\/#breadcrumb\",\"itemListElement\":[{\"@type\":\"ListItem\",\"position\":1,\"name\":\"Portada\",\"item\":\"https:\\\/\\\/letrame.com\\\/catalogo\\\/\"},{\"@type\":\"ListItem\",\"position\":2,\"name\":\"Cat\u00e1logo\",\"item\":\"https:\\\/\\\/letrame.com\\\/catalogo\\\/\"},{\"@type\":\"ListItem\",\"position\":3,\"name\":\"\u00a1Dios m\u00edo! \u00bfD\u00f3nde est\u00e1 mi abuela?\"}]},{\"@type\":\"WebSite\",\"@id\":\"https:\\\/\\\/letrame.com\\\/catalogo\\\/#website\",\"url\":\"https:\\\/\\\/letrame.com\\\/catalogo\\\/\",\"name\":\"Catalogo | Letrame Grupo Editorial\",\"description\":\"\",\"publisher\":{\"@id\":\"https:\\\/\\\/letrame.com\\\/catalogo\\\/#organization\"},\"potentialAction\":[{\"@type\":\"SearchAction\",\"target\":{\"@type\":\"EntryPoint\",\"urlTemplate\":\"https:\\\/\\\/letrame.com\\\/catalogo\\\/?s={search_term_string}\"},\"query-input\":{\"@type\":\"PropertyValueSpecification\",\"valueRequired\":true,\"valueName\":\"search_term_string\"}}],\"inLanguage\":\"es\"},{\"@type\":\"Organization\",\"@id\":\"https:\\\/\\\/letrame.com\\\/catalogo\\\/#organization\",\"name\":\"Catalogo | Letrame Grupo Editorial\",\"url\":\"https:\\\/\\\/letrame.com\\\/catalogo\\\/\",\"logo\":{\"@type\":\"ImageObject\",\"inLanguage\":\"es\",\"@id\":\"https:\\\/\\\/letrame.com\\\/catalogo\\\/#\\\/schema\\\/logo\\\/image\\\/\",\"url\":\"https:\\\/\\\/letrame.com\\\/catalogo\\\/wp-content\\\/uploads\\\/2024\\\/03\\\/logo2.webp\",\"contentUrl\":\"https:\\\/\\\/letrame.com\\\/catalogo\\\/wp-content\\\/uploads\\\/2024\\\/03\\\/logo2.webp\",\"width\":394,\"height\":128,\"caption\":\"Catalogo | Letrame Grupo Editorial\"},\"image\":{\"@id\":\"https:\\\/\\\/letrame.com\\\/catalogo\\\/#\\\/schema\\\/logo\\\/image\\\/\"}}]}<\/script>\n<!-- \/ Yoast SEO plugin. -->","yoast_head_json":{"title":"\u00a1Dios m\u00edo! \u00bfD\u00f3nde est\u00e1 mi abuela? - Catalogo | Letrame Grupo Editorial","robots":{"index":"index","follow":"follow","max-snippet":"max-snippet:-1","max-image-preview":"max-image-preview:large","max-video-preview":"max-video-preview:-1"},"canonical":"https:\/\/letrame.com\/catalogo\/producto\/dios-mio-donde-esta-mi-abuela\/","og_locale":"es_ES","og_type":"article","og_title":"\u00a1Dios m\u00edo! \u00bfD\u00f3nde est\u00e1 mi abuela? - Catalogo | Letrame Grupo Editorial","og_description":"ISBN: 978-84-1068-704-2 SINOPSIS En mayo de 2021, debido a su labor solidaria y a la buena prensa que est\u00e1 obteniendo con \u201cLos jubilados los carga el diablo\u201d, Luis Chac\u00f3n es invitado a la apertura del programa \u201cEn Compa\u00f1\u00eda\u201d, de CMMedia, la televisi\u00f3n de Castilla-La Mancha, para promocionar el libro junto a Ram\u00f3n Garc\u00eda, el popular presentador.  &nbsp;  En 2022 el autor retoma la literatura infantil ilustrada y publica\u00a0\u201cPeripecias de un ni\u00f1o tiquismiquis 1\u201d. En este cuento repasa su rocambolesca infancia y las trastadas, ocurrencias, desmadres y travesuras que hizo siendo cr\u00edo. Los beneficios los dona en esta ocasi\u00f3n a C\u00c1RITAS y a AFA (Asociaci\u00f3n de Familiares de enfermos de Alzheimer y otras demencias).  &nbsp;  En 2023 Luis Chac\u00f3n publica la continuaci\u00f3n de sus vivencias en\u00a0\u201cPeripecias de un ni\u00f1o tiquismiquis 2\u201d, repasando las situaciones surrealistas que experiment\u00f3 durante la adolescencia, en plena \u201cedad del pavo\u201d, a su paso por el instituto y la universidad. Los beneficios de las ventas los destina esta vez a PROYECTO SUE\u00d1OS (FUNDACI\u00d3N VALS\u00c9). Esta obra, adem\u00e1s, es nominada a los PREMIOS LETRAME 2024 en la categor\u00eda BIOGRAF\u00cdA, lo que supone un reconocimiento para el autor.  &nbsp;  Ahora, en 2024, decide reeditar en tapa dura \"\u00a1Dios m\u00edo! \u00a1He perdido a mi abuela!\", solo que modificando el t\u00edtulo ligeramente por \"\u00a1Dios m\u00edo! \u00bfD\u00f3nde est\u00e1 mi abuela?\", ya que hab\u00eda se\u00f1oras que no se lo compraban a sus hijas, sobrinas o nietas, porque se pensaban que trataba del fallecimiento de una anciana, cuando es todo lo contrario, es un libro para mearse de risa. Los beneficios de esta obra los dona a las Hermanas de la Natividad de Mar\u00eda, de Valdepe\u00f1as.  &nbsp;  Con su actividad solidaria, Luis Chac\u00f3n lleva ya m\u00e1s de 7.000 \u20ac recaudados y donados entre las distintas asociaciones y ONG\u00b4s con fines solidarios con las que colabora. Una raz\u00f3n m\u00e1s para hacerse con alguna de sus obras.","og_url":"https:\/\/letrame.com\/catalogo\/producto\/dios-mio-donde-esta-mi-abuela\/","og_site_name":"Catalogo | Letrame Grupo Editorial","og_image":[{"width":800,"height":667,"url":"https:\/\/letrame.com\/catalogo\/wp-content\/uploads\/2024\/09\/zp_diosmio.jpg","type":"image\/jpeg"}],"twitter_card":"summary_large_image","twitter_misc":{"Tiempo de lectura":"2 minutos"},"schema":{"@context":"https:\/\/schema.org","@graph":[{"@type":"WebPage","@id":"https:\/\/letrame.com\/catalogo\/producto\/dios-mio-donde-esta-mi-abuela\/","url":"https:\/\/letrame.com\/catalogo\/producto\/dios-mio-donde-esta-mi-abuela\/","name":"\u00a1Dios m\u00edo! \u00bfD\u00f3nde est\u00e1 mi abuela? - Catalogo | Letrame Grupo Editorial","isPartOf":{"@id":"https:\/\/letrame.com\/catalogo\/#website"},"primaryImageOfPage":{"@id":"https:\/\/letrame.com\/catalogo\/producto\/dios-mio-donde-esta-mi-abuela\/#primaryimage"},"image":{"@id":"https:\/\/letrame.com\/catalogo\/producto\/dios-mio-donde-esta-mi-abuela\/#primaryimage"},"thumbnailUrl":"https:\/\/letrame.com\/catalogo\/wp-content\/uploads\/2024\/09\/zp_diosmio.jpg","datePublished":"2024-09-12T07:45:16+00:00","breadcrumb":{"@id":"https:\/\/letrame.com\/catalogo\/producto\/dios-mio-donde-esta-mi-abuela\/#breadcrumb"},"inLanguage":"es","potentialAction":[{"@type":"ReadAction","target":["https:\/\/letrame.com\/catalogo\/producto\/dios-mio-donde-esta-mi-abuela\/"]}]},{"@type":"ImageObject","inLanguage":"es","@id":"https:\/\/letrame.com\/catalogo\/producto\/dios-mio-donde-esta-mi-abuela\/#primaryimage","url":"https:\/\/letrame.com\/catalogo\/wp-content\/uploads\/2024\/09\/zp_diosmio.jpg","contentUrl":"https:\/\/letrame.com\/catalogo\/wp-content\/uploads\/2024\/09\/zp_diosmio.jpg","width":800,"height":667},{"@type":"BreadcrumbList","@id":"https:\/\/letrame.com\/catalogo\/producto\/dios-mio-donde-esta-mi-abuela\/#breadcrumb","itemListElement":[{"@type":"ListItem","position":1,"name":"Portada","item":"https:\/\/letrame.com\/catalogo\/"},{"@type":"ListItem","position":2,"name":"Cat\u00e1logo","item":"https:\/\/letrame.com\/catalogo\/"},{"@type":"ListItem","position":3,"name":"\u00a1Dios m\u00edo! \u00bfD\u00f3nde est\u00e1 mi abuela?"}]},{"@type":"WebSite","@id":"https:\/\/letrame.com\/catalogo\/#website","url":"https:\/\/letrame.com\/catalogo\/","name":"Catalogo | Letrame Grupo Editorial","description":"","publisher":{"@id":"https:\/\/letrame.com\/catalogo\/#organization"},"potentialAction":[{"@type":"SearchAction","target":{"@type":"EntryPoint","urlTemplate":"https:\/\/letrame.com\/catalogo\/?s={search_term_string}"},"query-input":{"@type":"PropertyValueSpecification","valueRequired":true,"valueName":"search_term_string"}}],"inLanguage":"es"},{"@type":"Organization","@id":"https:\/\/letrame.com\/catalogo\/#organization","name":"Catalogo | Letrame Grupo Editorial","url":"https:\/\/letrame.com\/catalogo\/","logo":{"@type":"ImageObject","inLanguage":"es","@id":"https:\/\/letrame.com\/catalogo\/#\/schema\/logo\/image\/","url":"https:\/\/letrame.com\/catalogo\/wp-content\/uploads\/2024\/03\/logo2.webp","contentUrl":"https:\/\/letrame.com\/catalogo\/wp-content\/uploads\/2024\/03\/logo2.webp","width":394,"height":128,"caption":"Catalogo | Letrame Grupo Editorial"},"image":{"@id":"https:\/\/letrame.com\/catalogo\/#\/schema\/logo\/image\/"}}]}},"_links":{"self":[{"href":"https:\/\/letrame.com\/catalogo\/wp-json\/wp\/v2\/product\/106337","targetHints":{"allow":["GET"]}}],"collection":[{"href":"https:\/\/letrame.com\/catalogo\/wp-json\/wp\/v2\/product"}],"about":[{"href":"https:\/\/letrame.com\/catalogo\/wp-json\/wp\/v2\/types\/product"}],"replies":[{"embeddable":true,"href":"https:\/\/letrame.com\/catalogo\/wp-json\/wp\/v2\/comments?post=106337"}],"acf:post":[{"embeddable":true,"href":"https:\/\/letrame.com\/catalogo\/wp-json\/wp\/v2\/author_book\/76048"}],"wp:featuredmedia":[{"embeddable":true,"href":"https:\/\/letrame.com\/catalogo\/wp-json\/wp\/v2\/media\/106339"}],"wp:attachment":[{"href":"https:\/\/letrame.com\/catalogo\/wp-json\/wp\/v2\/media?parent=106337"}],"wp:term":[{"taxonomy":"libro","embeddable":true,"href":"https:\/\/letrame.com\/catalogo\/wp-json\/wp\/v2\/libro?post=106337"},{"taxonomy":"product_brand","embeddable":true,"href":"https:\/\/letrame.com\/catalogo\/wp-json\/wp\/v2\/product_brand?post=106337"},{"taxonomy":"product_cat","embeddable":true,"href":"https:\/\/letrame.com\/catalogo\/wp-json\/wp\/v2\/product_cat?post=106337"},{"taxonomy":"product_tag","embeddable":true,"href":"https:\/\/letrame.com\/catalogo\/wp-json\/wp\/v2\/product_tag?post=106337"}],"curies":[{"name":"wp","href":"https:\/\/api.w.org\/{rel}","templated":true}]}}