{"id":106212,"date":"2024-09-04T16:00:51","date_gmt":"2024-09-04T14:00:51","guid":{"rendered":"https:\/\/letrame.com\/catalogo\/?post_type=product&#038;p=106212"},"modified":"2024-09-04T16:00:51","modified_gmt":"2024-09-04T14:00:51","slug":"la-lata-de-galletas","status":"publish","type":"product","link":"https:\/\/letrame.com\/catalogo\/producto\/la-lata-de-galletas\/","title":{"rendered":"La lata de Galletas"},"content":{"rendered":"<p class=\"p1\">ISBN:\u00a0978-84-1068-730-1<\/p>\n<p class=\"p1\">T\u00edtulo:\u00a0La lata de Galletas<\/p>\n<p class=\"p1\">A\u00f1o: 2024<\/p>\n<p class=\"p1\">P\u00e1ginas: 194<\/p>\n<p class=\"p1\">SINOPSIS<\/p>\n<p>Tras una ruptura inesperada que se suma a una lista interminable de errores, Carolina decide volver con su madre y su abuela.<\/p>\n<p>Ahora de nuevo en su antiguo hogar, un edificio hist\u00f3rico que en otra \u00e9poca fue un hotel, tiene que volver a empezar. No lo tiene nada f\u00e1cil, debe buscar trabajo, descubrir sus verdaderos deseos y creer de nuevo en el amor. Gracias al contenido de una antigua lata de galletas que contiene la historia de su bisabuela, que se llama igual que ella, y la de todas las mujeres que rodean su vida, en especial su abuela, poco a poco descubrir\u00e1 los secretos de su pasado y c\u00f3mo afrontar la nueva situaci\u00f3n en la que se encuentra.<\/p>\n<p>A trav\u00e9s de las p\u00e1ginas, las historias de bisnieta y nieta se van entrelazando, dando sentido al conjunto de la novela. <em>La lata de galletas<\/em> es una narraci\u00f3n de diferentes generaciones, en clave de humor, con matices dif\u00edciles de digerir, como la demencia o el miedo a la soledad, pero con un mensaje positivo.<\/p>\n","protected":false},"excerpt":{"rendered":"<p class=\"p1\">ISBN:\u00a0978-84-1068-730-1<\/p>\n<p class=\"p1\">SINOPSIS<\/p>\n<p>Tras una ruptura inesperada que se suma a una lista interminable de errores, Carolina decide volver con su madre y su abuela.<\/p>\n<p>Ahora de nuevo en su antiguo hogar, un edificio hist\u00f3rico que en otra \u00e9poca fue un hotel, tiene que volver a empezar. No lo tiene nada f\u00e1cil, debe buscar trabajo, descubrir sus verdaderos deseos y creer de nuevo en el amor. Gracias al contenido de una antigua lata de galletas que contiene la historia de su bisabuela, que se llama igual que ella, y la de todas las mujeres que rodean su vida, en especial su abuela, poco a poco descubrir\u00e1 los secretos de su pasado y c\u00f3mo afrontar la nueva situaci\u00f3n en la que se encuentra.<\/p>\n<p>A trav\u00e9s de las p\u00e1ginas, las historias de bisnieta y nieta se van entrelazando, dando sentido al conjunto de la novela. <em>La lata de galletas<\/em> es una narraci\u00f3n de diferentes generaciones, en clave de humor, con matices dif\u00edciles de digerir, como la demencia o el miedo a la soledad, pero con un mensaje positivo.<\/p>\n","protected":false},"featured_media":106214,"comment_status":"open","ping_status":"closed","template":"","meta":{"_acf_changed":false},"libro":[],"product_brand":[],"product_cat":[50],"product_tag":[],"class_list":{"0":"post-106212","1":"product","2":"type-product","3":"status-publish","4":"has-post-thumbnail","6":"product_cat-novela-romantica","8":"first","9":"instock","10":"shipping-taxable","11":"product-type-simple"},"acf":{"autor":[106211],"enlace_de_compra":"https:\/\/amzn.to\/4edsAYn"},"yoast_head":"<!-- This site is optimized with the Yoast SEO plugin v26.6 - https:\/\/yoast.com\/wordpress\/plugins\/seo\/ -->\n<title>La lata de Galletas - Catalogo | Letrame Grupo Editorial<\/title>\n<meta name=\"robots\" content=\"index, follow, max-snippet:-1, max-image-preview:large, max-video-preview:-1\" \/>\n<link rel=\"canonical\" href=\"https:\/\/letrame.com\/catalogo\/producto\/la-lata-de-galletas\/\" \/>\n<meta property=\"og:locale\" content=\"es_ES\" \/>\n<meta property=\"og:type\" content=\"article\" \/>\n<meta property=\"og:title\" content=\"La lata de Galletas - Catalogo | Letrame Grupo Editorial\" \/>\n<meta property=\"og:description\" content=\"ISBN:\u00a0978-84-1068-730-1 SINOPSIS Tras una ruptura inesperada que se suma a una lista interminable de errores, Carolina decide volver con su madre y su abuela.  Ahora de nuevo en su antiguo hogar, un edificio hist\u00f3rico que en otra \u00e9poca fue un hotel, tiene que volver a empezar. No lo tiene nada f\u00e1cil, debe buscar trabajo, descubrir sus verdaderos deseos y creer de nuevo en el amor. Gracias al contenido de una antigua lata de galletas que contiene la historia de su bisabuela, que se llama igual que ella, y la de todas las mujeres que rodean su vida, en especial su abuela, poco a poco descubrir\u00e1 los secretos de su pasado y c\u00f3mo afrontar la nueva situaci\u00f3n en la que se encuentra.  A trav\u00e9s de las p\u00e1ginas, las historias de bisnieta y nieta se van entrelazando, dando sentido al conjunto de la novela. La lata de galletas es una narraci\u00f3n de diferentes generaciones, en clave de humor, con matices dif\u00edciles de digerir, como la demencia o el miedo a la soledad, pero con un mensaje positivo.\" \/>\n<meta property=\"og:url\" content=\"https:\/\/letrame.com\/catalogo\/producto\/la-lata-de-galletas\/\" \/>\n<meta property=\"og:site_name\" content=\"Catalogo | Letrame Grupo Editorial\" \/>\n<meta property=\"og:image\" content=\"https:\/\/letrame.com\/catalogo\/wp-content\/uploads\/2024\/09\/zzlalatadegalletas_10mm4.jpg\" \/>\n\t<meta property=\"og:image:width\" content=\"600\" \/>\n\t<meta property=\"og:image:height\" content=\"840\" \/>\n\t<meta property=\"og:image:type\" content=\"image\/jpeg\" \/>\n<meta name=\"twitter:card\" content=\"summary_large_image\" \/>\n<meta name=\"twitter:label1\" content=\"Tiempo de lectura\" \/>\n\t<meta name=\"twitter:data1\" content=\"1 minuto\" \/>\n<script type=\"application\/ld+json\" class=\"yoast-schema-graph\">{\"@context\":\"https:\/\/schema.org\",\"@graph\":[{\"@type\":\"WebPage\",\"@id\":\"https:\/\/letrame.com\/catalogo\/producto\/la-lata-de-galletas\/\",\"url\":\"https:\/\/letrame.com\/catalogo\/producto\/la-lata-de-galletas\/\",\"name\":\"La lata de Galletas - Catalogo | Letrame Grupo Editorial\",\"isPartOf\":{\"@id\":\"https:\/\/letrame.com\/catalogo\/#website\"},\"primaryImageOfPage\":{\"@id\":\"https:\/\/letrame.com\/catalogo\/producto\/la-lata-de-galletas\/#primaryimage\"},\"image\":{\"@id\":\"https:\/\/letrame.com\/catalogo\/producto\/la-lata-de-galletas\/#primaryimage\"},\"thumbnailUrl\":\"https:\/\/letrame.com\/catalogo\/wp-content\/uploads\/2024\/09\/zzlalatadegalletas_10mm4.jpg\",\"datePublished\":\"2024-09-04T14:00:51+00:00\",\"breadcrumb\":{\"@id\":\"https:\/\/letrame.com\/catalogo\/producto\/la-lata-de-galletas\/#breadcrumb\"},\"inLanguage\":\"es\",\"potentialAction\":[{\"@type\":\"ReadAction\",\"target\":[\"https:\/\/letrame.com\/catalogo\/producto\/la-lata-de-galletas\/\"]}]},{\"@type\":\"ImageObject\",\"inLanguage\":\"es\",\"@id\":\"https:\/\/letrame.com\/catalogo\/producto\/la-lata-de-galletas\/#primaryimage\",\"url\":\"https:\/\/letrame.com\/catalogo\/wp-content\/uploads\/2024\/09\/zzlalatadegalletas_10mm4.jpg\",\"contentUrl\":\"https:\/\/letrame.com\/catalogo\/wp-content\/uploads\/2024\/09\/zzlalatadegalletas_10mm4.jpg\",\"width\":600,\"height\":840},{\"@type\":\"BreadcrumbList\",\"@id\":\"https:\/\/letrame.com\/catalogo\/producto\/la-lata-de-galletas\/#breadcrumb\",\"itemListElement\":[{\"@type\":\"ListItem\",\"position\":1,\"name\":\"Portada\",\"item\":\"https:\/\/letrame.com\/catalogo\/\"},{\"@type\":\"ListItem\",\"position\":2,\"name\":\"Cat\u00e1logo\",\"item\":\"https:\/\/letrame.com\/catalogo\/\"},{\"@type\":\"ListItem\",\"position\":3,\"name\":\"La lata de Galletas\"}]},{\"@type\":\"WebSite\",\"@id\":\"https:\/\/letrame.com\/catalogo\/#website\",\"url\":\"https:\/\/letrame.com\/catalogo\/\",\"name\":\"Catalogo | Letrame Grupo Editorial\",\"description\":\"\",\"publisher\":{\"@id\":\"https:\/\/letrame.com\/catalogo\/#organization\"},\"potentialAction\":[{\"@type\":\"SearchAction\",\"target\":{\"@type\":\"EntryPoint\",\"urlTemplate\":\"https:\/\/letrame.com\/catalogo\/?s={search_term_string}\"},\"query-input\":{\"@type\":\"PropertyValueSpecification\",\"valueRequired\":true,\"valueName\":\"search_term_string\"}}],\"inLanguage\":\"es\"},{\"@type\":\"Organization\",\"@id\":\"https:\/\/letrame.com\/catalogo\/#organization\",\"name\":\"Catalogo | Letrame Grupo Editorial\",\"url\":\"https:\/\/letrame.com\/catalogo\/\",\"logo\":{\"@type\":\"ImageObject\",\"inLanguage\":\"es\",\"@id\":\"https:\/\/letrame.com\/catalogo\/#\/schema\/logo\/image\/\",\"url\":\"https:\/\/letrame.com\/catalogo\/wp-content\/uploads\/2024\/03\/logo2.webp\",\"contentUrl\":\"https:\/\/letrame.com\/catalogo\/wp-content\/uploads\/2024\/03\/logo2.webp\",\"width\":394,\"height\":128,\"caption\":\"Catalogo | Letrame Grupo Editorial\"},\"image\":{\"@id\":\"https:\/\/letrame.com\/catalogo\/#\/schema\/logo\/image\/\"}}]}<\/script>\n<!-- \/ Yoast SEO plugin. -->","yoast_head_json":{"title":"La lata de Galletas - Catalogo | Letrame Grupo Editorial","robots":{"index":"index","follow":"follow","max-snippet":"max-snippet:-1","max-image-preview":"max-image-preview:large","max-video-preview":"max-video-preview:-1"},"canonical":"https:\/\/letrame.com\/catalogo\/producto\/la-lata-de-galletas\/","og_locale":"es_ES","og_type":"article","og_title":"La lata de Galletas - Catalogo | Letrame Grupo Editorial","og_description":"ISBN:\u00a0978-84-1068-730-1 SINOPSIS Tras una ruptura inesperada que se suma a una lista interminable de errores, Carolina decide volver con su madre y su abuela.  Ahora de nuevo en su antiguo hogar, un edificio hist\u00f3rico que en otra \u00e9poca fue un hotel, tiene que volver a empezar. No lo tiene nada f\u00e1cil, debe buscar trabajo, descubrir sus verdaderos deseos y creer de nuevo en el amor. Gracias al contenido de una antigua lata de galletas que contiene la historia de su bisabuela, que se llama igual que ella, y la de todas las mujeres que rodean su vida, en especial su abuela, poco a poco descubrir\u00e1 los secretos de su pasado y c\u00f3mo afrontar la nueva situaci\u00f3n en la que se encuentra.  A trav\u00e9s de las p\u00e1ginas, las historias de bisnieta y nieta se van entrelazando, dando sentido al conjunto de la novela. La lata de galletas es una narraci\u00f3n de diferentes generaciones, en clave de humor, con matices dif\u00edciles de digerir, como la demencia o el miedo a la soledad, pero con un mensaje positivo.","og_url":"https:\/\/letrame.com\/catalogo\/producto\/la-lata-de-galletas\/","og_site_name":"Catalogo | Letrame Grupo Editorial","og_image":[{"width":600,"height":840,"url":"https:\/\/letrame.com\/catalogo\/wp-content\/uploads\/2024\/09\/zzlalatadegalletas_10mm4.jpg","type":"image\/jpeg"}],"twitter_card":"summary_large_image","twitter_misc":{"Tiempo de lectura":"1 minuto"},"schema":{"@context":"https:\/\/schema.org","@graph":[{"@type":"WebPage","@id":"https:\/\/letrame.com\/catalogo\/producto\/la-lata-de-galletas\/","url":"https:\/\/letrame.com\/catalogo\/producto\/la-lata-de-galletas\/","name":"La lata de Galletas - Catalogo | Letrame Grupo Editorial","isPartOf":{"@id":"https:\/\/letrame.com\/catalogo\/#website"},"primaryImageOfPage":{"@id":"https:\/\/letrame.com\/catalogo\/producto\/la-lata-de-galletas\/#primaryimage"},"image":{"@id":"https:\/\/letrame.com\/catalogo\/producto\/la-lata-de-galletas\/#primaryimage"},"thumbnailUrl":"https:\/\/letrame.com\/catalogo\/wp-content\/uploads\/2024\/09\/zzlalatadegalletas_10mm4.jpg","datePublished":"2024-09-04T14:00:51+00:00","breadcrumb":{"@id":"https:\/\/letrame.com\/catalogo\/producto\/la-lata-de-galletas\/#breadcrumb"},"inLanguage":"es","potentialAction":[{"@type":"ReadAction","target":["https:\/\/letrame.com\/catalogo\/producto\/la-lata-de-galletas\/"]}]},{"@type":"ImageObject","inLanguage":"es","@id":"https:\/\/letrame.com\/catalogo\/producto\/la-lata-de-galletas\/#primaryimage","url":"https:\/\/letrame.com\/catalogo\/wp-content\/uploads\/2024\/09\/zzlalatadegalletas_10mm4.jpg","contentUrl":"https:\/\/letrame.com\/catalogo\/wp-content\/uploads\/2024\/09\/zzlalatadegalletas_10mm4.jpg","width":600,"height":840},{"@type":"BreadcrumbList","@id":"https:\/\/letrame.com\/catalogo\/producto\/la-lata-de-galletas\/#breadcrumb","itemListElement":[{"@type":"ListItem","position":1,"name":"Portada","item":"https:\/\/letrame.com\/catalogo\/"},{"@type":"ListItem","position":2,"name":"Cat\u00e1logo","item":"https:\/\/letrame.com\/catalogo\/"},{"@type":"ListItem","position":3,"name":"La lata de Galletas"}]},{"@type":"WebSite","@id":"https:\/\/letrame.com\/catalogo\/#website","url":"https:\/\/letrame.com\/catalogo\/","name":"Catalogo | Letrame Grupo Editorial","description":"","publisher":{"@id":"https:\/\/letrame.com\/catalogo\/#organization"},"potentialAction":[{"@type":"SearchAction","target":{"@type":"EntryPoint","urlTemplate":"https:\/\/letrame.com\/catalogo\/?s={search_term_string}"},"query-input":{"@type":"PropertyValueSpecification","valueRequired":true,"valueName":"search_term_string"}}],"inLanguage":"es"},{"@type":"Organization","@id":"https:\/\/letrame.com\/catalogo\/#organization","name":"Catalogo | Letrame Grupo Editorial","url":"https:\/\/letrame.com\/catalogo\/","logo":{"@type":"ImageObject","inLanguage":"es","@id":"https:\/\/letrame.com\/catalogo\/#\/schema\/logo\/image\/","url":"https:\/\/letrame.com\/catalogo\/wp-content\/uploads\/2024\/03\/logo2.webp","contentUrl":"https:\/\/letrame.com\/catalogo\/wp-content\/uploads\/2024\/03\/logo2.webp","width":394,"height":128,"caption":"Catalogo | Letrame Grupo Editorial"},"image":{"@id":"https:\/\/letrame.com\/catalogo\/#\/schema\/logo\/image\/"}}]}},"_links":{"self":[{"href":"https:\/\/letrame.com\/catalogo\/wp-json\/wp\/v2\/product\/106212","targetHints":{"allow":["GET"]}}],"collection":[{"href":"https:\/\/letrame.com\/catalogo\/wp-json\/wp\/v2\/product"}],"about":[{"href":"https:\/\/letrame.com\/catalogo\/wp-json\/wp\/v2\/types\/product"}],"replies":[{"embeddable":true,"href":"https:\/\/letrame.com\/catalogo\/wp-json\/wp\/v2\/comments?post=106212"}],"acf:post":[{"embeddable":true,"href":"https:\/\/letrame.com\/catalogo\/wp-json\/wp\/v2\/author_book\/106211"}],"wp:featuredmedia":[{"embeddable":true,"href":"https:\/\/letrame.com\/catalogo\/wp-json\/wp\/v2\/media\/106214"}],"wp:attachment":[{"href":"https:\/\/letrame.com\/catalogo\/wp-json\/wp\/v2\/media?parent=106212"}],"wp:term":[{"taxonomy":"libro","embeddable":true,"href":"https:\/\/letrame.com\/catalogo\/wp-json\/wp\/v2\/libro?post=106212"},{"taxonomy":"product_brand","embeddable":true,"href":"https:\/\/letrame.com\/catalogo\/wp-json\/wp\/v2\/product_brand?post=106212"},{"taxonomy":"product_cat","embeddable":true,"href":"https:\/\/letrame.com\/catalogo\/wp-json\/wp\/v2\/product_cat?post=106212"},{"taxonomy":"product_tag","embeddable":true,"href":"https:\/\/letrame.com\/catalogo\/wp-json\/wp\/v2\/product_tag?post=106212"}],"curies":[{"name":"wp","href":"https:\/\/api.w.org\/{rel}","templated":true}]}}