{"id":106201,"date":"2024-09-04T15:41:06","date_gmt":"2024-09-04T13:41:06","guid":{"rendered":"https:\/\/letrame.com\/catalogo\/?post_type=product&#038;p=106201"},"modified":"2024-09-04T15:41:24","modified_gmt":"2024-09-04T13:41:24","slug":"era-de-sangre","status":"publish","type":"product","link":"https:\/\/letrame.com\/catalogo\/producto\/era-de-sangre\/","title":{"rendered":"Era de sangre"},"content":{"rendered":"<p class=\"p1\">ISBN:\u00a0978-84-1068-676-2<\/p>\n<p class=\"p1\">T\u00edtulo: Era de sangre<\/p>\n<p class=\"p1\">Fecha: 2024<\/p>\n<p class=\"p1\">P\u00e1ginas: 504<\/p>\n<p class=\"p1\">SINOPSIS<\/p>\n<p>En el a\u00f1o 2078, Mirah Shard, una brillante ingeniera de <em>software,<\/em> se encuentra en la c\u00faspide de su carrera, cuando una enfermedad terminal repentina la lleva a participar en un osado tratamiento experimental combinando c\u00e9lulas madre e inteligencia artificial. Al despertar descubre que su percepci\u00f3n del mundo ha cambiado dr\u00e1sticamente, viendo misteriosos hilos de sangre que la conectan con un enigm\u00e1tico y sensual vampiro de ojos rojos, que la seduce hacia un mundo tenebroso lleno de sangre y sombras.<\/p>\n<p>A medida que Mirah intenta desentra\u00f1ar la realidad de sus visiones y sue\u00f1os, se encuentra enredada en una compleja trama de conspiraciones que involucran antiguas sociedades de vampiros, poderes ancestrales, avanzadas tecnolog\u00edas y secretos que desaf\u00edan la naturaleza humana, mientras es arrastrada por la innegable atracci\u00f3n y el desenfreno del mundo de los vampiros.<\/p>\n<p>Mirah deber\u00e1 descifrar los secretos que encierran estos hilos de sangre antes de que las sombras de su nuevo mundo consuman todo lo que ama.<\/p>\n<p>Nota al lector (en caso de ser necesaria)<\/p>\n<p><em>Era de Sangre, libro uno <\/em>de la Saga<em> Sombras Gen\u00e9ticas,<\/em> es una reinvenci\u00f3n de cl\u00e1sicos de la mitolog\u00eda vamp\u00edrica mezclada con un mundo de ne\u00f3n y estilo cyberpunk. Si te gustan los romances entre enemigos y amantes con intereses amorosos ardientes y moralmente grises, disfrutar\u00e1s de este libro. Puedes esperar besos apasionados, una historia penetrante y unos villanos desgraciadamente sensuales.<\/p>\n","protected":false},"excerpt":{"rendered":"<p class=\"p1\">ISBN:\u00a0978-84-1068-676-2<\/p>\n<p class=\"p1\">SINOPSIS<\/p>\n<p>En el a\u00f1o 2078, Mirah Shard, una brillante ingeniera de <em>software,<\/em> se encuentra en la c\u00faspide de su carrera, cuando una enfermedad terminal repentina la lleva a participar en un osado tratamiento experimental combinando c\u00e9lulas madre e inteligencia artificial. Al despertar descubre que su percepci\u00f3n del mundo ha cambiado dr\u00e1sticamente, viendo misteriosos hilos de sangre que la conectan con un enigm\u00e1tico y sensual vampiro de ojos rojos, que la seduce hacia un mundo tenebroso lleno de sangre y sombras.<\/p>\n<p>A medida que Mirah intenta desentra\u00f1ar la realidad de sus visiones y sue\u00f1os, se encuentra enredada en una compleja trama de conspiraciones que involucran antiguas sociedades de vampiros, poderes ancestrales, avanzadas tecnolog\u00edas y secretos que desaf\u00edan la naturaleza humana, mientras es arrastrada por la innegable atracci\u00f3n y el desenfreno del mundo de los vampiros.<\/p>\n<p>Mirah deber\u00e1 descifrar los secretos que encierran estos hilos de sangre antes de que las sombras de su nuevo mundo consuman todo lo que ama.<\/p>\n<p>Nota al lector (en caso de ser necesaria)<\/p>\n<p><em>Era de Sangre, libro uno <\/em>de la Saga<em> Sombras Gen\u00e9ticas,<\/em> es una reinvenci\u00f3n de cl\u00e1sicos de la mitolog\u00eda vamp\u00edrica mezclada con un mundo de ne\u00f3n y estilo cyberpunk. Si te gustan los romances entre enemigos y amantes con intereses amorosos ardientes y moralmente grises, disfrutar\u00e1s de este libro. Puedes esperar besos apasionados, una historia penetrante y unos villanos desgraciadamente sensuales.<\/p>\n","protected":false},"featured_media":106204,"comment_status":"open","ping_status":"closed","template":"","meta":{"_acf_changed":false},"libro":[],"product_brand":[],"product_cat":[118],"product_tag":[],"class_list":{"0":"post-106201","1":"product","2":"type-product","3":"status-publish","4":"has-post-thumbnail","6":"product_cat-fantasia","8":"first","9":"instock","10":"shipping-taxable","11":"product-type-simple"},"acf":{"autor":[106200],"enlace_de_compra":"https:\/\/amzn.to\/4e9RSX5"},"yoast_head":"<!-- This site is optimized with the Yoast SEO plugin v27.4 - https:\/\/yoast.com\/product\/yoast-seo-wordpress\/ -->\n<title>Era de sangre - Catalogo | Letrame Grupo Editorial<\/title>\n<meta name=\"robots\" content=\"index, follow, max-snippet:-1, max-image-preview:large, max-video-preview:-1\" \/>\n<link rel=\"canonical\" href=\"https:\/\/letrame.com\/catalogo\/producto\/era-de-sangre\/\" \/>\n<meta property=\"og:locale\" content=\"es_ES\" \/>\n<meta property=\"og:type\" content=\"article\" \/>\n<meta property=\"og:title\" content=\"Era de sangre - Catalogo | Letrame Grupo Editorial\" \/>\n<meta property=\"og:description\" content=\"ISBN:\u00a0978-84-1068-676-2 SINOPSIS En el a\u00f1o 2078, Mirah Shard, una brillante ingeniera de software, se encuentra en la c\u00faspide de su carrera, cuando una enfermedad terminal repentina la lleva a participar en un osado tratamiento experimental combinando c\u00e9lulas madre e inteligencia artificial. Al despertar descubre que su percepci\u00f3n del mundo ha cambiado dr\u00e1sticamente, viendo misteriosos hilos de sangre que la conectan con un enigm\u00e1tico y sensual vampiro de ojos rojos, que la seduce hacia un mundo tenebroso lleno de sangre y sombras.  A medida que Mirah intenta desentra\u00f1ar la realidad de sus visiones y sue\u00f1os, se encuentra enredada en una compleja trama de conspiraciones que involucran antiguas sociedades de vampiros, poderes ancestrales, avanzadas tecnolog\u00edas y secretos que desaf\u00edan la naturaleza humana, mientras es arrastrada por la innegable atracci\u00f3n y el desenfreno del mundo de los vampiros.  Mirah deber\u00e1 descifrar los secretos que encierran estos hilos de sangre antes de que las sombras de su nuevo mundo consuman todo lo que ama.  Nota al lector (en caso de ser necesaria)  Era de Sangre, libro uno de la Saga Sombras Gen\u00e9ticas, es una reinvenci\u00f3n de cl\u00e1sicos de la mitolog\u00eda vamp\u00edrica mezclada con un mundo de ne\u00f3n y estilo cyberpunk. Si te gustan los romances entre enemigos y amantes con intereses amorosos ardientes y moralmente grises, disfrutar\u00e1s de este libro. Puedes esperar besos apasionados, una historia penetrante y unos villanos desgraciadamente sensuales.\" \/>\n<meta property=\"og:url\" content=\"https:\/\/letrame.com\/catalogo\/producto\/era-de-sangre\/\" \/>\n<meta property=\"og:site_name\" content=\"Catalogo | Letrame Grupo Editorial\" \/>\n<meta property=\"article:modified_time\" content=\"2024-09-04T13:41:24+00:00\" \/>\n<meta property=\"og:image\" content=\"https:\/\/letrame.com\/catalogo\/wp-content\/uploads\/2024\/09\/zzRGBp_eradesangre_2431mm.jpg\" \/>\n\t<meta property=\"og:image:width\" content=\"600\" \/>\n\t<meta property=\"og:image:height\" content=\"863\" \/>\n\t<meta property=\"og:image:type\" content=\"image\/jpeg\" \/>\n<meta name=\"twitter:card\" content=\"summary_large_image\" \/>\n<meta name=\"twitter:label1\" content=\"Tiempo de lectura\" \/>\n\t<meta name=\"twitter:data1\" content=\"2 minutos\" \/>\n<script type=\"application\/ld+json\" class=\"yoast-schema-graph\">{\"@context\":\"https:\\\/\\\/schema.org\",\"@graph\":[{\"@type\":\"WebPage\",\"@id\":\"https:\\\/\\\/letrame.com\\\/catalogo\\\/producto\\\/era-de-sangre\\\/\",\"url\":\"https:\\\/\\\/letrame.com\\\/catalogo\\\/producto\\\/era-de-sangre\\\/\",\"name\":\"Era de sangre - Catalogo | Letrame Grupo Editorial\",\"isPartOf\":{\"@id\":\"https:\\\/\\\/letrame.com\\\/catalogo\\\/#website\"},\"primaryImageOfPage\":{\"@id\":\"https:\\\/\\\/letrame.com\\\/catalogo\\\/producto\\\/era-de-sangre\\\/#primaryimage\"},\"image\":{\"@id\":\"https:\\\/\\\/letrame.com\\\/catalogo\\\/producto\\\/era-de-sangre\\\/#primaryimage\"},\"thumbnailUrl\":\"https:\\\/\\\/letrame.com\\\/catalogo\\\/wp-content\\\/uploads\\\/2024\\\/09\\\/zzRGBp_eradesangre_2431mm.jpg\",\"datePublished\":\"2024-09-04T13:41:06+00:00\",\"dateModified\":\"2024-09-04T13:41:24+00:00\",\"breadcrumb\":{\"@id\":\"https:\\\/\\\/letrame.com\\\/catalogo\\\/producto\\\/era-de-sangre\\\/#breadcrumb\"},\"inLanguage\":\"es\",\"potentialAction\":[{\"@type\":\"ReadAction\",\"target\":[\"https:\\\/\\\/letrame.com\\\/catalogo\\\/producto\\\/era-de-sangre\\\/\"]}]},{\"@type\":\"ImageObject\",\"inLanguage\":\"es\",\"@id\":\"https:\\\/\\\/letrame.com\\\/catalogo\\\/producto\\\/era-de-sangre\\\/#primaryimage\",\"url\":\"https:\\\/\\\/letrame.com\\\/catalogo\\\/wp-content\\\/uploads\\\/2024\\\/09\\\/zzRGBp_eradesangre_2431mm.jpg\",\"contentUrl\":\"https:\\\/\\\/letrame.com\\\/catalogo\\\/wp-content\\\/uploads\\\/2024\\\/09\\\/zzRGBp_eradesangre_2431mm.jpg\",\"width\":600,\"height\":863},{\"@type\":\"BreadcrumbList\",\"@id\":\"https:\\\/\\\/letrame.com\\\/catalogo\\\/producto\\\/era-de-sangre\\\/#breadcrumb\",\"itemListElement\":[{\"@type\":\"ListItem\",\"position\":1,\"name\":\"Portada\",\"item\":\"https:\\\/\\\/letrame.com\\\/catalogo\\\/\"},{\"@type\":\"ListItem\",\"position\":2,\"name\":\"Cat\u00e1logo\",\"item\":\"https:\\\/\\\/letrame.com\\\/catalogo\\\/\"},{\"@type\":\"ListItem\",\"position\":3,\"name\":\"Era de sangre\"}]},{\"@type\":\"WebSite\",\"@id\":\"https:\\\/\\\/letrame.com\\\/catalogo\\\/#website\",\"url\":\"https:\\\/\\\/letrame.com\\\/catalogo\\\/\",\"name\":\"Catalogo | Letrame Grupo Editorial\",\"description\":\"\",\"publisher\":{\"@id\":\"https:\\\/\\\/letrame.com\\\/catalogo\\\/#organization\"},\"potentialAction\":[{\"@type\":\"SearchAction\",\"target\":{\"@type\":\"EntryPoint\",\"urlTemplate\":\"https:\\\/\\\/letrame.com\\\/catalogo\\\/?s={search_term_string}\"},\"query-input\":{\"@type\":\"PropertyValueSpecification\",\"valueRequired\":true,\"valueName\":\"search_term_string\"}}],\"inLanguage\":\"es\"},{\"@type\":\"Organization\",\"@id\":\"https:\\\/\\\/letrame.com\\\/catalogo\\\/#organization\",\"name\":\"Catalogo | Letrame Grupo Editorial\",\"url\":\"https:\\\/\\\/letrame.com\\\/catalogo\\\/\",\"logo\":{\"@type\":\"ImageObject\",\"inLanguage\":\"es\",\"@id\":\"https:\\\/\\\/letrame.com\\\/catalogo\\\/#\\\/schema\\\/logo\\\/image\\\/\",\"url\":\"https:\\\/\\\/letrame.com\\\/catalogo\\\/wp-content\\\/uploads\\\/2024\\\/03\\\/logo2.webp\",\"contentUrl\":\"https:\\\/\\\/letrame.com\\\/catalogo\\\/wp-content\\\/uploads\\\/2024\\\/03\\\/logo2.webp\",\"width\":394,\"height\":128,\"caption\":\"Catalogo | Letrame Grupo Editorial\"},\"image\":{\"@id\":\"https:\\\/\\\/letrame.com\\\/catalogo\\\/#\\\/schema\\\/logo\\\/image\\\/\"}}]}<\/script>\n<!-- \/ Yoast SEO plugin. -->","yoast_head_json":{"title":"Era de sangre - Catalogo | Letrame Grupo Editorial","robots":{"index":"index","follow":"follow","max-snippet":"max-snippet:-1","max-image-preview":"max-image-preview:large","max-video-preview":"max-video-preview:-1"},"canonical":"https:\/\/letrame.com\/catalogo\/producto\/era-de-sangre\/","og_locale":"es_ES","og_type":"article","og_title":"Era de sangre - Catalogo | Letrame Grupo Editorial","og_description":"ISBN:\u00a0978-84-1068-676-2 SINOPSIS En el a\u00f1o 2078, Mirah Shard, una brillante ingeniera de software, se encuentra en la c\u00faspide de su carrera, cuando una enfermedad terminal repentina la lleva a participar en un osado tratamiento experimental combinando c\u00e9lulas madre e inteligencia artificial. Al despertar descubre que su percepci\u00f3n del mundo ha cambiado dr\u00e1sticamente, viendo misteriosos hilos de sangre que la conectan con un enigm\u00e1tico y sensual vampiro de ojos rojos, que la seduce hacia un mundo tenebroso lleno de sangre y sombras.  A medida que Mirah intenta desentra\u00f1ar la realidad de sus visiones y sue\u00f1os, se encuentra enredada en una compleja trama de conspiraciones que involucran antiguas sociedades de vampiros, poderes ancestrales, avanzadas tecnolog\u00edas y secretos que desaf\u00edan la naturaleza humana, mientras es arrastrada por la innegable atracci\u00f3n y el desenfreno del mundo de los vampiros.  Mirah deber\u00e1 descifrar los secretos que encierran estos hilos de sangre antes de que las sombras de su nuevo mundo consuman todo lo que ama.  Nota al lector (en caso de ser necesaria)  Era de Sangre, libro uno de la Saga Sombras Gen\u00e9ticas, es una reinvenci\u00f3n de cl\u00e1sicos de la mitolog\u00eda vamp\u00edrica mezclada con un mundo de ne\u00f3n y estilo cyberpunk. Si te gustan los romances entre enemigos y amantes con intereses amorosos ardientes y moralmente grises, disfrutar\u00e1s de este libro. Puedes esperar besos apasionados, una historia penetrante y unos villanos desgraciadamente sensuales.","og_url":"https:\/\/letrame.com\/catalogo\/producto\/era-de-sangre\/","og_site_name":"Catalogo | Letrame Grupo Editorial","article_modified_time":"2024-09-04T13:41:24+00:00","og_image":[{"width":600,"height":863,"url":"https:\/\/letrame.com\/catalogo\/wp-content\/uploads\/2024\/09\/zzRGBp_eradesangre_2431mm.jpg","type":"image\/jpeg"}],"twitter_card":"summary_large_image","twitter_misc":{"Tiempo de lectura":"2 minutos"},"schema":{"@context":"https:\/\/schema.org","@graph":[{"@type":"WebPage","@id":"https:\/\/letrame.com\/catalogo\/producto\/era-de-sangre\/","url":"https:\/\/letrame.com\/catalogo\/producto\/era-de-sangre\/","name":"Era de sangre - Catalogo | Letrame Grupo Editorial","isPartOf":{"@id":"https:\/\/letrame.com\/catalogo\/#website"},"primaryImageOfPage":{"@id":"https:\/\/letrame.com\/catalogo\/producto\/era-de-sangre\/#primaryimage"},"image":{"@id":"https:\/\/letrame.com\/catalogo\/producto\/era-de-sangre\/#primaryimage"},"thumbnailUrl":"https:\/\/letrame.com\/catalogo\/wp-content\/uploads\/2024\/09\/zzRGBp_eradesangre_2431mm.jpg","datePublished":"2024-09-04T13:41:06+00:00","dateModified":"2024-09-04T13:41:24+00:00","breadcrumb":{"@id":"https:\/\/letrame.com\/catalogo\/producto\/era-de-sangre\/#breadcrumb"},"inLanguage":"es","potentialAction":[{"@type":"ReadAction","target":["https:\/\/letrame.com\/catalogo\/producto\/era-de-sangre\/"]}]},{"@type":"ImageObject","inLanguage":"es","@id":"https:\/\/letrame.com\/catalogo\/producto\/era-de-sangre\/#primaryimage","url":"https:\/\/letrame.com\/catalogo\/wp-content\/uploads\/2024\/09\/zzRGBp_eradesangre_2431mm.jpg","contentUrl":"https:\/\/letrame.com\/catalogo\/wp-content\/uploads\/2024\/09\/zzRGBp_eradesangre_2431mm.jpg","width":600,"height":863},{"@type":"BreadcrumbList","@id":"https:\/\/letrame.com\/catalogo\/producto\/era-de-sangre\/#breadcrumb","itemListElement":[{"@type":"ListItem","position":1,"name":"Portada","item":"https:\/\/letrame.com\/catalogo\/"},{"@type":"ListItem","position":2,"name":"Cat\u00e1logo","item":"https:\/\/letrame.com\/catalogo\/"},{"@type":"ListItem","position":3,"name":"Era de sangre"}]},{"@type":"WebSite","@id":"https:\/\/letrame.com\/catalogo\/#website","url":"https:\/\/letrame.com\/catalogo\/","name":"Catalogo | Letrame Grupo Editorial","description":"","publisher":{"@id":"https:\/\/letrame.com\/catalogo\/#organization"},"potentialAction":[{"@type":"SearchAction","target":{"@type":"EntryPoint","urlTemplate":"https:\/\/letrame.com\/catalogo\/?s={search_term_string}"},"query-input":{"@type":"PropertyValueSpecification","valueRequired":true,"valueName":"search_term_string"}}],"inLanguage":"es"},{"@type":"Organization","@id":"https:\/\/letrame.com\/catalogo\/#organization","name":"Catalogo | Letrame Grupo Editorial","url":"https:\/\/letrame.com\/catalogo\/","logo":{"@type":"ImageObject","inLanguage":"es","@id":"https:\/\/letrame.com\/catalogo\/#\/schema\/logo\/image\/","url":"https:\/\/letrame.com\/catalogo\/wp-content\/uploads\/2024\/03\/logo2.webp","contentUrl":"https:\/\/letrame.com\/catalogo\/wp-content\/uploads\/2024\/03\/logo2.webp","width":394,"height":128,"caption":"Catalogo | Letrame Grupo Editorial"},"image":{"@id":"https:\/\/letrame.com\/catalogo\/#\/schema\/logo\/image\/"}}]}},"_links":{"self":[{"href":"https:\/\/letrame.com\/catalogo\/wp-json\/wp\/v2\/product\/106201","targetHints":{"allow":["GET"]}}],"collection":[{"href":"https:\/\/letrame.com\/catalogo\/wp-json\/wp\/v2\/product"}],"about":[{"href":"https:\/\/letrame.com\/catalogo\/wp-json\/wp\/v2\/types\/product"}],"replies":[{"embeddable":true,"href":"https:\/\/letrame.com\/catalogo\/wp-json\/wp\/v2\/comments?post=106201"}],"acf:post":[{"embeddable":true,"href":"https:\/\/letrame.com\/catalogo\/wp-json\/wp\/v2\/author_book\/106200"}],"wp:featuredmedia":[{"embeddable":true,"href":"https:\/\/letrame.com\/catalogo\/wp-json\/wp\/v2\/media\/106204"}],"wp:attachment":[{"href":"https:\/\/letrame.com\/catalogo\/wp-json\/wp\/v2\/media?parent=106201"}],"wp:term":[{"taxonomy":"libro","embeddable":true,"href":"https:\/\/letrame.com\/catalogo\/wp-json\/wp\/v2\/libro?post=106201"},{"taxonomy":"product_brand","embeddable":true,"href":"https:\/\/letrame.com\/catalogo\/wp-json\/wp\/v2\/product_brand?post=106201"},{"taxonomy":"product_cat","embeddable":true,"href":"https:\/\/letrame.com\/catalogo\/wp-json\/wp\/v2\/product_cat?post=106201"},{"taxonomy":"product_tag","embeddable":true,"href":"https:\/\/letrame.com\/catalogo\/wp-json\/wp\/v2\/product_tag?post=106201"}],"curies":[{"name":"wp","href":"https:\/\/api.w.org\/{rel}","templated":true}]}}