{"id":106163,"date":"2024-09-03T09:45:21","date_gmt":"2024-09-03T07:45:21","guid":{"rendered":"https:\/\/letrame.com\/catalogo\/?post_type=product&#038;p=106163"},"modified":"2024-09-03T09:45:21","modified_gmt":"2024-09-03T07:45:21","slug":"dario","status":"publish","type":"product","link":"https:\/\/letrame.com\/catalogo\/producto\/dario\/","title":{"rendered":"Dar\u00edo"},"content":{"rendered":"<p class=\"p1\">ISBN:\u00a0978-84-1068-685-4<\/p>\n<p class=\"p1\">T\u00edtulo: Dar\u00edo<\/p>\n<p class=\"p1\">Fecha: 2024<\/p>\n<p class=\"p1\">P\u00e1ginas: 182<\/p>\n<p class=\"p1\">SINOPSIS<\/p>\n<p><em>Dar\u00edo<\/em> nos sumerge en la vibrante Madrid de los a\u00f1os 80: una Espa\u00f1a prometida a la transici\u00f3n y al avance pero todav\u00eda lastrada por el conservadurismo. En esta atm\u00f3sfera de tensiones y contradicciones, Mar\u00eda, una joven maestra, deber\u00e1 decidir hasta qu\u00e9 punto est\u00e1 dispuesta a luchar por sus principios y por aquellos que han sido marginados y repudiados.<\/p>\n<p>\u00bfPriorizar el silencio y ser c\u00f3mplice del poder social? \u00bfO renunciar a la comodidad y reventar el mundo de las apariencias? La mirada comprensiva y cr\u00edtica de los protagonistas nos envuelve en una historia profundamente humana, que todav\u00eda resuena en las luchas contempor\u00e1neas por la justicia y la igualdad.<\/p>\n","protected":false},"excerpt":{"rendered":"<p class=\"p1\">ISBN:\u00a0978-84-1068-685-4<\/p>\n<p class=\"p1\">SINOPSIS<\/p>\n<p><em>Dar\u00edo<\/em> nos sumerge en la vibrante Madrid de los a\u00f1os 80: una Espa\u00f1a prometida a la transici\u00f3n y al avance pero todav\u00eda lastrada por el conservadurismo. En esta atm\u00f3sfera de tensiones y contradicciones, Mar\u00eda, una joven maestra, deber\u00e1 decidir hasta qu\u00e9 punto est\u00e1 dispuesta a luchar por sus principios y por aquellos que han sido marginados y repudiados.<\/p>\n<p>\u00bfPriorizar el silencio y ser c\u00f3mplice del poder social? \u00bfO renunciar a la comodidad y reventar el mundo de las apariencias? La mirada comprensiva y cr\u00edtica de los protagonistas nos envuelve en una historia profundamente humana, que todav\u00eda resuena en las luchas contempor\u00e1neas por la justicia y la igualdad.<\/p>\n","protected":false},"featured_media":106164,"comment_status":"open","ping_status":"closed","template":"","meta":{"_acf_changed":false},"libro":[],"product_brand":[],"product_cat":[47],"product_tag":[],"class_list":{"0":"post-106163","1":"product","2":"type-product","3":"status-publish","4":"has-post-thumbnail","6":"product_cat-ciencia-ficcion-misterio","8":"first","9":"instock","10":"shipping-taxable","11":"product-type-simple"},"acf":{"autor":[76599],"enlace_de_compra":"https:\/\/amzn.to\/4ebApxH"},"yoast_head":"<!-- This site is optimized with the Yoast SEO plugin v27.4 - https:\/\/yoast.com\/product\/yoast-seo-wordpress\/ -->\n<title>Dar\u00edo - Catalogo | Letrame Grupo Editorial<\/title>\n<meta name=\"robots\" content=\"index, follow, max-snippet:-1, max-image-preview:large, max-video-preview:-1\" \/>\n<link rel=\"canonical\" href=\"https:\/\/letrame.com\/catalogo\/producto\/dario\/\" \/>\n<meta property=\"og:locale\" content=\"es_ES\" \/>\n<meta property=\"og:type\" content=\"article\" \/>\n<meta property=\"og:title\" content=\"Dar\u00edo - Catalogo | Letrame Grupo Editorial\" \/>\n<meta property=\"og:description\" content=\"ISBN:\u00a0978-84-1068-685-4 SINOPSIS Dar\u00edo nos sumerge en la vibrante Madrid de los a\u00f1os 80: una Espa\u00f1a prometida a la transici\u00f3n y al avance pero todav\u00eda lastrada por el conservadurismo. En esta atm\u00f3sfera de tensiones y contradicciones, Mar\u00eda, una joven maestra, deber\u00e1 decidir hasta qu\u00e9 punto est\u00e1 dispuesta a luchar por sus principios y por aquellos que han sido marginados y repudiados.  \u00bfPriorizar el silencio y ser c\u00f3mplice del poder social? \u00bfO renunciar a la comodidad y reventar el mundo de las apariencias? La mirada comprensiva y cr\u00edtica de los protagonistas nos envuelve en una historia profundamente humana, que todav\u00eda resuena en las luchas contempor\u00e1neas por la justicia y la igualdad.\" \/>\n<meta property=\"og:url\" content=\"https:\/\/letrame.com\/catalogo\/producto\/dario\/\" \/>\n<meta property=\"og:site_name\" content=\"Catalogo | Letrame Grupo Editorial\" \/>\n<meta property=\"og:image\" content=\"https:\/\/letrame.com\/catalogo\/wp-content\/uploads\/2024\/09\/zdario_947mm4.jpg\" \/>\n\t<meta property=\"og:image:width\" content=\"550\" \/>\n\t<meta property=\"og:image:height\" content=\"770\" \/>\n\t<meta property=\"og:image:type\" content=\"image\/jpeg\" \/>\n<meta name=\"twitter:card\" content=\"summary_large_image\" \/>\n<meta name=\"twitter:label1\" content=\"Tiempo de lectura\" \/>\n\t<meta name=\"twitter:data1\" content=\"1 minuto\" \/>\n<script type=\"application\/ld+json\" class=\"yoast-schema-graph\">{\"@context\":\"https:\\\/\\\/schema.org\",\"@graph\":[{\"@type\":\"WebPage\",\"@id\":\"https:\\\/\\\/letrame.com\\\/catalogo\\\/producto\\\/dario\\\/\",\"url\":\"https:\\\/\\\/letrame.com\\\/catalogo\\\/producto\\\/dario\\\/\",\"name\":\"Dar\u00edo - Catalogo | Letrame Grupo Editorial\",\"isPartOf\":{\"@id\":\"https:\\\/\\\/letrame.com\\\/catalogo\\\/#website\"},\"primaryImageOfPage\":{\"@id\":\"https:\\\/\\\/letrame.com\\\/catalogo\\\/producto\\\/dario\\\/#primaryimage\"},\"image\":{\"@id\":\"https:\\\/\\\/letrame.com\\\/catalogo\\\/producto\\\/dario\\\/#primaryimage\"},\"thumbnailUrl\":\"https:\\\/\\\/letrame.com\\\/catalogo\\\/wp-content\\\/uploads\\\/2024\\\/09\\\/zdario_947mm4.jpg\",\"datePublished\":\"2024-09-03T07:45:21+00:00\",\"breadcrumb\":{\"@id\":\"https:\\\/\\\/letrame.com\\\/catalogo\\\/producto\\\/dario\\\/#breadcrumb\"},\"inLanguage\":\"es\",\"potentialAction\":[{\"@type\":\"ReadAction\",\"target\":[\"https:\\\/\\\/letrame.com\\\/catalogo\\\/producto\\\/dario\\\/\"]}]},{\"@type\":\"ImageObject\",\"inLanguage\":\"es\",\"@id\":\"https:\\\/\\\/letrame.com\\\/catalogo\\\/producto\\\/dario\\\/#primaryimage\",\"url\":\"https:\\\/\\\/letrame.com\\\/catalogo\\\/wp-content\\\/uploads\\\/2024\\\/09\\\/zdario_947mm4.jpg\",\"contentUrl\":\"https:\\\/\\\/letrame.com\\\/catalogo\\\/wp-content\\\/uploads\\\/2024\\\/09\\\/zdario_947mm4.jpg\",\"width\":550,\"height\":770},{\"@type\":\"BreadcrumbList\",\"@id\":\"https:\\\/\\\/letrame.com\\\/catalogo\\\/producto\\\/dario\\\/#breadcrumb\",\"itemListElement\":[{\"@type\":\"ListItem\",\"position\":1,\"name\":\"Portada\",\"item\":\"https:\\\/\\\/letrame.com\\\/catalogo\\\/\"},{\"@type\":\"ListItem\",\"position\":2,\"name\":\"Cat\u00e1logo\",\"item\":\"https:\\\/\\\/letrame.com\\\/catalogo\\\/\"},{\"@type\":\"ListItem\",\"position\":3,\"name\":\"Dar\u00edo\"}]},{\"@type\":\"WebSite\",\"@id\":\"https:\\\/\\\/letrame.com\\\/catalogo\\\/#website\",\"url\":\"https:\\\/\\\/letrame.com\\\/catalogo\\\/\",\"name\":\"Catalogo | Letrame Grupo Editorial\",\"description\":\"\",\"publisher\":{\"@id\":\"https:\\\/\\\/letrame.com\\\/catalogo\\\/#organization\"},\"potentialAction\":[{\"@type\":\"SearchAction\",\"target\":{\"@type\":\"EntryPoint\",\"urlTemplate\":\"https:\\\/\\\/letrame.com\\\/catalogo\\\/?s={search_term_string}\"},\"query-input\":{\"@type\":\"PropertyValueSpecification\",\"valueRequired\":true,\"valueName\":\"search_term_string\"}}],\"inLanguage\":\"es\"},{\"@type\":\"Organization\",\"@id\":\"https:\\\/\\\/letrame.com\\\/catalogo\\\/#organization\",\"name\":\"Catalogo | Letrame Grupo Editorial\",\"url\":\"https:\\\/\\\/letrame.com\\\/catalogo\\\/\",\"logo\":{\"@type\":\"ImageObject\",\"inLanguage\":\"es\",\"@id\":\"https:\\\/\\\/letrame.com\\\/catalogo\\\/#\\\/schema\\\/logo\\\/image\\\/\",\"url\":\"https:\\\/\\\/letrame.com\\\/catalogo\\\/wp-content\\\/uploads\\\/2024\\\/03\\\/logo2.webp\",\"contentUrl\":\"https:\\\/\\\/letrame.com\\\/catalogo\\\/wp-content\\\/uploads\\\/2024\\\/03\\\/logo2.webp\",\"width\":394,\"height\":128,\"caption\":\"Catalogo | Letrame Grupo Editorial\"},\"image\":{\"@id\":\"https:\\\/\\\/letrame.com\\\/catalogo\\\/#\\\/schema\\\/logo\\\/image\\\/\"}}]}<\/script>\n<!-- \/ Yoast SEO plugin. -->","yoast_head_json":{"title":"Dar\u00edo - Catalogo | Letrame Grupo Editorial","robots":{"index":"index","follow":"follow","max-snippet":"max-snippet:-1","max-image-preview":"max-image-preview:large","max-video-preview":"max-video-preview:-1"},"canonical":"https:\/\/letrame.com\/catalogo\/producto\/dario\/","og_locale":"es_ES","og_type":"article","og_title":"Dar\u00edo - Catalogo | Letrame Grupo Editorial","og_description":"ISBN:\u00a0978-84-1068-685-4 SINOPSIS Dar\u00edo nos sumerge en la vibrante Madrid de los a\u00f1os 80: una Espa\u00f1a prometida a la transici\u00f3n y al avance pero todav\u00eda lastrada por el conservadurismo. En esta atm\u00f3sfera de tensiones y contradicciones, Mar\u00eda, una joven maestra, deber\u00e1 decidir hasta qu\u00e9 punto est\u00e1 dispuesta a luchar por sus principios y por aquellos que han sido marginados y repudiados.  \u00bfPriorizar el silencio y ser c\u00f3mplice del poder social? \u00bfO renunciar a la comodidad y reventar el mundo de las apariencias? La mirada comprensiva y cr\u00edtica de los protagonistas nos envuelve en una historia profundamente humana, que todav\u00eda resuena en las luchas contempor\u00e1neas por la justicia y la igualdad.","og_url":"https:\/\/letrame.com\/catalogo\/producto\/dario\/","og_site_name":"Catalogo | Letrame Grupo Editorial","og_image":[{"width":550,"height":770,"url":"https:\/\/letrame.com\/catalogo\/wp-content\/uploads\/2024\/09\/zdario_947mm4.jpg","type":"image\/jpeg"}],"twitter_card":"summary_large_image","twitter_misc":{"Tiempo de lectura":"1 minuto"},"schema":{"@context":"https:\/\/schema.org","@graph":[{"@type":"WebPage","@id":"https:\/\/letrame.com\/catalogo\/producto\/dario\/","url":"https:\/\/letrame.com\/catalogo\/producto\/dario\/","name":"Dar\u00edo - Catalogo | Letrame Grupo Editorial","isPartOf":{"@id":"https:\/\/letrame.com\/catalogo\/#website"},"primaryImageOfPage":{"@id":"https:\/\/letrame.com\/catalogo\/producto\/dario\/#primaryimage"},"image":{"@id":"https:\/\/letrame.com\/catalogo\/producto\/dario\/#primaryimage"},"thumbnailUrl":"https:\/\/letrame.com\/catalogo\/wp-content\/uploads\/2024\/09\/zdario_947mm4.jpg","datePublished":"2024-09-03T07:45:21+00:00","breadcrumb":{"@id":"https:\/\/letrame.com\/catalogo\/producto\/dario\/#breadcrumb"},"inLanguage":"es","potentialAction":[{"@type":"ReadAction","target":["https:\/\/letrame.com\/catalogo\/producto\/dario\/"]}]},{"@type":"ImageObject","inLanguage":"es","@id":"https:\/\/letrame.com\/catalogo\/producto\/dario\/#primaryimage","url":"https:\/\/letrame.com\/catalogo\/wp-content\/uploads\/2024\/09\/zdario_947mm4.jpg","contentUrl":"https:\/\/letrame.com\/catalogo\/wp-content\/uploads\/2024\/09\/zdario_947mm4.jpg","width":550,"height":770},{"@type":"BreadcrumbList","@id":"https:\/\/letrame.com\/catalogo\/producto\/dario\/#breadcrumb","itemListElement":[{"@type":"ListItem","position":1,"name":"Portada","item":"https:\/\/letrame.com\/catalogo\/"},{"@type":"ListItem","position":2,"name":"Cat\u00e1logo","item":"https:\/\/letrame.com\/catalogo\/"},{"@type":"ListItem","position":3,"name":"Dar\u00edo"}]},{"@type":"WebSite","@id":"https:\/\/letrame.com\/catalogo\/#website","url":"https:\/\/letrame.com\/catalogo\/","name":"Catalogo | Letrame Grupo Editorial","description":"","publisher":{"@id":"https:\/\/letrame.com\/catalogo\/#organization"},"potentialAction":[{"@type":"SearchAction","target":{"@type":"EntryPoint","urlTemplate":"https:\/\/letrame.com\/catalogo\/?s={search_term_string}"},"query-input":{"@type":"PropertyValueSpecification","valueRequired":true,"valueName":"search_term_string"}}],"inLanguage":"es"},{"@type":"Organization","@id":"https:\/\/letrame.com\/catalogo\/#organization","name":"Catalogo | Letrame Grupo Editorial","url":"https:\/\/letrame.com\/catalogo\/","logo":{"@type":"ImageObject","inLanguage":"es","@id":"https:\/\/letrame.com\/catalogo\/#\/schema\/logo\/image\/","url":"https:\/\/letrame.com\/catalogo\/wp-content\/uploads\/2024\/03\/logo2.webp","contentUrl":"https:\/\/letrame.com\/catalogo\/wp-content\/uploads\/2024\/03\/logo2.webp","width":394,"height":128,"caption":"Catalogo | Letrame Grupo Editorial"},"image":{"@id":"https:\/\/letrame.com\/catalogo\/#\/schema\/logo\/image\/"}}]}},"_links":{"self":[{"href":"https:\/\/letrame.com\/catalogo\/wp-json\/wp\/v2\/product\/106163","targetHints":{"allow":["GET"]}}],"collection":[{"href":"https:\/\/letrame.com\/catalogo\/wp-json\/wp\/v2\/product"}],"about":[{"href":"https:\/\/letrame.com\/catalogo\/wp-json\/wp\/v2\/types\/product"}],"replies":[{"embeddable":true,"href":"https:\/\/letrame.com\/catalogo\/wp-json\/wp\/v2\/comments?post=106163"}],"acf:post":[{"embeddable":true,"href":"https:\/\/letrame.com\/catalogo\/wp-json\/wp\/v2\/author_book\/76599"}],"wp:featuredmedia":[{"embeddable":true,"href":"https:\/\/letrame.com\/catalogo\/wp-json\/wp\/v2\/media\/106164"}],"wp:attachment":[{"href":"https:\/\/letrame.com\/catalogo\/wp-json\/wp\/v2\/media?parent=106163"}],"wp:term":[{"taxonomy":"libro","embeddable":true,"href":"https:\/\/letrame.com\/catalogo\/wp-json\/wp\/v2\/libro?post=106163"},{"taxonomy":"product_brand","embeddable":true,"href":"https:\/\/letrame.com\/catalogo\/wp-json\/wp\/v2\/product_brand?post=106163"},{"taxonomy":"product_cat","embeddable":true,"href":"https:\/\/letrame.com\/catalogo\/wp-json\/wp\/v2\/product_cat?post=106163"},{"taxonomy":"product_tag","embeddable":true,"href":"https:\/\/letrame.com\/catalogo\/wp-json\/wp\/v2\/product_tag?post=106163"}],"curies":[{"name":"wp","href":"https:\/\/api.w.org\/{rel}","templated":true}]}}

Darío

<p class="p1">ISBN: 978-84-1068-685-4</p>
<p class="p1">Título: Darío</p>
<p class="p1">Fecha: 2024</p>
<p class="p1">Páginas: 182</p>
<p class="p1">SINOPSIS</p>
<p><em>Darío</em> nos sumerge en la vibrante Madrid de los años 80: una España prometida a la transición y al avance pero todavía lastrada por el conservadurismo. En esta atmósfera de tensiones y contradicciones, María, una joven maestra, deberá decidir hasta qué punto está dispuesta a luchar por sus principios y por aquellos que han sido marginados y repudiados.</p>
<p>¿Priorizar el silencio y ser cómplice del poder social? ¿O renunciar a la comodidad y reventar el mundo de las apariencias? La mirada comprensiva y crítica de los protagonistas nos envuelve en una historia profundamente humana, que todavía resuena en las luchas contemporáneas por la justicia y la igualdad.</p>

<p class="p1">ISBN: 978-84-1068-685-4</p>
<p class="p1">SINOPSIS</p>
<p><em>Darío</em> nos sumerge en la vibrante Madrid de los años 80: una España prometida a la transición y al avance pero todavía lastrada por el conservadurismo. En esta atmósfera de tensiones y contradicciones, María, una joven maestra, deberá decidir hasta qué punto está dispuesta a luchar por sus principios y por aquellos que han sido marginados y repudiados.</p>
<p>¿Priorizar el silencio y ser cómplice del poder social? ¿O renunciar a la comodidad y reventar el mundo de las apariencias? La mirada comprensiva y crítica de los protagonistas nos envuelve en una historia profundamente humana, que todavía resuena en las luchas contemporáneas por la justicia y la igualdad.</p>

<!-- This site is optimized with the Yoast SEO plugin v27.4 - https://yoast.com/product/yoast-seo-wordpress/ -->
<title>Darío - Catalogo | Letrame Grupo Editorial</title>
<meta name="robots" content="index, follow, max-snippet:-1, max-image-preview:large, max-video-preview:-1" />
<link rel="canonical" href="https://letrame.com/catalogo/producto/dario/" />
<meta property="og:locale" content="es_ES" />
<meta property="og:type" content="article" />
<meta property="og:title" content="Darío - Catalogo | Letrame Grupo Editorial" />
<meta property="og:description" content="ISBN: 978-84-1068-685-4 SINOPSIS Darío nos sumerge en la vibrante Madrid de los años 80: una España prometida a la transición y al avance pero todavía lastrada por el conservadurismo. En esta atmósfera de tensiones y contradicciones, María, una joven maestra, deberá decidir hasta qué punto está dispuesta a luchar por sus principios y por aquellos que han sido marginados y repudiados.  ¿Priorizar el silencio y ser cómplice del poder social? ¿O renunciar a la comodidad y reventar el mundo de las apariencias? La mirada comprensiva y crítica de los protagonistas nos envuelve en una historia profundamente humana, que todavía resuena en las luchas contemporáneas por la justicia y la igualdad." />
<meta property="og:url" content="https://letrame.com/catalogo/producto/dario/" />
<meta property="og:site_name" content="Catalogo | Letrame Grupo Editorial" />
<meta property="og:image" content="https://letrame.com/catalogo/wp-content/uploads/2024/09/zdario_947mm4.jpg" />
	<meta property="og:image:width" content="550" />
	<meta property="og:image:height" content="770" />
	<meta property="og:image:type" content="image/jpeg" />
<meta name="twitter:card" content="summary_large_image" />
<meta name="twitter:label1" content="Tiempo de lectura" />
	<meta name="twitter:data1" content="1 minuto" />
<script type="application/ld+json" class="yoast-schema-graph">{"@context":"https:\/\/schema.org","@graph":[{"@type":"WebPage","@id":"https:\/\/letrame.com\/catalogo\/producto\/dario\/","url":"https:\/\/letrame.com\/catalogo\/producto\/dario\/","name":"Darío - Catalogo | Letrame Grupo Editorial","isPartOf":{"@id":"https:\/\/letrame.com\/catalogo\/#website"},"primaryImageOfPage":{"@id":"https:\/\/letrame.com\/catalogo\/producto\/dario\/#primaryimage"},"image":{"@id":"https:\/\/letrame.com\/catalogo\/producto\/dario\/#primaryimage"},"thumbnailUrl":"https:\/\/letrame.com\/catalogo\/wp-content\/uploads\/2024\/09\/zdario_947mm4.jpg","datePublished":"2024-09-03T07:45:21+00:00","breadcrumb":{"@id":"https:\/\/letrame.com\/catalogo\/producto\/dario\/#breadcrumb"},"inLanguage":"es","potentialAction":[{"@type":"ReadAction","target":["https:\/\/letrame.com\/catalogo\/producto\/dario\/"]}]},{"@type":"ImageObject","inLanguage":"es","@id":"https:\/\/letrame.com\/catalogo\/producto\/dario\/#primaryimage","url":"https:\/\/letrame.com\/catalogo\/wp-content\/uploads\/2024\/09\/zdario_947mm4.jpg","contentUrl":"https:\/\/letrame.com\/catalogo\/wp-content\/uploads\/2024\/09\/zdario_947mm4.jpg","width":550,"height":770},{"@type":"BreadcrumbList","@id":"https:\/\/letrame.com\/catalogo\/producto\/dario\/#breadcrumb","itemListElement":[{"@type":"ListItem","position":1,"name":"Portada","item":"https:\/\/letrame.com\/catalogo\/"},{"@type":"ListItem","position":2,"name":"Catálogo","item":"https:\/\/letrame.com\/catalogo\/"},{"@type":"ListItem","position":3,"name":"Darío"}]},{"@type":"WebSite","@id":"https:\/\/letrame.com\/catalogo\/#website","url":"https:\/\/letrame.com\/catalogo\/","name":"Catalogo | Letrame Grupo Editorial","description":"","publisher":{"@id":"https:\/\/letrame.com\/catalogo\/#organization"},"potentialAction":[{"@type":"SearchAction","target":{"@type":"EntryPoint","urlTemplate":"https:\/\/letrame.com\/catalogo\/?s={search_term_string}"},"query-input":{"@type":"PropertyValueSpecification","valueRequired":true,"valueName":"search_term_string"}}],"inLanguage":"es"},{"@type":"Organization","@id":"https:\/\/letrame.com\/catalogo\/#organization","name":"Catalogo | Letrame Grupo Editorial","url":"https:\/\/letrame.com\/catalogo\/","logo":{"@type":"ImageObject","inLanguage":"es","@id":"https:\/\/letrame.com\/catalogo\/#\/schema\/logo\/image\/","url":"https:\/\/letrame.com\/catalogo\/wp-content\/uploads\/2024\/03\/logo2.webp","contentUrl":"https:\/\/letrame.com\/catalogo\/wp-content\/uploads\/2024\/03\/logo2.webp","width":394,"height":128,"caption":"Catalogo | Letrame Grupo Editorial"},"image":{"@id":"https:\/\/letrame.com\/catalogo\/#\/schema\/logo\/image\/"}}]}</script>
<!-- / Yoast SEO plugin. -->

Darío - Catalogo | Letrame Grupo Editorial

ISBN: 978-84-1068-685-4 SINOPSIS Darío nos sumerge en la vibrante Madrid de los años 80: una España prometida a la transición y al avance pero todavía lastrada por el conservadurismo. En esta atmósfera de tensiones y contradicciones, María, una joven maestra, deberá decidir hasta qué punto está dispuesta a luchar por sus principios y por aquellos que han sido marginados y repudiados.  ¿Priorizar el silencio y ser cómplice del poder social? ¿O renunciar a la comodidad y reventar el mundo de las apariencias? La mirada comprensiva y crítica de los protagonistas nos envuelve en una historia profundamente humana, que todavía resuena en las luchas contemporáneas por la justicia y la igualdad.

Catálogo
