{"id":105961,"date":"2024-08-21T14:05:07","date_gmt":"2024-08-21T12:05:07","guid":{"rendered":"https:\/\/letrame.com\/catalogo\/?post_type=product&#038;p=105961"},"modified":"2024-08-21T14:05:07","modified_gmt":"2024-08-21T12:05:07","slug":"prescripcion-financiera-para-medicos","status":"publish","type":"product","link":"https:\/\/letrame.com\/catalogo\/producto\/prescripcion-financiera-para-medicos\/","title":{"rendered":"Prescripci\u00f3n financiera para m\u00e9dicos"},"content":{"rendered":"<p class=\"p1\">ISBN:\u00a0978-84-1068-715-8<\/p>\n<p class=\"p1\">T\u00edtulo: Prescripci\u00f3n financiera para m\u00e9dicos<\/p>\n<p class=\"p1\">Fecha: 2024<\/p>\n<p class=\"p1\">P\u00e1ginas: 92<\/p>\n<p class=\"p1\">SINOPSIS<\/p>\n<p>Querido colega m\u00e9dico:<\/p>\n<p>\u00bfTe has preguntado si existe algo m\u00e1s aparte de la consulta m\u00e9dica? \u00bfHas sentido que el dinero no te dura en las manos? \u00bfHas querido que tu dinero trabaje para ti y no t\u00fa por el dinero? \u00bfHas querido conocer el mundo de las inversiones y tarjetas de cr\u00e9dito? \u00bfQuieres conocer las opciones existentes para un retiro laboral?<\/p>\n<p>\u00a1Entonces este libro es para ti!<\/p>\n<p>En estas p\u00e1ginas, descubrir\u00e1s un enfoque \u00fanico y pr\u00e1ctico para dominar las finanzas personales y el emprendimiento como m\u00e9dico. Desde los fundamentos de la planificaci\u00f3n financiera hasta formas sobre c\u00f3mo se puede tributar los impuestos en M\u00e9xico como m\u00e9dico, pasando por la creaci\u00f3n de un presupuesto s\u00f3lido y la exploraci\u00f3n de diversas opciones de inversi\u00f3n y creaci\u00f3n de modelos de negocio. Tambi\u00e9n veremos distintas maneras de retirarte laboralmente. Cada cap\u00edtulo est\u00e1 dise\u00f1ado para empoderarte en el \u00e1mbito financiero o del emprendimiento como m\u00e9dico.<\/p>\n<p>Ya sea que est\u00e9s en tu etapa de estudiante, acabes de recibir tu t\u00edtulo de m\u00e9dico o que hayas recorrido un largo camino en tu carrera, s\u00e9 que este libro te aportar\u00e1 valor para construir un futuro financiero y de emprendimiento mejor informado.<\/p>\n<p>\u00a1Tu futuro financiero est\u00e1 en tus manos!<\/p>\n","protected":false},"excerpt":{"rendered":"<p class=\"p1\">ISBN:\u00a0978-84-1068-715-8<\/p>\n<p class=\"p1\">SINOPSIS<\/p>\n<p>Querido colega m\u00e9dico:<\/p>\n<p>\u00bfTe has preguntado si existe algo m\u00e1s aparte de la consulta m\u00e9dica? \u00bfHas sentido que el dinero no te dura en las manos? \u00bfHas querido que tu dinero trabaje para ti y no t\u00fa por el dinero? \u00bfHas querido conocer el mundo de las inversiones y tarjetas de cr\u00e9dito? \u00bfQuieres conocer las opciones existentes para un retiro laboral?<\/p>\n<p>\u00a1Entonces este libro es para ti!<\/p>\n<p>En estas p\u00e1ginas, descubrir\u00e1s un enfoque \u00fanico y pr\u00e1ctico para dominar las finanzas personales y el emprendimiento como m\u00e9dico. Desde los fundamentos de la planificaci\u00f3n financiera hasta formas sobre c\u00f3mo se puede tributar los impuestos en M\u00e9xico como m\u00e9dico, pasando por la creaci\u00f3n de un presupuesto s\u00f3lido y la exploraci\u00f3n de diversas opciones de inversi\u00f3n y creaci\u00f3n de modelos de negocio. Tambi\u00e9n veremos distintas maneras de retirarte laboralmente. Cada cap\u00edtulo est\u00e1 dise\u00f1ado para empoderarte en el \u00e1mbito financiero o del emprendimiento como m\u00e9dico.<\/p>\n<p>Ya sea que est\u00e9s en tu etapa de estudiante, acabes de recibir tu t\u00edtulo de m\u00e9dico o que hayas recorrido un largo camino en tu carrera, s\u00e9 que este libro te aportar\u00e1 valor para construir un futuro financiero y de emprendimiento mejor informado.<\/p>\n<p>\u00a1Tu futuro financiero est\u00e1 en tus manos!<\/p>\n","protected":false},"featured_media":105964,"comment_status":"open","ping_status":"closed","template":"","meta":{"_acf_changed":false},"libro":[],"product_brand":[],"product_cat":[23],"product_tag":[],"class_list":{"0":"post-105961","1":"product","2":"type-product","3":"status-publish","4":"has-post-thumbnail","6":"product_cat-ensayos","8":"first","9":"instock","10":"shipping-taxable","11":"product-type-simple"},"acf":{"autor":[105962],"enlace_de_compra":"https:\/\/amzn.to\/3Ay2AZ8"},"yoast_head":"<!-- This site is optimized with the Yoast SEO plugin v27.4 - https:\/\/yoast.com\/product\/yoast-seo-wordpress\/ -->\n<title>Prescripci\u00f3n financiera para m\u00e9dicos - Catalogo | Letrame Grupo Editorial<\/title>\n<meta name=\"robots\" content=\"index, follow, max-snippet:-1, max-image-preview:large, max-video-preview:-1\" \/>\n<link rel=\"canonical\" href=\"https:\/\/letrame.com\/catalogo\/producto\/prescripcion-financiera-para-medicos\/\" \/>\n<meta property=\"og:locale\" content=\"es_ES\" \/>\n<meta property=\"og:type\" content=\"article\" \/>\n<meta property=\"og:title\" content=\"Prescripci\u00f3n financiera para m\u00e9dicos - Catalogo | Letrame Grupo Editorial\" \/>\n<meta property=\"og:description\" content=\"ISBN:\u00a0978-84-1068-715-8 SINOPSIS Querido colega m\u00e9dico:  \u00bfTe has preguntado si existe algo m\u00e1s aparte de la consulta m\u00e9dica? \u00bfHas sentido que el dinero no te dura en las manos? \u00bfHas querido que tu dinero trabaje para ti y no t\u00fa por el dinero? \u00bfHas querido conocer el mundo de las inversiones y tarjetas de cr\u00e9dito? \u00bfQuieres conocer las opciones existentes para un retiro laboral?  \u00a1Entonces este libro es para ti!  En estas p\u00e1ginas, descubrir\u00e1s un enfoque \u00fanico y pr\u00e1ctico para dominar las finanzas personales y el emprendimiento como m\u00e9dico. Desde los fundamentos de la planificaci\u00f3n financiera hasta formas sobre c\u00f3mo se puede tributar los impuestos en M\u00e9xico como m\u00e9dico, pasando por la creaci\u00f3n de un presupuesto s\u00f3lido y la exploraci\u00f3n de diversas opciones de inversi\u00f3n y creaci\u00f3n de modelos de negocio. Tambi\u00e9n veremos distintas maneras de retirarte laboralmente. Cada cap\u00edtulo est\u00e1 dise\u00f1ado para empoderarte en el \u00e1mbito financiero o del emprendimiento como m\u00e9dico.  Ya sea que est\u00e9s en tu etapa de estudiante, acabes de recibir tu t\u00edtulo de m\u00e9dico o que hayas recorrido un largo camino en tu carrera, s\u00e9 que este libro te aportar\u00e1 valor para construir un futuro financiero y de emprendimiento mejor informado.  \u00a1Tu futuro financiero est\u00e1 en tus manos!\" \/>\n<meta property=\"og:url\" content=\"https:\/\/letrame.com\/catalogo\/producto\/prescripcion-financiera-para-medicos\/\" \/>\n<meta property=\"og:site_name\" content=\"Catalogo | Letrame Grupo Editorial\" \/>\n<meta property=\"og:image\" content=\"https:\/\/letrame.com\/catalogo\/wp-content\/uploads\/2024\/08\/prescripcion_532mm4-compressed.jpg\" \/>\n\t<meta property=\"og:image:width\" content=\"1772\" \/>\n\t<meta property=\"og:image:height\" content=\"2480\" \/>\n\t<meta property=\"og:image:type\" content=\"image\/jpeg\" \/>\n<meta name=\"twitter:card\" content=\"summary_large_image\" \/>\n<meta name=\"twitter:label1\" content=\"Tiempo de lectura\" \/>\n\t<meta name=\"twitter:data1\" content=\"2 minutos\" \/>\n<script type=\"application\/ld+json\" class=\"yoast-schema-graph\">{\"@context\":\"https:\\\/\\\/schema.org\",\"@graph\":[{\"@type\":\"WebPage\",\"@id\":\"https:\\\/\\\/letrame.com\\\/catalogo\\\/producto\\\/prescripcion-financiera-para-medicos\\\/\",\"url\":\"https:\\\/\\\/letrame.com\\\/catalogo\\\/producto\\\/prescripcion-financiera-para-medicos\\\/\",\"name\":\"Prescripci\u00f3n financiera para m\u00e9dicos - Catalogo | Letrame Grupo Editorial\",\"isPartOf\":{\"@id\":\"https:\\\/\\\/letrame.com\\\/catalogo\\\/#website\"},\"primaryImageOfPage\":{\"@id\":\"https:\\\/\\\/letrame.com\\\/catalogo\\\/producto\\\/prescripcion-financiera-para-medicos\\\/#primaryimage\"},\"image\":{\"@id\":\"https:\\\/\\\/letrame.com\\\/catalogo\\\/producto\\\/prescripcion-financiera-para-medicos\\\/#primaryimage\"},\"thumbnailUrl\":\"https:\\\/\\\/letrame.com\\\/catalogo\\\/wp-content\\\/uploads\\\/2024\\\/08\\\/prescripcion_532mm4-compressed.jpg\",\"datePublished\":\"2024-08-21T12:05:07+00:00\",\"breadcrumb\":{\"@id\":\"https:\\\/\\\/letrame.com\\\/catalogo\\\/producto\\\/prescripcion-financiera-para-medicos\\\/#breadcrumb\"},\"inLanguage\":\"es\",\"potentialAction\":[{\"@type\":\"ReadAction\",\"target\":[\"https:\\\/\\\/letrame.com\\\/catalogo\\\/producto\\\/prescripcion-financiera-para-medicos\\\/\"]}]},{\"@type\":\"ImageObject\",\"inLanguage\":\"es\",\"@id\":\"https:\\\/\\\/letrame.com\\\/catalogo\\\/producto\\\/prescripcion-financiera-para-medicos\\\/#primaryimage\",\"url\":\"https:\\\/\\\/letrame.com\\\/catalogo\\\/wp-content\\\/uploads\\\/2024\\\/08\\\/prescripcion_532mm4-compressed.jpg\",\"contentUrl\":\"https:\\\/\\\/letrame.com\\\/catalogo\\\/wp-content\\\/uploads\\\/2024\\\/08\\\/prescripcion_532mm4-compressed.jpg\",\"width\":1772,\"height\":2480},{\"@type\":\"BreadcrumbList\",\"@id\":\"https:\\\/\\\/letrame.com\\\/catalogo\\\/producto\\\/prescripcion-financiera-para-medicos\\\/#breadcrumb\",\"itemListElement\":[{\"@type\":\"ListItem\",\"position\":1,\"name\":\"Portada\",\"item\":\"https:\\\/\\\/letrame.com\\\/catalogo\\\/\"},{\"@type\":\"ListItem\",\"position\":2,\"name\":\"Cat\u00e1logo\",\"item\":\"https:\\\/\\\/letrame.com\\\/catalogo\\\/\"},{\"@type\":\"ListItem\",\"position\":3,\"name\":\"Prescripci\u00f3n financiera para m\u00e9dicos\"}]},{\"@type\":\"WebSite\",\"@id\":\"https:\\\/\\\/letrame.com\\\/catalogo\\\/#website\",\"url\":\"https:\\\/\\\/letrame.com\\\/catalogo\\\/\",\"name\":\"Catalogo | Letrame Grupo Editorial\",\"description\":\"\",\"publisher\":{\"@id\":\"https:\\\/\\\/letrame.com\\\/catalogo\\\/#organization\"},\"potentialAction\":[{\"@type\":\"SearchAction\",\"target\":{\"@type\":\"EntryPoint\",\"urlTemplate\":\"https:\\\/\\\/letrame.com\\\/catalogo\\\/?s={search_term_string}\"},\"query-input\":{\"@type\":\"PropertyValueSpecification\",\"valueRequired\":true,\"valueName\":\"search_term_string\"}}],\"inLanguage\":\"es\"},{\"@type\":\"Organization\",\"@id\":\"https:\\\/\\\/letrame.com\\\/catalogo\\\/#organization\",\"name\":\"Catalogo | Letrame Grupo Editorial\",\"url\":\"https:\\\/\\\/letrame.com\\\/catalogo\\\/\",\"logo\":{\"@type\":\"ImageObject\",\"inLanguage\":\"es\",\"@id\":\"https:\\\/\\\/letrame.com\\\/catalogo\\\/#\\\/schema\\\/logo\\\/image\\\/\",\"url\":\"https:\\\/\\\/letrame.com\\\/catalogo\\\/wp-content\\\/uploads\\\/2024\\\/03\\\/logo2.webp\",\"contentUrl\":\"https:\\\/\\\/letrame.com\\\/catalogo\\\/wp-content\\\/uploads\\\/2024\\\/03\\\/logo2.webp\",\"width\":394,\"height\":128,\"caption\":\"Catalogo | Letrame Grupo Editorial\"},\"image\":{\"@id\":\"https:\\\/\\\/letrame.com\\\/catalogo\\\/#\\\/schema\\\/logo\\\/image\\\/\"}}]}<\/script>\n<!-- \/ Yoast SEO plugin. -->","yoast_head_json":{"title":"Prescripci\u00f3n financiera para m\u00e9dicos - Catalogo | Letrame Grupo Editorial","robots":{"index":"index","follow":"follow","max-snippet":"max-snippet:-1","max-image-preview":"max-image-preview:large","max-video-preview":"max-video-preview:-1"},"canonical":"https:\/\/letrame.com\/catalogo\/producto\/prescripcion-financiera-para-medicos\/","og_locale":"es_ES","og_type":"article","og_title":"Prescripci\u00f3n financiera para m\u00e9dicos - Catalogo | Letrame Grupo Editorial","og_description":"ISBN:\u00a0978-84-1068-715-8 SINOPSIS Querido colega m\u00e9dico:  \u00bfTe has preguntado si existe algo m\u00e1s aparte de la consulta m\u00e9dica? \u00bfHas sentido que el dinero no te dura en las manos? \u00bfHas querido que tu dinero trabaje para ti y no t\u00fa por el dinero? \u00bfHas querido conocer el mundo de las inversiones y tarjetas de cr\u00e9dito? \u00bfQuieres conocer las opciones existentes para un retiro laboral?  \u00a1Entonces este libro es para ti!  En estas p\u00e1ginas, descubrir\u00e1s un enfoque \u00fanico y pr\u00e1ctico para dominar las finanzas personales y el emprendimiento como m\u00e9dico. Desde los fundamentos de la planificaci\u00f3n financiera hasta formas sobre c\u00f3mo se puede tributar los impuestos en M\u00e9xico como m\u00e9dico, pasando por la creaci\u00f3n de un presupuesto s\u00f3lido y la exploraci\u00f3n de diversas opciones de inversi\u00f3n y creaci\u00f3n de modelos de negocio. Tambi\u00e9n veremos distintas maneras de retirarte laboralmente. Cada cap\u00edtulo est\u00e1 dise\u00f1ado para empoderarte en el \u00e1mbito financiero o del emprendimiento como m\u00e9dico.  Ya sea que est\u00e9s en tu etapa de estudiante, acabes de recibir tu t\u00edtulo de m\u00e9dico o que hayas recorrido un largo camino en tu carrera, s\u00e9 que este libro te aportar\u00e1 valor para construir un futuro financiero y de emprendimiento mejor informado.  \u00a1Tu futuro financiero est\u00e1 en tus manos!","og_url":"https:\/\/letrame.com\/catalogo\/producto\/prescripcion-financiera-para-medicos\/","og_site_name":"Catalogo | Letrame Grupo Editorial","og_image":[{"width":1772,"height":2480,"url":"https:\/\/letrame.com\/catalogo\/wp-content\/uploads\/2024\/08\/prescripcion_532mm4-compressed.jpg","type":"image\/jpeg"}],"twitter_card":"summary_large_image","twitter_misc":{"Tiempo de lectura":"2 minutos"},"schema":{"@context":"https:\/\/schema.org","@graph":[{"@type":"WebPage","@id":"https:\/\/letrame.com\/catalogo\/producto\/prescripcion-financiera-para-medicos\/","url":"https:\/\/letrame.com\/catalogo\/producto\/prescripcion-financiera-para-medicos\/","name":"Prescripci\u00f3n financiera para m\u00e9dicos - Catalogo | Letrame Grupo Editorial","isPartOf":{"@id":"https:\/\/letrame.com\/catalogo\/#website"},"primaryImageOfPage":{"@id":"https:\/\/letrame.com\/catalogo\/producto\/prescripcion-financiera-para-medicos\/#primaryimage"},"image":{"@id":"https:\/\/letrame.com\/catalogo\/producto\/prescripcion-financiera-para-medicos\/#primaryimage"},"thumbnailUrl":"https:\/\/letrame.com\/catalogo\/wp-content\/uploads\/2024\/08\/prescripcion_532mm4-compressed.jpg","datePublished":"2024-08-21T12:05:07+00:00","breadcrumb":{"@id":"https:\/\/letrame.com\/catalogo\/producto\/prescripcion-financiera-para-medicos\/#breadcrumb"},"inLanguage":"es","potentialAction":[{"@type":"ReadAction","target":["https:\/\/letrame.com\/catalogo\/producto\/prescripcion-financiera-para-medicos\/"]}]},{"@type":"ImageObject","inLanguage":"es","@id":"https:\/\/letrame.com\/catalogo\/producto\/prescripcion-financiera-para-medicos\/#primaryimage","url":"https:\/\/letrame.com\/catalogo\/wp-content\/uploads\/2024\/08\/prescripcion_532mm4-compressed.jpg","contentUrl":"https:\/\/letrame.com\/catalogo\/wp-content\/uploads\/2024\/08\/prescripcion_532mm4-compressed.jpg","width":1772,"height":2480},{"@type":"BreadcrumbList","@id":"https:\/\/letrame.com\/catalogo\/producto\/prescripcion-financiera-para-medicos\/#breadcrumb","itemListElement":[{"@type":"ListItem","position":1,"name":"Portada","item":"https:\/\/letrame.com\/catalogo\/"},{"@type":"ListItem","position":2,"name":"Cat\u00e1logo","item":"https:\/\/letrame.com\/catalogo\/"},{"@type":"ListItem","position":3,"name":"Prescripci\u00f3n financiera para m\u00e9dicos"}]},{"@type":"WebSite","@id":"https:\/\/letrame.com\/catalogo\/#website","url":"https:\/\/letrame.com\/catalogo\/","name":"Catalogo | Letrame Grupo Editorial","description":"","publisher":{"@id":"https:\/\/letrame.com\/catalogo\/#organization"},"potentialAction":[{"@type":"SearchAction","target":{"@type":"EntryPoint","urlTemplate":"https:\/\/letrame.com\/catalogo\/?s={search_term_string}"},"query-input":{"@type":"PropertyValueSpecification","valueRequired":true,"valueName":"search_term_string"}}],"inLanguage":"es"},{"@type":"Organization","@id":"https:\/\/letrame.com\/catalogo\/#organization","name":"Catalogo | Letrame Grupo Editorial","url":"https:\/\/letrame.com\/catalogo\/","logo":{"@type":"ImageObject","inLanguage":"es","@id":"https:\/\/letrame.com\/catalogo\/#\/schema\/logo\/image\/","url":"https:\/\/letrame.com\/catalogo\/wp-content\/uploads\/2024\/03\/logo2.webp","contentUrl":"https:\/\/letrame.com\/catalogo\/wp-content\/uploads\/2024\/03\/logo2.webp","width":394,"height":128,"caption":"Catalogo | Letrame Grupo Editorial"},"image":{"@id":"https:\/\/letrame.com\/catalogo\/#\/schema\/logo\/image\/"}}]}},"_links":{"self":[{"href":"https:\/\/letrame.com\/catalogo\/wp-json\/wp\/v2\/product\/105961","targetHints":{"allow":["GET"]}}],"collection":[{"href":"https:\/\/letrame.com\/catalogo\/wp-json\/wp\/v2\/product"}],"about":[{"href":"https:\/\/letrame.com\/catalogo\/wp-json\/wp\/v2\/types\/product"}],"replies":[{"embeddable":true,"href":"https:\/\/letrame.com\/catalogo\/wp-json\/wp\/v2\/comments?post=105961"}],"acf:post":[{"embeddable":true,"href":"https:\/\/letrame.com\/catalogo\/wp-json\/wp\/v2\/author_book\/105962"}],"wp:featuredmedia":[{"embeddable":true,"href":"https:\/\/letrame.com\/catalogo\/wp-json\/wp\/v2\/media\/105964"}],"wp:attachment":[{"href":"https:\/\/letrame.com\/catalogo\/wp-json\/wp\/v2\/media?parent=105961"}],"wp:term":[{"taxonomy":"libro","embeddable":true,"href":"https:\/\/letrame.com\/catalogo\/wp-json\/wp\/v2\/libro?post=105961"},{"taxonomy":"product_brand","embeddable":true,"href":"https:\/\/letrame.com\/catalogo\/wp-json\/wp\/v2\/product_brand?post=105961"},{"taxonomy":"product_cat","embeddable":true,"href":"https:\/\/letrame.com\/catalogo\/wp-json\/wp\/v2\/product_cat?post=105961"},{"taxonomy":"product_tag","embeddable":true,"href":"https:\/\/letrame.com\/catalogo\/wp-json\/wp\/v2\/product_tag?post=105961"}],"curies":[{"name":"wp","href":"https:\/\/api.w.org\/{rel}","templated":true}]}}