{"id":105930,"date":"2024-08-21T13:08:17","date_gmt":"2024-08-21T11:08:17","guid":{"rendered":"https:\/\/letrame.com\/catalogo\/?post_type=product&#038;p=105930"},"modified":"2024-08-21T13:08:17","modified_gmt":"2024-08-21T11:08:17","slug":"las-mujeres-en-la-medicina","status":"publish","type":"product","link":"https:\/\/letrame.com\/catalogo\/producto\/las-mujeres-en-la-medicina\/","title":{"rendered":"Las mujeres en la medicina"},"content":{"rendered":"<p class=\"p1\">ISBN: 978-84-1068-601-4<\/p>\n<p class=\"p1\">T\u00edtulo: Las mujeres en la medicina<\/p>\n<p class=\"p1\">Fecha: 2024<\/p>\n<p class=\"p1\">P\u00e1ginas: 152<\/p>\n<p class=\"p1\">SINOPSIS<\/p>\n<p>&#8211;<u>Agnodic<\/u>e, fue la primera mujer partera y ginec\u00f3loga de la historia que vivi\u00f3 en el siglo IV a.C.<\/p>\n<p>&nbsp;<\/p>\n<p>&#8211;<u>Matilde Montoya La Fragua<\/u>, naci\u00f3 el 14 de marzo de 1857 en 1887, siendo la primera mujer mejicana, partera y m\u00e9dica, que se especializ\u00f3 en enfermedades de las mujeres. Sufri\u00f3 un gran rechazo social, llegando a ser considerada como no apta para la medicina en 1882.<\/p>\n<p>&nbsp;<\/p>\n<p><u>-Elizabeth Blackwell<\/u>, nacida en 1821, fue la primera mujer que estudi\u00f3 medicina en la facultad de Geneva tras ser rechazada por varias universidades y en 1849 se doctor\u00f3 en medicina.<\/p>\n<p>&nbsp;<\/p>\n<p>-En 1882, <u>Dolores Aleu Riera<\/u> fue la primera mujer licenciada en medicina en Espa\u00f1a.<\/p>\n<p>&nbsp;<\/p>\n<p>M\u00e1s de medio siglo despu\u00e9s y seg\u00fan el Instituto Nacional de Estad\u00edstica<\/p>\n<p>(INE), un total de 31.618 personas se convirtieron en m\u00e9dicos colegiados, 31.284 hombres y 334 mujeres.<\/p>\n<p>&nbsp;<\/p>\n<p>Aunque la diferencia cuantitativa entre hombres y mujeres sigue siendo notable, la mujer se ha ido abriendo camino dentro de la profesi\u00f3n m\u00e9dica. Por primera vez el n\u00famero de mujeres colegidas supera a los hombres.<\/p>\n<p>&nbsp;<\/p>\n<p>Seg\u00fan el Instituto Nacional de Estad\u00edstica (INE) en el 2017 hubo un total de 253.796 colegiados en Medicina en Espa\u00f1a, 125.817 fueron hombres y 127.979 mujeres, siendo la cantidad femenina mayor por primera vez, y en aumento.<\/p>\n<p>&nbsp;<\/p>\n<p>En el 2017 la diferencia era de 20.172 pero en el a\u00f1o 2020 el n\u00famero de colegiados se remonta a 276.191 y en el 2017 la diferencia era de 2.162. Se pas\u00f3 a una diferencia de 12.389 mujeres colegiadas m\u00e1s que hombres.<\/p>\n<p>&nbsp;<\/p>\n<p>Actualmente, Espa\u00f1a se encuentra entre los pa\u00edses europeos con mayor porcentaje de mujeres, siendo mujeres el 61% de los centros sanitarios p\u00fablicos, aunque solo el 28% son jefas de servicio.<\/p>\n<p>En el a\u00f1o 2022 la tasa de m\u00e9dicos colegiados se situ\u00f3 en 6,12 por cada 1.000 habitantes y la de enfermeros en 7,03.<\/p>\n","protected":false},"excerpt":{"rendered":"<p class=\"p1\">ISBN: 978-84-1068-601-4<\/p>\n<p class=\"p1\">SINOPSIS<\/p>\n<p>&#8211;<u>Agnodic<\/u>e, fue la primera mujer partera y ginec\u00f3loga de la historia que vivi\u00f3 en el siglo IV a.C.<\/p>\n<p>&nbsp;<\/p>\n<p>&#8211;<u>Matilde Montoya La Fragua<\/u>, naci\u00f3 el 14 de marzo de 1857 en 1887, siendo la primera mujer mejicana, partera y m\u00e9dica, que se especializ\u00f3 en enfermedades de las mujeres. Sufri\u00f3 un gran rechazo social, llegando a ser considerada como no apta para la medicina en 1882.<\/p>\n<p>&nbsp;<\/p>\n<p><u>-Elizabeth Blackwell<\/u>, nacida en 1821, fue la primera mujer que estudi\u00f3 medicina en la facultad de Geneva tras ser rechazada por varias universidades y en 1849 se doctor\u00f3 en medicina.<\/p>\n<p>&nbsp;<\/p>\n<p>-En 1882, <u>Dolores Aleu Riera<\/u> fue la primera mujer licenciada en medicina en Espa\u00f1a.<\/p>\n<p>&nbsp;<\/p>\n<p>M\u00e1s de medio siglo despu\u00e9s y seg\u00fan el Instituto Nacional de Estad\u00edstica<\/p>\n<p>(INE), un total de 31.618 personas se convirtieron en m\u00e9dicos colegiados, 31.284 hombres y 334 mujeres.<\/p>\n<p>&nbsp;<\/p>\n<p>Aunque la diferencia cuantitativa entre hombres y mujeres sigue siendo notable, la mujer se ha ido abriendo camino dentro de la profesi\u00f3n m\u00e9dica. Por primera vez el n\u00famero de mujeres colegidas supera a los hombres.<\/p>\n<p>&nbsp;<\/p>\n<p>Seg\u00fan el Instituto Nacional de Estad\u00edstica (INE) en el 2017 hubo un total de 253.796 colegiados en Medicina en Espa\u00f1a, 125.817 fueron hombres y 127.979 mujeres, siendo la cantidad femenina mayor por primera vez, y en aumento.<\/p>\n<p>&nbsp;<\/p>\n<p>En el 2017 la diferencia era de 20.172 pero en el a\u00f1o 2020 el n\u00famero de colegiados se remonta a 276.191 y en el 2017 la diferencia era de 2.162. Se pas\u00f3 a una diferencia de 12.389 mujeres colegiadas m\u00e1s que hombres.<\/p>\n<p>&nbsp;<\/p>\n<p>Actualmente, Espa\u00f1a se encuentra entre los pa\u00edses europeos con mayor porcentaje de mujeres, siendo mujeres el 61% de los centros sanitarios p\u00fablicos, aunque solo el 28% son jefas de servicio.<\/p>\n<p>En el a\u00f1o 2022 la tasa de m\u00e9dicos colegiados se situ\u00f3 en 6,12 por cada 1.000 habitantes y la de enfermeros en 7,03.<\/p>\n","protected":false},"featured_media":105933,"comment_status":"open","ping_status":"closed","template":"","meta":{"_acf_changed":false},"libro":[],"product_brand":[],"product_cat":[126],"product_tag":[],"class_list":{"0":"post-105930","1":"product","2":"type-product","3":"status-publish","4":"has-post-thumbnail","6":"product_cat-medicina","8":"first","9":"instock","10":"shipping-taxable","11":"product-type-simple"},"acf":{"autor":[105929],"enlace_de_compra":"https:\/\/amzn.to\/4fSZgYE"},"yoast_head":"<!-- This site is optimized with the Yoast SEO plugin v27.4 - https:\/\/yoast.com\/product\/yoast-seo-wordpress\/ -->\n<title>Las mujeres en la medicina - Catalogo | Letrame Grupo Editorial<\/title>\n<meta name=\"robots\" content=\"index, follow, max-snippet:-1, max-image-preview:large, max-video-preview:-1\" \/>\n<link rel=\"canonical\" href=\"https:\/\/letrame.com\/catalogo\/producto\/las-mujeres-en-la-medicina\/\" \/>\n<meta property=\"og:locale\" content=\"es_ES\" \/>\n<meta property=\"og:type\" content=\"article\" \/>\n<meta property=\"og:title\" content=\"Las mujeres en la medicina - Catalogo | Letrame Grupo Editorial\" \/>\n<meta property=\"og:description\" content=\"ISBN: 978-84-1068-601-4 SINOPSIS -Agnodice, fue la primera mujer partera y ginec\u00f3loga de la historia que vivi\u00f3 en el siglo IV a.C.  &nbsp;  -Matilde Montoya La Fragua, naci\u00f3 el 14 de marzo de 1857 en 1887, siendo la primera mujer mejicana, partera y m\u00e9dica, que se especializ\u00f3 en enfermedades de las mujeres. Sufri\u00f3 un gran rechazo social, llegando a ser considerada como no apta para la medicina en 1882.  &nbsp;  -Elizabeth Blackwell, nacida en 1821, fue la primera mujer que estudi\u00f3 medicina en la facultad de Geneva tras ser rechazada por varias universidades y en 1849 se doctor\u00f3 en medicina.  &nbsp;  -En 1882, Dolores Aleu Riera fue la primera mujer licenciada en medicina en Espa\u00f1a.  &nbsp;  M\u00e1s de medio siglo despu\u00e9s y seg\u00fan el Instituto Nacional de Estad\u00edstica  (INE), un total de 31.618 personas se convirtieron en m\u00e9dicos colegiados, 31.284 hombres y 334 mujeres.  &nbsp;  Aunque la diferencia cuantitativa entre hombres y mujeres sigue siendo notable, la mujer se ha ido abriendo camino dentro de la profesi\u00f3n m\u00e9dica. Por primera vez el n\u00famero de mujeres colegidas supera a los hombres.  &nbsp;  Seg\u00fan el Instituto Nacional de Estad\u00edstica (INE) en el 2017 hubo un total de 253.796 colegiados en Medicina en Espa\u00f1a, 125.817 fueron hombres y 127.979 mujeres, siendo la cantidad femenina mayor por primera vez, y en aumento.  &nbsp;  En el 2017 la diferencia era de 20.172 pero en el a\u00f1o 2020 el n\u00famero de colegiados se remonta a 276.191 y en el 2017 la diferencia era de 2.162. Se pas\u00f3 a una diferencia de 12.389 mujeres colegiadas m\u00e1s que hombres.  &nbsp;  Actualmente, Espa\u00f1a se encuentra entre los pa\u00edses europeos con mayor porcentaje de mujeres, siendo mujeres el 61% de los centros sanitarios p\u00fablicos, aunque solo el 28% son jefas de servicio.  En el a\u00f1o 2022 la tasa de m\u00e9dicos colegiados se situ\u00f3 en 6,12 por cada 1.000 habitantes y la de enfermeros en 7,03.\" \/>\n<meta property=\"og:url\" content=\"https:\/\/letrame.com\/catalogo\/producto\/las-mujeres-en-la-medicina\/\" \/>\n<meta property=\"og:site_name\" content=\"Catalogo | Letrame Grupo Editorial\" \/>\n<meta property=\"og:image\" content=\"https:\/\/letrame.com\/catalogo\/wp-content\/uploads\/2024\/08\/lasmujeres_91mm4-compressed-scaled.jpg\" \/>\n\t<meta property=\"og:image:width\" content=\"1746\" \/>\n\t<meta property=\"og:image:height\" content=\"2560\" \/>\n\t<meta property=\"og:image:type\" content=\"image\/jpeg\" \/>\n<meta name=\"twitter:card\" content=\"summary_large_image\" \/>\n<meta name=\"twitter:label1\" content=\"Tiempo de lectura\" \/>\n\t<meta name=\"twitter:data1\" content=\"2 minutos\" \/>\n<script type=\"application\/ld+json\" class=\"yoast-schema-graph\">{\"@context\":\"https:\\\/\\\/schema.org\",\"@graph\":[{\"@type\":\"WebPage\",\"@id\":\"https:\\\/\\\/letrame.com\\\/catalogo\\\/producto\\\/las-mujeres-en-la-medicina\\\/\",\"url\":\"https:\\\/\\\/letrame.com\\\/catalogo\\\/producto\\\/las-mujeres-en-la-medicina\\\/\",\"name\":\"Las mujeres en la medicina - Catalogo | Letrame Grupo Editorial\",\"isPartOf\":{\"@id\":\"https:\\\/\\\/letrame.com\\\/catalogo\\\/#website\"},\"primaryImageOfPage\":{\"@id\":\"https:\\\/\\\/letrame.com\\\/catalogo\\\/producto\\\/las-mujeres-en-la-medicina\\\/#primaryimage\"},\"image\":{\"@id\":\"https:\\\/\\\/letrame.com\\\/catalogo\\\/producto\\\/las-mujeres-en-la-medicina\\\/#primaryimage\"},\"thumbnailUrl\":\"https:\\\/\\\/letrame.com\\\/catalogo\\\/wp-content\\\/uploads\\\/2024\\\/08\\\/lasmujeres_91mm4-compressed-scaled.jpg\",\"datePublished\":\"2024-08-21T11:08:17+00:00\",\"breadcrumb\":{\"@id\":\"https:\\\/\\\/letrame.com\\\/catalogo\\\/producto\\\/las-mujeres-en-la-medicina\\\/#breadcrumb\"},\"inLanguage\":\"es\",\"potentialAction\":[{\"@type\":\"ReadAction\",\"target\":[\"https:\\\/\\\/letrame.com\\\/catalogo\\\/producto\\\/las-mujeres-en-la-medicina\\\/\"]}]},{\"@type\":\"ImageObject\",\"inLanguage\":\"es\",\"@id\":\"https:\\\/\\\/letrame.com\\\/catalogo\\\/producto\\\/las-mujeres-en-la-medicina\\\/#primaryimage\",\"url\":\"https:\\\/\\\/letrame.com\\\/catalogo\\\/wp-content\\\/uploads\\\/2024\\\/08\\\/lasmujeres_91mm4-compressed-scaled.jpg\",\"contentUrl\":\"https:\\\/\\\/letrame.com\\\/catalogo\\\/wp-content\\\/uploads\\\/2024\\\/08\\\/lasmujeres_91mm4-compressed-scaled.jpg\",\"width\":1746,\"height\":2560},{\"@type\":\"BreadcrumbList\",\"@id\":\"https:\\\/\\\/letrame.com\\\/catalogo\\\/producto\\\/las-mujeres-en-la-medicina\\\/#breadcrumb\",\"itemListElement\":[{\"@type\":\"ListItem\",\"position\":1,\"name\":\"Portada\",\"item\":\"https:\\\/\\\/letrame.com\\\/catalogo\\\/\"},{\"@type\":\"ListItem\",\"position\":2,\"name\":\"Cat\u00e1logo\",\"item\":\"https:\\\/\\\/letrame.com\\\/catalogo\\\/\"},{\"@type\":\"ListItem\",\"position\":3,\"name\":\"Las mujeres en la medicina\"}]},{\"@type\":\"WebSite\",\"@id\":\"https:\\\/\\\/letrame.com\\\/catalogo\\\/#website\",\"url\":\"https:\\\/\\\/letrame.com\\\/catalogo\\\/\",\"name\":\"Catalogo | Letrame Grupo Editorial\",\"description\":\"\",\"publisher\":{\"@id\":\"https:\\\/\\\/letrame.com\\\/catalogo\\\/#organization\"},\"potentialAction\":[{\"@type\":\"SearchAction\",\"target\":{\"@type\":\"EntryPoint\",\"urlTemplate\":\"https:\\\/\\\/letrame.com\\\/catalogo\\\/?s={search_term_string}\"},\"query-input\":{\"@type\":\"PropertyValueSpecification\",\"valueRequired\":true,\"valueName\":\"search_term_string\"}}],\"inLanguage\":\"es\"},{\"@type\":\"Organization\",\"@id\":\"https:\\\/\\\/letrame.com\\\/catalogo\\\/#organization\",\"name\":\"Catalogo | Letrame Grupo Editorial\",\"url\":\"https:\\\/\\\/letrame.com\\\/catalogo\\\/\",\"logo\":{\"@type\":\"ImageObject\",\"inLanguage\":\"es\",\"@id\":\"https:\\\/\\\/letrame.com\\\/catalogo\\\/#\\\/schema\\\/logo\\\/image\\\/\",\"url\":\"https:\\\/\\\/letrame.com\\\/catalogo\\\/wp-content\\\/uploads\\\/2024\\\/03\\\/logo2.webp\",\"contentUrl\":\"https:\\\/\\\/letrame.com\\\/catalogo\\\/wp-content\\\/uploads\\\/2024\\\/03\\\/logo2.webp\",\"width\":394,\"height\":128,\"caption\":\"Catalogo | Letrame Grupo Editorial\"},\"image\":{\"@id\":\"https:\\\/\\\/letrame.com\\\/catalogo\\\/#\\\/schema\\\/logo\\\/image\\\/\"}}]}<\/script>\n<!-- \/ Yoast SEO plugin. -->","yoast_head_json":{"title":"Las mujeres en la medicina - Catalogo | Letrame Grupo Editorial","robots":{"index":"index","follow":"follow","max-snippet":"max-snippet:-1","max-image-preview":"max-image-preview:large","max-video-preview":"max-video-preview:-1"},"canonical":"https:\/\/letrame.com\/catalogo\/producto\/las-mujeres-en-la-medicina\/","og_locale":"es_ES","og_type":"article","og_title":"Las mujeres en la medicina - Catalogo | Letrame Grupo Editorial","og_description":"ISBN: 978-84-1068-601-4 SINOPSIS -Agnodice, fue la primera mujer partera y ginec\u00f3loga de la historia que vivi\u00f3 en el siglo IV a.C.  &nbsp;  -Matilde Montoya La Fragua, naci\u00f3 el 14 de marzo de 1857 en 1887, siendo la primera mujer mejicana, partera y m\u00e9dica, que se especializ\u00f3 en enfermedades de las mujeres. Sufri\u00f3 un gran rechazo social, llegando a ser considerada como no apta para la medicina en 1882.  &nbsp;  -Elizabeth Blackwell, nacida en 1821, fue la primera mujer que estudi\u00f3 medicina en la facultad de Geneva tras ser rechazada por varias universidades y en 1849 se doctor\u00f3 en medicina.  &nbsp;  -En 1882, Dolores Aleu Riera fue la primera mujer licenciada en medicina en Espa\u00f1a.  &nbsp;  M\u00e1s de medio siglo despu\u00e9s y seg\u00fan el Instituto Nacional de Estad\u00edstica  (INE), un total de 31.618 personas se convirtieron en m\u00e9dicos colegiados, 31.284 hombres y 334 mujeres.  &nbsp;  Aunque la diferencia cuantitativa entre hombres y mujeres sigue siendo notable, la mujer se ha ido abriendo camino dentro de la profesi\u00f3n m\u00e9dica. Por primera vez el n\u00famero de mujeres colegidas supera a los hombres.  &nbsp;  Seg\u00fan el Instituto Nacional de Estad\u00edstica (INE) en el 2017 hubo un total de 253.796 colegiados en Medicina en Espa\u00f1a, 125.817 fueron hombres y 127.979 mujeres, siendo la cantidad femenina mayor por primera vez, y en aumento.  &nbsp;  En el 2017 la diferencia era de 20.172 pero en el a\u00f1o 2020 el n\u00famero de colegiados se remonta a 276.191 y en el 2017 la diferencia era de 2.162. Se pas\u00f3 a una diferencia de 12.389 mujeres colegiadas m\u00e1s que hombres.  &nbsp;  Actualmente, Espa\u00f1a se encuentra entre los pa\u00edses europeos con mayor porcentaje de mujeres, siendo mujeres el 61% de los centros sanitarios p\u00fablicos, aunque solo el 28% son jefas de servicio.  En el a\u00f1o 2022 la tasa de m\u00e9dicos colegiados se situ\u00f3 en 6,12 por cada 1.000 habitantes y la de enfermeros en 7,03.","og_url":"https:\/\/letrame.com\/catalogo\/producto\/las-mujeres-en-la-medicina\/","og_site_name":"Catalogo | Letrame Grupo Editorial","og_image":[{"width":1746,"height":2560,"url":"https:\/\/letrame.com\/catalogo\/wp-content\/uploads\/2024\/08\/lasmujeres_91mm4-compressed-scaled.jpg","type":"image\/jpeg"}],"twitter_card":"summary_large_image","twitter_misc":{"Tiempo de lectura":"2 minutos"},"schema":{"@context":"https:\/\/schema.org","@graph":[{"@type":"WebPage","@id":"https:\/\/letrame.com\/catalogo\/producto\/las-mujeres-en-la-medicina\/","url":"https:\/\/letrame.com\/catalogo\/producto\/las-mujeres-en-la-medicina\/","name":"Las mujeres en la medicina - Catalogo | Letrame Grupo Editorial","isPartOf":{"@id":"https:\/\/letrame.com\/catalogo\/#website"},"primaryImageOfPage":{"@id":"https:\/\/letrame.com\/catalogo\/producto\/las-mujeres-en-la-medicina\/#primaryimage"},"image":{"@id":"https:\/\/letrame.com\/catalogo\/producto\/las-mujeres-en-la-medicina\/#primaryimage"},"thumbnailUrl":"https:\/\/letrame.com\/catalogo\/wp-content\/uploads\/2024\/08\/lasmujeres_91mm4-compressed-scaled.jpg","datePublished":"2024-08-21T11:08:17+00:00","breadcrumb":{"@id":"https:\/\/letrame.com\/catalogo\/producto\/las-mujeres-en-la-medicina\/#breadcrumb"},"inLanguage":"es","potentialAction":[{"@type":"ReadAction","target":["https:\/\/letrame.com\/catalogo\/producto\/las-mujeres-en-la-medicina\/"]}]},{"@type":"ImageObject","inLanguage":"es","@id":"https:\/\/letrame.com\/catalogo\/producto\/las-mujeres-en-la-medicina\/#primaryimage","url":"https:\/\/letrame.com\/catalogo\/wp-content\/uploads\/2024\/08\/lasmujeres_91mm4-compressed-scaled.jpg","contentUrl":"https:\/\/letrame.com\/catalogo\/wp-content\/uploads\/2024\/08\/lasmujeres_91mm4-compressed-scaled.jpg","width":1746,"height":2560},{"@type":"BreadcrumbList","@id":"https:\/\/letrame.com\/catalogo\/producto\/las-mujeres-en-la-medicina\/#breadcrumb","itemListElement":[{"@type":"ListItem","position":1,"name":"Portada","item":"https:\/\/letrame.com\/catalogo\/"},{"@type":"ListItem","position":2,"name":"Cat\u00e1logo","item":"https:\/\/letrame.com\/catalogo\/"},{"@type":"ListItem","position":3,"name":"Las mujeres en la medicina"}]},{"@type":"WebSite","@id":"https:\/\/letrame.com\/catalogo\/#website","url":"https:\/\/letrame.com\/catalogo\/","name":"Catalogo | Letrame Grupo Editorial","description":"","publisher":{"@id":"https:\/\/letrame.com\/catalogo\/#organization"},"potentialAction":[{"@type":"SearchAction","target":{"@type":"EntryPoint","urlTemplate":"https:\/\/letrame.com\/catalogo\/?s={search_term_string}"},"query-input":{"@type":"PropertyValueSpecification","valueRequired":true,"valueName":"search_term_string"}}],"inLanguage":"es"},{"@type":"Organization","@id":"https:\/\/letrame.com\/catalogo\/#organization","name":"Catalogo | Letrame Grupo Editorial","url":"https:\/\/letrame.com\/catalogo\/","logo":{"@type":"ImageObject","inLanguage":"es","@id":"https:\/\/letrame.com\/catalogo\/#\/schema\/logo\/image\/","url":"https:\/\/letrame.com\/catalogo\/wp-content\/uploads\/2024\/03\/logo2.webp","contentUrl":"https:\/\/letrame.com\/catalogo\/wp-content\/uploads\/2024\/03\/logo2.webp","width":394,"height":128,"caption":"Catalogo | Letrame Grupo Editorial"},"image":{"@id":"https:\/\/letrame.com\/catalogo\/#\/schema\/logo\/image\/"}}]}},"_links":{"self":[{"href":"https:\/\/letrame.com\/catalogo\/wp-json\/wp\/v2\/product\/105930","targetHints":{"allow":["GET"]}}],"collection":[{"href":"https:\/\/letrame.com\/catalogo\/wp-json\/wp\/v2\/product"}],"about":[{"href":"https:\/\/letrame.com\/catalogo\/wp-json\/wp\/v2\/types\/product"}],"replies":[{"embeddable":true,"href":"https:\/\/letrame.com\/catalogo\/wp-json\/wp\/v2\/comments?post=105930"}],"acf:post":[{"embeddable":true,"href":"https:\/\/letrame.com\/catalogo\/wp-json\/wp\/v2\/author_book\/105929"}],"wp:featuredmedia":[{"embeddable":true,"href":"https:\/\/letrame.com\/catalogo\/wp-json\/wp\/v2\/media\/105933"}],"wp:attachment":[{"href":"https:\/\/letrame.com\/catalogo\/wp-json\/wp\/v2\/media?parent=105930"}],"wp:term":[{"taxonomy":"libro","embeddable":true,"href":"https:\/\/letrame.com\/catalogo\/wp-json\/wp\/v2\/libro?post=105930"},{"taxonomy":"product_brand","embeddable":true,"href":"https:\/\/letrame.com\/catalogo\/wp-json\/wp\/v2\/product_brand?post=105930"},{"taxonomy":"product_cat","embeddable":true,"href":"https:\/\/letrame.com\/catalogo\/wp-json\/wp\/v2\/product_cat?post=105930"},{"taxonomy":"product_tag","embeddable":true,"href":"https:\/\/letrame.com\/catalogo\/wp-json\/wp\/v2\/product_tag?post=105930"}],"curies":[{"name":"wp","href":"https:\/\/api.w.org\/{rel}","templated":true}]}}