{"id":105910,"date":"2024-08-21T11:47:38","date_gmt":"2024-08-21T09:47:38","guid":{"rendered":"https:\/\/letrame.com\/catalogo\/?post_type=product&#038;p=105910"},"modified":"2024-08-21T11:51:21","modified_gmt":"2024-08-21T09:51:21","slug":"el-samurai-y-el-dragon","status":"publish","type":"product","link":"https:\/\/letrame.com\/catalogo\/producto\/el-samurai-y-el-dragon\/","title":{"rendered":"El Samur\u00e1i y El Drag\u00f3n"},"content":{"rendered":"<p class=\"p1\">ISBN:\u00a0978-84-1068-638-0<\/p>\n<p class=\"p1\">T\u00edtulo: El Samur\u00e1i y El Drag\u00f3n<\/p>\n<p class=\"p1\">Fecha: 2024<\/p>\n<p class=\"p1\">P\u00e1ginas: 426<\/p>\n<p class=\"p1\">SINOPSIS<\/p>\n<p>\u00abPadre se muere. Las estrellas han dictado que termina su tiempo, que su existencia llega a su fin&#8230;\u00bb.<\/p>\n<p>Un viaje para salvar la Existencia comienza. Un viaje para, tal vez, salvarse a s\u00ed mismo.<\/p>\n<p>Un nuevo viaje. Una nueva vida. La marca, una vez m\u00e1s vista, una nueva muerte que llega&#8230; y el inicio de un nuevo camino, con las mismas preguntas, en busca de las mismas respuestas&#8230;<\/p>\n<p>\u00bfSe puede escapar del destino? \u00bfPuede un hombre caminar con grilletes? \u00bfUn penitente purgarse en arrepentimientos? \u00bfUn \u00e1ngel en su propia jaula ser libre? \u00bfQu\u00e9 es una divinidad, o un penitente, o un humano?<\/p>\n<p>Las cuentas han anunciado al humano escogido en un glorioso viaje encomendado por el destino de un triunfo inevitable, ese mismo en el que todos los mundos y la Existencia salvar\u00eda. Y su cruzada est\u00e1 a tan solo un amanecer de comenzar.<\/p>\n<p>Profec\u00eda aniquilada, el Samur\u00e1i intenta romper sus grilletes.<\/p>\n<p>Profec\u00eda vaticinada, el Drag\u00f3n intenta despertar de su letargo.<\/p>\n<p>La Existencia cambia, para siempre; todos los mundos cambian, y ning\u00fan ser parece ser consciente&#8230; Ninguno se atreve a enfrentarse al transcurso de los tiempos.<\/p>\n<p>No, solo las estrellas saben.<\/p>\n","protected":false},"excerpt":{"rendered":"<p class=\"p1\">ISBN:\u00a0978-84-1068-638-0<\/p>\n<p class=\"p1\">SINOPSIS<\/p>\n<p>\u00abPadre se muere. Las estrellas han dictado que termina su tiempo, que su existencia llega a su fin&#8230;\u00bb.<\/p>\n<p>Un viaje para salvar la Existencia comienza. Un viaje para, tal vez, salvarse a s\u00ed mismo.<\/p>\n<p>Un nuevo viaje. Una nueva vida. La marca, una vez m\u00e1s vista, una nueva muerte que llega&#8230; y el inicio de un nuevo camino, con las mismas preguntas, en busca de las mismas respuestas&#8230;<\/p>\n<p>\u00bfSe puede escapar del destino? \u00bfPuede un hombre caminar con grilletes? \u00bfUn penitente purgarse en arrepentimientos? \u00bfUn \u00e1ngel en su propia jaula ser libre? \u00bfQu\u00e9 es una divinidad, o un penitente, o un humano?<\/p>\n<p>Las cuentas han anunciado al humano escogido en un glorioso viaje encomendado por el destino de un triunfo inevitable, ese mismo en el que todos los mundos y la Existencia salvar\u00eda. Y su cruzada est\u00e1 a tan solo un amanecer de comenzar.<\/p>\n<p>Profec\u00eda aniquilada, el Samur\u00e1i intenta romper sus grilletes.<\/p>\n<p>Profec\u00eda vaticinada, el Drag\u00f3n intenta despertar de su letargo.<\/p>\n<p>La Existencia cambia, para siempre; todos los mundos cambian, y ning\u00fan ser parece ser consciente&#8230; Ninguno se atreve a enfrentarse al transcurso de los tiempos.<\/p>\n<p>No, solo las estrellas saben.<\/p>\n","protected":false},"featured_media":105912,"comment_status":"open","ping_status":"closed","template":"","meta":{"_acf_changed":false},"libro":[],"product_brand":[],"product_cat":[118],"product_tag":[],"class_list":{"0":"post-105910","1":"product","2":"type-product","3":"status-publish","4":"has-post-thumbnail","6":"product_cat-fantasia","8":"first","9":"instock","10":"shipping-taxable","11":"product-type-simple"},"acf":{"autor":[105909],"enlace_de_compra":"https:\/\/amzn.to\/46X7F9e"},"yoast_head":"<!-- This site is optimized with the Yoast SEO plugin v26.6 - https:\/\/yoast.com\/wordpress\/plugins\/seo\/ -->\n<title>El Samur\u00e1i y El Drag\u00f3n - Catalogo | Letrame Grupo Editorial<\/title>\n<meta name=\"robots\" content=\"index, follow, max-snippet:-1, max-image-preview:large, max-video-preview:-1\" \/>\n<link rel=\"canonical\" href=\"https:\/\/letrame.com\/catalogo\/producto\/el-samurai-y-el-dragon\/\" \/>\n<meta property=\"og:locale\" content=\"es_ES\" \/>\n<meta property=\"og:type\" content=\"article\" \/>\n<meta property=\"og:title\" content=\"El Samur\u00e1i y El Drag\u00f3n - Catalogo | Letrame Grupo Editorial\" \/>\n<meta property=\"og:description\" content=\"ISBN:\u00a0978-84-1068-638-0 SINOPSIS \u00abPadre se muere. Las estrellas han dictado que termina su tiempo, que su existencia llega a su fin...\u00bb.  Un viaje para salvar la Existencia comienza. Un viaje para, tal vez, salvarse a s\u00ed mismo.  Un nuevo viaje. Una nueva vida. La marca, una vez m\u00e1s vista, una nueva muerte que llega... y el inicio de un nuevo camino, con las mismas preguntas, en busca de las mismas respuestas...  \u00bfSe puede escapar del destino? \u00bfPuede un hombre caminar con grilletes? \u00bfUn penitente purgarse en arrepentimientos? \u00bfUn \u00e1ngel en su propia jaula ser libre? \u00bfQu\u00e9 es una divinidad, o un penitente, o un humano?  Las cuentas han anunciado al humano escogido en un glorioso viaje encomendado por el destino de un triunfo inevitable, ese mismo en el que todos los mundos y la Existencia salvar\u00eda. Y su cruzada est\u00e1 a tan solo un amanecer de comenzar.  Profec\u00eda aniquilada, el Samur\u00e1i intenta romper sus grilletes.  Profec\u00eda vaticinada, el Drag\u00f3n intenta despertar de su letargo.  La Existencia cambia, para siempre; todos los mundos cambian, y ning\u00fan ser parece ser consciente... Ninguno se atreve a enfrentarse al transcurso de los tiempos.  No, solo las estrellas saben.\" \/>\n<meta property=\"og:url\" content=\"https:\/\/letrame.com\/catalogo\/producto\/el-samurai-y-el-dragon\/\" \/>\n<meta property=\"og:site_name\" content=\"Catalogo | Letrame Grupo Editorial\" \/>\n<meta property=\"article:modified_time\" content=\"2024-08-21T09:51:21+00:00\" \/>\n<meta property=\"og:image\" content=\"https:\/\/letrame.com\/catalogo\/wp-content\/uploads\/2024\/08\/elsamurai_2072mm4-compressed-scaled.jpg\" \/>\n\t<meta property=\"og:image:width\" content=\"1746\" \/>\n\t<meta property=\"og:image:height\" content=\"2560\" \/>\n\t<meta property=\"og:image:type\" content=\"image\/jpeg\" \/>\n<meta name=\"twitter:card\" content=\"summary_large_image\" \/>\n<meta name=\"twitter:label1\" content=\"Tiempo de lectura\" \/>\n\t<meta name=\"twitter:data1\" content=\"2 minutos\" \/>\n<script type=\"application\/ld+json\" class=\"yoast-schema-graph\">{\"@context\":\"https:\/\/schema.org\",\"@graph\":[{\"@type\":\"WebPage\",\"@id\":\"https:\/\/letrame.com\/catalogo\/producto\/el-samurai-y-el-dragon\/\",\"url\":\"https:\/\/letrame.com\/catalogo\/producto\/el-samurai-y-el-dragon\/\",\"name\":\"El Samur\u00e1i y El Drag\u00f3n - Catalogo | Letrame Grupo Editorial\",\"isPartOf\":{\"@id\":\"https:\/\/letrame.com\/catalogo\/#website\"},\"primaryImageOfPage\":{\"@id\":\"https:\/\/letrame.com\/catalogo\/producto\/el-samurai-y-el-dragon\/#primaryimage\"},\"image\":{\"@id\":\"https:\/\/letrame.com\/catalogo\/producto\/el-samurai-y-el-dragon\/#primaryimage\"},\"thumbnailUrl\":\"https:\/\/letrame.com\/catalogo\/wp-content\/uploads\/2024\/08\/elsamurai_2072mm4-compressed-scaled.jpg\",\"datePublished\":\"2024-08-21T09:47:38+00:00\",\"dateModified\":\"2024-08-21T09:51:21+00:00\",\"breadcrumb\":{\"@id\":\"https:\/\/letrame.com\/catalogo\/producto\/el-samurai-y-el-dragon\/#breadcrumb\"},\"inLanguage\":\"es\",\"potentialAction\":[{\"@type\":\"ReadAction\",\"target\":[\"https:\/\/letrame.com\/catalogo\/producto\/el-samurai-y-el-dragon\/\"]}]},{\"@type\":\"ImageObject\",\"inLanguage\":\"es\",\"@id\":\"https:\/\/letrame.com\/catalogo\/producto\/el-samurai-y-el-dragon\/#primaryimage\",\"url\":\"https:\/\/letrame.com\/catalogo\/wp-content\/uploads\/2024\/08\/elsamurai_2072mm4-compressed-scaled.jpg\",\"contentUrl\":\"https:\/\/letrame.com\/catalogo\/wp-content\/uploads\/2024\/08\/elsamurai_2072mm4-compressed-scaled.jpg\",\"width\":1746,\"height\":2560},{\"@type\":\"BreadcrumbList\",\"@id\":\"https:\/\/letrame.com\/catalogo\/producto\/el-samurai-y-el-dragon\/#breadcrumb\",\"itemListElement\":[{\"@type\":\"ListItem\",\"position\":1,\"name\":\"Portada\",\"item\":\"https:\/\/letrame.com\/catalogo\/\"},{\"@type\":\"ListItem\",\"position\":2,\"name\":\"Cat\u00e1logo\",\"item\":\"https:\/\/letrame.com\/catalogo\/\"},{\"@type\":\"ListItem\",\"position\":3,\"name\":\"El Samur\u00e1i y El Drag\u00f3n\"}]},{\"@type\":\"WebSite\",\"@id\":\"https:\/\/letrame.com\/catalogo\/#website\",\"url\":\"https:\/\/letrame.com\/catalogo\/\",\"name\":\"Catalogo | Letrame Grupo Editorial\",\"description\":\"\",\"publisher\":{\"@id\":\"https:\/\/letrame.com\/catalogo\/#organization\"},\"potentialAction\":[{\"@type\":\"SearchAction\",\"target\":{\"@type\":\"EntryPoint\",\"urlTemplate\":\"https:\/\/letrame.com\/catalogo\/?s={search_term_string}\"},\"query-input\":{\"@type\":\"PropertyValueSpecification\",\"valueRequired\":true,\"valueName\":\"search_term_string\"}}],\"inLanguage\":\"es\"},{\"@type\":\"Organization\",\"@id\":\"https:\/\/letrame.com\/catalogo\/#organization\",\"name\":\"Catalogo | Letrame Grupo Editorial\",\"url\":\"https:\/\/letrame.com\/catalogo\/\",\"logo\":{\"@type\":\"ImageObject\",\"inLanguage\":\"es\",\"@id\":\"https:\/\/letrame.com\/catalogo\/#\/schema\/logo\/image\/\",\"url\":\"https:\/\/letrame.com\/catalogo\/wp-content\/uploads\/2024\/03\/logo2.webp\",\"contentUrl\":\"https:\/\/letrame.com\/catalogo\/wp-content\/uploads\/2024\/03\/logo2.webp\",\"width\":394,\"height\":128,\"caption\":\"Catalogo | Letrame Grupo Editorial\"},\"image\":{\"@id\":\"https:\/\/letrame.com\/catalogo\/#\/schema\/logo\/image\/\"}}]}<\/script>\n<!-- \/ Yoast SEO plugin. -->","yoast_head_json":{"title":"El Samur\u00e1i y El Drag\u00f3n - Catalogo | Letrame Grupo Editorial","robots":{"index":"index","follow":"follow","max-snippet":"max-snippet:-1","max-image-preview":"max-image-preview:large","max-video-preview":"max-video-preview:-1"},"canonical":"https:\/\/letrame.com\/catalogo\/producto\/el-samurai-y-el-dragon\/","og_locale":"es_ES","og_type":"article","og_title":"El Samur\u00e1i y El Drag\u00f3n - Catalogo | Letrame Grupo Editorial","og_description":"ISBN:\u00a0978-84-1068-638-0 SINOPSIS \u00abPadre se muere. Las estrellas han dictado que termina su tiempo, que su existencia llega a su fin...\u00bb.  Un viaje para salvar la Existencia comienza. Un viaje para, tal vez, salvarse a s\u00ed mismo.  Un nuevo viaje. Una nueva vida. La marca, una vez m\u00e1s vista, una nueva muerte que llega... y el inicio de un nuevo camino, con las mismas preguntas, en busca de las mismas respuestas...  \u00bfSe puede escapar del destino? \u00bfPuede un hombre caminar con grilletes? \u00bfUn penitente purgarse en arrepentimientos? \u00bfUn \u00e1ngel en su propia jaula ser libre? \u00bfQu\u00e9 es una divinidad, o un penitente, o un humano?  Las cuentas han anunciado al humano escogido en un glorioso viaje encomendado por el destino de un triunfo inevitable, ese mismo en el que todos los mundos y la Existencia salvar\u00eda. Y su cruzada est\u00e1 a tan solo un amanecer de comenzar.  Profec\u00eda aniquilada, el Samur\u00e1i intenta romper sus grilletes.  Profec\u00eda vaticinada, el Drag\u00f3n intenta despertar de su letargo.  La Existencia cambia, para siempre; todos los mundos cambian, y ning\u00fan ser parece ser consciente... Ninguno se atreve a enfrentarse al transcurso de los tiempos.  No, solo las estrellas saben.","og_url":"https:\/\/letrame.com\/catalogo\/producto\/el-samurai-y-el-dragon\/","og_site_name":"Catalogo | Letrame Grupo Editorial","article_modified_time":"2024-08-21T09:51:21+00:00","og_image":[{"width":1746,"height":2560,"url":"https:\/\/letrame.com\/catalogo\/wp-content\/uploads\/2024\/08\/elsamurai_2072mm4-compressed-scaled.jpg","type":"image\/jpeg"}],"twitter_card":"summary_large_image","twitter_misc":{"Tiempo de lectura":"2 minutos"},"schema":{"@context":"https:\/\/schema.org","@graph":[{"@type":"WebPage","@id":"https:\/\/letrame.com\/catalogo\/producto\/el-samurai-y-el-dragon\/","url":"https:\/\/letrame.com\/catalogo\/producto\/el-samurai-y-el-dragon\/","name":"El Samur\u00e1i y El Drag\u00f3n - Catalogo | Letrame Grupo Editorial","isPartOf":{"@id":"https:\/\/letrame.com\/catalogo\/#website"},"primaryImageOfPage":{"@id":"https:\/\/letrame.com\/catalogo\/producto\/el-samurai-y-el-dragon\/#primaryimage"},"image":{"@id":"https:\/\/letrame.com\/catalogo\/producto\/el-samurai-y-el-dragon\/#primaryimage"},"thumbnailUrl":"https:\/\/letrame.com\/catalogo\/wp-content\/uploads\/2024\/08\/elsamurai_2072mm4-compressed-scaled.jpg","datePublished":"2024-08-21T09:47:38+00:00","dateModified":"2024-08-21T09:51:21+00:00","breadcrumb":{"@id":"https:\/\/letrame.com\/catalogo\/producto\/el-samurai-y-el-dragon\/#breadcrumb"},"inLanguage":"es","potentialAction":[{"@type":"ReadAction","target":["https:\/\/letrame.com\/catalogo\/producto\/el-samurai-y-el-dragon\/"]}]},{"@type":"ImageObject","inLanguage":"es","@id":"https:\/\/letrame.com\/catalogo\/producto\/el-samurai-y-el-dragon\/#primaryimage","url":"https:\/\/letrame.com\/catalogo\/wp-content\/uploads\/2024\/08\/elsamurai_2072mm4-compressed-scaled.jpg","contentUrl":"https:\/\/letrame.com\/catalogo\/wp-content\/uploads\/2024\/08\/elsamurai_2072mm4-compressed-scaled.jpg","width":1746,"height":2560},{"@type":"BreadcrumbList","@id":"https:\/\/letrame.com\/catalogo\/producto\/el-samurai-y-el-dragon\/#breadcrumb","itemListElement":[{"@type":"ListItem","position":1,"name":"Portada","item":"https:\/\/letrame.com\/catalogo\/"},{"@type":"ListItem","position":2,"name":"Cat\u00e1logo","item":"https:\/\/letrame.com\/catalogo\/"},{"@type":"ListItem","position":3,"name":"El Samur\u00e1i y El Drag\u00f3n"}]},{"@type":"WebSite","@id":"https:\/\/letrame.com\/catalogo\/#website","url":"https:\/\/letrame.com\/catalogo\/","name":"Catalogo | Letrame Grupo Editorial","description":"","publisher":{"@id":"https:\/\/letrame.com\/catalogo\/#organization"},"potentialAction":[{"@type":"SearchAction","target":{"@type":"EntryPoint","urlTemplate":"https:\/\/letrame.com\/catalogo\/?s={search_term_string}"},"query-input":{"@type":"PropertyValueSpecification","valueRequired":true,"valueName":"search_term_string"}}],"inLanguage":"es"},{"@type":"Organization","@id":"https:\/\/letrame.com\/catalogo\/#organization","name":"Catalogo | Letrame Grupo Editorial","url":"https:\/\/letrame.com\/catalogo\/","logo":{"@type":"ImageObject","inLanguage":"es","@id":"https:\/\/letrame.com\/catalogo\/#\/schema\/logo\/image\/","url":"https:\/\/letrame.com\/catalogo\/wp-content\/uploads\/2024\/03\/logo2.webp","contentUrl":"https:\/\/letrame.com\/catalogo\/wp-content\/uploads\/2024\/03\/logo2.webp","width":394,"height":128,"caption":"Catalogo | Letrame Grupo Editorial"},"image":{"@id":"https:\/\/letrame.com\/catalogo\/#\/schema\/logo\/image\/"}}]}},"_links":{"self":[{"href":"https:\/\/letrame.com\/catalogo\/wp-json\/wp\/v2\/product\/105910","targetHints":{"allow":["GET"]}}],"collection":[{"href":"https:\/\/letrame.com\/catalogo\/wp-json\/wp\/v2\/product"}],"about":[{"href":"https:\/\/letrame.com\/catalogo\/wp-json\/wp\/v2\/types\/product"}],"replies":[{"embeddable":true,"href":"https:\/\/letrame.com\/catalogo\/wp-json\/wp\/v2\/comments?post=105910"}],"acf:post":[{"embeddable":true,"href":"https:\/\/letrame.com\/catalogo\/wp-json\/wp\/v2\/author_book\/105909"}],"wp:featuredmedia":[{"embeddable":true,"href":"https:\/\/letrame.com\/catalogo\/wp-json\/wp\/v2\/media\/105912"}],"wp:attachment":[{"href":"https:\/\/letrame.com\/catalogo\/wp-json\/wp\/v2\/media?parent=105910"}],"wp:term":[{"taxonomy":"libro","embeddable":true,"href":"https:\/\/letrame.com\/catalogo\/wp-json\/wp\/v2\/libro?post=105910"},{"taxonomy":"product_brand","embeddable":true,"href":"https:\/\/letrame.com\/catalogo\/wp-json\/wp\/v2\/product_brand?post=105910"},{"taxonomy":"product_cat","embeddable":true,"href":"https:\/\/letrame.com\/catalogo\/wp-json\/wp\/v2\/product_cat?post=105910"},{"taxonomy":"product_tag","embeddable":true,"href":"https:\/\/letrame.com\/catalogo\/wp-json\/wp\/v2\/product_tag?post=105910"}],"curies":[{"name":"wp","href":"https:\/\/api.w.org\/{rel}","templated":true}]}}