{"id":105898,"date":"2024-08-21T10:54:50","date_gmt":"2024-08-21T08:54:50","guid":{"rendered":"https:\/\/letrame.com\/catalogo\/?post_type=product&#038;p=105898"},"modified":"2024-11-05T16:11:54","modified_gmt":"2024-11-05T15:11:54","slug":"60-historias-de-vida-y-futbol","status":"publish","type":"product","link":"https:\/\/letrame.com\/catalogo\/producto\/60-historias-de-vida-y-futbol\/","title":{"rendered":"60 Historias de vida y f\u00fatbol"},"content":{"rendered":"<p class=\"p1\">ISBN:\u00a0978-84-1068-490-4<\/p>\n<p class=\"p1\">T\u00edtulo: 60 Historias de vida y f\u00fatbol<\/p>\n<p class=\"p1\">Fecha: 2024<\/p>\n<p class=\"p1\">P\u00e1ginas: 214<\/p>\n<p class=\"p1\">SINOPSIS<\/p>\n<p>Fernando C\u00e1ceres abandona por un momento su silla de ruedas para golpear de nuevo un bal\u00f3n y emocionarnos a todos. Dennis Bergkamp nos priva de sus grandes noches europeas con el Arsenal aferrado a su miedo a volar. Jes\u00fas Castro se lanza al mar para salvar la vida de dos ni\u00f1os y ofrecernos su \u00faltima parada. Sebastian Deisler decide dejarlo porque algo en su cabeza le dice que ya basta. Paul Gascoigne nos regala el genio y el complicado camino del exceso. Abdon Porte entrega la vida por sus colores. Gerd M\u00fcller va llevando al olvido toda su monta\u00f1a de goles. La historia del f\u00fatbol esconde historias maravillosas, ejemplos de superaci\u00f3n, tragedias, pasiones, miedos, decepciones, frustraciones y adicciones que merecen ser contadas. Cuando pensamos que los actores de este espect\u00e1culo, viven en su propia burbuja y permanecen alejados de estas sensaciones, nos equivocamos. Sienten y padecen como cualquiera de nosotros y conviven con situaciones que pertenecen a la propia vida. Es entonces cuando nos regalan estas historias nacidas desde lo m\u00e1s primitivo del ser humano. Historias con alma. Nacidas desde dentro del coraz\u00f3n. Por algo siempre se ha afirmado que este es el m\u00e1s pasional de entre todos los deportes.<\/p>\n","protected":false},"excerpt":{"rendered":"<p class=\"p1\">ISBN:\u00a0978-84-1068-490-4<\/p>\n<p class=\"p1\">SINOPSIS<\/p>\n<p>Fernando C\u00e1ceres abandona por un momento su silla de ruedas para golpear de nuevo un bal\u00f3n y emocionarnos a todos. Dennis Bergkamp nos priva de sus grandes noches europeas con el Arsenal aferrado a su miedo a volar. Jes\u00fas Castro se lanza al mar para salvar la vida de dos ni\u00f1os y ofrecernos su \u00faltima parada. Sebastian Deisler decide dejarlo porque algo en su cabeza le dice que ya basta. Paul Gascoigne nos regala el genio y el complicado camino del exceso. Abdon Porte entrega la vida por sus colores. Gerd M\u00fcller va llevando al olvido toda su monta\u00f1a de goles. La historia del f\u00fatbol esconde historias maravillosas, ejemplos de superaci\u00f3n, tragedias, pasiones, miedos, decepciones, frustraciones y adicciones que merecen ser contadas. Cuando pensamos que los actores de este espect\u00e1culo, viven en su propia burbuja y permanecen alejados de estas sensaciones, nos equivocamos. Sienten y padecen como cualquiera de nosotros y conviven con situaciones que pertenecen a la propia vida. Es entonces cuando nos regalan estas historias nacidas desde lo m\u00e1s primitivo del ser humano. Historias con alma. Nacidas desde dentro del coraz\u00f3n. Por algo siempre se ha afirmado que este es el m\u00e1s pasional de entre todos los deportes.<\/p>\n","protected":false},"featured_media":107260,"comment_status":"open","ping_status":"closed","template":"","meta":{"_acf_changed":false},"libro":[],"product_brand":[],"product_cat":[109],"product_tag":[],"class_list":{"0":"post-105898","1":"product","2":"type-product","3":"status-publish","4":"has-post-thumbnail","6":"product_cat-deporte","8":"first","9":"instock","10":"shipping-taxable","11":"product-type-simple"},"acf":{"autor":[105897],"enlace_de_compra":"https:\/\/amzn.to\/3NShpJk"},"yoast_head":"<!-- This site is optimized with the Yoast SEO plugin v27.4 - https:\/\/yoast.com\/product\/yoast-seo-wordpress\/ -->\n<title>60 Historias de vida y f\u00fatbol - Catalogo | Letrame Grupo Editorial<\/title>\n<meta name=\"robots\" content=\"index, follow, max-snippet:-1, max-image-preview:large, max-video-preview:-1\" \/>\n<link rel=\"canonical\" href=\"https:\/\/letrame.com\/catalogo\/producto\/60-historias-de-vida-y-futbol\/\" \/>\n<meta property=\"og:locale\" content=\"es_ES\" \/>\n<meta property=\"og:type\" content=\"article\" \/>\n<meta property=\"og:title\" content=\"60 Historias de vida y f\u00fatbol - Catalogo | Letrame Grupo Editorial\" \/>\n<meta property=\"og:description\" content=\"ISBN:\u00a0978-84-1068-490-4 SINOPSIS Fernando C\u00e1ceres abandona por un momento su silla de ruedas para golpear de nuevo un bal\u00f3n y emocionarnos a todos. Dennis Bergkamp nos priva de sus grandes noches europeas con el Arsenal aferrado a su miedo a volar. Jes\u00fas Castro se lanza al mar para salvar la vida de dos ni\u00f1os y ofrecernos su \u00faltima parada. Sebastian Deisler decide dejarlo porque algo en su cabeza le dice que ya basta. Paul Gascoigne nos regala el genio y el complicado camino del exceso. Abdon Porte entrega la vida por sus colores. Gerd M\u00fcller va llevando al olvido toda su monta\u00f1a de goles. La historia del f\u00fatbol esconde historias maravillosas, ejemplos de superaci\u00f3n, tragedias, pasiones, miedos, decepciones, frustraciones y adicciones que merecen ser contadas. Cuando pensamos que los actores de este espect\u00e1culo, viven en su propia burbuja y permanecen alejados de estas sensaciones, nos equivocamos. Sienten y padecen como cualquiera de nosotros y conviven con situaciones que pertenecen a la propia vida. Es entonces cuando nos regalan estas historias nacidas desde lo m\u00e1s primitivo del ser humano. Historias con alma. Nacidas desde dentro del coraz\u00f3n. Por algo siempre se ha afirmado que este es el m\u00e1s pasional de entre todos los deportes.\" \/>\n<meta property=\"og:url\" content=\"https:\/\/letrame.com\/catalogo\/producto\/60-historias-de-vida-y-futbol\/\" \/>\n<meta property=\"og:site_name\" content=\"Catalogo | Letrame Grupo Editorial\" \/>\n<meta property=\"article:modified_time\" content=\"2024-11-05T15:11:54+00:00\" \/>\n<meta property=\"og:image\" content=\"https:\/\/letrame.com\/catalogo\/wp-content\/uploads\/2024\/08\/2edi_60historias_1219mm4-scaled.jpg\" \/>\n\t<meta property=\"og:image:width\" content=\"1746\" \/>\n\t<meta property=\"og:image:height\" content=\"2560\" \/>\n\t<meta property=\"og:image:type\" content=\"image\/jpeg\" \/>\n<meta name=\"twitter:card\" content=\"summary_large_image\" \/>\n<meta name=\"twitter:label1\" content=\"Tiempo de lectura\" \/>\n\t<meta name=\"twitter:data1\" content=\"2 minutos\" \/>\n<script type=\"application\/ld+json\" class=\"yoast-schema-graph\">{\"@context\":\"https:\\\/\\\/schema.org\",\"@graph\":[{\"@type\":\"WebPage\",\"@id\":\"https:\\\/\\\/letrame.com\\\/catalogo\\\/producto\\\/60-historias-de-vida-y-futbol\\\/\",\"url\":\"https:\\\/\\\/letrame.com\\\/catalogo\\\/producto\\\/60-historias-de-vida-y-futbol\\\/\",\"name\":\"60 Historias de vida y f\u00fatbol - Catalogo | Letrame Grupo Editorial\",\"isPartOf\":{\"@id\":\"https:\\\/\\\/letrame.com\\\/catalogo\\\/#website\"},\"primaryImageOfPage\":{\"@id\":\"https:\\\/\\\/letrame.com\\\/catalogo\\\/producto\\\/60-historias-de-vida-y-futbol\\\/#primaryimage\"},\"image\":{\"@id\":\"https:\\\/\\\/letrame.com\\\/catalogo\\\/producto\\\/60-historias-de-vida-y-futbol\\\/#primaryimage\"},\"thumbnailUrl\":\"https:\\\/\\\/letrame.com\\\/catalogo\\\/wp-content\\\/uploads\\\/2024\\\/08\\\/2edi_60historias_1219mm4-scaled.jpg\",\"datePublished\":\"2024-08-21T08:54:50+00:00\",\"dateModified\":\"2024-11-05T15:11:54+00:00\",\"breadcrumb\":{\"@id\":\"https:\\\/\\\/letrame.com\\\/catalogo\\\/producto\\\/60-historias-de-vida-y-futbol\\\/#breadcrumb\"},\"inLanguage\":\"es\",\"potentialAction\":[{\"@type\":\"ReadAction\",\"target\":[\"https:\\\/\\\/letrame.com\\\/catalogo\\\/producto\\\/60-historias-de-vida-y-futbol\\\/\"]}]},{\"@type\":\"ImageObject\",\"inLanguage\":\"es\",\"@id\":\"https:\\\/\\\/letrame.com\\\/catalogo\\\/producto\\\/60-historias-de-vida-y-futbol\\\/#primaryimage\",\"url\":\"https:\\\/\\\/letrame.com\\\/catalogo\\\/wp-content\\\/uploads\\\/2024\\\/08\\\/2edi_60historias_1219mm4-scaled.jpg\",\"contentUrl\":\"https:\\\/\\\/letrame.com\\\/catalogo\\\/wp-content\\\/uploads\\\/2024\\\/08\\\/2edi_60historias_1219mm4-scaled.jpg\",\"width\":1746,\"height\":2560},{\"@type\":\"BreadcrumbList\",\"@id\":\"https:\\\/\\\/letrame.com\\\/catalogo\\\/producto\\\/60-historias-de-vida-y-futbol\\\/#breadcrumb\",\"itemListElement\":[{\"@type\":\"ListItem\",\"position\":1,\"name\":\"Portada\",\"item\":\"https:\\\/\\\/letrame.com\\\/catalogo\\\/\"},{\"@type\":\"ListItem\",\"position\":2,\"name\":\"Cat\u00e1logo\",\"item\":\"https:\\\/\\\/letrame.com\\\/catalogo\\\/\"},{\"@type\":\"ListItem\",\"position\":3,\"name\":\"60 Historias de vida y f\u00fatbol\"}]},{\"@type\":\"WebSite\",\"@id\":\"https:\\\/\\\/letrame.com\\\/catalogo\\\/#website\",\"url\":\"https:\\\/\\\/letrame.com\\\/catalogo\\\/\",\"name\":\"Catalogo | Letrame Grupo Editorial\",\"description\":\"\",\"publisher\":{\"@id\":\"https:\\\/\\\/letrame.com\\\/catalogo\\\/#organization\"},\"potentialAction\":[{\"@type\":\"SearchAction\",\"target\":{\"@type\":\"EntryPoint\",\"urlTemplate\":\"https:\\\/\\\/letrame.com\\\/catalogo\\\/?s={search_term_string}\"},\"query-input\":{\"@type\":\"PropertyValueSpecification\",\"valueRequired\":true,\"valueName\":\"search_term_string\"}}],\"inLanguage\":\"es\"},{\"@type\":\"Organization\",\"@id\":\"https:\\\/\\\/letrame.com\\\/catalogo\\\/#organization\",\"name\":\"Catalogo | Letrame Grupo Editorial\",\"url\":\"https:\\\/\\\/letrame.com\\\/catalogo\\\/\",\"logo\":{\"@type\":\"ImageObject\",\"inLanguage\":\"es\",\"@id\":\"https:\\\/\\\/letrame.com\\\/catalogo\\\/#\\\/schema\\\/logo\\\/image\\\/\",\"url\":\"https:\\\/\\\/letrame.com\\\/catalogo\\\/wp-content\\\/uploads\\\/2024\\\/03\\\/logo2.webp\",\"contentUrl\":\"https:\\\/\\\/letrame.com\\\/catalogo\\\/wp-content\\\/uploads\\\/2024\\\/03\\\/logo2.webp\",\"width\":394,\"height\":128,\"caption\":\"Catalogo | Letrame Grupo Editorial\"},\"image\":{\"@id\":\"https:\\\/\\\/letrame.com\\\/catalogo\\\/#\\\/schema\\\/logo\\\/image\\\/\"}}]}<\/script>\n<!-- \/ Yoast SEO plugin. -->","yoast_head_json":{"title":"60 Historias de vida y f\u00fatbol - Catalogo | Letrame Grupo Editorial","robots":{"index":"index","follow":"follow","max-snippet":"max-snippet:-1","max-image-preview":"max-image-preview:large","max-video-preview":"max-video-preview:-1"},"canonical":"https:\/\/letrame.com\/catalogo\/producto\/60-historias-de-vida-y-futbol\/","og_locale":"es_ES","og_type":"article","og_title":"60 Historias de vida y f\u00fatbol - Catalogo | Letrame Grupo Editorial","og_description":"ISBN:\u00a0978-84-1068-490-4 SINOPSIS Fernando C\u00e1ceres abandona por un momento su silla de ruedas para golpear de nuevo un bal\u00f3n y emocionarnos a todos. Dennis Bergkamp nos priva de sus grandes noches europeas con el Arsenal aferrado a su miedo a volar. Jes\u00fas Castro se lanza al mar para salvar la vida de dos ni\u00f1os y ofrecernos su \u00faltima parada. Sebastian Deisler decide dejarlo porque algo en su cabeza le dice que ya basta. Paul Gascoigne nos regala el genio y el complicado camino del exceso. Abdon Porte entrega la vida por sus colores. Gerd M\u00fcller va llevando al olvido toda su monta\u00f1a de goles. La historia del f\u00fatbol esconde historias maravillosas, ejemplos de superaci\u00f3n, tragedias, pasiones, miedos, decepciones, frustraciones y adicciones que merecen ser contadas. Cuando pensamos que los actores de este espect\u00e1culo, viven en su propia burbuja y permanecen alejados de estas sensaciones, nos equivocamos. Sienten y padecen como cualquiera de nosotros y conviven con situaciones que pertenecen a la propia vida. Es entonces cuando nos regalan estas historias nacidas desde lo m\u00e1s primitivo del ser humano. Historias con alma. Nacidas desde dentro del coraz\u00f3n. Por algo siempre se ha afirmado que este es el m\u00e1s pasional de entre todos los deportes.","og_url":"https:\/\/letrame.com\/catalogo\/producto\/60-historias-de-vida-y-futbol\/","og_site_name":"Catalogo | Letrame Grupo Editorial","article_modified_time":"2024-11-05T15:11:54+00:00","og_image":[{"width":1746,"height":2560,"url":"https:\/\/letrame.com\/catalogo\/wp-content\/uploads\/2024\/08\/2edi_60historias_1219mm4-scaled.jpg","type":"image\/jpeg"}],"twitter_card":"summary_large_image","twitter_misc":{"Tiempo de lectura":"2 minutos"},"schema":{"@context":"https:\/\/schema.org","@graph":[{"@type":"WebPage","@id":"https:\/\/letrame.com\/catalogo\/producto\/60-historias-de-vida-y-futbol\/","url":"https:\/\/letrame.com\/catalogo\/producto\/60-historias-de-vida-y-futbol\/","name":"60 Historias de vida y f\u00fatbol - Catalogo | Letrame Grupo Editorial","isPartOf":{"@id":"https:\/\/letrame.com\/catalogo\/#website"},"primaryImageOfPage":{"@id":"https:\/\/letrame.com\/catalogo\/producto\/60-historias-de-vida-y-futbol\/#primaryimage"},"image":{"@id":"https:\/\/letrame.com\/catalogo\/producto\/60-historias-de-vida-y-futbol\/#primaryimage"},"thumbnailUrl":"https:\/\/letrame.com\/catalogo\/wp-content\/uploads\/2024\/08\/2edi_60historias_1219mm4-scaled.jpg","datePublished":"2024-08-21T08:54:50+00:00","dateModified":"2024-11-05T15:11:54+00:00","breadcrumb":{"@id":"https:\/\/letrame.com\/catalogo\/producto\/60-historias-de-vida-y-futbol\/#breadcrumb"},"inLanguage":"es","potentialAction":[{"@type":"ReadAction","target":["https:\/\/letrame.com\/catalogo\/producto\/60-historias-de-vida-y-futbol\/"]}]},{"@type":"ImageObject","inLanguage":"es","@id":"https:\/\/letrame.com\/catalogo\/producto\/60-historias-de-vida-y-futbol\/#primaryimage","url":"https:\/\/letrame.com\/catalogo\/wp-content\/uploads\/2024\/08\/2edi_60historias_1219mm4-scaled.jpg","contentUrl":"https:\/\/letrame.com\/catalogo\/wp-content\/uploads\/2024\/08\/2edi_60historias_1219mm4-scaled.jpg","width":1746,"height":2560},{"@type":"BreadcrumbList","@id":"https:\/\/letrame.com\/catalogo\/producto\/60-historias-de-vida-y-futbol\/#breadcrumb","itemListElement":[{"@type":"ListItem","position":1,"name":"Portada","item":"https:\/\/letrame.com\/catalogo\/"},{"@type":"ListItem","position":2,"name":"Cat\u00e1logo","item":"https:\/\/letrame.com\/catalogo\/"},{"@type":"ListItem","position":3,"name":"60 Historias de vida y f\u00fatbol"}]},{"@type":"WebSite","@id":"https:\/\/letrame.com\/catalogo\/#website","url":"https:\/\/letrame.com\/catalogo\/","name":"Catalogo | Letrame Grupo Editorial","description":"","publisher":{"@id":"https:\/\/letrame.com\/catalogo\/#organization"},"potentialAction":[{"@type":"SearchAction","target":{"@type":"EntryPoint","urlTemplate":"https:\/\/letrame.com\/catalogo\/?s={search_term_string}"},"query-input":{"@type":"PropertyValueSpecification","valueRequired":true,"valueName":"search_term_string"}}],"inLanguage":"es"},{"@type":"Organization","@id":"https:\/\/letrame.com\/catalogo\/#organization","name":"Catalogo | Letrame Grupo Editorial","url":"https:\/\/letrame.com\/catalogo\/","logo":{"@type":"ImageObject","inLanguage":"es","@id":"https:\/\/letrame.com\/catalogo\/#\/schema\/logo\/image\/","url":"https:\/\/letrame.com\/catalogo\/wp-content\/uploads\/2024\/03\/logo2.webp","contentUrl":"https:\/\/letrame.com\/catalogo\/wp-content\/uploads\/2024\/03\/logo2.webp","width":394,"height":128,"caption":"Catalogo | Letrame Grupo Editorial"},"image":{"@id":"https:\/\/letrame.com\/catalogo\/#\/schema\/logo\/image\/"}}]}},"_links":{"self":[{"href":"https:\/\/letrame.com\/catalogo\/wp-json\/wp\/v2\/product\/105898","targetHints":{"allow":["GET"]}}],"collection":[{"href":"https:\/\/letrame.com\/catalogo\/wp-json\/wp\/v2\/product"}],"about":[{"href":"https:\/\/letrame.com\/catalogo\/wp-json\/wp\/v2\/types\/product"}],"replies":[{"embeddable":true,"href":"https:\/\/letrame.com\/catalogo\/wp-json\/wp\/v2\/comments?post=105898"}],"acf:post":[{"embeddable":true,"href":"https:\/\/letrame.com\/catalogo\/wp-json\/wp\/v2\/author_book\/105897"}],"wp:featuredmedia":[{"embeddable":true,"href":"https:\/\/letrame.com\/catalogo\/wp-json\/wp\/v2\/media\/107260"}],"wp:attachment":[{"href":"https:\/\/letrame.com\/catalogo\/wp-json\/wp\/v2\/media?parent=105898"}],"wp:term":[{"taxonomy":"libro","embeddable":true,"href":"https:\/\/letrame.com\/catalogo\/wp-json\/wp\/v2\/libro?post=105898"},{"taxonomy":"product_brand","embeddable":true,"href":"https:\/\/letrame.com\/catalogo\/wp-json\/wp\/v2\/product_brand?post=105898"},{"taxonomy":"product_cat","embeddable":true,"href":"https:\/\/letrame.com\/catalogo\/wp-json\/wp\/v2\/product_cat?post=105898"},{"taxonomy":"product_tag","embeddable":true,"href":"https:\/\/letrame.com\/catalogo\/wp-json\/wp\/v2\/product_tag?post=105898"}],"curies":[{"name":"wp","href":"https:\/\/api.w.org\/{rel}","templated":true}]}}