{"id":103232,"date":"2024-07-24T15:38:05","date_gmt":"2024-07-24T13:38:05","guid":{"rendered":"https:\/\/letrame.com\/catalogo\/?post_type=product&#038;p=103232"},"modified":"2024-12-16T14:00:28","modified_gmt":"2024-12-16T13:00:28","slug":"pensadores-para-el-siglo-xxi-educacion-valeologica-y-bioetica","status":"publish","type":"product","link":"https:\/\/letrame.com\/catalogo\/producto\/pensadores-para-el-siglo-xxi-educacion-valeologica-y-bioetica\/","title":{"rendered":"Pensadores para el siglo XXI educaci\u00f3n valeol\u00f3gica y bio\u00e9tica"},"content":{"rendered":"<p class=\"p1\">ISBN: 978-84-1068-193-4<\/p>\n<p class=\"p2\">T\u00edtulo: Pensadores para el siglo XXI educaci\u00f3n valeol\u00f3gica y bio\u00e9tica<\/p>\n<p class=\"p2\">Fecha: 2024<\/p>\n<p class=\"p2\">P\u00e1ginas: 374<\/p>\n<p class=\"p2\">SINOPSIS<\/p>\n<p>En el orbe se ha homogenizado la cultura, tergiversado los valores, perdido la capacidad de tomar decisiones, plantearse retos y solucionar problemas, de reflexionar, en fin, hasta construir una <strong>sociedad deshumanizada<\/strong> que muchos conciben como \u201ctragedia educativa\u201d.<\/p>\n<p>Para la UNESCO, el elemento central de las sociedades del conocimiento es la \u201ccapacidad para identificar, producir, tratar, transformar, difundir y utilizar la informaci\u00f3n con vista a crear y aplicar los conocimientos necesarios para el desarrollo humano\u201d.<\/p>\n<p>La educaci\u00f3n, siendo parte esencial de las sociedades del conocimiento y la comunicaci\u00f3n, permiten poner en pr\u00e1ctica la tarea fundamental de habituar a los individuos a seleccionar, filtrar y valorar la informaci\u00f3n, de tal manera que se genere visiones m\u00e1s amplias y profundas del mundo promoviendo la <strong>humanizaci\u00f3n.<\/strong><\/p>\n<p>Como docentes en los m\u00e1s diversos niveles y medios, durante m\u00e1s de tres d\u00e9cadas hemos venido desarrollando esta propuesta con miles de menores y sus respectivas familias en aras de coadyuvar a un cambio social ante la p\u00e9rdida de muchos logros acumulados por la humanidad.<\/p>\n","protected":false},"excerpt":{"rendered":"<p class=\"p1\">ISBN: 978-84-1068-193-4<\/p>\n<p class=\"p2\">SINOPSIS<\/p>\n<p>En el orbe se ha homogenizado la cultura, tergiversado los valores, perdido la capacidad de tomar decisiones, plantearse retos y solucionar problemas, de reflexionar, en fin, hasta construir una <strong>sociedad deshumanizada<\/strong> que muchos conciben como \u201ctragedia educativa\u201d.<\/p>\n<p>Para la UNESCO, el elemento central de las sociedades del conocimiento es la \u201ccapacidad para identificar, producir, tratar, transformar, difundir y utilizar la informaci\u00f3n con vista a crear y aplicar los conocimientos necesarios para el desarrollo humano\u201d.<\/p>\n<p>La educaci\u00f3n, siendo parte esencial de las sociedades del conocimiento y la comunicaci\u00f3n, permiten poner en pr\u00e1ctica la tarea fundamental de habituar a los individuos a seleccionar, filtrar y valorar la informaci\u00f3n, de tal manera que se genere visiones m\u00e1s amplias y profundas del mundo promoviendo la <strong>humanizaci\u00f3n.<\/strong><\/p>\n<p>Como docentes en los m\u00e1s diversos niveles y medios, durante m\u00e1s de tres d\u00e9cadas hemos venido desarrollando esta propuesta con miles de menores y sus respectivas familias en aras de coadyuvar a un cambio social ante la p\u00e9rdida de muchos logros acumulados por la humanidad.<\/p>\n","protected":false},"featured_media":104668,"comment_status":"open","ping_status":"closed","template":"","meta":{"_acf_changed":false},"libro":[],"product_brand":[],"product_cat":[113],"product_tag":[],"class_list":{"0":"post-103232","1":"product","2":"type-product","3":"status-publish","4":"has-post-thumbnail","6":"product_cat-educacion","8":"first","9":"instock","10":"shipping-taxable","11":"product-type-simple"},"acf":{"autor":[107568,107572],"enlace_de_compra":"https:\/\/amzn.to\/3LIOZ3f"},"yoast_head":"<!-- This site is optimized with the Yoast SEO plugin v27.4 - https:\/\/yoast.com\/product\/yoast-seo-wordpress\/ -->\n<title>Pensadores para el siglo XXI educaci\u00f3n valeol\u00f3gica y bio\u00e9tica - Catalogo | Letrame Grupo Editorial<\/title>\n<meta name=\"robots\" content=\"index, follow, max-snippet:-1, max-image-preview:large, max-video-preview:-1\" \/>\n<link rel=\"canonical\" href=\"https:\/\/letrame.com\/catalogo\/producto\/pensadores-para-el-siglo-xxi-educacion-valeologica-y-bioetica\/\" \/>\n<meta property=\"og:locale\" content=\"es_ES\" \/>\n<meta property=\"og:type\" content=\"article\" \/>\n<meta property=\"og:title\" content=\"Pensadores para el siglo XXI educaci\u00f3n valeol\u00f3gica y bio\u00e9tica - Catalogo | Letrame Grupo Editorial\" \/>\n<meta property=\"og:description\" content=\"ISBN: 978-84-1068-193-4 SINOPSIS En el orbe se ha homogenizado la cultura, tergiversado los valores, perdido la capacidad de tomar decisiones, plantearse retos y solucionar problemas, de reflexionar, en fin, hasta construir una sociedad deshumanizada que muchos conciben como \u201ctragedia educativa\u201d.  Para la UNESCO, el elemento central de las sociedades del conocimiento es la \u201ccapacidad para identificar, producir, tratar, transformar, difundir y utilizar la informaci\u00f3n con vista a crear y aplicar los conocimientos necesarios para el desarrollo humano\u201d.  La educaci\u00f3n, siendo parte esencial de las sociedades del conocimiento y la comunicaci\u00f3n, permiten poner en pr\u00e1ctica la tarea fundamental de habituar a los individuos a seleccionar, filtrar y valorar la informaci\u00f3n, de tal manera que se genere visiones m\u00e1s amplias y profundas del mundo promoviendo la humanizaci\u00f3n.  Como docentes en los m\u00e1s diversos niveles y medios, durante m\u00e1s de tres d\u00e9cadas hemos venido desarrollando esta propuesta con miles de menores y sus respectivas familias en aras de coadyuvar a un cambio social ante la p\u00e9rdida de muchos logros acumulados por la humanidad.\" \/>\n<meta property=\"og:url\" content=\"https:\/\/letrame.com\/catalogo\/producto\/pensadores-para-el-siglo-xxi-educacion-valeologica-y-bioetica\/\" \/>\n<meta property=\"og:site_name\" content=\"Catalogo | Letrame Grupo Editorial\" \/>\n<meta property=\"article:modified_time\" content=\"2024-12-16T13:00:28+00:00\" \/>\n<meta property=\"og:image\" content=\"https:\/\/letrame.com\/catalogo\/wp-content\/uploads\/2024\/07\/webp_programaeducacion_1811mm-compressed-scaled-compressed.jpg\" \/>\n\t<meta property=\"og:image:width\" content=\"1746\" \/>\n\t<meta property=\"og:image:height\" content=\"2560\" \/>\n\t<meta property=\"og:image:type\" content=\"image\/jpeg\" \/>\n<meta name=\"twitter:card\" content=\"summary_large_image\" \/>\n<meta name=\"twitter:label1\" content=\"Tiempo de lectura\" \/>\n\t<meta name=\"twitter:data1\" content=\"2 minutos\" \/>\n<script type=\"application\/ld+json\" class=\"yoast-schema-graph\">{\"@context\":\"https:\\\/\\\/schema.org\",\"@graph\":[{\"@type\":\"WebPage\",\"@id\":\"https:\\\/\\\/letrame.com\\\/catalogo\\\/producto\\\/pensadores-para-el-siglo-xxi-educacion-valeologica-y-bioetica\\\/\",\"url\":\"https:\\\/\\\/letrame.com\\\/catalogo\\\/producto\\\/pensadores-para-el-siglo-xxi-educacion-valeologica-y-bioetica\\\/\",\"name\":\"Pensadores para el siglo XXI educaci\u00f3n valeol\u00f3gica y bio\u00e9tica - Catalogo | Letrame Grupo Editorial\",\"isPartOf\":{\"@id\":\"https:\\\/\\\/letrame.com\\\/catalogo\\\/#website\"},\"primaryImageOfPage\":{\"@id\":\"https:\\\/\\\/letrame.com\\\/catalogo\\\/producto\\\/pensadores-para-el-siglo-xxi-educacion-valeologica-y-bioetica\\\/#primaryimage\"},\"image\":{\"@id\":\"https:\\\/\\\/letrame.com\\\/catalogo\\\/producto\\\/pensadores-para-el-siglo-xxi-educacion-valeologica-y-bioetica\\\/#primaryimage\"},\"thumbnailUrl\":\"https:\\\/\\\/letrame.com\\\/catalogo\\\/wp-content\\\/uploads\\\/2024\\\/07\\\/webp_programaeducacion_1811mm-compressed-scaled-compressed.jpg\",\"datePublished\":\"2024-07-24T13:38:05+00:00\",\"dateModified\":\"2024-12-16T13:00:28+00:00\",\"breadcrumb\":{\"@id\":\"https:\\\/\\\/letrame.com\\\/catalogo\\\/producto\\\/pensadores-para-el-siglo-xxi-educacion-valeologica-y-bioetica\\\/#breadcrumb\"},\"inLanguage\":\"es\",\"potentialAction\":[{\"@type\":\"ReadAction\",\"target\":[\"https:\\\/\\\/letrame.com\\\/catalogo\\\/producto\\\/pensadores-para-el-siglo-xxi-educacion-valeologica-y-bioetica\\\/\"]}]},{\"@type\":\"ImageObject\",\"inLanguage\":\"es\",\"@id\":\"https:\\\/\\\/letrame.com\\\/catalogo\\\/producto\\\/pensadores-para-el-siglo-xxi-educacion-valeologica-y-bioetica\\\/#primaryimage\",\"url\":\"https:\\\/\\\/letrame.com\\\/catalogo\\\/wp-content\\\/uploads\\\/2024\\\/07\\\/webp_programaeducacion_1811mm-compressed-scaled-compressed.jpg\",\"contentUrl\":\"https:\\\/\\\/letrame.com\\\/catalogo\\\/wp-content\\\/uploads\\\/2024\\\/07\\\/webp_programaeducacion_1811mm-compressed-scaled-compressed.jpg\",\"width\":1746,\"height\":2560},{\"@type\":\"BreadcrumbList\",\"@id\":\"https:\\\/\\\/letrame.com\\\/catalogo\\\/producto\\\/pensadores-para-el-siglo-xxi-educacion-valeologica-y-bioetica\\\/#breadcrumb\",\"itemListElement\":[{\"@type\":\"ListItem\",\"position\":1,\"name\":\"Portada\",\"item\":\"https:\\\/\\\/letrame.com\\\/catalogo\\\/\"},{\"@type\":\"ListItem\",\"position\":2,\"name\":\"Cat\u00e1logo\",\"item\":\"https:\\\/\\\/letrame.com\\\/catalogo\\\/\"},{\"@type\":\"ListItem\",\"position\":3,\"name\":\"Pensadores para el siglo XXI educaci\u00f3n valeol\u00f3gica y bio\u00e9tica\"}]},{\"@type\":\"WebSite\",\"@id\":\"https:\\\/\\\/letrame.com\\\/catalogo\\\/#website\",\"url\":\"https:\\\/\\\/letrame.com\\\/catalogo\\\/\",\"name\":\"Catalogo | Letrame Grupo Editorial\",\"description\":\"\",\"publisher\":{\"@id\":\"https:\\\/\\\/letrame.com\\\/catalogo\\\/#organization\"},\"potentialAction\":[{\"@type\":\"SearchAction\",\"target\":{\"@type\":\"EntryPoint\",\"urlTemplate\":\"https:\\\/\\\/letrame.com\\\/catalogo\\\/?s={search_term_string}\"},\"query-input\":{\"@type\":\"PropertyValueSpecification\",\"valueRequired\":true,\"valueName\":\"search_term_string\"}}],\"inLanguage\":\"es\"},{\"@type\":\"Organization\",\"@id\":\"https:\\\/\\\/letrame.com\\\/catalogo\\\/#organization\",\"name\":\"Catalogo | Letrame Grupo Editorial\",\"url\":\"https:\\\/\\\/letrame.com\\\/catalogo\\\/\",\"logo\":{\"@type\":\"ImageObject\",\"inLanguage\":\"es\",\"@id\":\"https:\\\/\\\/letrame.com\\\/catalogo\\\/#\\\/schema\\\/logo\\\/image\\\/\",\"url\":\"https:\\\/\\\/letrame.com\\\/catalogo\\\/wp-content\\\/uploads\\\/2024\\\/03\\\/logo2.webp\",\"contentUrl\":\"https:\\\/\\\/letrame.com\\\/catalogo\\\/wp-content\\\/uploads\\\/2024\\\/03\\\/logo2.webp\",\"width\":394,\"height\":128,\"caption\":\"Catalogo | Letrame Grupo Editorial\"},\"image\":{\"@id\":\"https:\\\/\\\/letrame.com\\\/catalogo\\\/#\\\/schema\\\/logo\\\/image\\\/\"}}]}<\/script>\n<!-- \/ Yoast SEO plugin. -->","yoast_head_json":{"title":"Pensadores para el siglo XXI educaci\u00f3n valeol\u00f3gica y bio\u00e9tica - Catalogo | Letrame Grupo Editorial","robots":{"index":"index","follow":"follow","max-snippet":"max-snippet:-1","max-image-preview":"max-image-preview:large","max-video-preview":"max-video-preview:-1"},"canonical":"https:\/\/letrame.com\/catalogo\/producto\/pensadores-para-el-siglo-xxi-educacion-valeologica-y-bioetica\/","og_locale":"es_ES","og_type":"article","og_title":"Pensadores para el siglo XXI educaci\u00f3n valeol\u00f3gica y bio\u00e9tica - Catalogo | Letrame Grupo Editorial","og_description":"ISBN: 978-84-1068-193-4 SINOPSIS En el orbe se ha homogenizado la cultura, tergiversado los valores, perdido la capacidad de tomar decisiones, plantearse retos y solucionar problemas, de reflexionar, en fin, hasta construir una sociedad deshumanizada que muchos conciben como \u201ctragedia educativa\u201d.  Para la UNESCO, el elemento central de las sociedades del conocimiento es la \u201ccapacidad para identificar, producir, tratar, transformar, difundir y utilizar la informaci\u00f3n con vista a crear y aplicar los conocimientos necesarios para el desarrollo humano\u201d.  La educaci\u00f3n, siendo parte esencial de las sociedades del conocimiento y la comunicaci\u00f3n, permiten poner en pr\u00e1ctica la tarea fundamental de habituar a los individuos a seleccionar, filtrar y valorar la informaci\u00f3n, de tal manera que se genere visiones m\u00e1s amplias y profundas del mundo promoviendo la humanizaci\u00f3n.  Como docentes en los m\u00e1s diversos niveles y medios, durante m\u00e1s de tres d\u00e9cadas hemos venido desarrollando esta propuesta con miles de menores y sus respectivas familias en aras de coadyuvar a un cambio social ante la p\u00e9rdida de muchos logros acumulados por la humanidad.","og_url":"https:\/\/letrame.com\/catalogo\/producto\/pensadores-para-el-siglo-xxi-educacion-valeologica-y-bioetica\/","og_site_name":"Catalogo | Letrame Grupo Editorial","article_modified_time":"2024-12-16T13:00:28+00:00","og_image":[{"width":1746,"height":2560,"url":"https:\/\/letrame.com\/catalogo\/wp-content\/uploads\/2024\/07\/webp_programaeducacion_1811mm-compressed-scaled-compressed.jpg","type":"image\/jpeg"}],"twitter_card":"summary_large_image","twitter_misc":{"Tiempo de lectura":"2 minutos"},"schema":{"@context":"https:\/\/schema.org","@graph":[{"@type":"WebPage","@id":"https:\/\/letrame.com\/catalogo\/producto\/pensadores-para-el-siglo-xxi-educacion-valeologica-y-bioetica\/","url":"https:\/\/letrame.com\/catalogo\/producto\/pensadores-para-el-siglo-xxi-educacion-valeologica-y-bioetica\/","name":"Pensadores para el siglo XXI educaci\u00f3n valeol\u00f3gica y bio\u00e9tica - Catalogo | Letrame Grupo Editorial","isPartOf":{"@id":"https:\/\/letrame.com\/catalogo\/#website"},"primaryImageOfPage":{"@id":"https:\/\/letrame.com\/catalogo\/producto\/pensadores-para-el-siglo-xxi-educacion-valeologica-y-bioetica\/#primaryimage"},"image":{"@id":"https:\/\/letrame.com\/catalogo\/producto\/pensadores-para-el-siglo-xxi-educacion-valeologica-y-bioetica\/#primaryimage"},"thumbnailUrl":"https:\/\/letrame.com\/catalogo\/wp-content\/uploads\/2024\/07\/webp_programaeducacion_1811mm-compressed-scaled-compressed.jpg","datePublished":"2024-07-24T13:38:05+00:00","dateModified":"2024-12-16T13:00:28+00:00","breadcrumb":{"@id":"https:\/\/letrame.com\/catalogo\/producto\/pensadores-para-el-siglo-xxi-educacion-valeologica-y-bioetica\/#breadcrumb"},"inLanguage":"es","potentialAction":[{"@type":"ReadAction","target":["https:\/\/letrame.com\/catalogo\/producto\/pensadores-para-el-siglo-xxi-educacion-valeologica-y-bioetica\/"]}]},{"@type":"ImageObject","inLanguage":"es","@id":"https:\/\/letrame.com\/catalogo\/producto\/pensadores-para-el-siglo-xxi-educacion-valeologica-y-bioetica\/#primaryimage","url":"https:\/\/letrame.com\/catalogo\/wp-content\/uploads\/2024\/07\/webp_programaeducacion_1811mm-compressed-scaled-compressed.jpg","contentUrl":"https:\/\/letrame.com\/catalogo\/wp-content\/uploads\/2024\/07\/webp_programaeducacion_1811mm-compressed-scaled-compressed.jpg","width":1746,"height":2560},{"@type":"BreadcrumbList","@id":"https:\/\/letrame.com\/catalogo\/producto\/pensadores-para-el-siglo-xxi-educacion-valeologica-y-bioetica\/#breadcrumb","itemListElement":[{"@type":"ListItem","position":1,"name":"Portada","item":"https:\/\/letrame.com\/catalogo\/"},{"@type":"ListItem","position":2,"name":"Cat\u00e1logo","item":"https:\/\/letrame.com\/catalogo\/"},{"@type":"ListItem","position":3,"name":"Pensadores para el siglo XXI educaci\u00f3n valeol\u00f3gica y bio\u00e9tica"}]},{"@type":"WebSite","@id":"https:\/\/letrame.com\/catalogo\/#website","url":"https:\/\/letrame.com\/catalogo\/","name":"Catalogo | Letrame Grupo Editorial","description":"","publisher":{"@id":"https:\/\/letrame.com\/catalogo\/#organization"},"potentialAction":[{"@type":"SearchAction","target":{"@type":"EntryPoint","urlTemplate":"https:\/\/letrame.com\/catalogo\/?s={search_term_string}"},"query-input":{"@type":"PropertyValueSpecification","valueRequired":true,"valueName":"search_term_string"}}],"inLanguage":"es"},{"@type":"Organization","@id":"https:\/\/letrame.com\/catalogo\/#organization","name":"Catalogo | Letrame Grupo Editorial","url":"https:\/\/letrame.com\/catalogo\/","logo":{"@type":"ImageObject","inLanguage":"es","@id":"https:\/\/letrame.com\/catalogo\/#\/schema\/logo\/image\/","url":"https:\/\/letrame.com\/catalogo\/wp-content\/uploads\/2024\/03\/logo2.webp","contentUrl":"https:\/\/letrame.com\/catalogo\/wp-content\/uploads\/2024\/03\/logo2.webp","width":394,"height":128,"caption":"Catalogo | Letrame Grupo Editorial"},"image":{"@id":"https:\/\/letrame.com\/catalogo\/#\/schema\/logo\/image\/"}}]}},"_links":{"self":[{"href":"https:\/\/letrame.com\/catalogo\/wp-json\/wp\/v2\/product\/103232","targetHints":{"allow":["GET"]}}],"collection":[{"href":"https:\/\/letrame.com\/catalogo\/wp-json\/wp\/v2\/product"}],"about":[{"href":"https:\/\/letrame.com\/catalogo\/wp-json\/wp\/v2\/types\/product"}],"replies":[{"embeddable":true,"href":"https:\/\/letrame.com\/catalogo\/wp-json\/wp\/v2\/comments?post=103232"}],"acf:post":[{"embeddable":true,"href":"https:\/\/letrame.com\/catalogo\/wp-json\/wp\/v2\/author_book\/107572"},{"embeddable":true,"href":"https:\/\/letrame.com\/catalogo\/wp-json\/wp\/v2\/author_book\/107568"}],"wp:featuredmedia":[{"embeddable":true,"href":"https:\/\/letrame.com\/catalogo\/wp-json\/wp\/v2\/media\/104668"}],"wp:attachment":[{"href":"https:\/\/letrame.com\/catalogo\/wp-json\/wp\/v2\/media?parent=103232"}],"wp:term":[{"taxonomy":"libro","embeddable":true,"href":"https:\/\/letrame.com\/catalogo\/wp-json\/wp\/v2\/libro?post=103232"},{"taxonomy":"product_brand","embeddable":true,"href":"https:\/\/letrame.com\/catalogo\/wp-json\/wp\/v2\/product_brand?post=103232"},{"taxonomy":"product_cat","embeddable":true,"href":"https:\/\/letrame.com\/catalogo\/wp-json\/wp\/v2\/product_cat?post=103232"},{"taxonomy":"product_tag","embeddable":true,"href":"https:\/\/letrame.com\/catalogo\/wp-json\/wp\/v2\/product_tag?post=103232"}],"curies":[{"name":"wp","href":"https:\/\/api.w.org\/{rel}","templated":true}]}}