{"id":102400,"date":"2024-07-18T11:42:12","date_gmt":"2024-07-18T09:42:12","guid":{"rendered":"https:\/\/letrame.com\/catalogo\/?post_type=product&#038;p=102400"},"modified":"2024-07-18T11:42:12","modified_gmt":"2024-07-18T09:42:12","slug":"guia-practica-para-la-formulacion-de-proyectos","status":"publish","type":"product","link":"https:\/\/letrame.com\/catalogo\/producto\/guia-practica-para-la-formulacion-de-proyectos\/","title":{"rendered":"GUI\u0301A PRA\u0301CTICA PARA LA FORMULACIO\u0301N DE PROYECTOS"},"content":{"rendered":"<p class=\"p1\">ISBN: 978-84-1181-339-6<\/p>\n<p class=\"p1\">T\u00edtulo: GUI\u0301A PRA\u0301CTICA PARA LA FORMULACIO\u0301N DE PROYECTOS<\/p>\n<p class=\"p1\">Fecha: 2023<\/p>\n<p class=\"p1\">P\u00e1ginas: 116<\/p>\n<p class=\"p1\">SINOPSIS<\/p>\n<p>En todo \u00e1mbito de la vida, ya sea laboral, personal o comunitario, constantemente tenemos que desarrollar proyectos con los que satisfacer una determinada necesidad o resolver un problema. Ya sean proyectos p\u00fablicos, sociales, acad\u00e9micos, de negocios o de investigaci\u00f3n, ser\u00e1 de vital importancia afrontarlos utilizando una metodolog\u00eda que permita desarrollarlos de forma eficiente hasta cumplir la meta que plantearon.<\/p>\n<p>Con un lenguaje claro y conciso y numerosos ejercicios pr\u00e1cticos, este libro aporta las claves para formular un proyecto en todas sus fases: desde la idea inicial, pasando por la planificaci\u00f3n, gesti\u00f3n de los recursos que va a requerir, ejecuci\u00f3n, seguimiento y evaluaci\u00f3n; que har\u00e1n que cualquier tipo de proyecto se traduzca en una realidad con un impacto positivo sobre el entorno en el que se ha desarrollado.<\/p>\n","protected":false},"excerpt":{"rendered":"<p class=\"p1\">ISBN: 978-84-1181-339-6<\/p>\n<p class=\"p1\">SINOPSIS<\/p>\n<p>En todo \u00e1mbito de la vida, ya sea laboral, personal o comunitario, constantemente tenemos que desarrollar proyectos con los que satisfacer una determinada necesidad o resolver un problema. Ya sean proyectos p\u00fablicos, sociales, acad\u00e9micos, de negocios o de investigaci\u00f3n, ser\u00e1 de vital importancia afrontarlos utilizando una metodolog\u00eda que permita desarrollarlos de forma eficiente hasta cumplir la meta que plantearon.<\/p>\n<p>Con un lenguaje claro y conciso y numerosos ejercicios pr\u00e1cticos, este libro aporta las claves para formular un proyecto en todas sus fases: desde la idea inicial, pasando por la planificaci\u00f3n, gesti\u00f3n de los recursos que va a requerir, ejecuci\u00f3n, seguimiento y evaluaci\u00f3n; que har\u00e1n que cualquier tipo de proyecto se traduzca en una realidad con un impacto positivo sobre el entorno en el que se ha desarrollado.<\/p>\n","protected":false},"featured_media":102413,"comment_status":"open","ping_status":"closed","template":"","meta":{"_acf_changed":false},"libro":[],"product_brand":[],"product_cat":[27,22,23],"product_tag":[],"class_list":{"0":"post-102400","1":"product","2":"type-product","3":"status-publish","4":"has-post-thumbnail","6":"product_cat-divulgacion","7":"product_cat-docencia","8":"product_cat-ensayos","10":"first","11":"instock","12":"shipping-taxable","13":"product-type-simple"},"acf":{"autor":[102407],"enlace_de_compra":"https:\/\/amzn.to\/4cOlIQW"},"yoast_head":"<!-- This site is optimized with the Yoast SEO plugin v26.6 - https:\/\/yoast.com\/wordpress\/plugins\/seo\/ -->\n<title>GUI\u0301A PRA\u0301CTICA PARA LA FORMULACIO\u0301N DE PROYECTOS - Catalogo | Letrame Grupo Editorial<\/title>\n<meta name=\"robots\" content=\"index, follow, max-snippet:-1, max-image-preview:large, max-video-preview:-1\" \/>\n<link rel=\"canonical\" href=\"https:\/\/letrame.com\/catalogo\/producto\/guia-practica-para-la-formulacion-de-proyectos\/\" \/>\n<meta property=\"og:locale\" content=\"es_ES\" \/>\n<meta property=\"og:type\" content=\"article\" \/>\n<meta property=\"og:title\" content=\"GUI\u0301A PRA\u0301CTICA PARA LA FORMULACIO\u0301N DE PROYECTOS - Catalogo | Letrame Grupo Editorial\" \/>\n<meta property=\"og:description\" content=\"ISBN: 978-84-1181-339-6 SINOPSIS En todo \u00e1mbito de la vida, ya sea laboral, personal o comunitario, constantemente tenemos que desarrollar proyectos con los que satisfacer una determinada necesidad o resolver un problema. Ya sean proyectos p\u00fablicos, sociales, acad\u00e9micos, de negocios o de investigaci\u00f3n, ser\u00e1 de vital importancia afrontarlos utilizando una metodolog\u00eda que permita desarrollarlos de forma eficiente hasta cumplir la meta que plantearon.  Con un lenguaje claro y conciso y numerosos ejercicios pr\u00e1cticos, este libro aporta las claves para formular un proyecto en todas sus fases: desde la idea inicial, pasando por la planificaci\u00f3n, gesti\u00f3n de los recursos que va a requerir, ejecuci\u00f3n, seguimiento y evaluaci\u00f3n; que har\u00e1n que cualquier tipo de proyecto se traduzca en una realidad con un impacto positivo sobre el entorno en el que se ha desarrollado.\" \/>\n<meta property=\"og:url\" content=\"https:\/\/letrame.com\/catalogo\/producto\/guia-practica-para-la-formulacion-de-proyectos\/\" \/>\n<meta property=\"og:site_name\" content=\"Catalogo | Letrame Grupo Editorial\" \/>\n<meta property=\"og:image\" content=\"https:\/\/letrame.com\/catalogo\/wp-content\/uploads\/2024\/07\/webportada_guiapractica_615mm-compressed-scaled.jpg\" \/>\n\t<meta property=\"og:image:width\" content=\"1746\" \/>\n\t<meta property=\"og:image:height\" content=\"2560\" \/>\n\t<meta property=\"og:image:type\" content=\"image\/jpeg\" \/>\n<meta name=\"twitter:card\" content=\"summary_large_image\" \/>\n<meta name=\"twitter:label1\" content=\"Tiempo de lectura\" \/>\n\t<meta name=\"twitter:data1\" content=\"1 minuto\" \/>\n<script type=\"application\/ld+json\" class=\"yoast-schema-graph\">{\"@context\":\"https:\/\/schema.org\",\"@graph\":[{\"@type\":\"WebPage\",\"@id\":\"https:\/\/letrame.com\/catalogo\/producto\/guia-practica-para-la-formulacion-de-proyectos\/\",\"url\":\"https:\/\/letrame.com\/catalogo\/producto\/guia-practica-para-la-formulacion-de-proyectos\/\",\"name\":\"GUI\u0301A PRA\u0301CTICA PARA LA FORMULACIO\u0301N DE PROYECTOS - Catalogo | Letrame Grupo Editorial\",\"isPartOf\":{\"@id\":\"https:\/\/letrame.com\/catalogo\/#website\"},\"primaryImageOfPage\":{\"@id\":\"https:\/\/letrame.com\/catalogo\/producto\/guia-practica-para-la-formulacion-de-proyectos\/#primaryimage\"},\"image\":{\"@id\":\"https:\/\/letrame.com\/catalogo\/producto\/guia-practica-para-la-formulacion-de-proyectos\/#primaryimage\"},\"thumbnailUrl\":\"https:\/\/letrame.com\/catalogo\/wp-content\/uploads\/2024\/07\/webportada_guiapractica_615mm-compressed-scaled.jpg\",\"datePublished\":\"2024-07-18T09:42:12+00:00\",\"breadcrumb\":{\"@id\":\"https:\/\/letrame.com\/catalogo\/producto\/guia-practica-para-la-formulacion-de-proyectos\/#breadcrumb\"},\"inLanguage\":\"es\",\"potentialAction\":[{\"@type\":\"ReadAction\",\"target\":[\"https:\/\/letrame.com\/catalogo\/producto\/guia-practica-para-la-formulacion-de-proyectos\/\"]}]},{\"@type\":\"ImageObject\",\"inLanguage\":\"es\",\"@id\":\"https:\/\/letrame.com\/catalogo\/producto\/guia-practica-para-la-formulacion-de-proyectos\/#primaryimage\",\"url\":\"https:\/\/letrame.com\/catalogo\/wp-content\/uploads\/2024\/07\/webportada_guiapractica_615mm-compressed-scaled.jpg\",\"contentUrl\":\"https:\/\/letrame.com\/catalogo\/wp-content\/uploads\/2024\/07\/webportada_guiapractica_615mm-compressed-scaled.jpg\",\"width\":1746,\"height\":2560},{\"@type\":\"BreadcrumbList\",\"@id\":\"https:\/\/letrame.com\/catalogo\/producto\/guia-practica-para-la-formulacion-de-proyectos\/#breadcrumb\",\"itemListElement\":[{\"@type\":\"ListItem\",\"position\":1,\"name\":\"Portada\",\"item\":\"https:\/\/letrame.com\/catalogo\/\"},{\"@type\":\"ListItem\",\"position\":2,\"name\":\"Cat\u00e1logo\",\"item\":\"https:\/\/letrame.com\/catalogo\/\"},{\"@type\":\"ListItem\",\"position\":3,\"name\":\"GUI\u0301A PRA\u0301CTICA PARA LA FORMULACIO\u0301N DE PROYECTOS\"}]},{\"@type\":\"WebSite\",\"@id\":\"https:\/\/letrame.com\/catalogo\/#website\",\"url\":\"https:\/\/letrame.com\/catalogo\/\",\"name\":\"Catalogo | Letrame Grupo Editorial\",\"description\":\"\",\"publisher\":{\"@id\":\"https:\/\/letrame.com\/catalogo\/#organization\"},\"potentialAction\":[{\"@type\":\"SearchAction\",\"target\":{\"@type\":\"EntryPoint\",\"urlTemplate\":\"https:\/\/letrame.com\/catalogo\/?s={search_term_string}\"},\"query-input\":{\"@type\":\"PropertyValueSpecification\",\"valueRequired\":true,\"valueName\":\"search_term_string\"}}],\"inLanguage\":\"es\"},{\"@type\":\"Organization\",\"@id\":\"https:\/\/letrame.com\/catalogo\/#organization\",\"name\":\"Catalogo | Letrame Grupo Editorial\",\"url\":\"https:\/\/letrame.com\/catalogo\/\",\"logo\":{\"@type\":\"ImageObject\",\"inLanguage\":\"es\",\"@id\":\"https:\/\/letrame.com\/catalogo\/#\/schema\/logo\/image\/\",\"url\":\"https:\/\/letrame.com\/catalogo\/wp-content\/uploads\/2024\/03\/logo2.webp\",\"contentUrl\":\"https:\/\/letrame.com\/catalogo\/wp-content\/uploads\/2024\/03\/logo2.webp\",\"width\":394,\"height\":128,\"caption\":\"Catalogo | Letrame Grupo Editorial\"},\"image\":{\"@id\":\"https:\/\/letrame.com\/catalogo\/#\/schema\/logo\/image\/\"}}]}<\/script>\n<!-- \/ Yoast SEO plugin. -->","yoast_head_json":{"title":"GUI\u0301A PRA\u0301CTICA PARA LA FORMULACIO\u0301N DE PROYECTOS - Catalogo | Letrame Grupo Editorial","robots":{"index":"index","follow":"follow","max-snippet":"max-snippet:-1","max-image-preview":"max-image-preview:large","max-video-preview":"max-video-preview:-1"},"canonical":"https:\/\/letrame.com\/catalogo\/producto\/guia-practica-para-la-formulacion-de-proyectos\/","og_locale":"es_ES","og_type":"article","og_title":"GUI\u0301A PRA\u0301CTICA PARA LA FORMULACIO\u0301N DE PROYECTOS - Catalogo | Letrame Grupo Editorial","og_description":"ISBN: 978-84-1181-339-6 SINOPSIS En todo \u00e1mbito de la vida, ya sea laboral, personal o comunitario, constantemente tenemos que desarrollar proyectos con los que satisfacer una determinada necesidad o resolver un problema. Ya sean proyectos p\u00fablicos, sociales, acad\u00e9micos, de negocios o de investigaci\u00f3n, ser\u00e1 de vital importancia afrontarlos utilizando una metodolog\u00eda que permita desarrollarlos de forma eficiente hasta cumplir la meta que plantearon.  Con un lenguaje claro y conciso y numerosos ejercicios pr\u00e1cticos, este libro aporta las claves para formular un proyecto en todas sus fases: desde la idea inicial, pasando por la planificaci\u00f3n, gesti\u00f3n de los recursos que va a requerir, ejecuci\u00f3n, seguimiento y evaluaci\u00f3n; que har\u00e1n que cualquier tipo de proyecto se traduzca en una realidad con un impacto positivo sobre el entorno en el que se ha desarrollado.","og_url":"https:\/\/letrame.com\/catalogo\/producto\/guia-practica-para-la-formulacion-de-proyectos\/","og_site_name":"Catalogo | Letrame Grupo Editorial","og_image":[{"width":1746,"height":2560,"url":"https:\/\/letrame.com\/catalogo\/wp-content\/uploads\/2024\/07\/webportada_guiapractica_615mm-compressed-scaled.jpg","type":"image\/jpeg"}],"twitter_card":"summary_large_image","twitter_misc":{"Tiempo de lectura":"1 minuto"},"schema":{"@context":"https:\/\/schema.org","@graph":[{"@type":"WebPage","@id":"https:\/\/letrame.com\/catalogo\/producto\/guia-practica-para-la-formulacion-de-proyectos\/","url":"https:\/\/letrame.com\/catalogo\/producto\/guia-practica-para-la-formulacion-de-proyectos\/","name":"GUI\u0301A PRA\u0301CTICA PARA LA FORMULACIO\u0301N DE PROYECTOS - Catalogo | Letrame Grupo Editorial","isPartOf":{"@id":"https:\/\/letrame.com\/catalogo\/#website"},"primaryImageOfPage":{"@id":"https:\/\/letrame.com\/catalogo\/producto\/guia-practica-para-la-formulacion-de-proyectos\/#primaryimage"},"image":{"@id":"https:\/\/letrame.com\/catalogo\/producto\/guia-practica-para-la-formulacion-de-proyectos\/#primaryimage"},"thumbnailUrl":"https:\/\/letrame.com\/catalogo\/wp-content\/uploads\/2024\/07\/webportada_guiapractica_615mm-compressed-scaled.jpg","datePublished":"2024-07-18T09:42:12+00:00","breadcrumb":{"@id":"https:\/\/letrame.com\/catalogo\/producto\/guia-practica-para-la-formulacion-de-proyectos\/#breadcrumb"},"inLanguage":"es","potentialAction":[{"@type":"ReadAction","target":["https:\/\/letrame.com\/catalogo\/producto\/guia-practica-para-la-formulacion-de-proyectos\/"]}]},{"@type":"ImageObject","inLanguage":"es","@id":"https:\/\/letrame.com\/catalogo\/producto\/guia-practica-para-la-formulacion-de-proyectos\/#primaryimage","url":"https:\/\/letrame.com\/catalogo\/wp-content\/uploads\/2024\/07\/webportada_guiapractica_615mm-compressed-scaled.jpg","contentUrl":"https:\/\/letrame.com\/catalogo\/wp-content\/uploads\/2024\/07\/webportada_guiapractica_615mm-compressed-scaled.jpg","width":1746,"height":2560},{"@type":"BreadcrumbList","@id":"https:\/\/letrame.com\/catalogo\/producto\/guia-practica-para-la-formulacion-de-proyectos\/#breadcrumb","itemListElement":[{"@type":"ListItem","position":1,"name":"Portada","item":"https:\/\/letrame.com\/catalogo\/"},{"@type":"ListItem","position":2,"name":"Cat\u00e1logo","item":"https:\/\/letrame.com\/catalogo\/"},{"@type":"ListItem","position":3,"name":"GUI\u0301A PRA\u0301CTICA PARA LA FORMULACIO\u0301N DE PROYECTOS"}]},{"@type":"WebSite","@id":"https:\/\/letrame.com\/catalogo\/#website","url":"https:\/\/letrame.com\/catalogo\/","name":"Catalogo | Letrame Grupo Editorial","description":"","publisher":{"@id":"https:\/\/letrame.com\/catalogo\/#organization"},"potentialAction":[{"@type":"SearchAction","target":{"@type":"EntryPoint","urlTemplate":"https:\/\/letrame.com\/catalogo\/?s={search_term_string}"},"query-input":{"@type":"PropertyValueSpecification","valueRequired":true,"valueName":"search_term_string"}}],"inLanguage":"es"},{"@type":"Organization","@id":"https:\/\/letrame.com\/catalogo\/#organization","name":"Catalogo | Letrame Grupo Editorial","url":"https:\/\/letrame.com\/catalogo\/","logo":{"@type":"ImageObject","inLanguage":"es","@id":"https:\/\/letrame.com\/catalogo\/#\/schema\/logo\/image\/","url":"https:\/\/letrame.com\/catalogo\/wp-content\/uploads\/2024\/03\/logo2.webp","contentUrl":"https:\/\/letrame.com\/catalogo\/wp-content\/uploads\/2024\/03\/logo2.webp","width":394,"height":128,"caption":"Catalogo | Letrame Grupo Editorial"},"image":{"@id":"https:\/\/letrame.com\/catalogo\/#\/schema\/logo\/image\/"}}]}},"_links":{"self":[{"href":"https:\/\/letrame.com\/catalogo\/wp-json\/wp\/v2\/product\/102400","targetHints":{"allow":["GET"]}}],"collection":[{"href":"https:\/\/letrame.com\/catalogo\/wp-json\/wp\/v2\/product"}],"about":[{"href":"https:\/\/letrame.com\/catalogo\/wp-json\/wp\/v2\/types\/product"}],"replies":[{"embeddable":true,"href":"https:\/\/letrame.com\/catalogo\/wp-json\/wp\/v2\/comments?post=102400"}],"acf:post":[{"embeddable":true,"href":"https:\/\/letrame.com\/catalogo\/wp-json\/wp\/v2\/author_book\/102407"}],"wp:featuredmedia":[{"embeddable":true,"href":"https:\/\/letrame.com\/catalogo\/wp-json\/wp\/v2\/media\/102413"}],"wp:attachment":[{"href":"https:\/\/letrame.com\/catalogo\/wp-json\/wp\/v2\/media?parent=102400"}],"wp:term":[{"taxonomy":"libro","embeddable":true,"href":"https:\/\/letrame.com\/catalogo\/wp-json\/wp\/v2\/libro?post=102400"},{"taxonomy":"product_brand","embeddable":true,"href":"https:\/\/letrame.com\/catalogo\/wp-json\/wp\/v2\/product_brand?post=102400"},{"taxonomy":"product_cat","embeddable":true,"href":"https:\/\/letrame.com\/catalogo\/wp-json\/wp\/v2\/product_cat?post=102400"},{"taxonomy":"product_tag","embeddable":true,"href":"https:\/\/letrame.com\/catalogo\/wp-json\/wp\/v2\/product_tag?post=102400"}],"curies":[{"name":"wp","href":"https:\/\/api.w.org\/{rel}","templated":true}]}}