{"id":102026,"date":"2024-07-17T13:53:41","date_gmt":"2024-07-17T11:53:41","guid":{"rendered":"https:\/\/letrame.com\/catalogo\/?post_type=product&#038;p=102026"},"modified":"2024-07-17T13:53:41","modified_gmt":"2024-07-17T11:53:41","slug":"relatos-para-sonar-feliz-13-fascinantes-cuentos-para-padres-e-hijos","status":"publish","type":"product","link":"https:\/\/letrame.com\/catalogo\/producto\/relatos-para-sonar-feliz-13-fascinantes-cuentos-para-padres-e-hijos\/","title":{"rendered":"RELATOS PARA SON\u0303AR FELIZ. 13 fascinantes cuentos para padres e hijos"},"content":{"rendered":"<p class=\"p1\">ISBN: 978-84-1181-510-9<\/p>\n<p class=\"p1\">T\u00edtulo: RELATOS PARA SON\u0303AR FELIZ. 13 fascinantes cuentos para padres e hijos<\/p>\n<p class=\"p1\">Fecha: 2023<\/p>\n<p class=\"p1\">P\u00e1ginas: 214<\/p>\n<p class=\"p1\">SINOPSIS<\/p>\n<p>Conoc\u00ed al m\u00e9dico onc\u00f3logo, se\u00f1or Guido Schiappacasse Cocio, en una conversaci\u00f3n televisada. Me impresion\u00f3 fuertemente su pasi\u00f3n por la medicina y su real y verdadero inter\u00e9s por la literatura y la cultura en general.<\/p>\n<p>Sin temor a cavilaciones, no es solamente un gran especialista en medicina oncol\u00f3gica, adem\u00e1s es un humanista de excepci\u00f3n.<\/p>\n<p>\u00a1Y un personaje notable como pocos!<\/p>\n<p>Ahora bien, su libro de cuentos <em>Relatos para so\u00f1ar feliz<\/em>, es escrito con pluma \u00e1gil, di\u00e1fana y sutil. En sus p\u00e1ginas explora, en las damas del ayer y de hoy, sus sentimientos, ilusiones, deseos y dones, en el seno de sociedades tan machistas como patriarcales. Reencanta con moralejas de pret\u00e9ritas leyendas aplicables como gu\u00edas y ense\u00f1anzas, incluso en el mundo de hoy. Y redescubre la important\u00edsima relaci\u00f3n entre padres e hijos desde variadas y sorprendentes narraciones.<\/p>\n<p>Guido Schiappacasse, el autor de estos relatos, sin lugar a dudas cumple su cometido, entreteni\u00e9ndonos, compenetr\u00e1ndose con nosotros y haci\u00e9ndonos disfrutar con sus narraciones de forma sin igual.<\/p>\n<p>\u00a1Un libro imperdible para mozas y damas, padres e hijos; y j\u00f3venes y no tan j\u00f3venes!<\/p>\n<p><em>\u00a0<\/em><\/p>\n<p><em>\u00a0\u00a0\u00a0\u00a0\u00a0\u00a0\u00a0\u00a0\u00a0\u00a0\u00a0\u00a0\u00a0\u00a0\u00a0\u00a0\u00a0\u00a0\u00a0\u00a0\u00a0\u00a0\u00a0\u00a0\u00a0\u00a0\u00a0\u00a0\u00a0\u00a0\u00a0\u00a0\u00a0\u00a0\u00a0\u00a0\u00a0\u00a0\u00a0\u00a0\u00a0\u00a0\u00a0\u00a0\u00a0\u00a0\u00a0\u00a0\u00a0\u00a0\u00a0\u00a0\u00a0\u00a0\u00a0\u00a0\u00a0\u00a0\u00a0\u00a0\u00a0\u00a0\u00a0\u00a0\u00a0\u00a0\u00a0\u00a0\u00a0\u00a0\u00a0\u00a0\u00a0\u00a0\u00a0\u00a0\u00a0\u00a0\u00a0\u00a0\u00a0\u00a0\u00a0\u00a0\u00a0\u00a0\u00a0\u00a0\u00a0\u00a0\u00a0\u00a0\u00a0\u00a0\u00a0\u00a0\u00a0\u00a0\u00a0\u00a0\u00a0\u00a0\u00a0\u00a0\u00a0\u00a0\u00a0\u00a0\u00a0\u00a0 Tom\u00e1s Cox<\/em><\/p>\n<p style=\"text-align: right;\"><em>Comunicador y entrevistador chileno<\/em><\/p>\n<p style=\"text-align: right;\">\u00a0 Vi\u00f1a del Mar, 16 de abril del a\u00f1o 2.023<\/p>\n","protected":false},"excerpt":{"rendered":"<p class=\"p1\">ISBN: 978-84-1181-510-9<\/p>\n<p class=\"p1\">SINOPSIS<\/p>\n<p>Conoc\u00ed al m\u00e9dico onc\u00f3logo, se\u00f1or Guido Schiappacasse Cocio, en una conversaci\u00f3n televisada. Me impresion\u00f3 fuertemente su pasi\u00f3n por la medicina y su real y verdadero inter\u00e9s por la literatura y la cultura en general.<\/p>\n<p>Sin temor a cavilaciones, no es solamente un gran especialista en medicina oncol\u00f3gica, adem\u00e1s es un humanista de excepci\u00f3n.<\/p>\n<p>\u00a1Y un personaje notable como pocos!<\/p>\n<p>Ahora bien, su libro de cuentos <em>Relatos para so\u00f1ar feliz<\/em>, es escrito con pluma \u00e1gil, di\u00e1fana y sutil. En sus p\u00e1ginas explora, en las damas del ayer y de hoy, sus sentimientos, ilusiones, deseos y dones, en el seno de sociedades tan machistas como patriarcales. Reencanta con moralejas de pret\u00e9ritas leyendas aplicables como gu\u00edas y ense\u00f1anzas, incluso en el mundo de hoy. Y redescubre la important\u00edsima relaci\u00f3n entre padres e hijos desde variadas y sorprendentes narraciones.<\/p>\n<p>Guido Schiappacasse, el autor de estos relatos, sin lugar a dudas cumple su cometido, entreteni\u00e9ndonos, compenetr\u00e1ndose con nosotros y haci\u00e9ndonos disfrutar con sus narraciones de forma sin igual.<\/p>\n<p>\u00a1Un libro imperdible para mozas y damas, padres e hijos; y j\u00f3venes y no tan j\u00f3venes!<\/p>\n<p><em>\u00a0<\/em><\/p>\n<p><em>\u00a0\u00a0\u00a0\u00a0\u00a0\u00a0\u00a0\u00a0\u00a0\u00a0\u00a0\u00a0\u00a0\u00a0\u00a0\u00a0\u00a0\u00a0\u00a0\u00a0\u00a0\u00a0\u00a0\u00a0\u00a0\u00a0\u00a0\u00a0\u00a0\u00a0\u00a0\u00a0\u00a0\u00a0\u00a0\u00a0\u00a0\u00a0\u00a0\u00a0\u00a0\u00a0\u00a0\u00a0\u00a0\u00a0\u00a0\u00a0\u00a0\u00a0\u00a0\u00a0\u00a0\u00a0\u00a0\u00a0\u00a0\u00a0\u00a0\u00a0\u00a0\u00a0\u00a0\u00a0\u00a0\u00a0\u00a0\u00a0\u00a0\u00a0\u00a0\u00a0\u00a0\u00a0\u00a0\u00a0\u00a0\u00a0\u00a0\u00a0\u00a0\u00a0\u00a0\u00a0\u00a0\u00a0\u00a0\u00a0\u00a0\u00a0\u00a0\u00a0\u00a0\u00a0\u00a0\u00a0\u00a0\u00a0\u00a0\u00a0\u00a0\u00a0\u00a0\u00a0\u00a0\u00a0\u00a0\u00a0\u00a0\u00a0 Tom\u00e1s Cox<\/em><\/p>\n<p style=\"text-align: right;\"><em>Comunicador y entrevistador chileno<\/em><\/p>\n<p style=\"text-align: right;\">\u00a0 Vi\u00f1a del Mar, 16 de abril del a\u00f1o 2.023<\/p>\n","protected":false},"featured_media":102039,"comment_status":"open","ping_status":"closed","template":"","meta":{"_acf_changed":false},"libro":[],"product_brand":[],"product_cat":[33],"product_tag":[],"class_list":{"0":"post-102026","1":"product","2":"type-product","3":"status-publish","4":"has-post-thumbnail","6":"product_cat-cuento","8":"first","9":"instock","10":"shipping-taxable","11":"product-type-simple"},"acf":{"autor":[102029],"enlace_de_compra":"https:\/\/amzn.to\/4d8qW9X"},"yoast_head":"<!-- This site is optimized with the Yoast SEO plugin v26.6 - https:\/\/yoast.com\/wordpress\/plugins\/seo\/ -->\n<title>RELATOS PARA SON\u0303AR FELIZ. 13 fascinantes cuentos para padres e hijos - Catalogo | Letrame Grupo Editorial<\/title>\n<meta name=\"robots\" content=\"index, follow, max-snippet:-1, max-image-preview:large, max-video-preview:-1\" \/>\n<link rel=\"canonical\" href=\"https:\/\/letrame.com\/catalogo\/producto\/relatos-para-sonar-feliz-13-fascinantes-cuentos-para-padres-e-hijos\/\" \/>\n<meta property=\"og:locale\" content=\"es_ES\" \/>\n<meta property=\"og:type\" content=\"article\" \/>\n<meta property=\"og:title\" content=\"RELATOS PARA SON\u0303AR FELIZ. 13 fascinantes cuentos para padres e hijos - Catalogo | Letrame Grupo Editorial\" \/>\n<meta property=\"og:description\" content=\"ISBN: 978-84-1181-510-9 SINOPSIS Conoc\u00ed al m\u00e9dico onc\u00f3logo, se\u00f1or Guido Schiappacasse Cocio, en una conversaci\u00f3n televisada. Me impresion\u00f3 fuertemente su pasi\u00f3n por la medicina y su real y verdadero inter\u00e9s por la literatura y la cultura en general.  Sin temor a cavilaciones, no es solamente un gran especialista en medicina oncol\u00f3gica, adem\u00e1s es un humanista de excepci\u00f3n.  \u00a1Y un personaje notable como pocos!  Ahora bien, su libro de cuentos Relatos para so\u00f1ar feliz, es escrito con pluma \u00e1gil, di\u00e1fana y sutil. En sus p\u00e1ginas explora, en las damas del ayer y de hoy, sus sentimientos, ilusiones, deseos y dones, en el seno de sociedades tan machistas como patriarcales. Reencanta con moralejas de pret\u00e9ritas leyendas aplicables como gu\u00edas y ense\u00f1anzas, incluso en el mundo de hoy. Y redescubre la important\u00edsima relaci\u00f3n entre padres e hijos desde variadas y sorprendentes narraciones.  Guido Schiappacasse, el autor de estos relatos, sin lugar a dudas cumple su cometido, entreteni\u00e9ndonos, compenetr\u00e1ndose con nosotros y haci\u00e9ndonos disfrutar con sus narraciones de forma sin igual.  \u00a1Un libro imperdible para mozas y damas, padres e hijos; y j\u00f3venes y no tan j\u00f3venes!  \u00a0  \u00a0\u00a0\u00a0\u00a0\u00a0\u00a0\u00a0\u00a0\u00a0\u00a0\u00a0\u00a0\u00a0\u00a0\u00a0\u00a0\u00a0\u00a0\u00a0\u00a0\u00a0\u00a0\u00a0\u00a0\u00a0\u00a0\u00a0\u00a0\u00a0\u00a0\u00a0\u00a0\u00a0\u00a0\u00a0\u00a0\u00a0\u00a0\u00a0\u00a0\u00a0\u00a0\u00a0\u00a0\u00a0\u00a0\u00a0\u00a0\u00a0\u00a0\u00a0\u00a0\u00a0\u00a0\u00a0\u00a0\u00a0\u00a0\u00a0\u00a0\u00a0\u00a0\u00a0\u00a0\u00a0\u00a0\u00a0\u00a0\u00a0\u00a0\u00a0\u00a0\u00a0\u00a0\u00a0\u00a0\u00a0\u00a0\u00a0\u00a0\u00a0\u00a0\u00a0\u00a0\u00a0\u00a0\u00a0\u00a0\u00a0\u00a0\u00a0\u00a0\u00a0\u00a0\u00a0\u00a0\u00a0\u00a0\u00a0\u00a0\u00a0\u00a0\u00a0\u00a0\u00a0\u00a0\u00a0\u00a0\u00a0\u00a0 Tom\u00e1s Cox Comunicador y entrevistador chileno \u00a0 Vi\u00f1a del Mar, 16 de abril del a\u00f1o 2.023\" \/>\n<meta property=\"og:url\" content=\"https:\/\/letrame.com\/catalogo\/producto\/relatos-para-sonar-feliz-13-fascinantes-cuentos-para-padres-e-hijos\/\" \/>\n<meta property=\"og:site_name\" content=\"Catalogo | Letrame Grupo Editorial\" \/>\n<meta property=\"og:image\" content=\"https:\/\/letrame.com\/catalogo\/wp-content\/uploads\/2024\/07\/webp_relatosparasonar_1094mm-compressed-scaled.jpg\" \/>\n\t<meta property=\"og:image:width\" content=\"1746\" \/>\n\t<meta property=\"og:image:height\" content=\"2560\" \/>\n\t<meta property=\"og:image:type\" content=\"image\/jpeg\" \/>\n<meta name=\"twitter:card\" content=\"summary_large_image\" \/>\n<meta name=\"twitter:label1\" content=\"Tiempo de lectura\" \/>\n\t<meta name=\"twitter:data1\" content=\"2 minutos\" \/>\n<script type=\"application\/ld+json\" class=\"yoast-schema-graph\">{\"@context\":\"https:\/\/schema.org\",\"@graph\":[{\"@type\":\"WebPage\",\"@id\":\"https:\/\/letrame.com\/catalogo\/producto\/relatos-para-sonar-feliz-13-fascinantes-cuentos-para-padres-e-hijos\/\",\"url\":\"https:\/\/letrame.com\/catalogo\/producto\/relatos-para-sonar-feliz-13-fascinantes-cuentos-para-padres-e-hijos\/\",\"name\":\"RELATOS PARA SON\u0303AR FELIZ. 13 fascinantes cuentos para padres e hijos - Catalogo | Letrame Grupo Editorial\",\"isPartOf\":{\"@id\":\"https:\/\/letrame.com\/catalogo\/#website\"},\"primaryImageOfPage\":{\"@id\":\"https:\/\/letrame.com\/catalogo\/producto\/relatos-para-sonar-feliz-13-fascinantes-cuentos-para-padres-e-hijos\/#primaryimage\"},\"image\":{\"@id\":\"https:\/\/letrame.com\/catalogo\/producto\/relatos-para-sonar-feliz-13-fascinantes-cuentos-para-padres-e-hijos\/#primaryimage\"},\"thumbnailUrl\":\"https:\/\/letrame.com\/catalogo\/wp-content\/uploads\/2024\/07\/webp_relatosparasonar_1094mm-compressed-scaled.jpg\",\"datePublished\":\"2024-07-17T11:53:41+00:00\",\"breadcrumb\":{\"@id\":\"https:\/\/letrame.com\/catalogo\/producto\/relatos-para-sonar-feliz-13-fascinantes-cuentos-para-padres-e-hijos\/#breadcrumb\"},\"inLanguage\":\"es\",\"potentialAction\":[{\"@type\":\"ReadAction\",\"target\":[\"https:\/\/letrame.com\/catalogo\/producto\/relatos-para-sonar-feliz-13-fascinantes-cuentos-para-padres-e-hijos\/\"]}]},{\"@type\":\"ImageObject\",\"inLanguage\":\"es\",\"@id\":\"https:\/\/letrame.com\/catalogo\/producto\/relatos-para-sonar-feliz-13-fascinantes-cuentos-para-padres-e-hijos\/#primaryimage\",\"url\":\"https:\/\/letrame.com\/catalogo\/wp-content\/uploads\/2024\/07\/webp_relatosparasonar_1094mm-compressed-scaled.jpg\",\"contentUrl\":\"https:\/\/letrame.com\/catalogo\/wp-content\/uploads\/2024\/07\/webp_relatosparasonar_1094mm-compressed-scaled.jpg\",\"width\":1746,\"height\":2560},{\"@type\":\"BreadcrumbList\",\"@id\":\"https:\/\/letrame.com\/catalogo\/producto\/relatos-para-sonar-feliz-13-fascinantes-cuentos-para-padres-e-hijos\/#breadcrumb\",\"itemListElement\":[{\"@type\":\"ListItem\",\"position\":1,\"name\":\"Portada\",\"item\":\"https:\/\/letrame.com\/catalogo\/\"},{\"@type\":\"ListItem\",\"position\":2,\"name\":\"Cat\u00e1logo\",\"item\":\"https:\/\/letrame.com\/catalogo\/\"},{\"@type\":\"ListItem\",\"position\":3,\"name\":\"RELATOS PARA SON\u0303AR FELIZ. 13 fascinantes cuentos para padres e hijos\"}]},{\"@type\":\"WebSite\",\"@id\":\"https:\/\/letrame.com\/catalogo\/#website\",\"url\":\"https:\/\/letrame.com\/catalogo\/\",\"name\":\"Catalogo | Letrame Grupo Editorial\",\"description\":\"\",\"publisher\":{\"@id\":\"https:\/\/letrame.com\/catalogo\/#organization\"},\"potentialAction\":[{\"@type\":\"SearchAction\",\"target\":{\"@type\":\"EntryPoint\",\"urlTemplate\":\"https:\/\/letrame.com\/catalogo\/?s={search_term_string}\"},\"query-input\":{\"@type\":\"PropertyValueSpecification\",\"valueRequired\":true,\"valueName\":\"search_term_string\"}}],\"inLanguage\":\"es\"},{\"@type\":\"Organization\",\"@id\":\"https:\/\/letrame.com\/catalogo\/#organization\",\"name\":\"Catalogo | Letrame Grupo Editorial\",\"url\":\"https:\/\/letrame.com\/catalogo\/\",\"logo\":{\"@type\":\"ImageObject\",\"inLanguage\":\"es\",\"@id\":\"https:\/\/letrame.com\/catalogo\/#\/schema\/logo\/image\/\",\"url\":\"https:\/\/letrame.com\/catalogo\/wp-content\/uploads\/2024\/03\/logo2.webp\",\"contentUrl\":\"https:\/\/letrame.com\/catalogo\/wp-content\/uploads\/2024\/03\/logo2.webp\",\"width\":394,\"height\":128,\"caption\":\"Catalogo | Letrame Grupo Editorial\"},\"image\":{\"@id\":\"https:\/\/letrame.com\/catalogo\/#\/schema\/logo\/image\/\"}}]}<\/script>\n<!-- \/ Yoast SEO plugin. -->","yoast_head_json":{"title":"RELATOS PARA SON\u0303AR FELIZ. 13 fascinantes cuentos para padres e hijos - Catalogo | Letrame Grupo Editorial","robots":{"index":"index","follow":"follow","max-snippet":"max-snippet:-1","max-image-preview":"max-image-preview:large","max-video-preview":"max-video-preview:-1"},"canonical":"https:\/\/letrame.com\/catalogo\/producto\/relatos-para-sonar-feliz-13-fascinantes-cuentos-para-padres-e-hijos\/","og_locale":"es_ES","og_type":"article","og_title":"RELATOS PARA SON\u0303AR FELIZ. 13 fascinantes cuentos para padres e hijos - Catalogo | Letrame Grupo Editorial","og_description":"ISBN: 978-84-1181-510-9 SINOPSIS Conoc\u00ed al m\u00e9dico onc\u00f3logo, se\u00f1or Guido Schiappacasse Cocio, en una conversaci\u00f3n televisada. Me impresion\u00f3 fuertemente su pasi\u00f3n por la medicina y su real y verdadero inter\u00e9s por la literatura y la cultura en general.  Sin temor a cavilaciones, no es solamente un gran especialista en medicina oncol\u00f3gica, adem\u00e1s es un humanista de excepci\u00f3n.  \u00a1Y un personaje notable como pocos!  Ahora bien, su libro de cuentos Relatos para so\u00f1ar feliz, es escrito con pluma \u00e1gil, di\u00e1fana y sutil. En sus p\u00e1ginas explora, en las damas del ayer y de hoy, sus sentimientos, ilusiones, deseos y dones, en el seno de sociedades tan machistas como patriarcales. Reencanta con moralejas de pret\u00e9ritas leyendas aplicables como gu\u00edas y ense\u00f1anzas, incluso en el mundo de hoy. Y redescubre la important\u00edsima relaci\u00f3n entre padres e hijos desde variadas y sorprendentes narraciones.  Guido Schiappacasse, el autor de estos relatos, sin lugar a dudas cumple su cometido, entreteni\u00e9ndonos, compenetr\u00e1ndose con nosotros y haci\u00e9ndonos disfrutar con sus narraciones de forma sin igual.  \u00a1Un libro imperdible para mozas y damas, padres e hijos; y j\u00f3venes y no tan j\u00f3venes!  \u00a0  \u00a0\u00a0\u00a0\u00a0\u00a0\u00a0\u00a0\u00a0\u00a0\u00a0\u00a0\u00a0\u00a0\u00a0\u00a0\u00a0\u00a0\u00a0\u00a0\u00a0\u00a0\u00a0\u00a0\u00a0\u00a0\u00a0\u00a0\u00a0\u00a0\u00a0\u00a0\u00a0\u00a0\u00a0\u00a0\u00a0\u00a0\u00a0\u00a0\u00a0\u00a0\u00a0\u00a0\u00a0\u00a0\u00a0\u00a0\u00a0\u00a0\u00a0\u00a0\u00a0\u00a0\u00a0\u00a0\u00a0\u00a0\u00a0\u00a0\u00a0\u00a0\u00a0\u00a0\u00a0\u00a0\u00a0\u00a0\u00a0\u00a0\u00a0\u00a0\u00a0\u00a0\u00a0\u00a0\u00a0\u00a0\u00a0\u00a0\u00a0\u00a0\u00a0\u00a0\u00a0\u00a0\u00a0\u00a0\u00a0\u00a0\u00a0\u00a0\u00a0\u00a0\u00a0\u00a0\u00a0\u00a0\u00a0\u00a0\u00a0\u00a0\u00a0\u00a0\u00a0\u00a0\u00a0\u00a0\u00a0\u00a0\u00a0 Tom\u00e1s Cox Comunicador y entrevistador chileno \u00a0 Vi\u00f1a del Mar, 16 de abril del a\u00f1o 2.023","og_url":"https:\/\/letrame.com\/catalogo\/producto\/relatos-para-sonar-feliz-13-fascinantes-cuentos-para-padres-e-hijos\/","og_site_name":"Catalogo | Letrame Grupo Editorial","og_image":[{"width":1746,"height":2560,"url":"https:\/\/letrame.com\/catalogo\/wp-content\/uploads\/2024\/07\/webp_relatosparasonar_1094mm-compressed-scaled.jpg","type":"image\/jpeg"}],"twitter_card":"summary_large_image","twitter_misc":{"Tiempo de lectura":"2 minutos"},"schema":{"@context":"https:\/\/schema.org","@graph":[{"@type":"WebPage","@id":"https:\/\/letrame.com\/catalogo\/producto\/relatos-para-sonar-feliz-13-fascinantes-cuentos-para-padres-e-hijos\/","url":"https:\/\/letrame.com\/catalogo\/producto\/relatos-para-sonar-feliz-13-fascinantes-cuentos-para-padres-e-hijos\/","name":"RELATOS PARA SON\u0303AR FELIZ. 13 fascinantes cuentos para padres e hijos - Catalogo | Letrame Grupo Editorial","isPartOf":{"@id":"https:\/\/letrame.com\/catalogo\/#website"},"primaryImageOfPage":{"@id":"https:\/\/letrame.com\/catalogo\/producto\/relatos-para-sonar-feliz-13-fascinantes-cuentos-para-padres-e-hijos\/#primaryimage"},"image":{"@id":"https:\/\/letrame.com\/catalogo\/producto\/relatos-para-sonar-feliz-13-fascinantes-cuentos-para-padres-e-hijos\/#primaryimage"},"thumbnailUrl":"https:\/\/letrame.com\/catalogo\/wp-content\/uploads\/2024\/07\/webp_relatosparasonar_1094mm-compressed-scaled.jpg","datePublished":"2024-07-17T11:53:41+00:00","breadcrumb":{"@id":"https:\/\/letrame.com\/catalogo\/producto\/relatos-para-sonar-feliz-13-fascinantes-cuentos-para-padres-e-hijos\/#breadcrumb"},"inLanguage":"es","potentialAction":[{"@type":"ReadAction","target":["https:\/\/letrame.com\/catalogo\/producto\/relatos-para-sonar-feliz-13-fascinantes-cuentos-para-padres-e-hijos\/"]}]},{"@type":"ImageObject","inLanguage":"es","@id":"https:\/\/letrame.com\/catalogo\/producto\/relatos-para-sonar-feliz-13-fascinantes-cuentos-para-padres-e-hijos\/#primaryimage","url":"https:\/\/letrame.com\/catalogo\/wp-content\/uploads\/2024\/07\/webp_relatosparasonar_1094mm-compressed-scaled.jpg","contentUrl":"https:\/\/letrame.com\/catalogo\/wp-content\/uploads\/2024\/07\/webp_relatosparasonar_1094mm-compressed-scaled.jpg","width":1746,"height":2560},{"@type":"BreadcrumbList","@id":"https:\/\/letrame.com\/catalogo\/producto\/relatos-para-sonar-feliz-13-fascinantes-cuentos-para-padres-e-hijos\/#breadcrumb","itemListElement":[{"@type":"ListItem","position":1,"name":"Portada","item":"https:\/\/letrame.com\/catalogo\/"},{"@type":"ListItem","position":2,"name":"Cat\u00e1logo","item":"https:\/\/letrame.com\/catalogo\/"},{"@type":"ListItem","position":3,"name":"RELATOS PARA SON\u0303AR FELIZ. 13 fascinantes cuentos para padres e hijos"}]},{"@type":"WebSite","@id":"https:\/\/letrame.com\/catalogo\/#website","url":"https:\/\/letrame.com\/catalogo\/","name":"Catalogo | Letrame Grupo Editorial","description":"","publisher":{"@id":"https:\/\/letrame.com\/catalogo\/#organization"},"potentialAction":[{"@type":"SearchAction","target":{"@type":"EntryPoint","urlTemplate":"https:\/\/letrame.com\/catalogo\/?s={search_term_string}"},"query-input":{"@type":"PropertyValueSpecification","valueRequired":true,"valueName":"search_term_string"}}],"inLanguage":"es"},{"@type":"Organization","@id":"https:\/\/letrame.com\/catalogo\/#organization","name":"Catalogo | Letrame Grupo Editorial","url":"https:\/\/letrame.com\/catalogo\/","logo":{"@type":"ImageObject","inLanguage":"es","@id":"https:\/\/letrame.com\/catalogo\/#\/schema\/logo\/image\/","url":"https:\/\/letrame.com\/catalogo\/wp-content\/uploads\/2024\/03\/logo2.webp","contentUrl":"https:\/\/letrame.com\/catalogo\/wp-content\/uploads\/2024\/03\/logo2.webp","width":394,"height":128,"caption":"Catalogo | Letrame Grupo Editorial"},"image":{"@id":"https:\/\/letrame.com\/catalogo\/#\/schema\/logo\/image\/"}}]}},"_links":{"self":[{"href":"https:\/\/letrame.com\/catalogo\/wp-json\/wp\/v2\/product\/102026","targetHints":{"allow":["GET"]}}],"collection":[{"href":"https:\/\/letrame.com\/catalogo\/wp-json\/wp\/v2\/product"}],"about":[{"href":"https:\/\/letrame.com\/catalogo\/wp-json\/wp\/v2\/types\/product"}],"replies":[{"embeddable":true,"href":"https:\/\/letrame.com\/catalogo\/wp-json\/wp\/v2\/comments?post=102026"}],"acf:post":[{"embeddable":true,"href":"https:\/\/letrame.com\/catalogo\/wp-json\/wp\/v2\/author_book\/102029"}],"wp:featuredmedia":[{"embeddable":true,"href":"https:\/\/letrame.com\/catalogo\/wp-json\/wp\/v2\/media\/102039"}],"wp:attachment":[{"href":"https:\/\/letrame.com\/catalogo\/wp-json\/wp\/v2\/media?parent=102026"}],"wp:term":[{"taxonomy":"libro","embeddable":true,"href":"https:\/\/letrame.com\/catalogo\/wp-json\/wp\/v2\/libro?post=102026"},{"taxonomy":"product_brand","embeddable":true,"href":"https:\/\/letrame.com\/catalogo\/wp-json\/wp\/v2\/product_brand?post=102026"},{"taxonomy":"product_cat","embeddable":true,"href":"https:\/\/letrame.com\/catalogo\/wp-json\/wp\/v2\/product_cat?post=102026"},{"taxonomy":"product_tag","embeddable":true,"href":"https:\/\/letrame.com\/catalogo\/wp-json\/wp\/v2\/product_tag?post=102026"}],"curies":[{"name":"wp","href":"https:\/\/api.w.org\/{rel}","templated":true}]}}