{"id":101524,"date":"2024-06-20T14:15:17","date_gmt":"2024-06-20T12:15:17","guid":{"rendered":"https:\/\/letrame.com\/catalogo\/?post_type=product&#038;p=101524"},"modified":"2024-07-03T10:53:39","modified_gmt":"2024-07-03T08:53:39","slug":"manual-de-inspeccion-para-agentes-de-bienes-raices","status":"publish","type":"product","link":"https:\/\/letrame.com\/catalogo\/producto\/manual-de-inspeccion-para-agentes-de-bienes-raices\/","title":{"rendered":"Manual de inspecci\u00f3n para agentes de Bienes Ra\u00edces"},"content":{"rendered":"<p>ISBN:\u00a0978-84-1068-099-9<br \/>\nT\u00edtulo:\u2028Manual de inspecci\u00f3n para agentes de Bienes Ra\u00edces<br \/>\nFecha:\u20282024<br \/>\nP\u00e1ginas:\u00a0318<br \/>\nSINOPSIS<\/p>\n<p>\u00bfHas so\u00f1ado alguna vez con comprarte tu propia casa? Sin embargo, no es oro todo lo que reluce. \u00a1Ten cuidado y que no te enga\u00f1en!<br \/>\nCon este Manual de inspecci\u00f3n para agentes de Bienes Ra\u00edces, tendr\u00e1s toda la informaci\u00f3n indispensable para analizar y evaluar detenidamente cualquier propiedad que quieras comprar o incluso vender.<br \/>\nYa seas un comprador particular, o un profesional inmobiliario, este manual te proporcionar\u00e1 las pautas que necesitas.<\/p>\n","protected":false},"excerpt":{"rendered":"<p>ISBN:\u00a0978-84-1068-099-9<\/p>\n<p>SINOPSIS<\/p>\n<p>\u00bfHas so\u00f1ado alguna vez con comprarte tu propia casa? Sin embargo, no es oro todo lo que reluce. \u00a1Ten cuidado y que no te enga\u00f1en!<br \/>\nCon este Manual de inspecci\u00f3n para agentes de Bienes Ra\u00edces, tendr\u00e1s toda la informaci\u00f3n indispensable para analizar y evaluar detenidamente cualquier propiedad que quieras comprar o incluso vender.<br \/>\nYa seas un comprador particular, o un profesional inmobiliario, este manual te proporcionar\u00e1 las pautas que necesitas.<\/p>\n","protected":false},"featured_media":101526,"comment_status":"open","ping_status":"closed","template":"","meta":{"_acf_changed":false},"libro":[],"product_brand":[],"product_cat":[113],"product_tag":[],"class_list":{"0":"post-101524","1":"product","2":"type-product","3":"status-publish","4":"has-post-thumbnail","6":"product_cat-educacion","8":"first","9":"instock","10":"shipping-taxable","11":"product-type-simple"},"acf":{"autor":[101523],"enlace_de_compra":"https:\/\/amzn.to\/3RUvbxD"},"yoast_head":"<!-- This site is optimized with the Yoast SEO plugin v27.4 - https:\/\/yoast.com\/product\/yoast-seo-wordpress\/ -->\n<title>Manual de inspecci\u00f3n para agentes de Bienes Ra\u00edces - Catalogo | Letrame Grupo Editorial<\/title>\n<meta name=\"robots\" content=\"index, follow, max-snippet:-1, max-image-preview:large, max-video-preview:-1\" \/>\n<link rel=\"canonical\" href=\"https:\/\/letrame.com\/catalogo\/producto\/manual-de-inspeccion-para-agentes-de-bienes-raices\/\" \/>\n<meta property=\"og:locale\" content=\"es_ES\" \/>\n<meta property=\"og:type\" content=\"article\" \/>\n<meta property=\"og:title\" content=\"Manual de inspecci\u00f3n para agentes de Bienes Ra\u00edces - Catalogo | Letrame Grupo Editorial\" \/>\n<meta property=\"og:description\" content=\"ISBN:\u00a0978-84-1068-099-9  SINOPSIS  \u00bfHas so\u00f1ado alguna vez con comprarte tu propia casa? Sin embargo, no es oro todo lo que reluce. \u00a1Ten cuidado y que no te enga\u00f1en! Con este Manual de inspecci\u00f3n para agentes de Bienes Ra\u00edces, tendr\u00e1s toda la informaci\u00f3n indispensable para analizar y evaluar detenidamente cualquier propiedad que quieras comprar o incluso vender. Ya seas un comprador particular, o un profesional inmobiliario, este manual te proporcionar\u00e1 las pautas que necesitas.\" \/>\n<meta property=\"og:url\" content=\"https:\/\/letrame.com\/catalogo\/producto\/manual-de-inspeccion-para-agentes-de-bienes-raices\/\" \/>\n<meta property=\"og:site_name\" content=\"Catalogo | Letrame Grupo Editorial\" \/>\n<meta property=\"article:modified_time\" content=\"2024-07-03T08:53:39+00:00\" \/>\n<meta property=\"og:image\" content=\"https:\/\/letrame.com\/catalogo\/wp-content\/uploads\/2024\/06\/webp_manualdeinspeccion_1574mm-compressed-scaled.jpg\" \/>\n\t<meta property=\"og:image:width\" content=\"1746\" \/>\n\t<meta property=\"og:image:height\" content=\"2560\" \/>\n\t<meta property=\"og:image:type\" content=\"image\/jpeg\" \/>\n<meta name=\"twitter:card\" content=\"summary_large_image\" \/>\n<meta name=\"twitter:label1\" content=\"Tiempo de lectura\" \/>\n\t<meta name=\"twitter:data1\" content=\"1 minuto\" \/>\n<script type=\"application\/ld+json\" class=\"yoast-schema-graph\">{\"@context\":\"https:\\\/\\\/schema.org\",\"@graph\":[{\"@type\":\"WebPage\",\"@id\":\"https:\\\/\\\/letrame.com\\\/catalogo\\\/producto\\\/manual-de-inspeccion-para-agentes-de-bienes-raices\\\/\",\"url\":\"https:\\\/\\\/letrame.com\\\/catalogo\\\/producto\\\/manual-de-inspeccion-para-agentes-de-bienes-raices\\\/\",\"name\":\"Manual de inspecci\u00f3n para agentes de Bienes Ra\u00edces - Catalogo | Letrame Grupo Editorial\",\"isPartOf\":{\"@id\":\"https:\\\/\\\/letrame.com\\\/catalogo\\\/#website\"},\"primaryImageOfPage\":{\"@id\":\"https:\\\/\\\/letrame.com\\\/catalogo\\\/producto\\\/manual-de-inspeccion-para-agentes-de-bienes-raices\\\/#primaryimage\"},\"image\":{\"@id\":\"https:\\\/\\\/letrame.com\\\/catalogo\\\/producto\\\/manual-de-inspeccion-para-agentes-de-bienes-raices\\\/#primaryimage\"},\"thumbnailUrl\":\"https:\\\/\\\/letrame.com\\\/catalogo\\\/wp-content\\\/uploads\\\/2024\\\/06\\\/webp_manualdeinspeccion_1574mm-compressed-scaled.jpg\",\"datePublished\":\"2024-06-20T12:15:17+00:00\",\"dateModified\":\"2024-07-03T08:53:39+00:00\",\"breadcrumb\":{\"@id\":\"https:\\\/\\\/letrame.com\\\/catalogo\\\/producto\\\/manual-de-inspeccion-para-agentes-de-bienes-raices\\\/#breadcrumb\"},\"inLanguage\":\"es\",\"potentialAction\":[{\"@type\":\"ReadAction\",\"target\":[\"https:\\\/\\\/letrame.com\\\/catalogo\\\/producto\\\/manual-de-inspeccion-para-agentes-de-bienes-raices\\\/\"]}]},{\"@type\":\"ImageObject\",\"inLanguage\":\"es\",\"@id\":\"https:\\\/\\\/letrame.com\\\/catalogo\\\/producto\\\/manual-de-inspeccion-para-agentes-de-bienes-raices\\\/#primaryimage\",\"url\":\"https:\\\/\\\/letrame.com\\\/catalogo\\\/wp-content\\\/uploads\\\/2024\\\/06\\\/webp_manualdeinspeccion_1574mm-compressed-scaled.jpg\",\"contentUrl\":\"https:\\\/\\\/letrame.com\\\/catalogo\\\/wp-content\\\/uploads\\\/2024\\\/06\\\/webp_manualdeinspeccion_1574mm-compressed-scaled.jpg\",\"width\":1746,\"height\":2560},{\"@type\":\"BreadcrumbList\",\"@id\":\"https:\\\/\\\/letrame.com\\\/catalogo\\\/producto\\\/manual-de-inspeccion-para-agentes-de-bienes-raices\\\/#breadcrumb\",\"itemListElement\":[{\"@type\":\"ListItem\",\"position\":1,\"name\":\"Portada\",\"item\":\"https:\\\/\\\/letrame.com\\\/catalogo\\\/\"},{\"@type\":\"ListItem\",\"position\":2,\"name\":\"Cat\u00e1logo\",\"item\":\"https:\\\/\\\/letrame.com\\\/catalogo\\\/\"},{\"@type\":\"ListItem\",\"position\":3,\"name\":\"Manual de inspecci\u00f3n para agentes de Bienes Ra\u00edces\"}]},{\"@type\":\"WebSite\",\"@id\":\"https:\\\/\\\/letrame.com\\\/catalogo\\\/#website\",\"url\":\"https:\\\/\\\/letrame.com\\\/catalogo\\\/\",\"name\":\"Catalogo | Letrame Grupo Editorial\",\"description\":\"\",\"publisher\":{\"@id\":\"https:\\\/\\\/letrame.com\\\/catalogo\\\/#organization\"},\"potentialAction\":[{\"@type\":\"SearchAction\",\"target\":{\"@type\":\"EntryPoint\",\"urlTemplate\":\"https:\\\/\\\/letrame.com\\\/catalogo\\\/?s={search_term_string}\"},\"query-input\":{\"@type\":\"PropertyValueSpecification\",\"valueRequired\":true,\"valueName\":\"search_term_string\"}}],\"inLanguage\":\"es\"},{\"@type\":\"Organization\",\"@id\":\"https:\\\/\\\/letrame.com\\\/catalogo\\\/#organization\",\"name\":\"Catalogo | Letrame Grupo Editorial\",\"url\":\"https:\\\/\\\/letrame.com\\\/catalogo\\\/\",\"logo\":{\"@type\":\"ImageObject\",\"inLanguage\":\"es\",\"@id\":\"https:\\\/\\\/letrame.com\\\/catalogo\\\/#\\\/schema\\\/logo\\\/image\\\/\",\"url\":\"https:\\\/\\\/letrame.com\\\/catalogo\\\/wp-content\\\/uploads\\\/2024\\\/03\\\/logo2.webp\",\"contentUrl\":\"https:\\\/\\\/letrame.com\\\/catalogo\\\/wp-content\\\/uploads\\\/2024\\\/03\\\/logo2.webp\",\"width\":394,\"height\":128,\"caption\":\"Catalogo | Letrame Grupo Editorial\"},\"image\":{\"@id\":\"https:\\\/\\\/letrame.com\\\/catalogo\\\/#\\\/schema\\\/logo\\\/image\\\/\"}}]}<\/script>\n<!-- \/ Yoast SEO plugin. -->","yoast_head_json":{"title":"Manual de inspecci\u00f3n para agentes de Bienes Ra\u00edces - Catalogo | Letrame Grupo Editorial","robots":{"index":"index","follow":"follow","max-snippet":"max-snippet:-1","max-image-preview":"max-image-preview:large","max-video-preview":"max-video-preview:-1"},"canonical":"https:\/\/letrame.com\/catalogo\/producto\/manual-de-inspeccion-para-agentes-de-bienes-raices\/","og_locale":"es_ES","og_type":"article","og_title":"Manual de inspecci\u00f3n para agentes de Bienes Ra\u00edces - Catalogo | Letrame Grupo Editorial","og_description":"ISBN:\u00a0978-84-1068-099-9  SINOPSIS  \u00bfHas so\u00f1ado alguna vez con comprarte tu propia casa? Sin embargo, no es oro todo lo que reluce. \u00a1Ten cuidado y que no te enga\u00f1en! Con este Manual de inspecci\u00f3n para agentes de Bienes Ra\u00edces, tendr\u00e1s toda la informaci\u00f3n indispensable para analizar y evaluar detenidamente cualquier propiedad que quieras comprar o incluso vender. Ya seas un comprador particular, o un profesional inmobiliario, este manual te proporcionar\u00e1 las pautas que necesitas.","og_url":"https:\/\/letrame.com\/catalogo\/producto\/manual-de-inspeccion-para-agentes-de-bienes-raices\/","og_site_name":"Catalogo | Letrame Grupo Editorial","article_modified_time":"2024-07-03T08:53:39+00:00","og_image":[{"width":1746,"height":2560,"url":"https:\/\/letrame.com\/catalogo\/wp-content\/uploads\/2024\/06\/webp_manualdeinspeccion_1574mm-compressed-scaled.jpg","type":"image\/jpeg"}],"twitter_card":"summary_large_image","twitter_misc":{"Tiempo de lectura":"1 minuto"},"schema":{"@context":"https:\/\/schema.org","@graph":[{"@type":"WebPage","@id":"https:\/\/letrame.com\/catalogo\/producto\/manual-de-inspeccion-para-agentes-de-bienes-raices\/","url":"https:\/\/letrame.com\/catalogo\/producto\/manual-de-inspeccion-para-agentes-de-bienes-raices\/","name":"Manual de inspecci\u00f3n para agentes de Bienes Ra\u00edces - Catalogo | Letrame Grupo Editorial","isPartOf":{"@id":"https:\/\/letrame.com\/catalogo\/#website"},"primaryImageOfPage":{"@id":"https:\/\/letrame.com\/catalogo\/producto\/manual-de-inspeccion-para-agentes-de-bienes-raices\/#primaryimage"},"image":{"@id":"https:\/\/letrame.com\/catalogo\/producto\/manual-de-inspeccion-para-agentes-de-bienes-raices\/#primaryimage"},"thumbnailUrl":"https:\/\/letrame.com\/catalogo\/wp-content\/uploads\/2024\/06\/webp_manualdeinspeccion_1574mm-compressed-scaled.jpg","datePublished":"2024-06-20T12:15:17+00:00","dateModified":"2024-07-03T08:53:39+00:00","breadcrumb":{"@id":"https:\/\/letrame.com\/catalogo\/producto\/manual-de-inspeccion-para-agentes-de-bienes-raices\/#breadcrumb"},"inLanguage":"es","potentialAction":[{"@type":"ReadAction","target":["https:\/\/letrame.com\/catalogo\/producto\/manual-de-inspeccion-para-agentes-de-bienes-raices\/"]}]},{"@type":"ImageObject","inLanguage":"es","@id":"https:\/\/letrame.com\/catalogo\/producto\/manual-de-inspeccion-para-agentes-de-bienes-raices\/#primaryimage","url":"https:\/\/letrame.com\/catalogo\/wp-content\/uploads\/2024\/06\/webp_manualdeinspeccion_1574mm-compressed-scaled.jpg","contentUrl":"https:\/\/letrame.com\/catalogo\/wp-content\/uploads\/2024\/06\/webp_manualdeinspeccion_1574mm-compressed-scaled.jpg","width":1746,"height":2560},{"@type":"BreadcrumbList","@id":"https:\/\/letrame.com\/catalogo\/producto\/manual-de-inspeccion-para-agentes-de-bienes-raices\/#breadcrumb","itemListElement":[{"@type":"ListItem","position":1,"name":"Portada","item":"https:\/\/letrame.com\/catalogo\/"},{"@type":"ListItem","position":2,"name":"Cat\u00e1logo","item":"https:\/\/letrame.com\/catalogo\/"},{"@type":"ListItem","position":3,"name":"Manual de inspecci\u00f3n para agentes de Bienes Ra\u00edces"}]},{"@type":"WebSite","@id":"https:\/\/letrame.com\/catalogo\/#website","url":"https:\/\/letrame.com\/catalogo\/","name":"Catalogo | Letrame Grupo Editorial","description":"","publisher":{"@id":"https:\/\/letrame.com\/catalogo\/#organization"},"potentialAction":[{"@type":"SearchAction","target":{"@type":"EntryPoint","urlTemplate":"https:\/\/letrame.com\/catalogo\/?s={search_term_string}"},"query-input":{"@type":"PropertyValueSpecification","valueRequired":true,"valueName":"search_term_string"}}],"inLanguage":"es"},{"@type":"Organization","@id":"https:\/\/letrame.com\/catalogo\/#organization","name":"Catalogo | Letrame Grupo Editorial","url":"https:\/\/letrame.com\/catalogo\/","logo":{"@type":"ImageObject","inLanguage":"es","@id":"https:\/\/letrame.com\/catalogo\/#\/schema\/logo\/image\/","url":"https:\/\/letrame.com\/catalogo\/wp-content\/uploads\/2024\/03\/logo2.webp","contentUrl":"https:\/\/letrame.com\/catalogo\/wp-content\/uploads\/2024\/03\/logo2.webp","width":394,"height":128,"caption":"Catalogo | Letrame Grupo Editorial"},"image":{"@id":"https:\/\/letrame.com\/catalogo\/#\/schema\/logo\/image\/"}}]}},"_links":{"self":[{"href":"https:\/\/letrame.com\/catalogo\/wp-json\/wp\/v2\/product\/101524","targetHints":{"allow":["GET"]}}],"collection":[{"href":"https:\/\/letrame.com\/catalogo\/wp-json\/wp\/v2\/product"}],"about":[{"href":"https:\/\/letrame.com\/catalogo\/wp-json\/wp\/v2\/types\/product"}],"replies":[{"embeddable":true,"href":"https:\/\/letrame.com\/catalogo\/wp-json\/wp\/v2\/comments?post=101524"}],"acf:post":[{"embeddable":true,"href":"https:\/\/letrame.com\/catalogo\/wp-json\/wp\/v2\/author_book\/101523"}],"wp:featuredmedia":[{"embeddable":true,"href":"https:\/\/letrame.com\/catalogo\/wp-json\/wp\/v2\/media\/101526"}],"wp:attachment":[{"href":"https:\/\/letrame.com\/catalogo\/wp-json\/wp\/v2\/media?parent=101524"}],"wp:term":[{"taxonomy":"libro","embeddable":true,"href":"https:\/\/letrame.com\/catalogo\/wp-json\/wp\/v2\/libro?post=101524"},{"taxonomy":"product_brand","embeddable":true,"href":"https:\/\/letrame.com\/catalogo\/wp-json\/wp\/v2\/product_brand?post=101524"},{"taxonomy":"product_cat","embeddable":true,"href":"https:\/\/letrame.com\/catalogo\/wp-json\/wp\/v2\/product_cat?post=101524"},{"taxonomy":"product_tag","embeddable":true,"href":"https:\/\/letrame.com\/catalogo\/wp-json\/wp\/v2\/product_tag?post=101524"}],"curies":[{"name":"wp","href":"https:\/\/api.w.org\/{rel}","templated":true}]}}