{"id":101468,"date":"2024-06-20T12:24:23","date_gmt":"2024-06-20T10:24:23","guid":{"rendered":"https:\/\/letrame.com\/catalogo\/?post_type=product&#038;p=101468"},"modified":"2024-06-20T12:24:23","modified_gmt":"2024-06-20T10:24:23","slug":"cazadores-de-sombras","status":"publish","type":"product","link":"https:\/\/letrame.com\/catalogo\/producto\/cazadores-de-sombras\/","title":{"rendered":"Cazadores de sombras"},"content":{"rendered":"<p>ISBN:\u00a0978-84-1068-320-4<br \/>\nT\u00edtulo:\u2028Cazadores de sombras<br \/>\nFecha:\u20282024<br \/>\nP\u00e1ginas:\u00a0404<br \/>\nSINOPSIS<\/p>\n<p>En un viejo caf\u00e9 de un barrio popular de Madrid tres cincuentones se encuentran despu\u00e9s de largos a\u00f1os de exilio Carlos. Juan y Sergio, tres antiguos militantes de la izquierda anarquistas orgullosos, derrotados, torturados y perseguidos por el triunfo de la dictadura franquista, vuelven a reunirse veinte a\u00f1os despu\u00e9s, convocados por un juramento incumplido. Una historia en la que se entrecruzan situaciones de ficci\u00f3n, que pudieron ser reales, con relatos reales que, hoy, parecen de ficci\u00f3n. Cazadores de Sombras es un ejercicio literario en el marco de la Transici\u00f3n espa\u00f1ola, aderezado con misterios y asesinatos y puesto al servicio de una irrenunciable memoria hist\u00f3rica en la que se reivindican los perdedores. Una novela escrita con el coraz\u00f3n y con el est\u00f3mago, que presenta otra mirada m\u00e1s a la izquierda de las que tradicionalmente nos quiere confundir los apologistas de una descafeinada transici\u00f3n. <\/p>\n","protected":false},"excerpt":{"rendered":"<p>ISBN:\u00a0978-84-1068-320-4<\/p>\n<p>SINOPSIS<\/p>\n<p>En un viejo caf\u00e9 de un barrio popular de Madrid tres cincuentones se encuentran despu\u00e9s de largos a\u00f1os de exilio Carlos. Juan y Sergio, tres antiguos militantes de la izquierda anarquistas orgullosos, derrotados, torturados y perseguidos por el triunfo de la dictadura franquista, vuelven a reunirse veinte a\u00f1os despu\u00e9s, convocados por un juramento incumplido. Una historia en la que se entrecruzan situaciones de ficci\u00f3n, que pudieron ser reales, con relatos reales que, hoy, parecen de ficci\u00f3n. Cazadores de Sombras es un ejercicio literario en el marco de la Transici\u00f3n espa\u00f1ola, aderezado con misterios y asesinatos y puesto al servicio de una irrenunciable memoria hist\u00f3rica en la que se reivindican los perdedores. Una novela escrita con el coraz\u00f3n y con el est\u00f3mago, que presenta otra mirada m\u00e1s a la izquierda de las que tradicionalmente nos quiere confundir los apologistas de una descafeinada transici\u00f3n. <\/p>\n","protected":false},"featured_media":101470,"comment_status":"open","ping_status":"closed","template":"","meta":{"_acf_changed":false},"libro":[],"product_brand":[],"product_cat":[51],"product_tag":[],"class_list":{"0":"post-101468","1":"product","2":"type-product","3":"status-publish","4":"has-post-thumbnail","6":"product_cat-novela-negra","8":"first","9":"instock","10":"shipping-taxable","11":"product-type-simple"},"acf":{"autor":[73245],"enlace_de_compra":"https:\/\/www.casadellibro.com\/libro-cazadores-de-sombras\/9788410683204\/16087643?gclid=CjwKCAjwps-zBhAiEiwALwsVYb691JKiUSeAd0POYifUvH7IhpK_KZgLscHdqS5GHyx6tkqkCj84nhoCIcEQAvD_BwE"},"yoast_head":"<!-- This site is optimized with the Yoast SEO plugin v27.4 - https:\/\/yoast.com\/product\/yoast-seo-wordpress\/ -->\n<title>Cazadores de sombras - Catalogo | Letrame Grupo Editorial<\/title>\n<meta name=\"robots\" content=\"index, follow, max-snippet:-1, max-image-preview:large, max-video-preview:-1\" \/>\n<link rel=\"canonical\" href=\"https:\/\/letrame.com\/catalogo\/producto\/cazadores-de-sombras\/\" \/>\n<meta property=\"og:locale\" content=\"es_ES\" \/>\n<meta property=\"og:type\" content=\"article\" \/>\n<meta property=\"og:title\" content=\"Cazadores de sombras - Catalogo | Letrame Grupo Editorial\" \/>\n<meta property=\"og:description\" content=\"ISBN:\u00a0978-84-1068-320-4  SINOPSIS  En un viejo caf\u00e9 de un barrio popular de Madrid tres cincuentones se encuentran despu\u00e9s de largos a\u00f1os de exilio Carlos. Juan y Sergio, tres antiguos militantes de la izquierda anarquistas orgullosos, derrotados, torturados y perseguidos por el triunfo de la dictadura franquista, vuelven a reunirse veinte a\u00f1os despu\u00e9s, convocados por un juramento incumplido. Una historia en la que se entrecruzan situaciones de ficci\u00f3n, que pudieron ser reales, con relatos reales que, hoy, parecen de ficci\u00f3n. Cazadores de Sombras es un ejercicio literario en el marco de la Transici\u00f3n espa\u00f1ola, aderezado con misterios y asesinatos y puesto al servicio de una irrenunciable memoria hist\u00f3rica en la que se reivindican los perdedores. Una novela escrita con el coraz\u00f3n y con el est\u00f3mago, que presenta otra mirada m\u00e1s a la izquierda de las que tradicionalmente nos quiere confundir los apologistas de una descafeinada transici\u00f3n.\" \/>\n<meta property=\"og:url\" content=\"https:\/\/letrame.com\/catalogo\/producto\/cazadores-de-sombras\/\" \/>\n<meta property=\"og:site_name\" content=\"Catalogo | Letrame Grupo Editorial\" \/>\n<meta property=\"og:image\" content=\"https:\/\/letrame.com\/catalogo\/wp-content\/uploads\/2024\/06\/webp_cazadoresdesombras_197mm-compressed-scaled.jpg\" \/>\n\t<meta property=\"og:image:width\" content=\"1813\" \/>\n\t<meta property=\"og:image:height\" content=\"2560\" \/>\n\t<meta property=\"og:image:type\" content=\"image\/jpeg\" \/>\n<meta name=\"twitter:card\" content=\"summary_large_image\" \/>\n<script type=\"application\/ld+json\" class=\"yoast-schema-graph\">{\"@context\":\"https:\\\/\\\/schema.org\",\"@graph\":[{\"@type\":\"WebPage\",\"@id\":\"https:\\\/\\\/letrame.com\\\/catalogo\\\/producto\\\/cazadores-de-sombras\\\/\",\"url\":\"https:\\\/\\\/letrame.com\\\/catalogo\\\/producto\\\/cazadores-de-sombras\\\/\",\"name\":\"Cazadores de sombras - Catalogo | Letrame Grupo Editorial\",\"isPartOf\":{\"@id\":\"https:\\\/\\\/letrame.com\\\/catalogo\\\/#website\"},\"primaryImageOfPage\":{\"@id\":\"https:\\\/\\\/letrame.com\\\/catalogo\\\/producto\\\/cazadores-de-sombras\\\/#primaryimage\"},\"image\":{\"@id\":\"https:\\\/\\\/letrame.com\\\/catalogo\\\/producto\\\/cazadores-de-sombras\\\/#primaryimage\"},\"thumbnailUrl\":\"https:\\\/\\\/letrame.com\\\/catalogo\\\/wp-content\\\/uploads\\\/2024\\\/06\\\/webp_cazadoresdesombras_197mm-compressed-scaled.jpg\",\"datePublished\":\"2024-06-20T10:24:23+00:00\",\"breadcrumb\":{\"@id\":\"https:\\\/\\\/letrame.com\\\/catalogo\\\/producto\\\/cazadores-de-sombras\\\/#breadcrumb\"},\"inLanguage\":\"es\",\"potentialAction\":[{\"@type\":\"ReadAction\",\"target\":[\"https:\\\/\\\/letrame.com\\\/catalogo\\\/producto\\\/cazadores-de-sombras\\\/\"]}]},{\"@type\":\"ImageObject\",\"inLanguage\":\"es\",\"@id\":\"https:\\\/\\\/letrame.com\\\/catalogo\\\/producto\\\/cazadores-de-sombras\\\/#primaryimage\",\"url\":\"https:\\\/\\\/letrame.com\\\/catalogo\\\/wp-content\\\/uploads\\\/2024\\\/06\\\/webp_cazadoresdesombras_197mm-compressed-scaled.jpg\",\"contentUrl\":\"https:\\\/\\\/letrame.com\\\/catalogo\\\/wp-content\\\/uploads\\\/2024\\\/06\\\/webp_cazadoresdesombras_197mm-compressed-scaled.jpg\",\"width\":1813,\"height\":2560},{\"@type\":\"BreadcrumbList\",\"@id\":\"https:\\\/\\\/letrame.com\\\/catalogo\\\/producto\\\/cazadores-de-sombras\\\/#breadcrumb\",\"itemListElement\":[{\"@type\":\"ListItem\",\"position\":1,\"name\":\"Portada\",\"item\":\"https:\\\/\\\/letrame.com\\\/catalogo\\\/\"},{\"@type\":\"ListItem\",\"position\":2,\"name\":\"Cat\u00e1logo\",\"item\":\"https:\\\/\\\/letrame.com\\\/catalogo\\\/\"},{\"@type\":\"ListItem\",\"position\":3,\"name\":\"Cazadores de sombras\"}]},{\"@type\":\"WebSite\",\"@id\":\"https:\\\/\\\/letrame.com\\\/catalogo\\\/#website\",\"url\":\"https:\\\/\\\/letrame.com\\\/catalogo\\\/\",\"name\":\"Catalogo | Letrame Grupo Editorial\",\"description\":\"\",\"publisher\":{\"@id\":\"https:\\\/\\\/letrame.com\\\/catalogo\\\/#organization\"},\"potentialAction\":[{\"@type\":\"SearchAction\",\"target\":{\"@type\":\"EntryPoint\",\"urlTemplate\":\"https:\\\/\\\/letrame.com\\\/catalogo\\\/?s={search_term_string}\"},\"query-input\":{\"@type\":\"PropertyValueSpecification\",\"valueRequired\":true,\"valueName\":\"search_term_string\"}}],\"inLanguage\":\"es\"},{\"@type\":\"Organization\",\"@id\":\"https:\\\/\\\/letrame.com\\\/catalogo\\\/#organization\",\"name\":\"Catalogo | Letrame Grupo Editorial\",\"url\":\"https:\\\/\\\/letrame.com\\\/catalogo\\\/\",\"logo\":{\"@type\":\"ImageObject\",\"inLanguage\":\"es\",\"@id\":\"https:\\\/\\\/letrame.com\\\/catalogo\\\/#\\\/schema\\\/logo\\\/image\\\/\",\"url\":\"https:\\\/\\\/letrame.com\\\/catalogo\\\/wp-content\\\/uploads\\\/2024\\\/03\\\/logo2.webp\",\"contentUrl\":\"https:\\\/\\\/letrame.com\\\/catalogo\\\/wp-content\\\/uploads\\\/2024\\\/03\\\/logo2.webp\",\"width\":394,\"height\":128,\"caption\":\"Catalogo | Letrame Grupo Editorial\"},\"image\":{\"@id\":\"https:\\\/\\\/letrame.com\\\/catalogo\\\/#\\\/schema\\\/logo\\\/image\\\/\"}}]}<\/script>\n<!-- \/ Yoast SEO plugin. -->","yoast_head_json":{"title":"Cazadores de sombras - Catalogo | Letrame Grupo Editorial","robots":{"index":"index","follow":"follow","max-snippet":"max-snippet:-1","max-image-preview":"max-image-preview:large","max-video-preview":"max-video-preview:-1"},"canonical":"https:\/\/letrame.com\/catalogo\/producto\/cazadores-de-sombras\/","og_locale":"es_ES","og_type":"article","og_title":"Cazadores de sombras - Catalogo | Letrame Grupo Editorial","og_description":"ISBN:\u00a0978-84-1068-320-4  SINOPSIS  En un viejo caf\u00e9 de un barrio popular de Madrid tres cincuentones se encuentran despu\u00e9s de largos a\u00f1os de exilio Carlos. Juan y Sergio, tres antiguos militantes de la izquierda anarquistas orgullosos, derrotados, torturados y perseguidos por el triunfo de la dictadura franquista, vuelven a reunirse veinte a\u00f1os despu\u00e9s, convocados por un juramento incumplido. Una historia en la que se entrecruzan situaciones de ficci\u00f3n, que pudieron ser reales, con relatos reales que, hoy, parecen de ficci\u00f3n. Cazadores de Sombras es un ejercicio literario en el marco de la Transici\u00f3n espa\u00f1ola, aderezado con misterios y asesinatos y puesto al servicio de una irrenunciable memoria hist\u00f3rica en la que se reivindican los perdedores. Una novela escrita con el coraz\u00f3n y con el est\u00f3mago, que presenta otra mirada m\u00e1s a la izquierda de las que tradicionalmente nos quiere confundir los apologistas de una descafeinada transici\u00f3n.","og_url":"https:\/\/letrame.com\/catalogo\/producto\/cazadores-de-sombras\/","og_site_name":"Catalogo | Letrame Grupo Editorial","og_image":[{"width":1813,"height":2560,"url":"https:\/\/letrame.com\/catalogo\/wp-content\/uploads\/2024\/06\/webp_cazadoresdesombras_197mm-compressed-scaled.jpg","type":"image\/jpeg"}],"twitter_card":"summary_large_image","schema":{"@context":"https:\/\/schema.org","@graph":[{"@type":"WebPage","@id":"https:\/\/letrame.com\/catalogo\/producto\/cazadores-de-sombras\/","url":"https:\/\/letrame.com\/catalogo\/producto\/cazadores-de-sombras\/","name":"Cazadores de sombras - Catalogo | Letrame Grupo Editorial","isPartOf":{"@id":"https:\/\/letrame.com\/catalogo\/#website"},"primaryImageOfPage":{"@id":"https:\/\/letrame.com\/catalogo\/producto\/cazadores-de-sombras\/#primaryimage"},"image":{"@id":"https:\/\/letrame.com\/catalogo\/producto\/cazadores-de-sombras\/#primaryimage"},"thumbnailUrl":"https:\/\/letrame.com\/catalogo\/wp-content\/uploads\/2024\/06\/webp_cazadoresdesombras_197mm-compressed-scaled.jpg","datePublished":"2024-06-20T10:24:23+00:00","breadcrumb":{"@id":"https:\/\/letrame.com\/catalogo\/producto\/cazadores-de-sombras\/#breadcrumb"},"inLanguage":"es","potentialAction":[{"@type":"ReadAction","target":["https:\/\/letrame.com\/catalogo\/producto\/cazadores-de-sombras\/"]}]},{"@type":"ImageObject","inLanguage":"es","@id":"https:\/\/letrame.com\/catalogo\/producto\/cazadores-de-sombras\/#primaryimage","url":"https:\/\/letrame.com\/catalogo\/wp-content\/uploads\/2024\/06\/webp_cazadoresdesombras_197mm-compressed-scaled.jpg","contentUrl":"https:\/\/letrame.com\/catalogo\/wp-content\/uploads\/2024\/06\/webp_cazadoresdesombras_197mm-compressed-scaled.jpg","width":1813,"height":2560},{"@type":"BreadcrumbList","@id":"https:\/\/letrame.com\/catalogo\/producto\/cazadores-de-sombras\/#breadcrumb","itemListElement":[{"@type":"ListItem","position":1,"name":"Portada","item":"https:\/\/letrame.com\/catalogo\/"},{"@type":"ListItem","position":2,"name":"Cat\u00e1logo","item":"https:\/\/letrame.com\/catalogo\/"},{"@type":"ListItem","position":3,"name":"Cazadores de sombras"}]},{"@type":"WebSite","@id":"https:\/\/letrame.com\/catalogo\/#website","url":"https:\/\/letrame.com\/catalogo\/","name":"Catalogo | Letrame Grupo Editorial","description":"","publisher":{"@id":"https:\/\/letrame.com\/catalogo\/#organization"},"potentialAction":[{"@type":"SearchAction","target":{"@type":"EntryPoint","urlTemplate":"https:\/\/letrame.com\/catalogo\/?s={search_term_string}"},"query-input":{"@type":"PropertyValueSpecification","valueRequired":true,"valueName":"search_term_string"}}],"inLanguage":"es"},{"@type":"Organization","@id":"https:\/\/letrame.com\/catalogo\/#organization","name":"Catalogo | Letrame Grupo Editorial","url":"https:\/\/letrame.com\/catalogo\/","logo":{"@type":"ImageObject","inLanguage":"es","@id":"https:\/\/letrame.com\/catalogo\/#\/schema\/logo\/image\/","url":"https:\/\/letrame.com\/catalogo\/wp-content\/uploads\/2024\/03\/logo2.webp","contentUrl":"https:\/\/letrame.com\/catalogo\/wp-content\/uploads\/2024\/03\/logo2.webp","width":394,"height":128,"caption":"Catalogo | Letrame Grupo Editorial"},"image":{"@id":"https:\/\/letrame.com\/catalogo\/#\/schema\/logo\/image\/"}}]}},"_links":{"self":[{"href":"https:\/\/letrame.com\/catalogo\/wp-json\/wp\/v2\/product\/101468","targetHints":{"allow":["GET"]}}],"collection":[{"href":"https:\/\/letrame.com\/catalogo\/wp-json\/wp\/v2\/product"}],"about":[{"href":"https:\/\/letrame.com\/catalogo\/wp-json\/wp\/v2\/types\/product"}],"replies":[{"embeddable":true,"href":"https:\/\/letrame.com\/catalogo\/wp-json\/wp\/v2\/comments?post=101468"}],"acf:post":[{"embeddable":true,"href":"https:\/\/letrame.com\/catalogo\/wp-json\/wp\/v2\/author_book\/73245"}],"wp:featuredmedia":[{"embeddable":true,"href":"https:\/\/letrame.com\/catalogo\/wp-json\/wp\/v2\/media\/101470"}],"wp:attachment":[{"href":"https:\/\/letrame.com\/catalogo\/wp-json\/wp\/v2\/media?parent=101468"}],"wp:term":[{"taxonomy":"libro","embeddable":true,"href":"https:\/\/letrame.com\/catalogo\/wp-json\/wp\/v2\/libro?post=101468"},{"taxonomy":"product_brand","embeddable":true,"href":"https:\/\/letrame.com\/catalogo\/wp-json\/wp\/v2\/product_brand?post=101468"},{"taxonomy":"product_cat","embeddable":true,"href":"https:\/\/letrame.com\/catalogo\/wp-json\/wp\/v2\/product_cat?post=101468"},{"taxonomy":"product_tag","embeddable":true,"href":"https:\/\/letrame.com\/catalogo\/wp-json\/wp\/v2\/product_tag?post=101468"}],"curies":[{"name":"wp","href":"https:\/\/api.w.org\/{rel}","templated":true}]}}