{"id":101176,"date":"2024-05-30T15:34:36","date_gmt":"2024-05-30T13:34:36","guid":{"rendered":"https:\/\/letrame.com\/catalogo\/?post_type=product&#038;p=101176"},"modified":"2024-05-30T15:35:37","modified_gmt":"2024-05-30T13:35:37","slug":"del-insomnio-y-sus-criaturas","status":"publish","type":"product","link":"https:\/\/letrame.com\/catalogo\/producto\/del-insomnio-y-sus-criaturas\/","title":{"rendered":"Del insomnio y sus criaturas"},"content":{"rendered":"<p>ISBN:\u00a0978-84-1068-247-4<br \/>\nT\u00edtulo:\u2028Del insomnio y sus criaturas<br \/>\nFecha:\u20282024<br \/>\nP\u00e1ginas:\u00a088<br \/>\nSINOPSIS<br \/>\nA trav\u00e9s de una prosa po\u00e9tica cautivadora, Jes\u00fas Hern\u00e1ndez Gayosso teje historias que exploran las complejidades del alma humana, desde la soledad y el desasosiego del insomnio hasta la b\u00fasqueda constante de significado en un mundo en constante cambio. <\/p>\n<p>Con una sensibilidad \u00fanica, el autor nos invita a reflexionar sobre la vida, el amor, la p\u00e9rdida y la esperanza, llev\u00e1ndonos en un viaje \u00edntimo donde cada palabra es un faro de luz en la oscuridad del oc\u00e9ano. <\/p>\n<p>Este libro fusiona lo mundano con lo trascendental, con una escritura evocadora y profundamente conmovedora, y nos desaf\u00eda a reflexionar sobre la belleza y la fragilidad de nuestra existencia, anim\u00e1ndonos a encontrar fortaleza en la compa\u00f1\u00eda de nuestras propias criaturas interiores.<\/p>\n","protected":false},"excerpt":{"rendered":"<p>ISBN:\u00a0978-84-1068-247-4<\/p>\n<p>SINOPSIS<br \/>\nA trav\u00e9s de una prosa po\u00e9tica cautivadora, Jes\u00fas Hern\u00e1ndez Gayosso teje historias que exploran las complejidades del alma humana, desde la soledad y el desasosiego del insomnio hasta la b\u00fasqueda constante de significado en un mundo en constante cambio. <\/p>\n<p>Con una sensibilidad \u00fanica, el autor nos invita a reflexionar sobre la vida, el amor, la p\u00e9rdida y la esperanza, llev\u00e1ndonos en un viaje \u00edntimo donde cada palabra es un faro de luz en la oscuridad del oc\u00e9ano. <\/p>\n<p>Este libro fusiona lo mundano con lo trascendental, con una escritura evocadora y profundamente conmovedora, y nos desaf\u00eda a reflexionar sobre la belleza y la fragilidad de nuestra existencia, anim\u00e1ndonos a encontrar fortaleza en la compa\u00f1\u00eda de nuestras propias criaturas interiores.<\/p>\n","protected":false},"featured_media":101180,"comment_status":"open","ping_status":"closed","template":"","meta":{"_acf_changed":false},"libro":[],"product_brand":[],"product_cat":[47],"product_tag":[],"class_list":{"0":"post-101176","1":"product","2":"type-product","3":"status-publish","4":"has-post-thumbnail","6":"product_cat-ciencia-ficcion-misterio","8":"first","9":"instock","10":"shipping-taxable","11":"product-type-simple"},"acf":{"autor":[101177],"enlace_de_compra":"https:\/\/www.casadellibro.com\/libro-del-insomnio-y-sus-criaturas\/9788410682474\/16112036"},"yoast_head":"<!-- This site is optimized with the Yoast SEO plugin v27.4 - https:\/\/yoast.com\/product\/yoast-seo-wordpress\/ -->\n<title>Del insomnio y sus criaturas - Catalogo | Letrame Grupo Editorial<\/title>\n<meta name=\"robots\" content=\"index, follow, max-snippet:-1, max-image-preview:large, max-video-preview:-1\" \/>\n<link rel=\"canonical\" href=\"https:\/\/letrame.com\/catalogo\/producto\/del-insomnio-y-sus-criaturas\/\" \/>\n<meta property=\"og:locale\" content=\"es_ES\" \/>\n<meta property=\"og:type\" content=\"article\" \/>\n<meta property=\"og:title\" content=\"Del insomnio y sus criaturas - Catalogo | Letrame Grupo Editorial\" \/>\n<meta property=\"og:description\" content=\"ISBN:\u00a0978-84-1068-247-4  SINOPSIS A trav\u00e9s de una prosa po\u00e9tica cautivadora, Jes\u00fas Hern\u00e1ndez Gayosso teje historias que exploran las complejidades del alma humana, desde la soledad y el desasosiego del insomnio hasta la b\u00fasqueda constante de significado en un mundo en constante cambio.   Con una sensibilidad \u00fanica, el autor nos invita a reflexionar sobre la vida, el amor, la p\u00e9rdida y la esperanza, llev\u00e1ndonos en un viaje \u00edntimo donde cada palabra es un faro de luz en la oscuridad del oc\u00e9ano.   Este libro fusiona lo mundano con lo trascendental, con una escritura evocadora y profundamente conmovedora, y nos desaf\u00eda a reflexionar sobre la belleza y la fragilidad de nuestra existencia, anim\u00e1ndonos a encontrar fortaleza en la compa\u00f1\u00eda de nuestras propias criaturas interiores.\" \/>\n<meta property=\"og:url\" content=\"https:\/\/letrame.com\/catalogo\/producto\/del-insomnio-y-sus-criaturas\/\" \/>\n<meta property=\"og:site_name\" content=\"Catalogo | Letrame Grupo Editorial\" \/>\n<meta property=\"article:modified_time\" content=\"2024-05-30T13:35:37+00:00\" \/>\n<meta property=\"og:image\" content=\"https:\/\/letrame.com\/catalogo\/wp-content\/uploads\/2024\/05\/webp_delinsomnio_513mm-compressed.jpg\" \/>\n\t<meta property=\"og:image:width\" content=\"1594\" \/>\n\t<meta property=\"og:image:height\" content=\"2303\" \/>\n\t<meta property=\"og:image:type\" content=\"image\/jpeg\" \/>\n<meta name=\"twitter:card\" content=\"summary_large_image\" \/>\n<meta name=\"twitter:label1\" content=\"Tiempo de lectura\" \/>\n\t<meta name=\"twitter:data1\" content=\"1 minuto\" \/>\n<script type=\"application\/ld+json\" class=\"yoast-schema-graph\">{\"@context\":\"https:\\\/\\\/schema.org\",\"@graph\":[{\"@type\":\"WebPage\",\"@id\":\"https:\\\/\\\/letrame.com\\\/catalogo\\\/producto\\\/del-insomnio-y-sus-criaturas\\\/\",\"url\":\"https:\\\/\\\/letrame.com\\\/catalogo\\\/producto\\\/del-insomnio-y-sus-criaturas\\\/\",\"name\":\"Del insomnio y sus criaturas - Catalogo | Letrame Grupo Editorial\",\"isPartOf\":{\"@id\":\"https:\\\/\\\/letrame.com\\\/catalogo\\\/#website\"},\"primaryImageOfPage\":{\"@id\":\"https:\\\/\\\/letrame.com\\\/catalogo\\\/producto\\\/del-insomnio-y-sus-criaturas\\\/#primaryimage\"},\"image\":{\"@id\":\"https:\\\/\\\/letrame.com\\\/catalogo\\\/producto\\\/del-insomnio-y-sus-criaturas\\\/#primaryimage\"},\"thumbnailUrl\":\"https:\\\/\\\/letrame.com\\\/catalogo\\\/wp-content\\\/uploads\\\/2024\\\/05\\\/webp_delinsomnio_513mm-compressed.jpg\",\"datePublished\":\"2024-05-30T13:34:36+00:00\",\"dateModified\":\"2024-05-30T13:35:37+00:00\",\"breadcrumb\":{\"@id\":\"https:\\\/\\\/letrame.com\\\/catalogo\\\/producto\\\/del-insomnio-y-sus-criaturas\\\/#breadcrumb\"},\"inLanguage\":\"es\",\"potentialAction\":[{\"@type\":\"ReadAction\",\"target\":[\"https:\\\/\\\/letrame.com\\\/catalogo\\\/producto\\\/del-insomnio-y-sus-criaturas\\\/\"]}]},{\"@type\":\"ImageObject\",\"inLanguage\":\"es\",\"@id\":\"https:\\\/\\\/letrame.com\\\/catalogo\\\/producto\\\/del-insomnio-y-sus-criaturas\\\/#primaryimage\",\"url\":\"https:\\\/\\\/letrame.com\\\/catalogo\\\/wp-content\\\/uploads\\\/2024\\\/05\\\/webp_delinsomnio_513mm-compressed.jpg\",\"contentUrl\":\"https:\\\/\\\/letrame.com\\\/catalogo\\\/wp-content\\\/uploads\\\/2024\\\/05\\\/webp_delinsomnio_513mm-compressed.jpg\",\"width\":1594,\"height\":2303},{\"@type\":\"BreadcrumbList\",\"@id\":\"https:\\\/\\\/letrame.com\\\/catalogo\\\/producto\\\/del-insomnio-y-sus-criaturas\\\/#breadcrumb\",\"itemListElement\":[{\"@type\":\"ListItem\",\"position\":1,\"name\":\"Portada\",\"item\":\"https:\\\/\\\/letrame.com\\\/catalogo\\\/\"},{\"@type\":\"ListItem\",\"position\":2,\"name\":\"Cat\u00e1logo\",\"item\":\"https:\\\/\\\/letrame.com\\\/catalogo\\\/\"},{\"@type\":\"ListItem\",\"position\":3,\"name\":\"Del insomnio y sus criaturas\"}]},{\"@type\":\"WebSite\",\"@id\":\"https:\\\/\\\/letrame.com\\\/catalogo\\\/#website\",\"url\":\"https:\\\/\\\/letrame.com\\\/catalogo\\\/\",\"name\":\"Catalogo | Letrame Grupo Editorial\",\"description\":\"\",\"publisher\":{\"@id\":\"https:\\\/\\\/letrame.com\\\/catalogo\\\/#organization\"},\"potentialAction\":[{\"@type\":\"SearchAction\",\"target\":{\"@type\":\"EntryPoint\",\"urlTemplate\":\"https:\\\/\\\/letrame.com\\\/catalogo\\\/?s={search_term_string}\"},\"query-input\":{\"@type\":\"PropertyValueSpecification\",\"valueRequired\":true,\"valueName\":\"search_term_string\"}}],\"inLanguage\":\"es\"},{\"@type\":\"Organization\",\"@id\":\"https:\\\/\\\/letrame.com\\\/catalogo\\\/#organization\",\"name\":\"Catalogo | Letrame Grupo Editorial\",\"url\":\"https:\\\/\\\/letrame.com\\\/catalogo\\\/\",\"logo\":{\"@type\":\"ImageObject\",\"inLanguage\":\"es\",\"@id\":\"https:\\\/\\\/letrame.com\\\/catalogo\\\/#\\\/schema\\\/logo\\\/image\\\/\",\"url\":\"https:\\\/\\\/letrame.com\\\/catalogo\\\/wp-content\\\/uploads\\\/2024\\\/03\\\/logo2.webp\",\"contentUrl\":\"https:\\\/\\\/letrame.com\\\/catalogo\\\/wp-content\\\/uploads\\\/2024\\\/03\\\/logo2.webp\",\"width\":394,\"height\":128,\"caption\":\"Catalogo | Letrame Grupo Editorial\"},\"image\":{\"@id\":\"https:\\\/\\\/letrame.com\\\/catalogo\\\/#\\\/schema\\\/logo\\\/image\\\/\"}}]}<\/script>\n<!-- \/ Yoast SEO plugin. -->","yoast_head_json":{"title":"Del insomnio y sus criaturas - Catalogo | Letrame Grupo Editorial","robots":{"index":"index","follow":"follow","max-snippet":"max-snippet:-1","max-image-preview":"max-image-preview:large","max-video-preview":"max-video-preview:-1"},"canonical":"https:\/\/letrame.com\/catalogo\/producto\/del-insomnio-y-sus-criaturas\/","og_locale":"es_ES","og_type":"article","og_title":"Del insomnio y sus criaturas - Catalogo | Letrame Grupo Editorial","og_description":"ISBN:\u00a0978-84-1068-247-4  SINOPSIS A trav\u00e9s de una prosa po\u00e9tica cautivadora, Jes\u00fas Hern\u00e1ndez Gayosso teje historias que exploran las complejidades del alma humana, desde la soledad y el desasosiego del insomnio hasta la b\u00fasqueda constante de significado en un mundo en constante cambio.   Con una sensibilidad \u00fanica, el autor nos invita a reflexionar sobre la vida, el amor, la p\u00e9rdida y la esperanza, llev\u00e1ndonos en un viaje \u00edntimo donde cada palabra es un faro de luz en la oscuridad del oc\u00e9ano.   Este libro fusiona lo mundano con lo trascendental, con una escritura evocadora y profundamente conmovedora, y nos desaf\u00eda a reflexionar sobre la belleza y la fragilidad de nuestra existencia, anim\u00e1ndonos a encontrar fortaleza en la compa\u00f1\u00eda de nuestras propias criaturas interiores.","og_url":"https:\/\/letrame.com\/catalogo\/producto\/del-insomnio-y-sus-criaturas\/","og_site_name":"Catalogo | Letrame Grupo Editorial","article_modified_time":"2024-05-30T13:35:37+00:00","og_image":[{"width":1594,"height":2303,"url":"https:\/\/letrame.com\/catalogo\/wp-content\/uploads\/2024\/05\/webp_delinsomnio_513mm-compressed.jpg","type":"image\/jpeg"}],"twitter_card":"summary_large_image","twitter_misc":{"Tiempo de lectura":"1 minuto"},"schema":{"@context":"https:\/\/schema.org","@graph":[{"@type":"WebPage","@id":"https:\/\/letrame.com\/catalogo\/producto\/del-insomnio-y-sus-criaturas\/","url":"https:\/\/letrame.com\/catalogo\/producto\/del-insomnio-y-sus-criaturas\/","name":"Del insomnio y sus criaturas - Catalogo | Letrame Grupo Editorial","isPartOf":{"@id":"https:\/\/letrame.com\/catalogo\/#website"},"primaryImageOfPage":{"@id":"https:\/\/letrame.com\/catalogo\/producto\/del-insomnio-y-sus-criaturas\/#primaryimage"},"image":{"@id":"https:\/\/letrame.com\/catalogo\/producto\/del-insomnio-y-sus-criaturas\/#primaryimage"},"thumbnailUrl":"https:\/\/letrame.com\/catalogo\/wp-content\/uploads\/2024\/05\/webp_delinsomnio_513mm-compressed.jpg","datePublished":"2024-05-30T13:34:36+00:00","dateModified":"2024-05-30T13:35:37+00:00","breadcrumb":{"@id":"https:\/\/letrame.com\/catalogo\/producto\/del-insomnio-y-sus-criaturas\/#breadcrumb"},"inLanguage":"es","potentialAction":[{"@type":"ReadAction","target":["https:\/\/letrame.com\/catalogo\/producto\/del-insomnio-y-sus-criaturas\/"]}]},{"@type":"ImageObject","inLanguage":"es","@id":"https:\/\/letrame.com\/catalogo\/producto\/del-insomnio-y-sus-criaturas\/#primaryimage","url":"https:\/\/letrame.com\/catalogo\/wp-content\/uploads\/2024\/05\/webp_delinsomnio_513mm-compressed.jpg","contentUrl":"https:\/\/letrame.com\/catalogo\/wp-content\/uploads\/2024\/05\/webp_delinsomnio_513mm-compressed.jpg","width":1594,"height":2303},{"@type":"BreadcrumbList","@id":"https:\/\/letrame.com\/catalogo\/producto\/del-insomnio-y-sus-criaturas\/#breadcrumb","itemListElement":[{"@type":"ListItem","position":1,"name":"Portada","item":"https:\/\/letrame.com\/catalogo\/"},{"@type":"ListItem","position":2,"name":"Cat\u00e1logo","item":"https:\/\/letrame.com\/catalogo\/"},{"@type":"ListItem","position":3,"name":"Del insomnio y sus criaturas"}]},{"@type":"WebSite","@id":"https:\/\/letrame.com\/catalogo\/#website","url":"https:\/\/letrame.com\/catalogo\/","name":"Catalogo | Letrame Grupo Editorial","description":"","publisher":{"@id":"https:\/\/letrame.com\/catalogo\/#organization"},"potentialAction":[{"@type":"SearchAction","target":{"@type":"EntryPoint","urlTemplate":"https:\/\/letrame.com\/catalogo\/?s={search_term_string}"},"query-input":{"@type":"PropertyValueSpecification","valueRequired":true,"valueName":"search_term_string"}}],"inLanguage":"es"},{"@type":"Organization","@id":"https:\/\/letrame.com\/catalogo\/#organization","name":"Catalogo | Letrame Grupo Editorial","url":"https:\/\/letrame.com\/catalogo\/","logo":{"@type":"ImageObject","inLanguage":"es","@id":"https:\/\/letrame.com\/catalogo\/#\/schema\/logo\/image\/","url":"https:\/\/letrame.com\/catalogo\/wp-content\/uploads\/2024\/03\/logo2.webp","contentUrl":"https:\/\/letrame.com\/catalogo\/wp-content\/uploads\/2024\/03\/logo2.webp","width":394,"height":128,"caption":"Catalogo | Letrame Grupo Editorial"},"image":{"@id":"https:\/\/letrame.com\/catalogo\/#\/schema\/logo\/image\/"}}]}},"_links":{"self":[{"href":"https:\/\/letrame.com\/catalogo\/wp-json\/wp\/v2\/product\/101176","targetHints":{"allow":["GET"]}}],"collection":[{"href":"https:\/\/letrame.com\/catalogo\/wp-json\/wp\/v2\/product"}],"about":[{"href":"https:\/\/letrame.com\/catalogo\/wp-json\/wp\/v2\/types\/product"}],"replies":[{"embeddable":true,"href":"https:\/\/letrame.com\/catalogo\/wp-json\/wp\/v2\/comments?post=101176"}],"acf:post":[{"embeddable":true,"href":"https:\/\/letrame.com\/catalogo\/wp-json\/wp\/v2\/author_book\/101177"}],"wp:featuredmedia":[{"embeddable":true,"href":"https:\/\/letrame.com\/catalogo\/wp-json\/wp\/v2\/media\/101180"}],"wp:attachment":[{"href":"https:\/\/letrame.com\/catalogo\/wp-json\/wp\/v2\/media?parent=101176"}],"wp:term":[{"taxonomy":"libro","embeddable":true,"href":"https:\/\/letrame.com\/catalogo\/wp-json\/wp\/v2\/libro?post=101176"},{"taxonomy":"product_brand","embeddable":true,"href":"https:\/\/letrame.com\/catalogo\/wp-json\/wp\/v2\/product_brand?post=101176"},{"taxonomy":"product_cat","embeddable":true,"href":"https:\/\/letrame.com\/catalogo\/wp-json\/wp\/v2\/product_cat?post=101176"},{"taxonomy":"product_tag","embeddable":true,"href":"https:\/\/letrame.com\/catalogo\/wp-json\/wp\/v2\/product_tag?post=101176"}],"curies":[{"name":"wp","href":"https:\/\/api.w.org\/{rel}","templated":true}]}}