{"id":101040,"date":"2024-05-23T10:25:33","date_gmt":"2024-05-23T08:25:33","guid":{"rendered":"https:\/\/letrame.com\/catalogo\/producto\/del-chupacabras-al-tren-maya\/"},"modified":"2024-05-23T11:07:45","modified_gmt":"2024-05-23T09:07:45","slug":"del-chupacabras-al-tren-maya","status":"publish","type":"product","link":"https:\/\/letrame.com\/catalogo\/producto\/del-chupacabras-al-tren-maya\/","title":{"rendered":"DEL CHUPACABRAS AL TREN MAYA"},"content":{"rendered":"<p>ISBN:\u00a0978-84-1068-098-2<br \/>\nT\u00edtulo:\u2028DEL CHUPACABRAS AL TREN MAYA<br \/>\nFecha:\u20282024<br \/>\nP\u00e1ginas:\u00a0168<br \/>\nSINOPSIS<\/p>\n<p>Del chupacabras al tren maya, de Salinas a Obrador, es una obra donde el autor desentra\u00f1a el origen y las posteriores circunstancias y razones para hacer del \u201cpersonaje del chupacabras\u201d parte de la cultura, la vida cotidiana y pol\u00edtica de los mexicanos. Donde el chupacabras, lejos de ser historia del pasado, no solo no deja de estar presente en el imaginario colectivo, sino que en la vida pol\u00edtica resurge una y otra vez, porque las dudas, los huecos, esclarecimientos y sentimientos de injusticia contin\u00faan vigentes. Donde el personaje del chupacabras surge a la par -y de alguna manera como consecuencia- de un momento convulsionado de la pol\u00edtica mexicana y del surgimiento de un nuevo actor social y pol\u00edtico: el EZLN.<br \/>\nEn el \u00faltimo cap\u00edtulo, se aborda la situaci\u00f3n social y pol\u00edtica actual de M\u00e9xico y donde el autor plantea una serie de interrogantes y propuestas.<br \/>\nEs una narrativa de lenguaje sencillo, fluido y de lectura \u00e1gil, donde algunos lectores conocer\u00e1n por primera vez los detalles, a otros se les aclarar\u00e1n dudas, sin faltar los que repasar\u00e1n una historia conocida, pero donde todos se plantear\u00e1n nuevas interrogantes.<\/p>\n","protected":false},"excerpt":{"rendered":"<p>ISBN:\u00a0978-84-1068-098-2<\/p>\n<p>SINOPSIS<\/p>\n<p>Del chupacabras al tren maya, de Salinas a Obrador, es una obra donde el autor desentra\u00f1a el origen y las posteriores circunstancias y razones para hacer del \u201cpersonaje del chupacabras\u201d parte de la cultura, la vida cotidiana y pol\u00edtica de los mexicanos. Donde el chupacabras, lejos de ser historia del pasado, no solo no deja de estar presente en el imaginario colectivo, sino que en la vida pol\u00edtica resurge una y otra vez, porque las dudas, los huecos, esclarecimientos y sentimientos de injusticia contin\u00faan vigentes. Donde el personaje del chupacabras surge a la par -y de alguna manera como consecuencia- de un momento convulsionado de la pol\u00edtica mexicana y del surgimiento de un nuevo actor social y pol\u00edtico: el EZLN.<br \/>\nEn el \u00faltimo cap\u00edtulo, se aborda la situaci\u00f3n social y pol\u00edtica actual de M\u00e9xico y donde el autor plantea una serie de interrogantes y propuestas.<br \/>\nEs una narrativa de lenguaje sencillo, fluido y de lectura \u00e1gil, donde algunos lectores conocer\u00e1n por primera vez los detalles, a otros se les aclarar\u00e1n dudas, sin faltar los que repasar\u00e1n una historia conocida, pero donde todos se plantear\u00e1n nuevas interrogantes.<\/p>\n<p>&nbsp;<\/p>\n","protected":false},"featured_media":101041,"comment_status":"closed","ping_status":"closed","template":"","meta":{"_acf_changed":false},"libro":[],"product_brand":[],"product_cat":[16],"product_tag":[],"class_list":{"0":"post-101040","1":"product","2":"type-product","3":"status-publish","4":"has-post-thumbnail","6":"product_cat-novela","8":"first","9":"instock","10":"product-type-simple"},"acf":{"autor":[100777],"enlace_de_compra":"https:\/\/www.casadellibro.com\/libro-del-chupacabras-al-tren-maya\/9788410680982\/15986657"},"yoast_head":"<!-- This site is optimized with the Yoast SEO plugin v27.4 - https:\/\/yoast.com\/product\/yoast-seo-wordpress\/ -->\n<title>DEL CHUPACABRAS AL TREN MAYA - Catalogo | Letrame Grupo Editorial<\/title>\n<meta name=\"robots\" content=\"index, follow, max-snippet:-1, max-image-preview:large, max-video-preview:-1\" \/>\n<link rel=\"canonical\" href=\"https:\/\/letrame.com\/catalogo\/producto\/del-chupacabras-al-tren-maya\/\" \/>\n<meta property=\"og:locale\" content=\"es_ES\" \/>\n<meta property=\"og:type\" content=\"article\" \/>\n<meta property=\"og:title\" content=\"DEL CHUPACABRAS AL TREN MAYA - Catalogo | Letrame Grupo Editorial\" \/>\n<meta property=\"og:description\" content=\"ISBN:\u00a0978-84-1068-098-2  SINOPSIS  Del chupacabras al tren maya, de Salinas a Obrador, es una obra donde el autor desentra\u00f1a el origen y las posteriores circunstancias y razones para hacer del \u201cpersonaje del chupacabras\u201d parte de la cultura, la vida cotidiana y pol\u00edtica de los mexicanos. Donde el chupacabras, lejos de ser historia del pasado, no solo no deja de estar presente en el imaginario colectivo, sino que en la vida pol\u00edtica resurge una y otra vez, porque las dudas, los huecos, esclarecimientos y sentimientos de injusticia contin\u00faan vigentes. Donde el personaje del chupacabras surge a la par -y de alguna manera como consecuencia- de un momento convulsionado de la pol\u00edtica mexicana y del surgimiento de un nuevo actor social y pol\u00edtico: el EZLN. En el \u00faltimo cap\u00edtulo, se aborda la situaci\u00f3n social y pol\u00edtica actual de M\u00e9xico y donde el autor plantea una serie de interrogantes y propuestas. Es una narrativa de lenguaje sencillo, fluido y de lectura \u00e1gil, donde algunos lectores conocer\u00e1n por primera vez los detalles, a otros se les aclarar\u00e1n dudas, sin faltar los que repasar\u00e1n una historia conocida, pero donde todos se plantear\u00e1n nuevas interrogantes.  &nbsp;\" \/>\n<meta property=\"og:url\" content=\"https:\/\/letrame.com\/catalogo\/producto\/del-chupacabras-al-tren-maya\/\" \/>\n<meta property=\"og:site_name\" content=\"Catalogo | Letrame Grupo Editorial\" \/>\n<meta property=\"article:modified_time\" content=\"2024-05-23T09:07:45+00:00\" \/>\n<meta property=\"og:image\" content=\"https:\/\/letrame.com\/catalogo\/wp-content\/uploads\/2024\/05\/webp_delchupacabras_882mm-compressed-scaled-1.jpg\" \/>\n\t<meta property=\"og:image:width\" content=\"1746\" \/>\n\t<meta property=\"og:image:height\" content=\"2560\" \/>\n\t<meta property=\"og:image:type\" content=\"image\/jpeg\" \/>\n<meta name=\"twitter:card\" content=\"summary_large_image\" \/>\n<meta name=\"twitter:label1\" content=\"Tiempo de lectura\" \/>\n\t<meta name=\"twitter:data1\" content=\"2 minutos\" \/>\n<script type=\"application\/ld+json\" class=\"yoast-schema-graph\">{\"@context\":\"https:\\\/\\\/schema.org\",\"@graph\":[{\"@type\":\"WebPage\",\"@id\":\"https:\\\/\\\/letrame.com\\\/catalogo\\\/producto\\\/del-chupacabras-al-tren-maya\\\/\",\"url\":\"https:\\\/\\\/letrame.com\\\/catalogo\\\/producto\\\/del-chupacabras-al-tren-maya\\\/\",\"name\":\"DEL CHUPACABRAS AL TREN MAYA - Catalogo | Letrame Grupo Editorial\",\"isPartOf\":{\"@id\":\"https:\\\/\\\/letrame.com\\\/catalogo\\\/#website\"},\"primaryImageOfPage\":{\"@id\":\"https:\\\/\\\/letrame.com\\\/catalogo\\\/producto\\\/del-chupacabras-al-tren-maya\\\/#primaryimage\"},\"image\":{\"@id\":\"https:\\\/\\\/letrame.com\\\/catalogo\\\/producto\\\/del-chupacabras-al-tren-maya\\\/#primaryimage\"},\"thumbnailUrl\":\"https:\\\/\\\/letrame.com\\\/catalogo\\\/wp-content\\\/uploads\\\/2024\\\/05\\\/webp_delchupacabras_882mm-compressed-scaled-1.jpg\",\"datePublished\":\"2024-05-23T08:25:33+00:00\",\"dateModified\":\"2024-05-23T09:07:45+00:00\",\"breadcrumb\":{\"@id\":\"https:\\\/\\\/letrame.com\\\/catalogo\\\/producto\\\/del-chupacabras-al-tren-maya\\\/#breadcrumb\"},\"inLanguage\":\"es\",\"potentialAction\":[{\"@type\":\"ReadAction\",\"target\":[\"https:\\\/\\\/letrame.com\\\/catalogo\\\/producto\\\/del-chupacabras-al-tren-maya\\\/\"]}]},{\"@type\":\"ImageObject\",\"inLanguage\":\"es\",\"@id\":\"https:\\\/\\\/letrame.com\\\/catalogo\\\/producto\\\/del-chupacabras-al-tren-maya\\\/#primaryimage\",\"url\":\"https:\\\/\\\/letrame.com\\\/catalogo\\\/wp-content\\\/uploads\\\/2024\\\/05\\\/webp_delchupacabras_882mm-compressed-scaled-1.jpg\",\"contentUrl\":\"https:\\\/\\\/letrame.com\\\/catalogo\\\/wp-content\\\/uploads\\\/2024\\\/05\\\/webp_delchupacabras_882mm-compressed-scaled-1.jpg\",\"width\":1746,\"height\":2560},{\"@type\":\"BreadcrumbList\",\"@id\":\"https:\\\/\\\/letrame.com\\\/catalogo\\\/producto\\\/del-chupacabras-al-tren-maya\\\/#breadcrumb\",\"itemListElement\":[{\"@type\":\"ListItem\",\"position\":1,\"name\":\"Portada\",\"item\":\"https:\\\/\\\/letrame.com\\\/catalogo\\\/\"},{\"@type\":\"ListItem\",\"position\":2,\"name\":\"Cat\u00e1logo\",\"item\":\"https:\\\/\\\/letrame.com\\\/catalogo\\\/\"},{\"@type\":\"ListItem\",\"position\":3,\"name\":\"DEL CHUPACABRAS AL TREN MAYA\"}]},{\"@type\":\"WebSite\",\"@id\":\"https:\\\/\\\/letrame.com\\\/catalogo\\\/#website\",\"url\":\"https:\\\/\\\/letrame.com\\\/catalogo\\\/\",\"name\":\"Catalogo | Letrame Grupo Editorial\",\"description\":\"\",\"publisher\":{\"@id\":\"https:\\\/\\\/letrame.com\\\/catalogo\\\/#organization\"},\"potentialAction\":[{\"@type\":\"SearchAction\",\"target\":{\"@type\":\"EntryPoint\",\"urlTemplate\":\"https:\\\/\\\/letrame.com\\\/catalogo\\\/?s={search_term_string}\"},\"query-input\":{\"@type\":\"PropertyValueSpecification\",\"valueRequired\":true,\"valueName\":\"search_term_string\"}}],\"inLanguage\":\"es\"},{\"@type\":\"Organization\",\"@id\":\"https:\\\/\\\/letrame.com\\\/catalogo\\\/#organization\",\"name\":\"Catalogo | Letrame Grupo Editorial\",\"url\":\"https:\\\/\\\/letrame.com\\\/catalogo\\\/\",\"logo\":{\"@type\":\"ImageObject\",\"inLanguage\":\"es\",\"@id\":\"https:\\\/\\\/letrame.com\\\/catalogo\\\/#\\\/schema\\\/logo\\\/image\\\/\",\"url\":\"https:\\\/\\\/letrame.com\\\/catalogo\\\/wp-content\\\/uploads\\\/2024\\\/03\\\/logo2.webp\",\"contentUrl\":\"https:\\\/\\\/letrame.com\\\/catalogo\\\/wp-content\\\/uploads\\\/2024\\\/03\\\/logo2.webp\",\"width\":394,\"height\":128,\"caption\":\"Catalogo | Letrame Grupo Editorial\"},\"image\":{\"@id\":\"https:\\\/\\\/letrame.com\\\/catalogo\\\/#\\\/schema\\\/logo\\\/image\\\/\"}}]}<\/script>\n<!-- \/ Yoast SEO plugin. -->","yoast_head_json":{"title":"DEL CHUPACABRAS AL TREN MAYA - Catalogo | Letrame Grupo Editorial","robots":{"index":"index","follow":"follow","max-snippet":"max-snippet:-1","max-image-preview":"max-image-preview:large","max-video-preview":"max-video-preview:-1"},"canonical":"https:\/\/letrame.com\/catalogo\/producto\/del-chupacabras-al-tren-maya\/","og_locale":"es_ES","og_type":"article","og_title":"DEL CHUPACABRAS AL TREN MAYA - Catalogo | Letrame Grupo Editorial","og_description":"ISBN:\u00a0978-84-1068-098-2  SINOPSIS  Del chupacabras al tren maya, de Salinas a Obrador, es una obra donde el autor desentra\u00f1a el origen y las posteriores circunstancias y razones para hacer del \u201cpersonaje del chupacabras\u201d parte de la cultura, la vida cotidiana y pol\u00edtica de los mexicanos. Donde el chupacabras, lejos de ser historia del pasado, no solo no deja de estar presente en el imaginario colectivo, sino que en la vida pol\u00edtica resurge una y otra vez, porque las dudas, los huecos, esclarecimientos y sentimientos de injusticia contin\u00faan vigentes. Donde el personaje del chupacabras surge a la par -y de alguna manera como consecuencia- de un momento convulsionado de la pol\u00edtica mexicana y del surgimiento de un nuevo actor social y pol\u00edtico: el EZLN. En el \u00faltimo cap\u00edtulo, se aborda la situaci\u00f3n social y pol\u00edtica actual de M\u00e9xico y donde el autor plantea una serie de interrogantes y propuestas. Es una narrativa de lenguaje sencillo, fluido y de lectura \u00e1gil, donde algunos lectores conocer\u00e1n por primera vez los detalles, a otros se les aclarar\u00e1n dudas, sin faltar los que repasar\u00e1n una historia conocida, pero donde todos se plantear\u00e1n nuevas interrogantes.  &nbsp;","og_url":"https:\/\/letrame.com\/catalogo\/producto\/del-chupacabras-al-tren-maya\/","og_site_name":"Catalogo | Letrame Grupo Editorial","article_modified_time":"2024-05-23T09:07:45+00:00","og_image":[{"width":1746,"height":2560,"url":"https:\/\/letrame.com\/catalogo\/wp-content\/uploads\/2024\/05\/webp_delchupacabras_882mm-compressed-scaled-1.jpg","type":"image\/jpeg"}],"twitter_card":"summary_large_image","twitter_misc":{"Tiempo de lectura":"2 minutos"},"schema":{"@context":"https:\/\/schema.org","@graph":[{"@type":"WebPage","@id":"https:\/\/letrame.com\/catalogo\/producto\/del-chupacabras-al-tren-maya\/","url":"https:\/\/letrame.com\/catalogo\/producto\/del-chupacabras-al-tren-maya\/","name":"DEL CHUPACABRAS AL TREN MAYA - Catalogo | Letrame Grupo Editorial","isPartOf":{"@id":"https:\/\/letrame.com\/catalogo\/#website"},"primaryImageOfPage":{"@id":"https:\/\/letrame.com\/catalogo\/producto\/del-chupacabras-al-tren-maya\/#primaryimage"},"image":{"@id":"https:\/\/letrame.com\/catalogo\/producto\/del-chupacabras-al-tren-maya\/#primaryimage"},"thumbnailUrl":"https:\/\/letrame.com\/catalogo\/wp-content\/uploads\/2024\/05\/webp_delchupacabras_882mm-compressed-scaled-1.jpg","datePublished":"2024-05-23T08:25:33+00:00","dateModified":"2024-05-23T09:07:45+00:00","breadcrumb":{"@id":"https:\/\/letrame.com\/catalogo\/producto\/del-chupacabras-al-tren-maya\/#breadcrumb"},"inLanguage":"es","potentialAction":[{"@type":"ReadAction","target":["https:\/\/letrame.com\/catalogo\/producto\/del-chupacabras-al-tren-maya\/"]}]},{"@type":"ImageObject","inLanguage":"es","@id":"https:\/\/letrame.com\/catalogo\/producto\/del-chupacabras-al-tren-maya\/#primaryimage","url":"https:\/\/letrame.com\/catalogo\/wp-content\/uploads\/2024\/05\/webp_delchupacabras_882mm-compressed-scaled-1.jpg","contentUrl":"https:\/\/letrame.com\/catalogo\/wp-content\/uploads\/2024\/05\/webp_delchupacabras_882mm-compressed-scaled-1.jpg","width":1746,"height":2560},{"@type":"BreadcrumbList","@id":"https:\/\/letrame.com\/catalogo\/producto\/del-chupacabras-al-tren-maya\/#breadcrumb","itemListElement":[{"@type":"ListItem","position":1,"name":"Portada","item":"https:\/\/letrame.com\/catalogo\/"},{"@type":"ListItem","position":2,"name":"Cat\u00e1logo","item":"https:\/\/letrame.com\/catalogo\/"},{"@type":"ListItem","position":3,"name":"DEL CHUPACABRAS AL TREN MAYA"}]},{"@type":"WebSite","@id":"https:\/\/letrame.com\/catalogo\/#website","url":"https:\/\/letrame.com\/catalogo\/","name":"Catalogo | Letrame Grupo Editorial","description":"","publisher":{"@id":"https:\/\/letrame.com\/catalogo\/#organization"},"potentialAction":[{"@type":"SearchAction","target":{"@type":"EntryPoint","urlTemplate":"https:\/\/letrame.com\/catalogo\/?s={search_term_string}"},"query-input":{"@type":"PropertyValueSpecification","valueRequired":true,"valueName":"search_term_string"}}],"inLanguage":"es"},{"@type":"Organization","@id":"https:\/\/letrame.com\/catalogo\/#organization","name":"Catalogo | Letrame Grupo Editorial","url":"https:\/\/letrame.com\/catalogo\/","logo":{"@type":"ImageObject","inLanguage":"es","@id":"https:\/\/letrame.com\/catalogo\/#\/schema\/logo\/image\/","url":"https:\/\/letrame.com\/catalogo\/wp-content\/uploads\/2024\/03\/logo2.webp","contentUrl":"https:\/\/letrame.com\/catalogo\/wp-content\/uploads\/2024\/03\/logo2.webp","width":394,"height":128,"caption":"Catalogo | Letrame Grupo Editorial"},"image":{"@id":"https:\/\/letrame.com\/catalogo\/#\/schema\/logo\/image\/"}}]}},"_links":{"self":[{"href":"https:\/\/letrame.com\/catalogo\/wp-json\/wp\/v2\/product\/101040","targetHints":{"allow":["GET"]}}],"collection":[{"href":"https:\/\/letrame.com\/catalogo\/wp-json\/wp\/v2\/product"}],"about":[{"href":"https:\/\/letrame.com\/catalogo\/wp-json\/wp\/v2\/types\/product"}],"replies":[{"embeddable":true,"href":"https:\/\/letrame.com\/catalogo\/wp-json\/wp\/v2\/comments?post=101040"}],"acf:post":[{"embeddable":true,"href":"https:\/\/letrame.com\/catalogo\/wp-json\/wp\/v2\/author_book\/100777"}],"wp:featuredmedia":[{"embeddable":true,"href":"https:\/\/letrame.com\/catalogo\/wp-json\/wp\/v2\/media\/101041"}],"wp:attachment":[{"href":"https:\/\/letrame.com\/catalogo\/wp-json\/wp\/v2\/media?parent=101040"}],"wp:term":[{"taxonomy":"libro","embeddable":true,"href":"https:\/\/letrame.com\/catalogo\/wp-json\/wp\/v2\/libro?post=101040"},{"taxonomy":"product_brand","embeddable":true,"href":"https:\/\/letrame.com\/catalogo\/wp-json\/wp\/v2\/product_brand?post=101040"},{"taxonomy":"product_cat","embeddable":true,"href":"https:\/\/letrame.com\/catalogo\/wp-json\/wp\/v2\/product_cat?post=101040"},{"taxonomy":"product_tag","embeddable":true,"href":"https:\/\/letrame.com\/catalogo\/wp-json\/wp\/v2\/product_tag?post=101040"}],"curies":[{"name":"wp","href":"https:\/\/api.w.org\/{rel}","templated":true}]}}