{"id":101004,"date":"2024-05-23T10:21:40","date_gmt":"2024-05-23T08:21:40","guid":{"rendered":"https:\/\/letrame.com\/catalogo\/producto\/cuentos-del-reves\/"},"modified":"2024-05-23T11:10:51","modified_gmt":"2024-05-23T09:10:51","slug":"cuentos-del-reves","status":"publish","type":"product","link":"https:\/\/letrame.com\/catalogo\/producto\/cuentos-del-reves\/","title":{"rendered":"Cuentos del rev\u00e9s"},"content":{"rendered":"<p class=\"p1\">ISBN: 978-84-1068-308-2<\/p>\n<p class=\"p1\">T\u00edtulo: Cuentos del rev\u00e9s<br \/>\nFecha: 2023<br \/>\nP\u00e1ginas: 70<\/p>\n<p class=\"p1\">SINOPSIS<\/p>\n<p>\u00bfQu\u00e9 tienen en com\u00fan un lobo incomprendido, un pinocho de las verdades, unas princesas valientes y un patito guapo? Pues que todos ellos pertenecen al libro que tienes entre manos, <em>Cuentos del rev\u00e9s<\/em>.<\/p>\n<p>Son relatos basados en algunos cuentos cl\u00e1sicos, pero contados de una manera diferente, reflexiva, original y \u00fanica. Seguro que te gustar\u00e1n.<\/p>\n<p>Cada uno de estos cuentos aporta una moraleja final que nos hace pensar, recapacitar, entender, imaginar y creer que un mundo mejor es posible. Est\u00e1 en nuestras manos y a nuestro alcance conseguir cambiar los cuentos y las historias que no nos gusten, y reescribirlas de manera m\u00e1s respetuosa, amable y emp\u00e1tica.<\/p>\n","protected":false},"excerpt":{"rendered":"<p class=\"p1\">ISBN: 978-84-1068-308-2<\/p>\n<p class=\"p1\">SINOPSIS<\/p>\n<p>\u00bfQu\u00e9 tienen en com\u00fan un lobo incomprendido, un pinocho de las verdades, unas princesas valientes y un patito guapo? Pues que todos ellos pertenecen al libro que tienes entre manos, <em>Cuentos del rev\u00e9s<\/em>.<\/p>\n<p>Son relatos basados en algunos cuentos cl\u00e1sicos, pero contados de una manera diferente, reflexiva, original y \u00fanica. Seguro que te gustar\u00e1n.<\/p>\n<p>Cada uno de estos cuentos aporta una moraleja final que nos hace pensar, recapacitar, entender, imaginar y creer que un mundo mejor es posible. Est\u00e1 en nuestras manos y a nuestro alcance conseguir cambiar los cuentos y las historias que no nos gusten, y reescribirlas de manera m\u00e1s respetuosa, amable y emp\u00e1tica.<\/p>\n<p>&nbsp;<\/p>\n","protected":false},"featured_media":101005,"comment_status":"closed","ping_status":"closed","template":"","meta":{"_acf_changed":false},"libro":[],"product_brand":[],"product_cat":[121],"product_tag":[],"class_list":{"0":"post-101004","1":"product","2":"type-product","3":"status-publish","4":"has-post-thumbnail","6":"product_cat-cuento-infantilcuento-infantil-ilustrado","8":"first","9":"instock","10":"product-type-simple"},"acf":{"autor":[100756],"enlace_de_compra":"https:\/\/www.casadellibro.com\/libro-cuentos-del-reves\/9788411816496\/15754065"},"yoast_head":"<!-- This site is optimized with the Yoast SEO plugin v27.4 - https:\/\/yoast.com\/product\/yoast-seo-wordpress\/ -->\n<title>Cuentos del rev\u00e9s - Catalogo | Letrame Grupo Editorial<\/title>\n<meta name=\"robots\" content=\"index, follow, max-snippet:-1, max-image-preview:large, max-video-preview:-1\" \/>\n<link rel=\"canonical\" href=\"https:\/\/letrame.com\/catalogo\/producto\/cuentos-del-reves\/\" \/>\n<meta property=\"og:locale\" content=\"es_ES\" \/>\n<meta property=\"og:type\" content=\"article\" \/>\n<meta property=\"og:title\" content=\"Cuentos del rev\u00e9s - Catalogo | Letrame Grupo Editorial\" \/>\n<meta property=\"og:description\" content=\"ISBN: 978-84-1068-308-2 SINOPSIS \u00bfQu\u00e9 tienen en com\u00fan un lobo incomprendido, un pinocho de las verdades, unas princesas valientes y un patito guapo? Pues que todos ellos pertenecen al libro que tienes entre manos, Cuentos del rev\u00e9s.  Son relatos basados en algunos cuentos cl\u00e1sicos, pero contados de una manera diferente, reflexiva, original y \u00fanica. Seguro que te gustar\u00e1n.  Cada uno de estos cuentos aporta una moraleja final que nos hace pensar, recapacitar, entender, imaginar y creer que un mundo mejor es posible. Est\u00e1 en nuestras manos y a nuestro alcance conseguir cambiar los cuentos y las historias que no nos gusten, y reescribirlas de manera m\u00e1s respetuosa, amable y emp\u00e1tica.  &nbsp;\" \/>\n<meta property=\"og:url\" content=\"https:\/\/letrame.com\/catalogo\/producto\/cuentos-del-reves\/\" \/>\n<meta property=\"og:site_name\" content=\"Catalogo | Letrame Grupo Editorial\" \/>\n<meta property=\"article:modified_time\" content=\"2024-05-23T09:10:51+00:00\" \/>\n<meta property=\"og:image\" content=\"https:\/\/letrame.com\/catalogo\/wp-content\/uploads\/2024\/05\/webportada_cuentosdelreves_588mm-compressed.jpg\" \/>\n\t<meta property=\"og:image:width\" content=\"2362\" \/>\n\t<meta property=\"og:image:height\" content=\"2362\" \/>\n\t<meta property=\"og:image:type\" content=\"image\/jpeg\" \/>\n<meta name=\"twitter:card\" content=\"summary_large_image\" \/>\n<meta name=\"twitter:label1\" content=\"Tiempo de lectura\" \/>\n\t<meta name=\"twitter:data1\" content=\"1 minuto\" \/>\n<script type=\"application\/ld+json\" class=\"yoast-schema-graph\">{\"@context\":\"https:\\\/\\\/schema.org\",\"@graph\":[{\"@type\":\"WebPage\",\"@id\":\"https:\\\/\\\/letrame.com\\\/catalogo\\\/producto\\\/cuentos-del-reves\\\/\",\"url\":\"https:\\\/\\\/letrame.com\\\/catalogo\\\/producto\\\/cuentos-del-reves\\\/\",\"name\":\"Cuentos del rev\u00e9s - Catalogo | Letrame Grupo Editorial\",\"isPartOf\":{\"@id\":\"https:\\\/\\\/letrame.com\\\/catalogo\\\/#website\"},\"primaryImageOfPage\":{\"@id\":\"https:\\\/\\\/letrame.com\\\/catalogo\\\/producto\\\/cuentos-del-reves\\\/#primaryimage\"},\"image\":{\"@id\":\"https:\\\/\\\/letrame.com\\\/catalogo\\\/producto\\\/cuentos-del-reves\\\/#primaryimage\"},\"thumbnailUrl\":\"https:\\\/\\\/letrame.com\\\/catalogo\\\/wp-content\\\/uploads\\\/2024\\\/05\\\/webportada_cuentosdelreves_588mm-compressed.jpg\",\"datePublished\":\"2024-05-23T08:21:40+00:00\",\"dateModified\":\"2024-05-23T09:10:51+00:00\",\"breadcrumb\":{\"@id\":\"https:\\\/\\\/letrame.com\\\/catalogo\\\/producto\\\/cuentos-del-reves\\\/#breadcrumb\"},\"inLanguage\":\"es\",\"potentialAction\":[{\"@type\":\"ReadAction\",\"target\":[\"https:\\\/\\\/letrame.com\\\/catalogo\\\/producto\\\/cuentos-del-reves\\\/\"]}]},{\"@type\":\"ImageObject\",\"inLanguage\":\"es\",\"@id\":\"https:\\\/\\\/letrame.com\\\/catalogo\\\/producto\\\/cuentos-del-reves\\\/#primaryimage\",\"url\":\"https:\\\/\\\/letrame.com\\\/catalogo\\\/wp-content\\\/uploads\\\/2024\\\/05\\\/webportada_cuentosdelreves_588mm-compressed.jpg\",\"contentUrl\":\"https:\\\/\\\/letrame.com\\\/catalogo\\\/wp-content\\\/uploads\\\/2024\\\/05\\\/webportada_cuentosdelreves_588mm-compressed.jpg\",\"width\":2362,\"height\":2362},{\"@type\":\"BreadcrumbList\",\"@id\":\"https:\\\/\\\/letrame.com\\\/catalogo\\\/producto\\\/cuentos-del-reves\\\/#breadcrumb\",\"itemListElement\":[{\"@type\":\"ListItem\",\"position\":1,\"name\":\"Portada\",\"item\":\"https:\\\/\\\/letrame.com\\\/catalogo\\\/\"},{\"@type\":\"ListItem\",\"position\":2,\"name\":\"Cat\u00e1logo\",\"item\":\"https:\\\/\\\/letrame.com\\\/catalogo\\\/\"},{\"@type\":\"ListItem\",\"position\":3,\"name\":\"Cuentos del rev\u00e9s\"}]},{\"@type\":\"WebSite\",\"@id\":\"https:\\\/\\\/letrame.com\\\/catalogo\\\/#website\",\"url\":\"https:\\\/\\\/letrame.com\\\/catalogo\\\/\",\"name\":\"Catalogo | Letrame Grupo Editorial\",\"description\":\"\",\"publisher\":{\"@id\":\"https:\\\/\\\/letrame.com\\\/catalogo\\\/#organization\"},\"potentialAction\":[{\"@type\":\"SearchAction\",\"target\":{\"@type\":\"EntryPoint\",\"urlTemplate\":\"https:\\\/\\\/letrame.com\\\/catalogo\\\/?s={search_term_string}\"},\"query-input\":{\"@type\":\"PropertyValueSpecification\",\"valueRequired\":true,\"valueName\":\"search_term_string\"}}],\"inLanguage\":\"es\"},{\"@type\":\"Organization\",\"@id\":\"https:\\\/\\\/letrame.com\\\/catalogo\\\/#organization\",\"name\":\"Catalogo | Letrame Grupo Editorial\",\"url\":\"https:\\\/\\\/letrame.com\\\/catalogo\\\/\",\"logo\":{\"@type\":\"ImageObject\",\"inLanguage\":\"es\",\"@id\":\"https:\\\/\\\/letrame.com\\\/catalogo\\\/#\\\/schema\\\/logo\\\/image\\\/\",\"url\":\"https:\\\/\\\/letrame.com\\\/catalogo\\\/wp-content\\\/uploads\\\/2024\\\/03\\\/logo2.webp\",\"contentUrl\":\"https:\\\/\\\/letrame.com\\\/catalogo\\\/wp-content\\\/uploads\\\/2024\\\/03\\\/logo2.webp\",\"width\":394,\"height\":128,\"caption\":\"Catalogo | Letrame Grupo Editorial\"},\"image\":{\"@id\":\"https:\\\/\\\/letrame.com\\\/catalogo\\\/#\\\/schema\\\/logo\\\/image\\\/\"}}]}<\/script>\n<!-- \/ Yoast SEO plugin. -->","yoast_head_json":{"title":"Cuentos del rev\u00e9s - Catalogo | Letrame Grupo Editorial","robots":{"index":"index","follow":"follow","max-snippet":"max-snippet:-1","max-image-preview":"max-image-preview:large","max-video-preview":"max-video-preview:-1"},"canonical":"https:\/\/letrame.com\/catalogo\/producto\/cuentos-del-reves\/","og_locale":"es_ES","og_type":"article","og_title":"Cuentos del rev\u00e9s - Catalogo | Letrame Grupo Editorial","og_description":"ISBN: 978-84-1068-308-2 SINOPSIS \u00bfQu\u00e9 tienen en com\u00fan un lobo incomprendido, un pinocho de las verdades, unas princesas valientes y un patito guapo? Pues que todos ellos pertenecen al libro que tienes entre manos, Cuentos del rev\u00e9s.  Son relatos basados en algunos cuentos cl\u00e1sicos, pero contados de una manera diferente, reflexiva, original y \u00fanica. Seguro que te gustar\u00e1n.  Cada uno de estos cuentos aporta una moraleja final que nos hace pensar, recapacitar, entender, imaginar y creer que un mundo mejor es posible. Est\u00e1 en nuestras manos y a nuestro alcance conseguir cambiar los cuentos y las historias que no nos gusten, y reescribirlas de manera m\u00e1s respetuosa, amable y emp\u00e1tica.  &nbsp;","og_url":"https:\/\/letrame.com\/catalogo\/producto\/cuentos-del-reves\/","og_site_name":"Catalogo | Letrame Grupo Editorial","article_modified_time":"2024-05-23T09:10:51+00:00","og_image":[{"width":2362,"height":2362,"url":"https:\/\/letrame.com\/catalogo\/wp-content\/uploads\/2024\/05\/webportada_cuentosdelreves_588mm-compressed.jpg","type":"image\/jpeg"}],"twitter_card":"summary_large_image","twitter_misc":{"Tiempo de lectura":"1 minuto"},"schema":{"@context":"https:\/\/schema.org","@graph":[{"@type":"WebPage","@id":"https:\/\/letrame.com\/catalogo\/producto\/cuentos-del-reves\/","url":"https:\/\/letrame.com\/catalogo\/producto\/cuentos-del-reves\/","name":"Cuentos del rev\u00e9s - Catalogo | Letrame Grupo Editorial","isPartOf":{"@id":"https:\/\/letrame.com\/catalogo\/#website"},"primaryImageOfPage":{"@id":"https:\/\/letrame.com\/catalogo\/producto\/cuentos-del-reves\/#primaryimage"},"image":{"@id":"https:\/\/letrame.com\/catalogo\/producto\/cuentos-del-reves\/#primaryimage"},"thumbnailUrl":"https:\/\/letrame.com\/catalogo\/wp-content\/uploads\/2024\/05\/webportada_cuentosdelreves_588mm-compressed.jpg","datePublished":"2024-05-23T08:21:40+00:00","dateModified":"2024-05-23T09:10:51+00:00","breadcrumb":{"@id":"https:\/\/letrame.com\/catalogo\/producto\/cuentos-del-reves\/#breadcrumb"},"inLanguage":"es","potentialAction":[{"@type":"ReadAction","target":["https:\/\/letrame.com\/catalogo\/producto\/cuentos-del-reves\/"]}]},{"@type":"ImageObject","inLanguage":"es","@id":"https:\/\/letrame.com\/catalogo\/producto\/cuentos-del-reves\/#primaryimage","url":"https:\/\/letrame.com\/catalogo\/wp-content\/uploads\/2024\/05\/webportada_cuentosdelreves_588mm-compressed.jpg","contentUrl":"https:\/\/letrame.com\/catalogo\/wp-content\/uploads\/2024\/05\/webportada_cuentosdelreves_588mm-compressed.jpg","width":2362,"height":2362},{"@type":"BreadcrumbList","@id":"https:\/\/letrame.com\/catalogo\/producto\/cuentos-del-reves\/#breadcrumb","itemListElement":[{"@type":"ListItem","position":1,"name":"Portada","item":"https:\/\/letrame.com\/catalogo\/"},{"@type":"ListItem","position":2,"name":"Cat\u00e1logo","item":"https:\/\/letrame.com\/catalogo\/"},{"@type":"ListItem","position":3,"name":"Cuentos del rev\u00e9s"}]},{"@type":"WebSite","@id":"https:\/\/letrame.com\/catalogo\/#website","url":"https:\/\/letrame.com\/catalogo\/","name":"Catalogo | Letrame Grupo Editorial","description":"","publisher":{"@id":"https:\/\/letrame.com\/catalogo\/#organization"},"potentialAction":[{"@type":"SearchAction","target":{"@type":"EntryPoint","urlTemplate":"https:\/\/letrame.com\/catalogo\/?s={search_term_string}"},"query-input":{"@type":"PropertyValueSpecification","valueRequired":true,"valueName":"search_term_string"}}],"inLanguage":"es"},{"@type":"Organization","@id":"https:\/\/letrame.com\/catalogo\/#organization","name":"Catalogo | Letrame Grupo Editorial","url":"https:\/\/letrame.com\/catalogo\/","logo":{"@type":"ImageObject","inLanguage":"es","@id":"https:\/\/letrame.com\/catalogo\/#\/schema\/logo\/image\/","url":"https:\/\/letrame.com\/catalogo\/wp-content\/uploads\/2024\/03\/logo2.webp","contentUrl":"https:\/\/letrame.com\/catalogo\/wp-content\/uploads\/2024\/03\/logo2.webp","width":394,"height":128,"caption":"Catalogo | Letrame Grupo Editorial"},"image":{"@id":"https:\/\/letrame.com\/catalogo\/#\/schema\/logo\/image\/"}}]}},"_links":{"self":[{"href":"https:\/\/letrame.com\/catalogo\/wp-json\/wp\/v2\/product\/101004","targetHints":{"allow":["GET"]}}],"collection":[{"href":"https:\/\/letrame.com\/catalogo\/wp-json\/wp\/v2\/product"}],"about":[{"href":"https:\/\/letrame.com\/catalogo\/wp-json\/wp\/v2\/types\/product"}],"replies":[{"embeddable":true,"href":"https:\/\/letrame.com\/catalogo\/wp-json\/wp\/v2\/comments?post=101004"}],"acf:post":[{"embeddable":true,"href":"https:\/\/letrame.com\/catalogo\/wp-json\/wp\/v2\/author_book\/100756"}],"wp:featuredmedia":[{"embeddable":true,"href":"https:\/\/letrame.com\/catalogo\/wp-json\/wp\/v2\/media\/101005"}],"wp:attachment":[{"href":"https:\/\/letrame.com\/catalogo\/wp-json\/wp\/v2\/media?parent=101004"}],"wp:term":[{"taxonomy":"libro","embeddable":true,"href":"https:\/\/letrame.com\/catalogo\/wp-json\/wp\/v2\/libro?post=101004"},{"taxonomy":"product_brand","embeddable":true,"href":"https:\/\/letrame.com\/catalogo\/wp-json\/wp\/v2\/product_brand?post=101004"},{"taxonomy":"product_cat","embeddable":true,"href":"https:\/\/letrame.com\/catalogo\/wp-json\/wp\/v2\/product_cat?post=101004"},{"taxonomy":"product_tag","embeddable":true,"href":"https:\/\/letrame.com\/catalogo\/wp-json\/wp\/v2\/product_tag?post=101004"}],"curies":[{"name":"wp","href":"https:\/\/api.w.org\/{rel}","templated":true}]}}