{"id":100999,"date":"2024-05-23T10:21:40","date_gmt":"2024-05-23T08:21:40","guid":{"rendered":"https:\/\/letrame.com\/catalogo\/producto\/engar-la-leyenda-del-collar\/"},"modified":"2024-05-23T11:10:43","modified_gmt":"2024-05-23T09:10:43","slug":"engar-la-leyenda-del-collar","status":"publish","type":"product","link":"https:\/\/letrame.com\/catalogo\/producto\/engar-la-leyenda-del-collar\/","title":{"rendered":"ENGAR La leyenda del collar"},"content":{"rendered":"<p>ISBN:\u00a0978-84-1068-183-5<br \/>\nT\u00edtulo:\u2028ENGAR La leyenda del collar<br \/>\nFecha:\u20282024<br \/>\nP\u00e1ginas: 578<br \/>\nSINOPSIS<br \/>\n\u00bfY si te dijeran que no estamos solos?<br \/>\nLa humanidad ha convivido a lo largo de los siglos con razas de otros planetas.<br \/>\nEl equilibrio est\u00e1 por romperse y las posibilidades son escasas.<br \/>\nTodo indica que la eterna lucha entre los dos mundos enemigos, Engar y Zainez, comienza de nuevo. Y la primera v\u00edctima en la mira es el planeta Tierra.<br \/>\nEn esta situaci\u00f3n, Emily, Rhaus y Abraham compartir\u00e1n camino, objetivos y aventuras comunes, al mismo tiempo que el universo a su alrededor no hace m\u00e1s que reducirse.<\/p>\n","protected":false},"excerpt":{"rendered":"<p>ISBN:\u00a0978-84-1068-183-5<\/p>\n<p>SINOPSIS<br \/>\n\u00bfY si te dijeran que no estamos solos?<br \/>\nLa humanidad ha convivido a lo largo de los siglos con razas de otros planetas.<br \/>\nEl equilibrio est\u00e1 por romperse y las posibilidades son escasas.<br \/>\nTodo indica que la eterna lucha entre los dos mundos enemigos, Engar y Zainez, comienza de nuevo. Y la primera v\u00edctima en la mira es el planeta Tierra.<br \/>\nEn esta situaci\u00f3n, Emily, Rhaus y Abraham compartir\u00e1n camino, objetivos y aventuras comunes, al mismo tiempo que el universo a su alrededor no hace m\u00e1s que reducirse.<\/p>\n","protected":false},"featured_media":101000,"comment_status":"closed","ping_status":"closed","template":"","meta":{"_acf_changed":false},"libro":[],"product_brand":[],"product_cat":[118],"product_tag":[],"class_list":{"0":"post-100999","1":"product","2":"type-product","3":"status-publish","4":"has-post-thumbnail","6":"product_cat-fantasia","8":"first","9":"instock","10":"product-type-simple"},"acf":{"autor":[100754],"enlace_de_compra":"https:\/\/www.casadellibro.com\/libro-engar-la-leyenda-del-collar\/9788410681835\/16032953"},"yoast_head":"<!-- This site is optimized with the Yoast SEO plugin v26.6 - https:\/\/yoast.com\/wordpress\/plugins\/seo\/ -->\n<title>ENGAR La leyenda del collar - Catalogo | Letrame Grupo Editorial<\/title>\n<meta name=\"robots\" content=\"index, follow, max-snippet:-1, max-image-preview:large, max-video-preview:-1\" \/>\n<link rel=\"canonical\" href=\"https:\/\/letrame.com\/catalogo\/producto\/engar-la-leyenda-del-collar\/\" \/>\n<meta property=\"og:locale\" content=\"es_ES\" \/>\n<meta property=\"og:type\" content=\"article\" \/>\n<meta property=\"og:title\" content=\"ENGAR La leyenda del collar - Catalogo | Letrame Grupo Editorial\" \/>\n<meta property=\"og:description\" content=\"ISBN:\u00a0978-84-1068-183-5  SINOPSIS \u00bfY si te dijeran que no estamos solos? La humanidad ha convivido a lo largo de los siglos con razas de otros planetas. El equilibrio est\u00e1 por romperse y las posibilidades son escasas. Todo indica que la eterna lucha entre los dos mundos enemigos, Engar y Zainez, comienza de nuevo. Y la primera v\u00edctima en la mira es el planeta Tierra. En esta situaci\u00f3n, Emily, Rhaus y Abraham compartir\u00e1n camino, objetivos y aventuras comunes, al mismo tiempo que el universo a su alrededor no hace m\u00e1s que reducirse.\" \/>\n<meta property=\"og:url\" content=\"https:\/\/letrame.com\/catalogo\/producto\/engar-la-leyenda-del-collar\/\" \/>\n<meta property=\"og:site_name\" content=\"Catalogo | Letrame Grupo Editorial\" \/>\n<meta property=\"article:modified_time\" content=\"2024-05-23T09:10:43+00:00\" \/>\n<meta property=\"og:image\" content=\"https:\/\/letrame.com\/catalogo\/wp-content\/uploads\/2024\/05\/webp_engar_2773mm-compressed-1-scaled-1.jpg\" \/>\n\t<meta property=\"og:image:width\" content=\"1746\" \/>\n\t<meta property=\"og:image:height\" content=\"2560\" \/>\n\t<meta property=\"og:image:type\" content=\"image\/jpeg\" \/>\n<meta name=\"twitter:card\" content=\"summary_large_image\" \/>\n<meta name=\"twitter:label1\" content=\"Tiempo de lectura\" \/>\n\t<meta name=\"twitter:data1\" content=\"1 minuto\" \/>\n<script type=\"application\/ld+json\" class=\"yoast-schema-graph\">{\"@context\":\"https:\/\/schema.org\",\"@graph\":[{\"@type\":\"WebPage\",\"@id\":\"https:\/\/letrame.com\/catalogo\/producto\/engar-la-leyenda-del-collar\/\",\"url\":\"https:\/\/letrame.com\/catalogo\/producto\/engar-la-leyenda-del-collar\/\",\"name\":\"ENGAR La leyenda del collar - Catalogo | Letrame Grupo Editorial\",\"isPartOf\":{\"@id\":\"https:\/\/letrame.com\/catalogo\/#website\"},\"primaryImageOfPage\":{\"@id\":\"https:\/\/letrame.com\/catalogo\/producto\/engar-la-leyenda-del-collar\/#primaryimage\"},\"image\":{\"@id\":\"https:\/\/letrame.com\/catalogo\/producto\/engar-la-leyenda-del-collar\/#primaryimage\"},\"thumbnailUrl\":\"https:\/\/letrame.com\/catalogo\/wp-content\/uploads\/2024\/05\/webp_engar_2773mm-compressed-1-scaled-1.jpg\",\"datePublished\":\"2024-05-23T08:21:40+00:00\",\"dateModified\":\"2024-05-23T09:10:43+00:00\",\"breadcrumb\":{\"@id\":\"https:\/\/letrame.com\/catalogo\/producto\/engar-la-leyenda-del-collar\/#breadcrumb\"},\"inLanguage\":\"es\",\"potentialAction\":[{\"@type\":\"ReadAction\",\"target\":[\"https:\/\/letrame.com\/catalogo\/producto\/engar-la-leyenda-del-collar\/\"]}]},{\"@type\":\"ImageObject\",\"inLanguage\":\"es\",\"@id\":\"https:\/\/letrame.com\/catalogo\/producto\/engar-la-leyenda-del-collar\/#primaryimage\",\"url\":\"https:\/\/letrame.com\/catalogo\/wp-content\/uploads\/2024\/05\/webp_engar_2773mm-compressed-1-scaled-1.jpg\",\"contentUrl\":\"https:\/\/letrame.com\/catalogo\/wp-content\/uploads\/2024\/05\/webp_engar_2773mm-compressed-1-scaled-1.jpg\",\"width\":1746,\"height\":2560},{\"@type\":\"BreadcrumbList\",\"@id\":\"https:\/\/letrame.com\/catalogo\/producto\/engar-la-leyenda-del-collar\/#breadcrumb\",\"itemListElement\":[{\"@type\":\"ListItem\",\"position\":1,\"name\":\"Portada\",\"item\":\"https:\/\/letrame.com\/catalogo\/\"},{\"@type\":\"ListItem\",\"position\":2,\"name\":\"Cat\u00e1logo\",\"item\":\"https:\/\/letrame.com\/catalogo\/\"},{\"@type\":\"ListItem\",\"position\":3,\"name\":\"ENGAR La leyenda del collar\"}]},{\"@type\":\"WebSite\",\"@id\":\"https:\/\/letrame.com\/catalogo\/#website\",\"url\":\"https:\/\/letrame.com\/catalogo\/\",\"name\":\"Catalogo | Letrame Grupo Editorial\",\"description\":\"\",\"publisher\":{\"@id\":\"https:\/\/letrame.com\/catalogo\/#organization\"},\"potentialAction\":[{\"@type\":\"SearchAction\",\"target\":{\"@type\":\"EntryPoint\",\"urlTemplate\":\"https:\/\/letrame.com\/catalogo\/?s={search_term_string}\"},\"query-input\":{\"@type\":\"PropertyValueSpecification\",\"valueRequired\":true,\"valueName\":\"search_term_string\"}}],\"inLanguage\":\"es\"},{\"@type\":\"Organization\",\"@id\":\"https:\/\/letrame.com\/catalogo\/#organization\",\"name\":\"Catalogo | Letrame Grupo Editorial\",\"url\":\"https:\/\/letrame.com\/catalogo\/\",\"logo\":{\"@type\":\"ImageObject\",\"inLanguage\":\"es\",\"@id\":\"https:\/\/letrame.com\/catalogo\/#\/schema\/logo\/image\/\",\"url\":\"https:\/\/letrame.com\/catalogo\/wp-content\/uploads\/2024\/03\/logo2.webp\",\"contentUrl\":\"https:\/\/letrame.com\/catalogo\/wp-content\/uploads\/2024\/03\/logo2.webp\",\"width\":394,\"height\":128,\"caption\":\"Catalogo | Letrame Grupo Editorial\"},\"image\":{\"@id\":\"https:\/\/letrame.com\/catalogo\/#\/schema\/logo\/image\/\"}}]}<\/script>\n<!-- \/ Yoast SEO plugin. -->","yoast_head_json":{"title":"ENGAR La leyenda del collar - Catalogo | Letrame Grupo Editorial","robots":{"index":"index","follow":"follow","max-snippet":"max-snippet:-1","max-image-preview":"max-image-preview:large","max-video-preview":"max-video-preview:-1"},"canonical":"https:\/\/letrame.com\/catalogo\/producto\/engar-la-leyenda-del-collar\/","og_locale":"es_ES","og_type":"article","og_title":"ENGAR La leyenda del collar - Catalogo | Letrame Grupo Editorial","og_description":"ISBN:\u00a0978-84-1068-183-5  SINOPSIS \u00bfY si te dijeran que no estamos solos? La humanidad ha convivido a lo largo de los siglos con razas de otros planetas. El equilibrio est\u00e1 por romperse y las posibilidades son escasas. Todo indica que la eterna lucha entre los dos mundos enemigos, Engar y Zainez, comienza de nuevo. Y la primera v\u00edctima en la mira es el planeta Tierra. En esta situaci\u00f3n, Emily, Rhaus y Abraham compartir\u00e1n camino, objetivos y aventuras comunes, al mismo tiempo que el universo a su alrededor no hace m\u00e1s que reducirse.","og_url":"https:\/\/letrame.com\/catalogo\/producto\/engar-la-leyenda-del-collar\/","og_site_name":"Catalogo | Letrame Grupo Editorial","article_modified_time":"2024-05-23T09:10:43+00:00","og_image":[{"width":1746,"height":2560,"url":"https:\/\/letrame.com\/catalogo\/wp-content\/uploads\/2024\/05\/webp_engar_2773mm-compressed-1-scaled-1.jpg","type":"image\/jpeg"}],"twitter_card":"summary_large_image","twitter_misc":{"Tiempo de lectura":"1 minuto"},"schema":{"@context":"https:\/\/schema.org","@graph":[{"@type":"WebPage","@id":"https:\/\/letrame.com\/catalogo\/producto\/engar-la-leyenda-del-collar\/","url":"https:\/\/letrame.com\/catalogo\/producto\/engar-la-leyenda-del-collar\/","name":"ENGAR La leyenda del collar - Catalogo | Letrame Grupo Editorial","isPartOf":{"@id":"https:\/\/letrame.com\/catalogo\/#website"},"primaryImageOfPage":{"@id":"https:\/\/letrame.com\/catalogo\/producto\/engar-la-leyenda-del-collar\/#primaryimage"},"image":{"@id":"https:\/\/letrame.com\/catalogo\/producto\/engar-la-leyenda-del-collar\/#primaryimage"},"thumbnailUrl":"https:\/\/letrame.com\/catalogo\/wp-content\/uploads\/2024\/05\/webp_engar_2773mm-compressed-1-scaled-1.jpg","datePublished":"2024-05-23T08:21:40+00:00","dateModified":"2024-05-23T09:10:43+00:00","breadcrumb":{"@id":"https:\/\/letrame.com\/catalogo\/producto\/engar-la-leyenda-del-collar\/#breadcrumb"},"inLanguage":"es","potentialAction":[{"@type":"ReadAction","target":["https:\/\/letrame.com\/catalogo\/producto\/engar-la-leyenda-del-collar\/"]}]},{"@type":"ImageObject","inLanguage":"es","@id":"https:\/\/letrame.com\/catalogo\/producto\/engar-la-leyenda-del-collar\/#primaryimage","url":"https:\/\/letrame.com\/catalogo\/wp-content\/uploads\/2024\/05\/webp_engar_2773mm-compressed-1-scaled-1.jpg","contentUrl":"https:\/\/letrame.com\/catalogo\/wp-content\/uploads\/2024\/05\/webp_engar_2773mm-compressed-1-scaled-1.jpg","width":1746,"height":2560},{"@type":"BreadcrumbList","@id":"https:\/\/letrame.com\/catalogo\/producto\/engar-la-leyenda-del-collar\/#breadcrumb","itemListElement":[{"@type":"ListItem","position":1,"name":"Portada","item":"https:\/\/letrame.com\/catalogo\/"},{"@type":"ListItem","position":2,"name":"Cat\u00e1logo","item":"https:\/\/letrame.com\/catalogo\/"},{"@type":"ListItem","position":3,"name":"ENGAR La leyenda del collar"}]},{"@type":"WebSite","@id":"https:\/\/letrame.com\/catalogo\/#website","url":"https:\/\/letrame.com\/catalogo\/","name":"Catalogo | Letrame Grupo Editorial","description":"","publisher":{"@id":"https:\/\/letrame.com\/catalogo\/#organization"},"potentialAction":[{"@type":"SearchAction","target":{"@type":"EntryPoint","urlTemplate":"https:\/\/letrame.com\/catalogo\/?s={search_term_string}"},"query-input":{"@type":"PropertyValueSpecification","valueRequired":true,"valueName":"search_term_string"}}],"inLanguage":"es"},{"@type":"Organization","@id":"https:\/\/letrame.com\/catalogo\/#organization","name":"Catalogo | Letrame Grupo Editorial","url":"https:\/\/letrame.com\/catalogo\/","logo":{"@type":"ImageObject","inLanguage":"es","@id":"https:\/\/letrame.com\/catalogo\/#\/schema\/logo\/image\/","url":"https:\/\/letrame.com\/catalogo\/wp-content\/uploads\/2024\/03\/logo2.webp","contentUrl":"https:\/\/letrame.com\/catalogo\/wp-content\/uploads\/2024\/03\/logo2.webp","width":394,"height":128,"caption":"Catalogo | Letrame Grupo Editorial"},"image":{"@id":"https:\/\/letrame.com\/catalogo\/#\/schema\/logo\/image\/"}}]}},"_links":{"self":[{"href":"https:\/\/letrame.com\/catalogo\/wp-json\/wp\/v2\/product\/100999","targetHints":{"allow":["GET"]}}],"collection":[{"href":"https:\/\/letrame.com\/catalogo\/wp-json\/wp\/v2\/product"}],"about":[{"href":"https:\/\/letrame.com\/catalogo\/wp-json\/wp\/v2\/types\/product"}],"replies":[{"embeddable":true,"href":"https:\/\/letrame.com\/catalogo\/wp-json\/wp\/v2\/comments?post=100999"}],"acf:post":[{"embeddable":true,"href":"https:\/\/letrame.com\/catalogo\/wp-json\/wp\/v2\/author_book\/100754"}],"wp:featuredmedia":[{"embeddable":true,"href":"https:\/\/letrame.com\/catalogo\/wp-json\/wp\/v2\/media\/101000"}],"wp:attachment":[{"href":"https:\/\/letrame.com\/catalogo\/wp-json\/wp\/v2\/media?parent=100999"}],"wp:term":[{"taxonomy":"libro","embeddable":true,"href":"https:\/\/letrame.com\/catalogo\/wp-json\/wp\/v2\/libro?post=100999"},{"taxonomy":"product_brand","embeddable":true,"href":"https:\/\/letrame.com\/catalogo\/wp-json\/wp\/v2\/product_brand?post=100999"},{"taxonomy":"product_cat","embeddable":true,"href":"https:\/\/letrame.com\/catalogo\/wp-json\/wp\/v2\/product_cat?post=100999"},{"taxonomy":"product_tag","embeddable":true,"href":"https:\/\/letrame.com\/catalogo\/wp-json\/wp\/v2\/product_tag?post=100999"}],"curies":[{"name":"wp","href":"https:\/\/api.w.org\/{rel}","templated":true}]}}