{"id":100973,"date":"2024-05-23T10:18:24","date_gmt":"2024-05-23T08:18:24","guid":{"rendered":"https:\/\/letrame.com\/catalogo\/producto\/diario-de-un-derrumbe\/"},"modified":"2024-05-23T11:13:56","modified_gmt":"2024-05-23T09:13:56","slug":"diario-de-un-derrumbe","status":"publish","type":"product","link":"https:\/\/letrame.com\/catalogo\/producto\/diario-de-un-derrumbe\/","title":{"rendered":"Diario de un derrumbe"},"content":{"rendered":"<p>ISBN:\u00a0978-84-1068-196-5<br \/>\nT\u00edtulo:\u2028Diario de un derrumbe<br \/>\nFecha:\u20282024<br \/>\nP\u00e1ginas:\u00a0150<br \/>\nSINOPSIS<\/p>\n<p>Diario de un derrumbe y emp\u00e1tica nos invita a adentrarnos en el mundo \u00edntimo y desgarrador de una mujer que enfrenta sus propios demonios mientras busca la redenci\u00f3n y la sanaci\u00f3n.<\/p>\n<p>Rosa navega por las turbulentas aguas de su propio ser, llev\u00e1ndonos por un viaje emocional y reflexivo, en el que se enfrenta a experiencias traum\u00e1ticas y desaf\u00edos emocionales abrumadores. Revela sus luchas internas, sus momentos de debilidad, sus intentos por encontrar la luz en medio de la oscuridad y c\u00f3mo halla apoyo en aquellos que la rodean.<\/p>\n<p>Por un lado del libro, encontrar\u00e1s la historia de la protagonista y, por el otro, una serie de Derrumbes, momentos cruciales en la vida de Rosa donde se ve obligada a confrontar sus temores m\u00e1s profundos y a desafiar las sombras que la acechan. A trav\u00e9s de sus palabras sinceras y honestas, exploramos su camino hacia la aceptaci\u00f3n, el perd\u00f3n y el amor propio.<\/p>\n<p>Este libro es un testimonio de la resiliencia humana, un recordatorio de la capacidad del ser humano para encontrar la esperanza y la redenci\u00f3n incluso en los momentos m\u00e1s oscuros de la vida. A trav\u00e9s de la historia de Rosa, somos inspirados a reflexionar sobre nuestras propias experiencias y a encontrar el coraje para enfrentar nuestros propios derrumbes.<\/p>\n","protected":false},"excerpt":{"rendered":"<p>ISBN:\u00a0978-84-1068-196-5<\/p>\n<p>SINOPSIS<\/p>\n<p>Diario de un derrumbe y emp\u00e1tica nos invita a adentrarnos en el mundo \u00edntimo y desgarrador de una mujer que enfrenta sus propios demonios mientras busca la redenci\u00f3n y la sanaci\u00f3n.<\/p>\n<p>Rosa navega por las turbulentas aguas de su propio ser, llev\u00e1ndonos por un viaje emocional y reflexivo, en el que se enfrenta a experiencias traum\u00e1ticas y desaf\u00edos emocionales abrumadores. Revela sus luchas internas, sus momentos de debilidad, sus intentos por encontrar la luz en medio de la oscuridad y c\u00f3mo halla apoyo en aquellos que la rodean.<\/p>\n<p>Por un lado del libro, encontrar\u00e1s la historia de la protagonista y, por el otro, una serie de Derrumbes, momentos cruciales en la vida de Rosa donde se ve obligada a confrontar sus temores m\u00e1s profundos y a desafiar las sombras que la acechan. A trav\u00e9s de sus palabras sinceras y honestas, exploramos su camino hacia la aceptaci\u00f3n, el perd\u00f3n y el amor propio.<\/p>\n<p>Este libro es un testimonio de la resiliencia humana, un recordatorio de la capacidad del ser humano para encontrar la esperanza y la redenci\u00f3n incluso en los momentos m\u00e1s oscuros de la vida. A trav\u00e9s de la historia de Rosa, somos inspirados a reflexionar sobre nuestras propias experiencias y a encontrar el coraje para enfrentar nuestros propios derrumbes.<\/p>\n","protected":false},"featured_media":100974,"comment_status":"closed","ping_status":"closed","template":"","meta":{"_acf_changed":false},"libro":[],"product_brand":[],"product_cat":[16],"product_tag":[],"class_list":{"0":"post-100973","1":"product","2":"type-product","3":"status-publish","4":"has-post-thumbnail","6":"product_cat-novela","8":"first","9":"instock","10":"product-type-simple"},"acf":{"autor":[100738],"enlace_de_compra":"https:\/\/www.casadellibro.com\/libro-diario-de-un-derrumbe\/9788410681965\/15986658"},"yoast_head":"<!-- This site is optimized with the Yoast SEO plugin v27.4 - https:\/\/yoast.com\/product\/yoast-seo-wordpress\/ -->\n<title>Diario de un derrumbe - Catalogo | Letrame Grupo Editorial<\/title>\n<meta name=\"robots\" content=\"index, follow, max-snippet:-1, max-image-preview:large, max-video-preview:-1\" \/>\n<link rel=\"canonical\" href=\"https:\/\/letrame.com\/catalogo\/producto\/diario-de-un-derrumbe\/\" \/>\n<meta property=\"og:locale\" content=\"es_ES\" \/>\n<meta property=\"og:type\" content=\"article\" \/>\n<meta property=\"og:title\" content=\"Diario de un derrumbe - Catalogo | Letrame Grupo Editorial\" \/>\n<meta property=\"og:description\" content=\"ISBN:\u00a0978-84-1068-196-5  SINOPSIS  Diario de un derrumbe y emp\u00e1tica nos invita a adentrarnos en el mundo \u00edntimo y desgarrador de una mujer que enfrenta sus propios demonios mientras busca la redenci\u00f3n y la sanaci\u00f3n.  Rosa navega por las turbulentas aguas de su propio ser, llev\u00e1ndonos por un viaje emocional y reflexivo, en el que se enfrenta a experiencias traum\u00e1ticas y desaf\u00edos emocionales abrumadores. Revela sus luchas internas, sus momentos de debilidad, sus intentos por encontrar la luz en medio de la oscuridad y c\u00f3mo halla apoyo en aquellos que la rodean.  Por un lado del libro, encontrar\u00e1s la historia de la protagonista y, por el otro, una serie de Derrumbes, momentos cruciales en la vida de Rosa donde se ve obligada a confrontar sus temores m\u00e1s profundos y a desafiar las sombras que la acechan. A trav\u00e9s de sus palabras sinceras y honestas, exploramos su camino hacia la aceptaci\u00f3n, el perd\u00f3n y el amor propio.  Este libro es un testimonio de la resiliencia humana, un recordatorio de la capacidad del ser humano para encontrar la esperanza y la redenci\u00f3n incluso en los momentos m\u00e1s oscuros de la vida. A trav\u00e9s de la historia de Rosa, somos inspirados a reflexionar sobre nuestras propias experiencias y a encontrar el coraje para enfrentar nuestros propios derrumbes.\" \/>\n<meta property=\"og:url\" content=\"https:\/\/letrame.com\/catalogo\/producto\/diario-de-un-derrumbe\/\" \/>\n<meta property=\"og:site_name\" content=\"Catalogo | Letrame Grupo Editorial\" \/>\n<meta property=\"article:modified_time\" content=\"2024-05-23T09:13:56+00:00\" \/>\n<meta property=\"og:image\" content=\"https:\/\/letrame.com\/catalogo\/wp-content\/uploads\/2024\/05\/p_diariodeunderrumbe_8mm-compressed.jpg\" \/>\n\t<meta property=\"og:image:width\" content=\"1654\" \/>\n\t<meta property=\"og:image:height\" content=\"2362\" \/>\n\t<meta property=\"og:image:type\" content=\"image\/jpeg\" \/>\n<meta name=\"twitter:card\" content=\"summary_large_image\" \/>\n<meta name=\"twitter:label1\" content=\"Tiempo de lectura\" \/>\n\t<meta name=\"twitter:data1\" content=\"2 minutos\" \/>\n<script type=\"application\/ld+json\" class=\"yoast-schema-graph\">{\"@context\":\"https:\\\/\\\/schema.org\",\"@graph\":[{\"@type\":\"WebPage\",\"@id\":\"https:\\\/\\\/letrame.com\\\/catalogo\\\/producto\\\/diario-de-un-derrumbe\\\/\",\"url\":\"https:\\\/\\\/letrame.com\\\/catalogo\\\/producto\\\/diario-de-un-derrumbe\\\/\",\"name\":\"Diario de un derrumbe - Catalogo | Letrame Grupo Editorial\",\"isPartOf\":{\"@id\":\"https:\\\/\\\/letrame.com\\\/catalogo\\\/#website\"},\"primaryImageOfPage\":{\"@id\":\"https:\\\/\\\/letrame.com\\\/catalogo\\\/producto\\\/diario-de-un-derrumbe\\\/#primaryimage\"},\"image\":{\"@id\":\"https:\\\/\\\/letrame.com\\\/catalogo\\\/producto\\\/diario-de-un-derrumbe\\\/#primaryimage\"},\"thumbnailUrl\":\"https:\\\/\\\/letrame.com\\\/catalogo\\\/wp-content\\\/uploads\\\/2024\\\/05\\\/p_diariodeunderrumbe_8mm-compressed.jpg\",\"datePublished\":\"2024-05-23T08:18:24+00:00\",\"dateModified\":\"2024-05-23T09:13:56+00:00\",\"breadcrumb\":{\"@id\":\"https:\\\/\\\/letrame.com\\\/catalogo\\\/producto\\\/diario-de-un-derrumbe\\\/#breadcrumb\"},\"inLanguage\":\"es\",\"potentialAction\":[{\"@type\":\"ReadAction\",\"target\":[\"https:\\\/\\\/letrame.com\\\/catalogo\\\/producto\\\/diario-de-un-derrumbe\\\/\"]}]},{\"@type\":\"ImageObject\",\"inLanguage\":\"es\",\"@id\":\"https:\\\/\\\/letrame.com\\\/catalogo\\\/producto\\\/diario-de-un-derrumbe\\\/#primaryimage\",\"url\":\"https:\\\/\\\/letrame.com\\\/catalogo\\\/wp-content\\\/uploads\\\/2024\\\/05\\\/p_diariodeunderrumbe_8mm-compressed.jpg\",\"contentUrl\":\"https:\\\/\\\/letrame.com\\\/catalogo\\\/wp-content\\\/uploads\\\/2024\\\/05\\\/p_diariodeunderrumbe_8mm-compressed.jpg\",\"width\":1654,\"height\":2362},{\"@type\":\"BreadcrumbList\",\"@id\":\"https:\\\/\\\/letrame.com\\\/catalogo\\\/producto\\\/diario-de-un-derrumbe\\\/#breadcrumb\",\"itemListElement\":[{\"@type\":\"ListItem\",\"position\":1,\"name\":\"Portada\",\"item\":\"https:\\\/\\\/letrame.com\\\/catalogo\\\/\"},{\"@type\":\"ListItem\",\"position\":2,\"name\":\"Cat\u00e1logo\",\"item\":\"https:\\\/\\\/letrame.com\\\/catalogo\\\/\"},{\"@type\":\"ListItem\",\"position\":3,\"name\":\"Diario de un derrumbe\"}]},{\"@type\":\"WebSite\",\"@id\":\"https:\\\/\\\/letrame.com\\\/catalogo\\\/#website\",\"url\":\"https:\\\/\\\/letrame.com\\\/catalogo\\\/\",\"name\":\"Catalogo | Letrame Grupo Editorial\",\"description\":\"\",\"publisher\":{\"@id\":\"https:\\\/\\\/letrame.com\\\/catalogo\\\/#organization\"},\"potentialAction\":[{\"@type\":\"SearchAction\",\"target\":{\"@type\":\"EntryPoint\",\"urlTemplate\":\"https:\\\/\\\/letrame.com\\\/catalogo\\\/?s={search_term_string}\"},\"query-input\":{\"@type\":\"PropertyValueSpecification\",\"valueRequired\":true,\"valueName\":\"search_term_string\"}}],\"inLanguage\":\"es\"},{\"@type\":\"Organization\",\"@id\":\"https:\\\/\\\/letrame.com\\\/catalogo\\\/#organization\",\"name\":\"Catalogo | Letrame Grupo Editorial\",\"url\":\"https:\\\/\\\/letrame.com\\\/catalogo\\\/\",\"logo\":{\"@type\":\"ImageObject\",\"inLanguage\":\"es\",\"@id\":\"https:\\\/\\\/letrame.com\\\/catalogo\\\/#\\\/schema\\\/logo\\\/image\\\/\",\"url\":\"https:\\\/\\\/letrame.com\\\/catalogo\\\/wp-content\\\/uploads\\\/2024\\\/03\\\/logo2.webp\",\"contentUrl\":\"https:\\\/\\\/letrame.com\\\/catalogo\\\/wp-content\\\/uploads\\\/2024\\\/03\\\/logo2.webp\",\"width\":394,\"height\":128,\"caption\":\"Catalogo | Letrame Grupo Editorial\"},\"image\":{\"@id\":\"https:\\\/\\\/letrame.com\\\/catalogo\\\/#\\\/schema\\\/logo\\\/image\\\/\"}}]}<\/script>\n<!-- \/ Yoast SEO plugin. -->","yoast_head_json":{"title":"Diario de un derrumbe - Catalogo | Letrame Grupo Editorial","robots":{"index":"index","follow":"follow","max-snippet":"max-snippet:-1","max-image-preview":"max-image-preview:large","max-video-preview":"max-video-preview:-1"},"canonical":"https:\/\/letrame.com\/catalogo\/producto\/diario-de-un-derrumbe\/","og_locale":"es_ES","og_type":"article","og_title":"Diario de un derrumbe - Catalogo | Letrame Grupo Editorial","og_description":"ISBN:\u00a0978-84-1068-196-5  SINOPSIS  Diario de un derrumbe y emp\u00e1tica nos invita a adentrarnos en el mundo \u00edntimo y desgarrador de una mujer que enfrenta sus propios demonios mientras busca la redenci\u00f3n y la sanaci\u00f3n.  Rosa navega por las turbulentas aguas de su propio ser, llev\u00e1ndonos por un viaje emocional y reflexivo, en el que se enfrenta a experiencias traum\u00e1ticas y desaf\u00edos emocionales abrumadores. Revela sus luchas internas, sus momentos de debilidad, sus intentos por encontrar la luz en medio de la oscuridad y c\u00f3mo halla apoyo en aquellos que la rodean.  Por un lado del libro, encontrar\u00e1s la historia de la protagonista y, por el otro, una serie de Derrumbes, momentos cruciales en la vida de Rosa donde se ve obligada a confrontar sus temores m\u00e1s profundos y a desafiar las sombras que la acechan. A trav\u00e9s de sus palabras sinceras y honestas, exploramos su camino hacia la aceptaci\u00f3n, el perd\u00f3n y el amor propio.  Este libro es un testimonio de la resiliencia humana, un recordatorio de la capacidad del ser humano para encontrar la esperanza y la redenci\u00f3n incluso en los momentos m\u00e1s oscuros de la vida. A trav\u00e9s de la historia de Rosa, somos inspirados a reflexionar sobre nuestras propias experiencias y a encontrar el coraje para enfrentar nuestros propios derrumbes.","og_url":"https:\/\/letrame.com\/catalogo\/producto\/diario-de-un-derrumbe\/","og_site_name":"Catalogo | Letrame Grupo Editorial","article_modified_time":"2024-05-23T09:13:56+00:00","og_image":[{"width":1654,"height":2362,"url":"https:\/\/letrame.com\/catalogo\/wp-content\/uploads\/2024\/05\/p_diariodeunderrumbe_8mm-compressed.jpg","type":"image\/jpeg"}],"twitter_card":"summary_large_image","twitter_misc":{"Tiempo de lectura":"2 minutos"},"schema":{"@context":"https:\/\/schema.org","@graph":[{"@type":"WebPage","@id":"https:\/\/letrame.com\/catalogo\/producto\/diario-de-un-derrumbe\/","url":"https:\/\/letrame.com\/catalogo\/producto\/diario-de-un-derrumbe\/","name":"Diario de un derrumbe - Catalogo | Letrame Grupo Editorial","isPartOf":{"@id":"https:\/\/letrame.com\/catalogo\/#website"},"primaryImageOfPage":{"@id":"https:\/\/letrame.com\/catalogo\/producto\/diario-de-un-derrumbe\/#primaryimage"},"image":{"@id":"https:\/\/letrame.com\/catalogo\/producto\/diario-de-un-derrumbe\/#primaryimage"},"thumbnailUrl":"https:\/\/letrame.com\/catalogo\/wp-content\/uploads\/2024\/05\/p_diariodeunderrumbe_8mm-compressed.jpg","datePublished":"2024-05-23T08:18:24+00:00","dateModified":"2024-05-23T09:13:56+00:00","breadcrumb":{"@id":"https:\/\/letrame.com\/catalogo\/producto\/diario-de-un-derrumbe\/#breadcrumb"},"inLanguage":"es","potentialAction":[{"@type":"ReadAction","target":["https:\/\/letrame.com\/catalogo\/producto\/diario-de-un-derrumbe\/"]}]},{"@type":"ImageObject","inLanguage":"es","@id":"https:\/\/letrame.com\/catalogo\/producto\/diario-de-un-derrumbe\/#primaryimage","url":"https:\/\/letrame.com\/catalogo\/wp-content\/uploads\/2024\/05\/p_diariodeunderrumbe_8mm-compressed.jpg","contentUrl":"https:\/\/letrame.com\/catalogo\/wp-content\/uploads\/2024\/05\/p_diariodeunderrumbe_8mm-compressed.jpg","width":1654,"height":2362},{"@type":"BreadcrumbList","@id":"https:\/\/letrame.com\/catalogo\/producto\/diario-de-un-derrumbe\/#breadcrumb","itemListElement":[{"@type":"ListItem","position":1,"name":"Portada","item":"https:\/\/letrame.com\/catalogo\/"},{"@type":"ListItem","position":2,"name":"Cat\u00e1logo","item":"https:\/\/letrame.com\/catalogo\/"},{"@type":"ListItem","position":3,"name":"Diario de un derrumbe"}]},{"@type":"WebSite","@id":"https:\/\/letrame.com\/catalogo\/#website","url":"https:\/\/letrame.com\/catalogo\/","name":"Catalogo | Letrame Grupo Editorial","description":"","publisher":{"@id":"https:\/\/letrame.com\/catalogo\/#organization"},"potentialAction":[{"@type":"SearchAction","target":{"@type":"EntryPoint","urlTemplate":"https:\/\/letrame.com\/catalogo\/?s={search_term_string}"},"query-input":{"@type":"PropertyValueSpecification","valueRequired":true,"valueName":"search_term_string"}}],"inLanguage":"es"},{"@type":"Organization","@id":"https:\/\/letrame.com\/catalogo\/#organization","name":"Catalogo | Letrame Grupo Editorial","url":"https:\/\/letrame.com\/catalogo\/","logo":{"@type":"ImageObject","inLanguage":"es","@id":"https:\/\/letrame.com\/catalogo\/#\/schema\/logo\/image\/","url":"https:\/\/letrame.com\/catalogo\/wp-content\/uploads\/2024\/03\/logo2.webp","contentUrl":"https:\/\/letrame.com\/catalogo\/wp-content\/uploads\/2024\/03\/logo2.webp","width":394,"height":128,"caption":"Catalogo | Letrame Grupo Editorial"},"image":{"@id":"https:\/\/letrame.com\/catalogo\/#\/schema\/logo\/image\/"}}]}},"_links":{"self":[{"href":"https:\/\/letrame.com\/catalogo\/wp-json\/wp\/v2\/product\/100973","targetHints":{"allow":["GET"]}}],"collection":[{"href":"https:\/\/letrame.com\/catalogo\/wp-json\/wp\/v2\/product"}],"about":[{"href":"https:\/\/letrame.com\/catalogo\/wp-json\/wp\/v2\/types\/product"}],"replies":[{"embeddable":true,"href":"https:\/\/letrame.com\/catalogo\/wp-json\/wp\/v2\/comments?post=100973"}],"acf:post":[{"embeddable":true,"href":"https:\/\/letrame.com\/catalogo\/wp-json\/wp\/v2\/author_book\/100738"}],"wp:featuredmedia":[{"embeddable":true,"href":"https:\/\/letrame.com\/catalogo\/wp-json\/wp\/v2\/media\/100974"}],"wp:attachment":[{"href":"https:\/\/letrame.com\/catalogo\/wp-json\/wp\/v2\/media?parent=100973"}],"wp:term":[{"taxonomy":"libro","embeddable":true,"href":"https:\/\/letrame.com\/catalogo\/wp-json\/wp\/v2\/libro?post=100973"},{"taxonomy":"product_brand","embeddable":true,"href":"https:\/\/letrame.com\/catalogo\/wp-json\/wp\/v2\/product_brand?post=100973"},{"taxonomy":"product_cat","embeddable":true,"href":"https:\/\/letrame.com\/catalogo\/wp-json\/wp\/v2\/product_cat?post=100973"},{"taxonomy":"product_tag","embeddable":true,"href":"https:\/\/letrame.com\/catalogo\/wp-json\/wp\/v2\/product_tag?post=100973"}],"curies":[{"name":"wp","href":"https:\/\/api.w.org\/{rel}","templated":true}]}}