{"id":100967,"date":"2024-05-23T10:18:24","date_gmt":"2024-05-23T08:18:24","guid":{"rendered":"https:\/\/letrame.com\/catalogo\/producto\/el-caso-cloverfield\/"},"modified":"2024-05-23T11:13:07","modified_gmt":"2024-05-23T09:13:07","slug":"el-caso-cloverfield","status":"publish","type":"product","link":"https:\/\/letrame.com\/catalogo\/producto\/el-caso-cloverfield\/","title":{"rendered":"El caso Cloverfield"},"content":{"rendered":"<p>ISBN:\u00a0978-84-1068-161-3<br \/>\nT\u00edtulo:\u2028El caso Cloverfield<br \/>\nFecha:\u20282024<br \/>\nP\u00e1ginas:\u00a0198<br \/>\nSINOPSIS<br \/>\nTras liberarse de su propio infierno y abandonar la mansi\u00f3n junto a la periodista Beth Warren, Charlotte comienza a vivir su nueva vida junto a ella y a su hija, Claire. Su caso fue cerrado con \u00e9xito y sobre su mente quedan los oscuros recuerdos de aquellos a\u00f1os bajo las garras de los despiadados Cloverfield. Pero, \u00bfcu\u00e1les son esos recuerdos que la atormentan?<br \/>\nAd\u00e9ntrate una vez m\u00e1s en la mansi\u00f3n para descubrir la historia de Charlotte, desde sus inicios hasta el momento crucial que cambi\u00f3 su vida para siempre, en esta precuela de La madrugada del 14 de julio.<br \/>\n\u00bfEs la traici\u00f3n m\u00e1s dolorosa que la tortura?<\/p>\n","protected":false},"excerpt":{"rendered":"<p>ISBN:\u00a0978-84-1068-161-3<\/p>\n<p>SINOPSIS<br \/>\nTras liberarse de su propio infierno y abandonar la mansi\u00f3n junto a la periodista Beth Warren, Charlotte comienza a vivir su nueva vida junto a ella y a su hija, Claire. Su caso fue cerrado con \u00e9xito y sobre su mente quedan los oscuros recuerdos de aquellos a\u00f1os bajo las garras de los despiadados Cloverfield. Pero, \u00bfcu\u00e1les son esos recuerdos que la atormentan?<br \/>\nAd\u00e9ntrate una vez m\u00e1s en la mansi\u00f3n para descubrir la historia de Charlotte, desde sus inicios hasta el momento crucial que cambi\u00f3 su vida para siempre, en esta precuela de La madrugada del 14 de julio.<br \/>\n\u00bfEs la traici\u00f3n m\u00e1s dolorosa que la tortura?<\/p>\n<p>&nbsp;<\/p>\n","protected":false},"featured_media":100968,"comment_status":"closed","ping_status":"closed","template":"","meta":{"_acf_changed":false},"libro":[],"product_brand":[],"product_cat":[51],"product_tag":[],"class_list":{"0":"post-100967","1":"product","2":"type-product","3":"status-publish","4":"has-post-thumbnail","6":"product_cat-novela-negra","8":"first","9":"instock","10":"product-type-simple"},"acf":{"autor":[75990],"enlace_de_compra":"https:\/\/www.casadellibro.com\/libro-el-caso-cloverfield\/9788410681613\/15972840"},"yoast_head":"<!-- This site is optimized with the Yoast SEO plugin v27.4 - https:\/\/yoast.com\/product\/yoast-seo-wordpress\/ -->\n<title>El caso Cloverfield - Catalogo | Letrame Grupo Editorial<\/title>\n<meta name=\"robots\" content=\"index, follow, max-snippet:-1, max-image-preview:large, max-video-preview:-1\" \/>\n<link rel=\"canonical\" href=\"https:\/\/letrame.com\/catalogo\/producto\/el-caso-cloverfield\/\" \/>\n<meta property=\"og:locale\" content=\"es_ES\" \/>\n<meta property=\"og:type\" content=\"article\" \/>\n<meta property=\"og:title\" content=\"El caso Cloverfield - Catalogo | Letrame Grupo Editorial\" \/>\n<meta property=\"og:description\" content=\"ISBN:\u00a0978-84-1068-161-3  SINOPSIS Tras liberarse de su propio infierno y abandonar la mansi\u00f3n junto a la periodista Beth Warren, Charlotte comienza a vivir su nueva vida junto a ella y a su hija, Claire. Su caso fue cerrado con \u00e9xito y sobre su mente quedan los oscuros recuerdos de aquellos a\u00f1os bajo las garras de los despiadados Cloverfield. Pero, \u00bfcu\u00e1les son esos recuerdos que la atormentan? Ad\u00e9ntrate una vez m\u00e1s en la mansi\u00f3n para descubrir la historia de Charlotte, desde sus inicios hasta el momento crucial que cambi\u00f3 su vida para siempre, en esta precuela de La madrugada del 14 de julio. \u00bfEs la traici\u00f3n m\u00e1s dolorosa que la tortura?  &nbsp;\" \/>\n<meta property=\"og:url\" content=\"https:\/\/letrame.com\/catalogo\/producto\/el-caso-cloverfield\/\" \/>\n<meta property=\"og:site_name\" content=\"Catalogo | Letrame Grupo Editorial\" \/>\n<meta property=\"article:modified_time\" content=\"2024-05-23T09:13:07+00:00\" \/>\n<meta property=\"og:image\" content=\"https:\/\/letrame.com\/catalogo\/wp-content\/uploads\/2024\/05\/webp_elcasocloverfield_1136mm-compressed.jpg\" \/>\n\t<meta property=\"og:image:width\" content=\"1772\" \/>\n\t<meta property=\"og:image:height\" content=\"2480\" \/>\n\t<meta property=\"og:image:type\" content=\"image\/jpeg\" \/>\n<meta name=\"twitter:card\" content=\"summary_large_image\" \/>\n<meta name=\"twitter:label1\" content=\"Tiempo de lectura\" \/>\n\t<meta name=\"twitter:data1\" content=\"1 minuto\" \/>\n<script type=\"application\/ld+json\" class=\"yoast-schema-graph\">{\"@context\":\"https:\\\/\\\/schema.org\",\"@graph\":[{\"@type\":\"WebPage\",\"@id\":\"https:\\\/\\\/letrame.com\\\/catalogo\\\/producto\\\/el-caso-cloverfield\\\/\",\"url\":\"https:\\\/\\\/letrame.com\\\/catalogo\\\/producto\\\/el-caso-cloverfield\\\/\",\"name\":\"El caso Cloverfield - Catalogo | Letrame Grupo Editorial\",\"isPartOf\":{\"@id\":\"https:\\\/\\\/letrame.com\\\/catalogo\\\/#website\"},\"primaryImageOfPage\":{\"@id\":\"https:\\\/\\\/letrame.com\\\/catalogo\\\/producto\\\/el-caso-cloverfield\\\/#primaryimage\"},\"image\":{\"@id\":\"https:\\\/\\\/letrame.com\\\/catalogo\\\/producto\\\/el-caso-cloverfield\\\/#primaryimage\"},\"thumbnailUrl\":\"https:\\\/\\\/letrame.com\\\/catalogo\\\/wp-content\\\/uploads\\\/2024\\\/05\\\/webp_elcasocloverfield_1136mm-compressed.jpg\",\"datePublished\":\"2024-05-23T08:18:24+00:00\",\"dateModified\":\"2024-05-23T09:13:07+00:00\",\"breadcrumb\":{\"@id\":\"https:\\\/\\\/letrame.com\\\/catalogo\\\/producto\\\/el-caso-cloverfield\\\/#breadcrumb\"},\"inLanguage\":\"es\",\"potentialAction\":[{\"@type\":\"ReadAction\",\"target\":[\"https:\\\/\\\/letrame.com\\\/catalogo\\\/producto\\\/el-caso-cloverfield\\\/\"]}]},{\"@type\":\"ImageObject\",\"inLanguage\":\"es\",\"@id\":\"https:\\\/\\\/letrame.com\\\/catalogo\\\/producto\\\/el-caso-cloverfield\\\/#primaryimage\",\"url\":\"https:\\\/\\\/letrame.com\\\/catalogo\\\/wp-content\\\/uploads\\\/2024\\\/05\\\/webp_elcasocloverfield_1136mm-compressed.jpg\",\"contentUrl\":\"https:\\\/\\\/letrame.com\\\/catalogo\\\/wp-content\\\/uploads\\\/2024\\\/05\\\/webp_elcasocloverfield_1136mm-compressed.jpg\",\"width\":1772,\"height\":2480},{\"@type\":\"BreadcrumbList\",\"@id\":\"https:\\\/\\\/letrame.com\\\/catalogo\\\/producto\\\/el-caso-cloverfield\\\/#breadcrumb\",\"itemListElement\":[{\"@type\":\"ListItem\",\"position\":1,\"name\":\"Portada\",\"item\":\"https:\\\/\\\/letrame.com\\\/catalogo\\\/\"},{\"@type\":\"ListItem\",\"position\":2,\"name\":\"Cat\u00e1logo\",\"item\":\"https:\\\/\\\/letrame.com\\\/catalogo\\\/\"},{\"@type\":\"ListItem\",\"position\":3,\"name\":\"El caso Cloverfield\"}]},{\"@type\":\"WebSite\",\"@id\":\"https:\\\/\\\/letrame.com\\\/catalogo\\\/#website\",\"url\":\"https:\\\/\\\/letrame.com\\\/catalogo\\\/\",\"name\":\"Catalogo | Letrame Grupo Editorial\",\"description\":\"\",\"publisher\":{\"@id\":\"https:\\\/\\\/letrame.com\\\/catalogo\\\/#organization\"},\"potentialAction\":[{\"@type\":\"SearchAction\",\"target\":{\"@type\":\"EntryPoint\",\"urlTemplate\":\"https:\\\/\\\/letrame.com\\\/catalogo\\\/?s={search_term_string}\"},\"query-input\":{\"@type\":\"PropertyValueSpecification\",\"valueRequired\":true,\"valueName\":\"search_term_string\"}}],\"inLanguage\":\"es\"},{\"@type\":\"Organization\",\"@id\":\"https:\\\/\\\/letrame.com\\\/catalogo\\\/#organization\",\"name\":\"Catalogo | Letrame Grupo Editorial\",\"url\":\"https:\\\/\\\/letrame.com\\\/catalogo\\\/\",\"logo\":{\"@type\":\"ImageObject\",\"inLanguage\":\"es\",\"@id\":\"https:\\\/\\\/letrame.com\\\/catalogo\\\/#\\\/schema\\\/logo\\\/image\\\/\",\"url\":\"https:\\\/\\\/letrame.com\\\/catalogo\\\/wp-content\\\/uploads\\\/2024\\\/03\\\/logo2.webp\",\"contentUrl\":\"https:\\\/\\\/letrame.com\\\/catalogo\\\/wp-content\\\/uploads\\\/2024\\\/03\\\/logo2.webp\",\"width\":394,\"height\":128,\"caption\":\"Catalogo | Letrame Grupo Editorial\"},\"image\":{\"@id\":\"https:\\\/\\\/letrame.com\\\/catalogo\\\/#\\\/schema\\\/logo\\\/image\\\/\"}}]}<\/script>\n<!-- \/ Yoast SEO plugin. -->","yoast_head_json":{"title":"El caso Cloverfield - Catalogo | Letrame Grupo Editorial","robots":{"index":"index","follow":"follow","max-snippet":"max-snippet:-1","max-image-preview":"max-image-preview:large","max-video-preview":"max-video-preview:-1"},"canonical":"https:\/\/letrame.com\/catalogo\/producto\/el-caso-cloverfield\/","og_locale":"es_ES","og_type":"article","og_title":"El caso Cloverfield - Catalogo | Letrame Grupo Editorial","og_description":"ISBN:\u00a0978-84-1068-161-3  SINOPSIS Tras liberarse de su propio infierno y abandonar la mansi\u00f3n junto a la periodista Beth Warren, Charlotte comienza a vivir su nueva vida junto a ella y a su hija, Claire. Su caso fue cerrado con \u00e9xito y sobre su mente quedan los oscuros recuerdos de aquellos a\u00f1os bajo las garras de los despiadados Cloverfield. Pero, \u00bfcu\u00e1les son esos recuerdos que la atormentan? Ad\u00e9ntrate una vez m\u00e1s en la mansi\u00f3n para descubrir la historia de Charlotte, desde sus inicios hasta el momento crucial que cambi\u00f3 su vida para siempre, en esta precuela de La madrugada del 14 de julio. \u00bfEs la traici\u00f3n m\u00e1s dolorosa que la tortura?  &nbsp;","og_url":"https:\/\/letrame.com\/catalogo\/producto\/el-caso-cloverfield\/","og_site_name":"Catalogo | Letrame Grupo Editorial","article_modified_time":"2024-05-23T09:13:07+00:00","og_image":[{"width":1772,"height":2480,"url":"https:\/\/letrame.com\/catalogo\/wp-content\/uploads\/2024\/05\/webp_elcasocloverfield_1136mm-compressed.jpg","type":"image\/jpeg"}],"twitter_card":"summary_large_image","twitter_misc":{"Tiempo de lectura":"1 minuto"},"schema":{"@context":"https:\/\/schema.org","@graph":[{"@type":"WebPage","@id":"https:\/\/letrame.com\/catalogo\/producto\/el-caso-cloverfield\/","url":"https:\/\/letrame.com\/catalogo\/producto\/el-caso-cloverfield\/","name":"El caso Cloverfield - Catalogo | Letrame Grupo Editorial","isPartOf":{"@id":"https:\/\/letrame.com\/catalogo\/#website"},"primaryImageOfPage":{"@id":"https:\/\/letrame.com\/catalogo\/producto\/el-caso-cloverfield\/#primaryimage"},"image":{"@id":"https:\/\/letrame.com\/catalogo\/producto\/el-caso-cloverfield\/#primaryimage"},"thumbnailUrl":"https:\/\/letrame.com\/catalogo\/wp-content\/uploads\/2024\/05\/webp_elcasocloverfield_1136mm-compressed.jpg","datePublished":"2024-05-23T08:18:24+00:00","dateModified":"2024-05-23T09:13:07+00:00","breadcrumb":{"@id":"https:\/\/letrame.com\/catalogo\/producto\/el-caso-cloverfield\/#breadcrumb"},"inLanguage":"es","potentialAction":[{"@type":"ReadAction","target":["https:\/\/letrame.com\/catalogo\/producto\/el-caso-cloverfield\/"]}]},{"@type":"ImageObject","inLanguage":"es","@id":"https:\/\/letrame.com\/catalogo\/producto\/el-caso-cloverfield\/#primaryimage","url":"https:\/\/letrame.com\/catalogo\/wp-content\/uploads\/2024\/05\/webp_elcasocloverfield_1136mm-compressed.jpg","contentUrl":"https:\/\/letrame.com\/catalogo\/wp-content\/uploads\/2024\/05\/webp_elcasocloverfield_1136mm-compressed.jpg","width":1772,"height":2480},{"@type":"BreadcrumbList","@id":"https:\/\/letrame.com\/catalogo\/producto\/el-caso-cloverfield\/#breadcrumb","itemListElement":[{"@type":"ListItem","position":1,"name":"Portada","item":"https:\/\/letrame.com\/catalogo\/"},{"@type":"ListItem","position":2,"name":"Cat\u00e1logo","item":"https:\/\/letrame.com\/catalogo\/"},{"@type":"ListItem","position":3,"name":"El caso Cloverfield"}]},{"@type":"WebSite","@id":"https:\/\/letrame.com\/catalogo\/#website","url":"https:\/\/letrame.com\/catalogo\/","name":"Catalogo | Letrame Grupo Editorial","description":"","publisher":{"@id":"https:\/\/letrame.com\/catalogo\/#organization"},"potentialAction":[{"@type":"SearchAction","target":{"@type":"EntryPoint","urlTemplate":"https:\/\/letrame.com\/catalogo\/?s={search_term_string}"},"query-input":{"@type":"PropertyValueSpecification","valueRequired":true,"valueName":"search_term_string"}}],"inLanguage":"es"},{"@type":"Organization","@id":"https:\/\/letrame.com\/catalogo\/#organization","name":"Catalogo | Letrame Grupo Editorial","url":"https:\/\/letrame.com\/catalogo\/","logo":{"@type":"ImageObject","inLanguage":"es","@id":"https:\/\/letrame.com\/catalogo\/#\/schema\/logo\/image\/","url":"https:\/\/letrame.com\/catalogo\/wp-content\/uploads\/2024\/03\/logo2.webp","contentUrl":"https:\/\/letrame.com\/catalogo\/wp-content\/uploads\/2024\/03\/logo2.webp","width":394,"height":128,"caption":"Catalogo | Letrame Grupo Editorial"},"image":{"@id":"https:\/\/letrame.com\/catalogo\/#\/schema\/logo\/image\/"}}]}},"_links":{"self":[{"href":"https:\/\/letrame.com\/catalogo\/wp-json\/wp\/v2\/product\/100967","targetHints":{"allow":["GET"]}}],"collection":[{"href":"https:\/\/letrame.com\/catalogo\/wp-json\/wp\/v2\/product"}],"about":[{"href":"https:\/\/letrame.com\/catalogo\/wp-json\/wp\/v2\/types\/product"}],"replies":[{"embeddable":true,"href":"https:\/\/letrame.com\/catalogo\/wp-json\/wp\/v2\/comments?post=100967"}],"acf:post":[{"embeddable":true,"href":"https:\/\/letrame.com\/catalogo\/wp-json\/wp\/v2\/author_book\/75990"}],"wp:featuredmedia":[{"embeddable":true,"href":"https:\/\/letrame.com\/catalogo\/wp-json\/wp\/v2\/media\/100968"}],"wp:attachment":[{"href":"https:\/\/letrame.com\/catalogo\/wp-json\/wp\/v2\/media?parent=100967"}],"wp:term":[{"taxonomy":"libro","embeddable":true,"href":"https:\/\/letrame.com\/catalogo\/wp-json\/wp\/v2\/libro?post=100967"},{"taxonomy":"product_brand","embeddable":true,"href":"https:\/\/letrame.com\/catalogo\/wp-json\/wp\/v2\/product_brand?post=100967"},{"taxonomy":"product_cat","embeddable":true,"href":"https:\/\/letrame.com\/catalogo\/wp-json\/wp\/v2\/product_cat?post=100967"},{"taxonomy":"product_tag","embeddable":true,"href":"https:\/\/letrame.com\/catalogo\/wp-json\/wp\/v2\/product_tag?post=100967"}],"curies":[{"name":"wp","href":"https:\/\/api.w.org\/{rel}","templated":true}]}}

<p>ISBN: 978-84-1068-161-3<br />
Título: El caso Cloverfield<br />
Fecha: 2024<br />
Páginas: 198<br />
SINOPSIS<br />
Tras liberarse de su propio infierno y abandonar la mansión junto a la periodista Beth Warren, Charlotte comienza a vivir su nueva vida junto a ella y a su hija, Claire. Su caso fue cerrado con éxito y sobre su mente quedan los oscuros recuerdos de aquellos años bajo las garras de los despiadados Cloverfield. Pero, ¿cuáles son esos recuerdos que la atormentan?<br />
Adéntrate una vez más en la mansión para descubrir la historia de Charlotte, desde sus inicios hasta el momento crucial que cambió su vida para siempre, en esta precuela de La madrugada del 14 de julio.<br />
¿Es la traición más dolorosa que la tortura?</p>

<p>ISBN: 978-84-1068-161-3</p>
<p>SINOPSIS<br />
Tras liberarse de su propio infierno y abandonar la mansión junto a la periodista Beth Warren, Charlotte comienza a vivir su nueva vida junto a ella y a su hija, Claire. Su caso fue cerrado con éxito y sobre su mente quedan los oscuros recuerdos de aquellos años bajo las garras de los despiadados Cloverfield. Pero, ¿cuáles son esos recuerdos que la atormentan?<br />
Adéntrate una vez más en la mansión para descubrir la historia de Charlotte, desde sus inicios hasta el momento crucial que cambió su vida para siempre, en esta precuela de La madrugada del 14 de julio.<br />
¿Es la traición más dolorosa que la tortura?</p>
<p>&nbsp;</p>

<!-- This site is optimized with the Yoast SEO plugin v27.4 - https://yoast.com/product/yoast-seo-wordpress/ -->
<title>El caso Cloverfield - Catalogo | Letrame Grupo Editorial</title>
<meta name="robots" content="index, follow, max-snippet:-1, max-image-preview:large, max-video-preview:-1" />
<link rel="canonical" href="https://letrame.com/catalogo/producto/el-caso-cloverfield/" />
<meta property="og:locale" content="es_ES" />
<meta property="og:type" content="article" />
<meta property="og:title" content="El caso Cloverfield - Catalogo | Letrame Grupo Editorial" />
<meta property="og:description" content="ISBN: 978-84-1068-161-3  SINOPSIS Tras liberarse de su propio infierno y abandonar la mansión junto a la periodista Beth Warren, Charlotte comienza a vivir su nueva vida junto a ella y a su hija, Claire. Su caso fue cerrado con éxito y sobre su mente quedan los oscuros recuerdos de aquellos años bajo las garras de los despiadados Cloverfield. Pero, ¿cuáles son esos recuerdos que la atormentan? Adéntrate una vez más en la mansión para descubrir la historia de Charlotte, desde sus inicios hasta el momento crucial que cambió su vida para siempre, en esta precuela de La madrugada del 14 de julio. ¿Es la traición más dolorosa que la tortura?  &nbsp;" />
<meta property="og:url" content="https://letrame.com/catalogo/producto/el-caso-cloverfield/" />
<meta property="og:site_name" content="Catalogo | Letrame Grupo Editorial" />
<meta property="article:modified_time" content="2024-05-23T09:13:07+00:00" />
<meta property="og:image" content="https://letrame.com/catalogo/wp-content/uploads/2024/05/webp_elcasocloverfield_1136mm-compressed.jpg" />
	<meta property="og:image:width" content="1772" />
	<meta property="og:image:height" content="2480" />
	<meta property="og:image:type" content="image/jpeg" />
<meta name="twitter:card" content="summary_large_image" />
<meta name="twitter:label1" content="Tiempo de lectura" />
	<meta name="twitter:data1" content="1 minuto" />
<script type="application/ld+json" class="yoast-schema-graph">{"@context":"https:\/\/schema.org","@graph":[{"@type":"WebPage","@id":"https:\/\/letrame.com\/catalogo\/producto\/el-caso-cloverfield\/","url":"https:\/\/letrame.com\/catalogo\/producto\/el-caso-cloverfield\/","name":"El caso Cloverfield - Catalogo | Letrame Grupo Editorial","isPartOf":{"@id":"https:\/\/letrame.com\/catalogo\/#website"},"primaryImageOfPage":{"@id":"https:\/\/letrame.com\/catalogo\/producto\/el-caso-cloverfield\/#primaryimage"},"image":{"@id":"https:\/\/letrame.com\/catalogo\/producto\/el-caso-cloverfield\/#primaryimage"},"thumbnailUrl":"https:\/\/letrame.com\/catalogo\/wp-content\/uploads\/2024\/05\/webp_elcasocloverfield_1136mm-compressed.jpg","datePublished":"2024-05-23T08:18:24+00:00","dateModified":"2024-05-23T09:13:07+00:00","breadcrumb":{"@id":"https:\/\/letrame.com\/catalogo\/producto\/el-caso-cloverfield\/#breadcrumb"},"inLanguage":"es","potentialAction":[{"@type":"ReadAction","target":["https:\/\/letrame.com\/catalogo\/producto\/el-caso-cloverfield\/"]}]},{"@type":"ImageObject","inLanguage":"es","@id":"https:\/\/letrame.com\/catalogo\/producto\/el-caso-cloverfield\/#primaryimage","url":"https:\/\/letrame.com\/catalogo\/wp-content\/uploads\/2024\/05\/webp_elcasocloverfield_1136mm-compressed.jpg","contentUrl":"https:\/\/letrame.com\/catalogo\/wp-content\/uploads\/2024\/05\/webp_elcasocloverfield_1136mm-compressed.jpg","width":1772,"height":2480},{"@type":"BreadcrumbList","@id":"https:\/\/letrame.com\/catalogo\/producto\/el-caso-cloverfield\/#breadcrumb","itemListElement":[{"@type":"ListItem","position":1,"name":"Portada","item":"https:\/\/letrame.com\/catalogo\/"},{"@type":"ListItem","position":2,"name":"Catálogo","item":"https:\/\/letrame.com\/catalogo\/"},{"@type":"ListItem","position":3,"name":"El caso Cloverfield"}]},{"@type":"WebSite","@id":"https:\/\/letrame.com\/catalogo\/#website","url":"https:\/\/letrame.com\/catalogo\/","name":"Catalogo | Letrame Grupo Editorial","description":"","publisher":{"@id":"https:\/\/letrame.com\/catalogo\/#organization"},"potentialAction":[{"@type":"SearchAction","target":{"@type":"EntryPoint","urlTemplate":"https:\/\/letrame.com\/catalogo\/?s={search_term_string}"},"query-input":{"@type":"PropertyValueSpecification","valueRequired":true,"valueName":"search_term_string"}}],"inLanguage":"es"},{"@type":"Organization","@id":"https:\/\/letrame.com\/catalogo\/#organization","name":"Catalogo | Letrame Grupo Editorial","url":"https:\/\/letrame.com\/catalogo\/","logo":{"@type":"ImageObject","inLanguage":"es","@id":"https:\/\/letrame.com\/catalogo\/#\/schema\/logo\/image\/","url":"https:\/\/letrame.com\/catalogo\/wp-content\/uploads\/2024\/03\/logo2.webp","contentUrl":"https:\/\/letrame.com\/catalogo\/wp-content\/uploads\/2024\/03\/logo2.webp","width":394,"height":128,"caption":"Catalogo | Letrame Grupo Editorial"},"image":{"@id":"https:\/\/letrame.com\/catalogo\/#\/schema\/logo\/image\/"}}]}</script>
<!-- / Yoast SEO plugin. -->

ISBN: 978-84-1068-161-3  SINOPSIS Tras liberarse de su propio infierno y abandonar la mansión junto a la periodista Beth Warren, Charlotte comienza a vivir su nueva vida junto a ella y a su hija, Claire. Su caso fue cerrado con éxito y sobre su mente quedan los oscuros recuerdos de aquellos años bajo las garras de los despiadados Cloverfield. Pero, ¿cuáles son esos recuerdos que la atormentan? Adéntrate una vez más en la mansión para descubrir la historia de Charlotte, desde sus inicios hasta el momento crucial que cambió su vida para siempre, en esta precuela de La madrugada del 14 de julio. ¿Es la traición más dolorosa que la tortura?  &nbsp;

Catálogo
