{"id":100922,"date":"2024-05-23T10:14:38","date_gmt":"2024-05-23T08:14:38","guid":{"rendered":"https:\/\/letrame.com\/catalogo\/producto\/el-poder-del-agradecimiento-2\/"},"modified":"2024-10-07T15:51:10","modified_gmt":"2024-10-07T13:51:10","slug":"el-poder-del-agradecimiento-2","status":"publish","type":"product","link":"https:\/\/letrame.com\/catalogo\/producto\/el-poder-del-agradecimiento-2\/","title":{"rendered":"El poder del agradecimiento 2\u00ba Edici\u00f3n"},"content":{"rendered":"<p>ISBN:\u00a0978-84-1181-702-8<br \/>\nT\u00edtulo:\u2028El poder del agradecimiento<br \/>\nFecha:\u20282023<br \/>\nP\u00e1ginas:\u00a0310<br \/>\nSINOPSIS<\/p>\n<p>\u00a1Ya en su 9\u00aa edici\u00f3n en Alemania!<\/p>\n<p>\u00a1El poder del agradecimiento es el im\u00e1n m\u00e1s exitoso y sostenible de la felicidad!<\/p>\n<p>Cuando Alfred R. Stielau-Pallas escribi\u00f3 El poder del agradecimiento en 1998 no ten\u00eda ni idea de que un d\u00eda su descubrimiento llegar\u00eda a demostrarse cient\u00edficamente: El agradecimiento libera hormonas de la felicidad en el cerebro, eleva nuestro estado de bienestar mental y f\u00edsico, ayuda de forma sostenible contra la depresi\u00f3n y nos permite dormir mejor, adem\u00e1s de mejorar nuestras relaciones de pareja y con nuestro entorno, reducir el estr\u00e9s y hacer la vida m\u00e1s satisfactoria.<\/p>\n<p>\u00abNo me puedo imaginar que sea tan f\u00e1cil&#8230;\u00bb fue la incr\u00e9dula reacci\u00f3n de su amigo esc\u00e9ptico, un m\u00e9dico. Y as\u00ed, el autor respondi\u00f3 en un carteo durante 12 semanas a todas sus preguntas hasta hacerle ver El poder del agradecimiento.<\/p>\n<p>Pero no es suficiente escribir una lista diaria de agradecimiento. Antes de que El poder del agradecimiento pueda surtir efecto \u00a1primero hay que eliminar todos los viejos bloqueos! Por ello, este libro es mucho m\u00e1s profundo e incluye ejercicios pr\u00e1cticos.<\/p>\n<p>Alfred R. Stielau-Pallas se ha dedicado desde muy temprana edad a la pregunta \u00abcu\u00e1l es el secreto para una vida con \u00e9xito y plenitud\u00bb. Es considerado en Alemania el pionero en materia de visi\u00f3n de futuro, \u00e9xito, satisfacci\u00f3n, agradecimiento, responsabilidad y \u00e9tica desde 1973. Su compa\u00f1\u00eda PALLAS Seminare forma parte de los organizadores m\u00e1s relevantes de seminarios de calidad en estos campos, con m\u00e1s de 98,5% de participantes satisfechos.<\/p>\n<p>2\u00aa edici\u00f3n espa\u00f1ola, 2024<\/p>\n","protected":false},"excerpt":{"rendered":"<p>ISBN:\u00a0978-84-1181-702-8<\/p>\n<p>SINOPSIS<\/p>\n<p>\u00a1Ya en su 9\u00aa edici\u00f3n en Alemania!<\/p>\n<p>\u00a1El poder del agradecimiento es el im\u00e1n m\u00e1s exitoso y sostenible de la felicidad!<\/p>\n<p>Cuando Alfred R. Stielau-Pallas escribi\u00f3 El poder del agradecimiento en 1998 no ten\u00eda ni idea de que un d\u00eda su descubrimiento llegar\u00eda a demostrarse cient\u00edficamente: El agradecimiento libera hormonas de la felicidad en el cerebro, eleva nuestro estado de bienestar mental y f\u00edsico, ayuda de forma sostenible contra la depresi\u00f3n y nos permite dormir mejor, adem\u00e1s de mejorar nuestras relaciones de pareja y con nuestro entorno, reducir el estr\u00e9s y hacer la vida m\u00e1s satisfactoria.<\/p>\n<p>\u00abNo me puedo imaginar que sea tan f\u00e1cil&#8230;\u00bb fue la incr\u00e9dula reacci\u00f3n de su amigo esc\u00e9ptico, un m\u00e9dico. Y as\u00ed, el autor respondi\u00f3 en un carteo durante 12 semanas a todas sus preguntas hasta hacerle ver El poder del agradecimiento.<\/p>\n<p>Pero no es suficiente escribir una lista diaria de agradecimiento. Antes de que El poder del agradecimiento pueda surtir efecto \u00a1primero hay que eliminar todos los viejos bloqueos! Por ello, este libro es mucho m\u00e1s profundo e incluye ejercicios pr\u00e1cticos.<\/p>\n<p>Alfred R. Stielau-Pallas se ha dedicado desde muy temprana edad a la pregunta \u00abcu\u00e1l es el secreto para una vida con \u00e9xito y plenitud\u00bb. Es considerado en Alemania el pionero en materia de visi\u00f3n de futuro, \u00e9xito, satisfacci\u00f3n, agradecimiento, responsabilidad y \u00e9tica desde 1973. Su compa\u00f1\u00eda PALLAS Seminare forma parte de los organizadores m\u00e1s relevantes de seminarios de calidad en estos campos, con m\u00e1s de 98,5% de participantes satisfechos.<\/p>\n<p>2\u00aa edici\u00f3n espa\u00f1ola, 2024<\/p>\n","protected":false},"featured_media":100923,"comment_status":"closed","ping_status":"closed","template":"","meta":{"_acf_changed":false},"libro":[],"product_brand":[],"product_cat":[30],"product_tag":[],"class_list":{"0":"post-100922","1":"product","2":"type-product","3":"status-publish","4":"has-post-thumbnail","6":"product_cat-desarrollo-personal-y-autoconocimiento","8":"first","9":"instock","10":"product-type-simple"},"acf":{"autor":[76833],"enlace_de_compra":"https:\/\/amzn.to\/4eUrKjm"},"yoast_head":"<!-- This site is optimized with the Yoast SEO plugin v27.4 - https:\/\/yoast.com\/product\/yoast-seo-wordpress\/ -->\n<title>El poder del agradecimiento 2\u00ba Edici\u00f3n - Catalogo | Letrame Grupo Editorial<\/title>\n<meta name=\"robots\" content=\"index, follow, max-snippet:-1, max-image-preview:large, max-video-preview:-1\" \/>\n<link rel=\"canonical\" href=\"https:\/\/letrame.com\/catalogo\/producto\/el-poder-del-agradecimiento-2\/\" \/>\n<meta property=\"og:locale\" content=\"es_ES\" \/>\n<meta property=\"og:type\" content=\"article\" \/>\n<meta property=\"og:title\" content=\"El poder del agradecimiento 2\u00ba Edici\u00f3n - Catalogo | Letrame Grupo Editorial\" \/>\n<meta property=\"og:description\" content=\"ISBN:\u00a0978-84-1181-702-8  SINOPSIS  \u00a1Ya en su 9\u00aa edici\u00f3n en Alemania!  \u00a1El poder del agradecimiento es el im\u00e1n m\u00e1s exitoso y sostenible de la felicidad!  Cuando Alfred R. Stielau-Pallas escribi\u00f3 El poder del agradecimiento en 1998 no ten\u00eda ni idea de que un d\u00eda su descubrimiento llegar\u00eda a demostrarse cient\u00edficamente: El agradecimiento libera hormonas de la felicidad en el cerebro, eleva nuestro estado de bienestar mental y f\u00edsico, ayuda de forma sostenible contra la depresi\u00f3n y nos permite dormir mejor, adem\u00e1s de mejorar nuestras relaciones de pareja y con nuestro entorno, reducir el estr\u00e9s y hacer la vida m\u00e1s satisfactoria.  \u00abNo me puedo imaginar que sea tan f\u00e1cil...\u00bb fue la incr\u00e9dula reacci\u00f3n de su amigo esc\u00e9ptico, un m\u00e9dico. Y as\u00ed, el autor respondi\u00f3 en un carteo durante 12 semanas a todas sus preguntas hasta hacerle ver El poder del agradecimiento.  Pero no es suficiente escribir una lista diaria de agradecimiento. Antes de que El poder del agradecimiento pueda surtir efecto \u00a1primero hay que eliminar todos los viejos bloqueos! Por ello, este libro es mucho m\u00e1s profundo e incluye ejercicios pr\u00e1cticos.  Alfred R. Stielau-Pallas se ha dedicado desde muy temprana edad a la pregunta \u00abcu\u00e1l es el secreto para una vida con \u00e9xito y plenitud\u00bb. Es considerado en Alemania el pionero en materia de visi\u00f3n de futuro, \u00e9xito, satisfacci\u00f3n, agradecimiento, responsabilidad y \u00e9tica desde 1973. Su compa\u00f1\u00eda PALLAS Seminare forma parte de los organizadores m\u00e1s relevantes de seminarios de calidad en estos campos, con m\u00e1s de 98,5% de participantes satisfechos.  2\u00aa edici\u00f3n espa\u00f1ola, 2024\" \/>\n<meta property=\"og:url\" content=\"https:\/\/letrame.com\/catalogo\/producto\/el-poder-del-agradecimiento-2\/\" \/>\n<meta property=\"og:site_name\" content=\"Catalogo | Letrame Grupo Editorial\" \/>\n<meta property=\"article:modified_time\" content=\"2024-10-07T13:51:10+00:00\" \/>\n<meta property=\"og:image\" content=\"https:\/\/letrame.com\/catalogo\/wp-content\/uploads\/2024\/05\/2ediportada_elpoderdelagradecimiento_1537mm-compressed-scaled-1.jpg\" \/>\n\t<meta property=\"og:image:width\" content=\"1665\" \/>\n\t<meta property=\"og:image:height\" content=\"2560\" \/>\n\t<meta property=\"og:image:type\" content=\"image\/jpeg\" \/>\n<meta name=\"twitter:card\" content=\"summary_large_image\" \/>\n<meta name=\"twitter:label1\" content=\"Tiempo de lectura\" \/>\n\t<meta name=\"twitter:data1\" content=\"2 minutos\" \/>\n<script type=\"application\/ld+json\" class=\"yoast-schema-graph\">{\"@context\":\"https:\\\/\\\/schema.org\",\"@graph\":[{\"@type\":\"WebPage\",\"@id\":\"https:\\\/\\\/letrame.com\\\/catalogo\\\/producto\\\/el-poder-del-agradecimiento-2\\\/\",\"url\":\"https:\\\/\\\/letrame.com\\\/catalogo\\\/producto\\\/el-poder-del-agradecimiento-2\\\/\",\"name\":\"El poder del agradecimiento 2\u00ba Edici\u00f3n - Catalogo | Letrame Grupo Editorial\",\"isPartOf\":{\"@id\":\"https:\\\/\\\/letrame.com\\\/catalogo\\\/#website\"},\"primaryImageOfPage\":{\"@id\":\"https:\\\/\\\/letrame.com\\\/catalogo\\\/producto\\\/el-poder-del-agradecimiento-2\\\/#primaryimage\"},\"image\":{\"@id\":\"https:\\\/\\\/letrame.com\\\/catalogo\\\/producto\\\/el-poder-del-agradecimiento-2\\\/#primaryimage\"},\"thumbnailUrl\":\"https:\\\/\\\/letrame.com\\\/catalogo\\\/wp-content\\\/uploads\\\/2024\\\/05\\\/2ediportada_elpoderdelagradecimiento_1537mm-compressed-scaled-1.jpg\",\"datePublished\":\"2024-05-23T08:14:38+00:00\",\"dateModified\":\"2024-10-07T13:51:10+00:00\",\"breadcrumb\":{\"@id\":\"https:\\\/\\\/letrame.com\\\/catalogo\\\/producto\\\/el-poder-del-agradecimiento-2\\\/#breadcrumb\"},\"inLanguage\":\"es\",\"potentialAction\":[{\"@type\":\"ReadAction\",\"target\":[\"https:\\\/\\\/letrame.com\\\/catalogo\\\/producto\\\/el-poder-del-agradecimiento-2\\\/\"]}]},{\"@type\":\"ImageObject\",\"inLanguage\":\"es\",\"@id\":\"https:\\\/\\\/letrame.com\\\/catalogo\\\/producto\\\/el-poder-del-agradecimiento-2\\\/#primaryimage\",\"url\":\"https:\\\/\\\/letrame.com\\\/catalogo\\\/wp-content\\\/uploads\\\/2024\\\/05\\\/2ediportada_elpoderdelagradecimiento_1537mm-compressed-scaled-1.jpg\",\"contentUrl\":\"https:\\\/\\\/letrame.com\\\/catalogo\\\/wp-content\\\/uploads\\\/2024\\\/05\\\/2ediportada_elpoderdelagradecimiento_1537mm-compressed-scaled-1.jpg\",\"width\":1665,\"height\":2560},{\"@type\":\"BreadcrumbList\",\"@id\":\"https:\\\/\\\/letrame.com\\\/catalogo\\\/producto\\\/el-poder-del-agradecimiento-2\\\/#breadcrumb\",\"itemListElement\":[{\"@type\":\"ListItem\",\"position\":1,\"name\":\"Portada\",\"item\":\"https:\\\/\\\/letrame.com\\\/catalogo\\\/\"},{\"@type\":\"ListItem\",\"position\":2,\"name\":\"Cat\u00e1logo\",\"item\":\"https:\\\/\\\/letrame.com\\\/catalogo\\\/\"},{\"@type\":\"ListItem\",\"position\":3,\"name\":\"El poder del agradecimiento 2\u00ba Edici\u00f3n\"}]},{\"@type\":\"WebSite\",\"@id\":\"https:\\\/\\\/letrame.com\\\/catalogo\\\/#website\",\"url\":\"https:\\\/\\\/letrame.com\\\/catalogo\\\/\",\"name\":\"Catalogo | Letrame Grupo Editorial\",\"description\":\"\",\"publisher\":{\"@id\":\"https:\\\/\\\/letrame.com\\\/catalogo\\\/#organization\"},\"potentialAction\":[{\"@type\":\"SearchAction\",\"target\":{\"@type\":\"EntryPoint\",\"urlTemplate\":\"https:\\\/\\\/letrame.com\\\/catalogo\\\/?s={search_term_string}\"},\"query-input\":{\"@type\":\"PropertyValueSpecification\",\"valueRequired\":true,\"valueName\":\"search_term_string\"}}],\"inLanguage\":\"es\"},{\"@type\":\"Organization\",\"@id\":\"https:\\\/\\\/letrame.com\\\/catalogo\\\/#organization\",\"name\":\"Catalogo | Letrame Grupo Editorial\",\"url\":\"https:\\\/\\\/letrame.com\\\/catalogo\\\/\",\"logo\":{\"@type\":\"ImageObject\",\"inLanguage\":\"es\",\"@id\":\"https:\\\/\\\/letrame.com\\\/catalogo\\\/#\\\/schema\\\/logo\\\/image\\\/\",\"url\":\"https:\\\/\\\/letrame.com\\\/catalogo\\\/wp-content\\\/uploads\\\/2024\\\/03\\\/logo2.webp\",\"contentUrl\":\"https:\\\/\\\/letrame.com\\\/catalogo\\\/wp-content\\\/uploads\\\/2024\\\/03\\\/logo2.webp\",\"width\":394,\"height\":128,\"caption\":\"Catalogo | Letrame Grupo Editorial\"},\"image\":{\"@id\":\"https:\\\/\\\/letrame.com\\\/catalogo\\\/#\\\/schema\\\/logo\\\/image\\\/\"}}]}<\/script>\n<!-- \/ Yoast SEO plugin. -->","yoast_head_json":{"title":"El poder del agradecimiento 2\u00ba Edici\u00f3n - Catalogo | Letrame Grupo Editorial","robots":{"index":"index","follow":"follow","max-snippet":"max-snippet:-1","max-image-preview":"max-image-preview:large","max-video-preview":"max-video-preview:-1"},"canonical":"https:\/\/letrame.com\/catalogo\/producto\/el-poder-del-agradecimiento-2\/","og_locale":"es_ES","og_type":"article","og_title":"El poder del agradecimiento 2\u00ba Edici\u00f3n - Catalogo | Letrame Grupo Editorial","og_description":"ISBN:\u00a0978-84-1181-702-8  SINOPSIS  \u00a1Ya en su 9\u00aa edici\u00f3n en Alemania!  \u00a1El poder del agradecimiento es el im\u00e1n m\u00e1s exitoso y sostenible de la felicidad!  Cuando Alfred R. Stielau-Pallas escribi\u00f3 El poder del agradecimiento en 1998 no ten\u00eda ni idea de que un d\u00eda su descubrimiento llegar\u00eda a demostrarse cient\u00edficamente: El agradecimiento libera hormonas de la felicidad en el cerebro, eleva nuestro estado de bienestar mental y f\u00edsico, ayuda de forma sostenible contra la depresi\u00f3n y nos permite dormir mejor, adem\u00e1s de mejorar nuestras relaciones de pareja y con nuestro entorno, reducir el estr\u00e9s y hacer la vida m\u00e1s satisfactoria.  \u00abNo me puedo imaginar que sea tan f\u00e1cil...\u00bb fue la incr\u00e9dula reacci\u00f3n de su amigo esc\u00e9ptico, un m\u00e9dico. Y as\u00ed, el autor respondi\u00f3 en un carteo durante 12 semanas a todas sus preguntas hasta hacerle ver El poder del agradecimiento.  Pero no es suficiente escribir una lista diaria de agradecimiento. Antes de que El poder del agradecimiento pueda surtir efecto \u00a1primero hay que eliminar todos los viejos bloqueos! Por ello, este libro es mucho m\u00e1s profundo e incluye ejercicios pr\u00e1cticos.  Alfred R. Stielau-Pallas se ha dedicado desde muy temprana edad a la pregunta \u00abcu\u00e1l es el secreto para una vida con \u00e9xito y plenitud\u00bb. Es considerado en Alemania el pionero en materia de visi\u00f3n de futuro, \u00e9xito, satisfacci\u00f3n, agradecimiento, responsabilidad y \u00e9tica desde 1973. Su compa\u00f1\u00eda PALLAS Seminare forma parte de los organizadores m\u00e1s relevantes de seminarios de calidad en estos campos, con m\u00e1s de 98,5% de participantes satisfechos.  2\u00aa edici\u00f3n espa\u00f1ola, 2024","og_url":"https:\/\/letrame.com\/catalogo\/producto\/el-poder-del-agradecimiento-2\/","og_site_name":"Catalogo | Letrame Grupo Editorial","article_modified_time":"2024-10-07T13:51:10+00:00","og_image":[{"width":1665,"height":2560,"url":"https:\/\/letrame.com\/catalogo\/wp-content\/uploads\/2024\/05\/2ediportada_elpoderdelagradecimiento_1537mm-compressed-scaled-1.jpg","type":"image\/jpeg"}],"twitter_card":"summary_large_image","twitter_misc":{"Tiempo de lectura":"2 minutos"},"schema":{"@context":"https:\/\/schema.org","@graph":[{"@type":"WebPage","@id":"https:\/\/letrame.com\/catalogo\/producto\/el-poder-del-agradecimiento-2\/","url":"https:\/\/letrame.com\/catalogo\/producto\/el-poder-del-agradecimiento-2\/","name":"El poder del agradecimiento 2\u00ba Edici\u00f3n - Catalogo | Letrame Grupo Editorial","isPartOf":{"@id":"https:\/\/letrame.com\/catalogo\/#website"},"primaryImageOfPage":{"@id":"https:\/\/letrame.com\/catalogo\/producto\/el-poder-del-agradecimiento-2\/#primaryimage"},"image":{"@id":"https:\/\/letrame.com\/catalogo\/producto\/el-poder-del-agradecimiento-2\/#primaryimage"},"thumbnailUrl":"https:\/\/letrame.com\/catalogo\/wp-content\/uploads\/2024\/05\/2ediportada_elpoderdelagradecimiento_1537mm-compressed-scaled-1.jpg","datePublished":"2024-05-23T08:14:38+00:00","dateModified":"2024-10-07T13:51:10+00:00","breadcrumb":{"@id":"https:\/\/letrame.com\/catalogo\/producto\/el-poder-del-agradecimiento-2\/#breadcrumb"},"inLanguage":"es","potentialAction":[{"@type":"ReadAction","target":["https:\/\/letrame.com\/catalogo\/producto\/el-poder-del-agradecimiento-2\/"]}]},{"@type":"ImageObject","inLanguage":"es","@id":"https:\/\/letrame.com\/catalogo\/producto\/el-poder-del-agradecimiento-2\/#primaryimage","url":"https:\/\/letrame.com\/catalogo\/wp-content\/uploads\/2024\/05\/2ediportada_elpoderdelagradecimiento_1537mm-compressed-scaled-1.jpg","contentUrl":"https:\/\/letrame.com\/catalogo\/wp-content\/uploads\/2024\/05\/2ediportada_elpoderdelagradecimiento_1537mm-compressed-scaled-1.jpg","width":1665,"height":2560},{"@type":"BreadcrumbList","@id":"https:\/\/letrame.com\/catalogo\/producto\/el-poder-del-agradecimiento-2\/#breadcrumb","itemListElement":[{"@type":"ListItem","position":1,"name":"Portada","item":"https:\/\/letrame.com\/catalogo\/"},{"@type":"ListItem","position":2,"name":"Cat\u00e1logo","item":"https:\/\/letrame.com\/catalogo\/"},{"@type":"ListItem","position":3,"name":"El poder del agradecimiento 2\u00ba Edici\u00f3n"}]},{"@type":"WebSite","@id":"https:\/\/letrame.com\/catalogo\/#website","url":"https:\/\/letrame.com\/catalogo\/","name":"Catalogo | Letrame Grupo Editorial","description":"","publisher":{"@id":"https:\/\/letrame.com\/catalogo\/#organization"},"potentialAction":[{"@type":"SearchAction","target":{"@type":"EntryPoint","urlTemplate":"https:\/\/letrame.com\/catalogo\/?s={search_term_string}"},"query-input":{"@type":"PropertyValueSpecification","valueRequired":true,"valueName":"search_term_string"}}],"inLanguage":"es"},{"@type":"Organization","@id":"https:\/\/letrame.com\/catalogo\/#organization","name":"Catalogo | Letrame Grupo Editorial","url":"https:\/\/letrame.com\/catalogo\/","logo":{"@type":"ImageObject","inLanguage":"es","@id":"https:\/\/letrame.com\/catalogo\/#\/schema\/logo\/image\/","url":"https:\/\/letrame.com\/catalogo\/wp-content\/uploads\/2024\/03\/logo2.webp","contentUrl":"https:\/\/letrame.com\/catalogo\/wp-content\/uploads\/2024\/03\/logo2.webp","width":394,"height":128,"caption":"Catalogo | Letrame Grupo Editorial"},"image":{"@id":"https:\/\/letrame.com\/catalogo\/#\/schema\/logo\/image\/"}}]}},"_links":{"self":[{"href":"https:\/\/letrame.com\/catalogo\/wp-json\/wp\/v2\/product\/100922","targetHints":{"allow":["GET"]}}],"collection":[{"href":"https:\/\/letrame.com\/catalogo\/wp-json\/wp\/v2\/product"}],"about":[{"href":"https:\/\/letrame.com\/catalogo\/wp-json\/wp\/v2\/types\/product"}],"replies":[{"embeddable":true,"href":"https:\/\/letrame.com\/catalogo\/wp-json\/wp\/v2\/comments?post=100922"}],"acf:post":[{"embeddable":true,"href":"https:\/\/letrame.com\/catalogo\/wp-json\/wp\/v2\/author_book\/76833"}],"wp:featuredmedia":[{"embeddable":true,"href":"https:\/\/letrame.com\/catalogo\/wp-json\/wp\/v2\/media\/100923"}],"wp:attachment":[{"href":"https:\/\/letrame.com\/catalogo\/wp-json\/wp\/v2\/media?parent=100922"}],"wp:term":[{"taxonomy":"libro","embeddable":true,"href":"https:\/\/letrame.com\/catalogo\/wp-json\/wp\/v2\/libro?post=100922"},{"taxonomy":"product_brand","embeddable":true,"href":"https:\/\/letrame.com\/catalogo\/wp-json\/wp\/v2\/product_brand?post=100922"},{"taxonomy":"product_cat","embeddable":true,"href":"https:\/\/letrame.com\/catalogo\/wp-json\/wp\/v2\/product_cat?post=100922"},{"taxonomy":"product_tag","embeddable":true,"href":"https:\/\/letrame.com\/catalogo\/wp-json\/wp\/v2\/product_tag?post=100922"}],"curies":[{"name":"wp","href":"https:\/\/api.w.org\/{rel}","templated":true}]}}