{"id":100888,"date":"2024-05-23T10:11:27","date_gmt":"2024-05-23T08:11:27","guid":{"rendered":"https:\/\/letrame.com\/catalogo\/producto\/amazonia-colombiana\/"},"modified":"2024-06-04T15:38:52","modified_gmt":"2024-06-04T13:38:52","slug":"amazonia-colombiana","status":"publish","type":"product","link":"https:\/\/letrame.com\/catalogo\/producto\/amazonia-colombiana\/","title":{"rendered":"Amazonia colombiana"},"content":{"rendered":"<p>ISBN:\u00a0978-84-1181-835-3<br \/>\nT\u00edtulo:\u2028AMAZON\u00cdA COLOMBIANA<br \/>\nFecha:\u20282024<br \/>\nP\u00e1ginas:\u00a0256<br \/>\nSINOPSIS<br \/>\n\u00bfPor qu\u00e9 escribe Jorge sobre la guerra y la paz estando su formaci\u00f3n acad\u00e9mica enfocada al agro, a la pol\u00edtica, al derecho, a las finanzas y a la administraci\u00f3n p\u00fablica?<\/p>\n<p>Es evidente que tiene esperanza en la paz, esperanza que se enra\u00edza en la dignidad. Ya en 1982, bajo el gobierno del Presidente Belisario Betancur, siendo Intendente del Putumayo, inici\u00f3 los di\u00e1logos por la paz con el Movimiento 19 de Abril, situaci\u00f3n que le gener\u00f3 muchos sinsabores, sin cesar en su b\u00fasqueda, porque, como tant\u00edsima gente en Colombia y en el globo terr\u00e1queo, quiere un mundo sostenible y una racionalidad emancipatoria, sustentabilidad que conlleve el desarrollo humano, el proyecto de vida individual.<\/p>\n<p>En seis tomos el autor describe aspectos sumamente interesantes de su experiencia en y visi\u00f3n de la Amazon\u00eda Colombiana en la conjunci\u00f3n de los siglos XX y XXI, ubicando la regi\u00f3n en el contexto global, siendo un fragmento de la historia escrita no por un vencedor sino un muy ilustrado luchador por la paz, aut\u00e9ntico h\u00e9roe que como tal ense\u00f1a con el ejemplo.<br \/>\nOtto Mortimer Bouchot Torices<br \/>\nRector CIPAC<\/p>\n","protected":false},"excerpt":{"rendered":"<p>ISBN:\u00a0978-84-1181-835-3<\/p>\n<p>SINOPSIS<br \/>\n\u00bfPor qu\u00e9 escribe Jorge sobre la guerra y la paz estando su formaci\u00f3n acad\u00e9mica enfocada al agro, a la pol\u00edtica, al derecho, a las finanzas y a la administraci\u00f3n p\u00fablica?<\/p>\n<p>Es evidente que tiene esperanza en la paz, esperanza que se enra\u00edza en la dignidad. Ya en 1982, bajo el gobierno del Presidente Belisario Betancur, siendo Intendente del Putumayo, inici\u00f3 los di\u00e1logos por la paz con el Movimiento 19 de Abril, situaci\u00f3n que le gener\u00f3 muchos sinsabores, sin cesar en su b\u00fasqueda, porque, como tant\u00edsima gente en Colombia y en el globo terr\u00e1queo, quiere un mundo sostenible y una racionalidad emancipatoria, sustentabilidad que conlleve el desarrollo humano, el proyecto de vida individual.<\/p>\n<p>En seis tomos el autor describe aspectos sumamente interesantes de su experiencia en y visi\u00f3n de la Amazon\u00eda Colombiana en la conjunci\u00f3n de los siglos XX y XXI, ubicando la regi\u00f3n en el contexto global, siendo un fragmento de la historia escrita no por un vencedor sino un muy ilustrado luchador por la paz, aut\u00e9ntico h\u00e9roe que como tal ense\u00f1a con el ejemplo.<br \/>\nOtto Mortimer Bouchot Torices<br \/>\nRector CIPAC<\/p>\n","protected":false},"featured_media":100889,"comment_status":"closed","ping_status":"closed","template":"","meta":{"_acf_changed":false},"libro":[],"product_brand":[],"product_cat":[55],"product_tag":[],"class_list":{"0":"post-100888","1":"product","2":"type-product","3":"status-publish","4":"has-post-thumbnail","6":"product_cat-ensayo-historico-politico","8":"first","9":"instock","10":"product-type-simple"},"acf":{"autor":[100678],"enlace_de_compra":"https:\/\/www.casadellibro.com\/libro-amazonia-colombiana-i\/9788411818353\/15964179"},"yoast_head":"<!-- This site is optimized with the Yoast SEO plugin v27.4 - https:\/\/yoast.com\/product\/yoast-seo-wordpress\/ -->\n<title>Amazonia colombiana - Catalogo | Letrame Grupo Editorial<\/title>\n<meta name=\"robots\" content=\"index, follow, max-snippet:-1, max-image-preview:large, max-video-preview:-1\" \/>\n<link rel=\"canonical\" href=\"https:\/\/letrame.com\/catalogo\/producto\/amazonia-colombiana\/\" \/>\n<meta property=\"og:locale\" content=\"es_ES\" \/>\n<meta property=\"og:type\" content=\"article\" \/>\n<meta property=\"og:title\" content=\"Amazonia colombiana - Catalogo | Letrame Grupo Editorial\" \/>\n<meta property=\"og:description\" content=\"ISBN:\u00a0978-84-1181-835-3  SINOPSIS \u00bfPor qu\u00e9 escribe Jorge sobre la guerra y la paz estando su formaci\u00f3n acad\u00e9mica enfocada al agro, a la pol\u00edtica, al derecho, a las finanzas y a la administraci\u00f3n p\u00fablica?  Es evidente que tiene esperanza en la paz, esperanza que se enra\u00edza en la dignidad. Ya en 1982, bajo el gobierno del Presidente Belisario Betancur, siendo Intendente del Putumayo, inici\u00f3 los di\u00e1logos por la paz con el Movimiento 19 de Abril, situaci\u00f3n que le gener\u00f3 muchos sinsabores, sin cesar en su b\u00fasqueda, porque, como tant\u00edsima gente en Colombia y en el globo terr\u00e1queo, quiere un mundo sostenible y una racionalidad emancipatoria, sustentabilidad que conlleve el desarrollo humano, el proyecto de vida individual.  En seis tomos el autor describe aspectos sumamente interesantes de su experiencia en y visi\u00f3n de la Amazon\u00eda Colombiana en la conjunci\u00f3n de los siglos XX y XXI, ubicando la regi\u00f3n en el contexto global, siendo un fragmento de la historia escrita no por un vencedor sino un muy ilustrado luchador por la paz, aut\u00e9ntico h\u00e9roe que como tal ense\u00f1a con el ejemplo. Otto Mortimer Bouchot Torices Rector CIPAC\" \/>\n<meta property=\"og:url\" content=\"https:\/\/letrame.com\/catalogo\/producto\/amazonia-colombiana\/\" \/>\n<meta property=\"og:site_name\" content=\"Catalogo | Letrame Grupo Editorial\" \/>\n<meta property=\"article:modified_time\" content=\"2024-06-04T13:38:52+00:00\" \/>\n<meta property=\"og:image\" content=\"https:\/\/letrame.com\/catalogo\/wp-content\/uploads\/2024\/05\/webp_amazoniacolombiana_1288mm-compressed-scaled-1.jpg\" \/>\n\t<meta property=\"og:image:width\" content=\"1746\" \/>\n\t<meta property=\"og:image:height\" content=\"2560\" \/>\n\t<meta property=\"og:image:type\" content=\"image\/jpeg\" \/>\n<meta name=\"twitter:card\" content=\"summary_large_image\" \/>\n<meta name=\"twitter:label1\" content=\"Tiempo de lectura\" \/>\n\t<meta name=\"twitter:data1\" content=\"2 minutos\" \/>\n<script type=\"application\/ld+json\" class=\"yoast-schema-graph\">{\"@context\":\"https:\\\/\\\/schema.org\",\"@graph\":[{\"@type\":\"WebPage\",\"@id\":\"https:\\\/\\\/letrame.com\\\/catalogo\\\/producto\\\/amazonia-colombiana\\\/\",\"url\":\"https:\\\/\\\/letrame.com\\\/catalogo\\\/producto\\\/amazonia-colombiana\\\/\",\"name\":\"Amazonia colombiana - Catalogo | Letrame Grupo Editorial\",\"isPartOf\":{\"@id\":\"https:\\\/\\\/letrame.com\\\/catalogo\\\/#website\"},\"primaryImageOfPage\":{\"@id\":\"https:\\\/\\\/letrame.com\\\/catalogo\\\/producto\\\/amazonia-colombiana\\\/#primaryimage\"},\"image\":{\"@id\":\"https:\\\/\\\/letrame.com\\\/catalogo\\\/producto\\\/amazonia-colombiana\\\/#primaryimage\"},\"thumbnailUrl\":\"https:\\\/\\\/letrame.com\\\/catalogo\\\/wp-content\\\/uploads\\\/2024\\\/05\\\/webp_amazoniacolombiana_1288mm-compressed-scaled-1.jpg\",\"datePublished\":\"2024-05-23T08:11:27+00:00\",\"dateModified\":\"2024-06-04T13:38:52+00:00\",\"breadcrumb\":{\"@id\":\"https:\\\/\\\/letrame.com\\\/catalogo\\\/producto\\\/amazonia-colombiana\\\/#breadcrumb\"},\"inLanguage\":\"es\",\"potentialAction\":[{\"@type\":\"ReadAction\",\"target\":[\"https:\\\/\\\/letrame.com\\\/catalogo\\\/producto\\\/amazonia-colombiana\\\/\"]}]},{\"@type\":\"ImageObject\",\"inLanguage\":\"es\",\"@id\":\"https:\\\/\\\/letrame.com\\\/catalogo\\\/producto\\\/amazonia-colombiana\\\/#primaryimage\",\"url\":\"https:\\\/\\\/letrame.com\\\/catalogo\\\/wp-content\\\/uploads\\\/2024\\\/05\\\/webp_amazoniacolombiana_1288mm-compressed-scaled-1.jpg\",\"contentUrl\":\"https:\\\/\\\/letrame.com\\\/catalogo\\\/wp-content\\\/uploads\\\/2024\\\/05\\\/webp_amazoniacolombiana_1288mm-compressed-scaled-1.jpg\",\"width\":1746,\"height\":2560},{\"@type\":\"BreadcrumbList\",\"@id\":\"https:\\\/\\\/letrame.com\\\/catalogo\\\/producto\\\/amazonia-colombiana\\\/#breadcrumb\",\"itemListElement\":[{\"@type\":\"ListItem\",\"position\":1,\"name\":\"Portada\",\"item\":\"https:\\\/\\\/letrame.com\\\/catalogo\\\/\"},{\"@type\":\"ListItem\",\"position\":2,\"name\":\"Cat\u00e1logo\",\"item\":\"https:\\\/\\\/letrame.com\\\/catalogo\\\/\"},{\"@type\":\"ListItem\",\"position\":3,\"name\":\"Amazonia colombiana\"}]},{\"@type\":\"WebSite\",\"@id\":\"https:\\\/\\\/letrame.com\\\/catalogo\\\/#website\",\"url\":\"https:\\\/\\\/letrame.com\\\/catalogo\\\/\",\"name\":\"Catalogo | Letrame Grupo Editorial\",\"description\":\"\",\"publisher\":{\"@id\":\"https:\\\/\\\/letrame.com\\\/catalogo\\\/#organization\"},\"potentialAction\":[{\"@type\":\"SearchAction\",\"target\":{\"@type\":\"EntryPoint\",\"urlTemplate\":\"https:\\\/\\\/letrame.com\\\/catalogo\\\/?s={search_term_string}\"},\"query-input\":{\"@type\":\"PropertyValueSpecification\",\"valueRequired\":true,\"valueName\":\"search_term_string\"}}],\"inLanguage\":\"es\"},{\"@type\":\"Organization\",\"@id\":\"https:\\\/\\\/letrame.com\\\/catalogo\\\/#organization\",\"name\":\"Catalogo | Letrame Grupo Editorial\",\"url\":\"https:\\\/\\\/letrame.com\\\/catalogo\\\/\",\"logo\":{\"@type\":\"ImageObject\",\"inLanguage\":\"es\",\"@id\":\"https:\\\/\\\/letrame.com\\\/catalogo\\\/#\\\/schema\\\/logo\\\/image\\\/\",\"url\":\"https:\\\/\\\/letrame.com\\\/catalogo\\\/wp-content\\\/uploads\\\/2024\\\/03\\\/logo2.webp\",\"contentUrl\":\"https:\\\/\\\/letrame.com\\\/catalogo\\\/wp-content\\\/uploads\\\/2024\\\/03\\\/logo2.webp\",\"width\":394,\"height\":128,\"caption\":\"Catalogo | Letrame Grupo Editorial\"},\"image\":{\"@id\":\"https:\\\/\\\/letrame.com\\\/catalogo\\\/#\\\/schema\\\/logo\\\/image\\\/\"}}]}<\/script>\n<!-- \/ Yoast SEO plugin. -->","yoast_head_json":{"title":"Amazonia colombiana - Catalogo | Letrame Grupo Editorial","robots":{"index":"index","follow":"follow","max-snippet":"max-snippet:-1","max-image-preview":"max-image-preview:large","max-video-preview":"max-video-preview:-1"},"canonical":"https:\/\/letrame.com\/catalogo\/producto\/amazonia-colombiana\/","og_locale":"es_ES","og_type":"article","og_title":"Amazonia colombiana - Catalogo | Letrame Grupo Editorial","og_description":"ISBN:\u00a0978-84-1181-835-3  SINOPSIS \u00bfPor qu\u00e9 escribe Jorge sobre la guerra y la paz estando su formaci\u00f3n acad\u00e9mica enfocada al agro, a la pol\u00edtica, al derecho, a las finanzas y a la administraci\u00f3n p\u00fablica?  Es evidente que tiene esperanza en la paz, esperanza que se enra\u00edza en la dignidad. Ya en 1982, bajo el gobierno del Presidente Belisario Betancur, siendo Intendente del Putumayo, inici\u00f3 los di\u00e1logos por la paz con el Movimiento 19 de Abril, situaci\u00f3n que le gener\u00f3 muchos sinsabores, sin cesar en su b\u00fasqueda, porque, como tant\u00edsima gente en Colombia y en el globo terr\u00e1queo, quiere un mundo sostenible y una racionalidad emancipatoria, sustentabilidad que conlleve el desarrollo humano, el proyecto de vida individual.  En seis tomos el autor describe aspectos sumamente interesantes de su experiencia en y visi\u00f3n de la Amazon\u00eda Colombiana en la conjunci\u00f3n de los siglos XX y XXI, ubicando la regi\u00f3n en el contexto global, siendo un fragmento de la historia escrita no por un vencedor sino un muy ilustrado luchador por la paz, aut\u00e9ntico h\u00e9roe que como tal ense\u00f1a con el ejemplo. Otto Mortimer Bouchot Torices Rector CIPAC","og_url":"https:\/\/letrame.com\/catalogo\/producto\/amazonia-colombiana\/","og_site_name":"Catalogo | Letrame Grupo Editorial","article_modified_time":"2024-06-04T13:38:52+00:00","og_image":[{"width":1746,"height":2560,"url":"https:\/\/letrame.com\/catalogo\/wp-content\/uploads\/2024\/05\/webp_amazoniacolombiana_1288mm-compressed-scaled-1.jpg","type":"image\/jpeg"}],"twitter_card":"summary_large_image","twitter_misc":{"Tiempo de lectura":"2 minutos"},"schema":{"@context":"https:\/\/schema.org","@graph":[{"@type":"WebPage","@id":"https:\/\/letrame.com\/catalogo\/producto\/amazonia-colombiana\/","url":"https:\/\/letrame.com\/catalogo\/producto\/amazonia-colombiana\/","name":"Amazonia colombiana - Catalogo | Letrame Grupo Editorial","isPartOf":{"@id":"https:\/\/letrame.com\/catalogo\/#website"},"primaryImageOfPage":{"@id":"https:\/\/letrame.com\/catalogo\/producto\/amazonia-colombiana\/#primaryimage"},"image":{"@id":"https:\/\/letrame.com\/catalogo\/producto\/amazonia-colombiana\/#primaryimage"},"thumbnailUrl":"https:\/\/letrame.com\/catalogo\/wp-content\/uploads\/2024\/05\/webp_amazoniacolombiana_1288mm-compressed-scaled-1.jpg","datePublished":"2024-05-23T08:11:27+00:00","dateModified":"2024-06-04T13:38:52+00:00","breadcrumb":{"@id":"https:\/\/letrame.com\/catalogo\/producto\/amazonia-colombiana\/#breadcrumb"},"inLanguage":"es","potentialAction":[{"@type":"ReadAction","target":["https:\/\/letrame.com\/catalogo\/producto\/amazonia-colombiana\/"]}]},{"@type":"ImageObject","inLanguage":"es","@id":"https:\/\/letrame.com\/catalogo\/producto\/amazonia-colombiana\/#primaryimage","url":"https:\/\/letrame.com\/catalogo\/wp-content\/uploads\/2024\/05\/webp_amazoniacolombiana_1288mm-compressed-scaled-1.jpg","contentUrl":"https:\/\/letrame.com\/catalogo\/wp-content\/uploads\/2024\/05\/webp_amazoniacolombiana_1288mm-compressed-scaled-1.jpg","width":1746,"height":2560},{"@type":"BreadcrumbList","@id":"https:\/\/letrame.com\/catalogo\/producto\/amazonia-colombiana\/#breadcrumb","itemListElement":[{"@type":"ListItem","position":1,"name":"Portada","item":"https:\/\/letrame.com\/catalogo\/"},{"@type":"ListItem","position":2,"name":"Cat\u00e1logo","item":"https:\/\/letrame.com\/catalogo\/"},{"@type":"ListItem","position":3,"name":"Amazonia colombiana"}]},{"@type":"WebSite","@id":"https:\/\/letrame.com\/catalogo\/#website","url":"https:\/\/letrame.com\/catalogo\/","name":"Catalogo | Letrame Grupo Editorial","description":"","publisher":{"@id":"https:\/\/letrame.com\/catalogo\/#organization"},"potentialAction":[{"@type":"SearchAction","target":{"@type":"EntryPoint","urlTemplate":"https:\/\/letrame.com\/catalogo\/?s={search_term_string}"},"query-input":{"@type":"PropertyValueSpecification","valueRequired":true,"valueName":"search_term_string"}}],"inLanguage":"es"},{"@type":"Organization","@id":"https:\/\/letrame.com\/catalogo\/#organization","name":"Catalogo | Letrame Grupo Editorial","url":"https:\/\/letrame.com\/catalogo\/","logo":{"@type":"ImageObject","inLanguage":"es","@id":"https:\/\/letrame.com\/catalogo\/#\/schema\/logo\/image\/","url":"https:\/\/letrame.com\/catalogo\/wp-content\/uploads\/2024\/03\/logo2.webp","contentUrl":"https:\/\/letrame.com\/catalogo\/wp-content\/uploads\/2024\/03\/logo2.webp","width":394,"height":128,"caption":"Catalogo | Letrame Grupo Editorial"},"image":{"@id":"https:\/\/letrame.com\/catalogo\/#\/schema\/logo\/image\/"}}]}},"_links":{"self":[{"href":"https:\/\/letrame.com\/catalogo\/wp-json\/wp\/v2\/product\/100888","targetHints":{"allow":["GET"]}}],"collection":[{"href":"https:\/\/letrame.com\/catalogo\/wp-json\/wp\/v2\/product"}],"about":[{"href":"https:\/\/letrame.com\/catalogo\/wp-json\/wp\/v2\/types\/product"}],"replies":[{"embeddable":true,"href":"https:\/\/letrame.com\/catalogo\/wp-json\/wp\/v2\/comments?post=100888"}],"acf:post":[{"embeddable":true,"href":"https:\/\/letrame.com\/catalogo\/wp-json\/wp\/v2\/author_book\/100678"}],"wp:featuredmedia":[{"embeddable":true,"href":"https:\/\/letrame.com\/catalogo\/wp-json\/wp\/v2\/media\/100889"}],"wp:attachment":[{"href":"https:\/\/letrame.com\/catalogo\/wp-json\/wp\/v2\/media?parent=100888"}],"wp:term":[{"taxonomy":"libro","embeddable":true,"href":"https:\/\/letrame.com\/catalogo\/wp-json\/wp\/v2\/libro?post=100888"},{"taxonomy":"product_brand","embeddable":true,"href":"https:\/\/letrame.com\/catalogo\/wp-json\/wp\/v2\/product_brand?post=100888"},{"taxonomy":"product_cat","embeddable":true,"href":"https:\/\/letrame.com\/catalogo\/wp-json\/wp\/v2\/product_cat?post=100888"},{"taxonomy":"product_tag","embeddable":true,"href":"https:\/\/letrame.com\/catalogo\/wp-json\/wp\/v2\/product_tag?post=100888"}],"curies":[{"name":"wp","href":"https:\/\/api.w.org\/{rel}","templated":true}]}}