{"id":100866,"date":"2024-05-23T10:09:45","date_gmt":"2024-05-23T08:09:45","guid":{"rendered":"https:\/\/letrame.com\/catalogo\/producto\/medusa-la-otra-historia\/"},"modified":"2024-05-23T11:27:27","modified_gmt":"2024-05-23T09:27:27","slug":"medusa-la-otra-historia","status":"publish","type":"product","link":"https:\/\/letrame.com\/catalogo\/producto\/medusa-la-otra-historia\/","title":{"rendered":"Medusa, la otra historia"},"content":{"rendered":"<p>ISBN:\u00a0978-84-1181-883-4<br \/>\nT\u00edtulo:\u2028Medusa, la otra historia<br \/>\nFecha:\u20282024<br \/>\nP\u00e1ginas: 146<br \/>\nSINOPSIS<\/p>\n<p>Medusa, la otra historia es una novela que revela la parte humana de Medusa y, por ende, las ense\u00f1anzas, tropiezos y alegr\u00edas que vive en cada etapa de su desarrollo, igual que cualquier ser humano.<br \/>\nMirtha, su madre adoptiva, es visitada por una de las diosas del mar, quien, al ver que hab\u00eda tenido una hija humana, se compadece de ella y no la elimina, como era la petici\u00f3n de los otros dioses del Olimpo. En su lugar, la da en adopci\u00f3n a un matrimonio de pescadores que no hab\u00edan podido tener hijos. Ellos la cuidan y educan con humildad, pero ricos en sabidur\u00eda. El tiempo pasa hasta que Medusa tiene la edad suficiente para ingresar como sacerdotisa al templo de la diosa Atenea, quien contin\u00faa protegi\u00e9ndola dentro del recinto sagrado. Todo va encajando seg\u00fan los deseos de su madre biol\u00f3gica hasta que aparece un hombre severamente guapo que desborda gallard\u00eda por cada poro de su ser y que comienza a seducirla. Medusa no sabe qu\u00e9 hacer, si continuar sirviendo a la diosa Atenea o entregarse al amor que la vida le presenta.<\/p>\n","protected":false},"excerpt":{"rendered":"<p>ISBN:\u00a0978-84-1181-883-4<\/p>\n<p>SINOPSIS<\/p>\n<p>Medusa, la otra historia es una novela que revela la parte humana de Medusa y, por ende, las ense\u00f1anzas, tropiezos y alegr\u00edas que vive en cada etapa de su desarrollo, igual que cualquier ser humano.<br \/>\nMirtha, su madre adoptiva, es visitada por una de las diosas del mar, quien, al ver que hab\u00eda tenido una hija humana, se compadece de ella y no la elimina, como era la petici\u00f3n de los otros dioses del Olimpo. En su lugar, la da en adopci\u00f3n a un matrimonio de pescadores que no hab\u00edan podido tener hijos. Ellos la cuidan y educan con humildad, pero ricos en sabidur\u00eda. El tiempo pasa hasta que Medusa tiene la edad suficiente para ingresar como sacerdotisa al templo de la diosa Atenea, quien contin\u00faa protegi\u00e9ndola dentro del recinto sagrado. Todo va encajando seg\u00fan los deseos de su madre biol\u00f3gica hasta que aparece un hombre severamente guapo que desborda gallard\u00eda por cada poro de su ser y que comienza a seducirla. Medusa no sabe qu\u00e9 hacer, si continuar sirviendo a la diosa Atenea o entregarse al amor que la vida le presenta.<\/p>\n","protected":false},"featured_media":100867,"comment_status":"closed","ping_status":"closed","template":"","meta":{"_acf_changed":false},"libro":[],"product_brand":[],"product_cat":[47],"product_tag":[],"class_list":{"0":"post-100866","1":"product","2":"type-product","3":"status-publish","4":"has-post-thumbnail","6":"product_cat-ciencia-ficcion-misterio","8":"first","9":"instock","10":"product-type-simple"},"acf":{"autor":[77107],"enlace_de_compra":"https:\/\/www.casadellibro.com\/libro-medusa-la-otra-historia\/9788411818834\/15964187"},"yoast_head":"<!-- This site is optimized with the Yoast SEO plugin v27.4 - https:\/\/yoast.com\/product\/yoast-seo-wordpress\/ -->\n<title>Medusa, la otra historia - Catalogo | Letrame Grupo Editorial<\/title>\n<meta name=\"robots\" content=\"index, follow, max-snippet:-1, max-image-preview:large, max-video-preview:-1\" \/>\n<link rel=\"canonical\" href=\"https:\/\/letrame.com\/catalogo\/producto\/medusa-la-otra-historia\/\" \/>\n<meta property=\"og:locale\" content=\"es_ES\" \/>\n<meta property=\"og:type\" content=\"article\" \/>\n<meta property=\"og:title\" content=\"Medusa, la otra historia - Catalogo | Letrame Grupo Editorial\" \/>\n<meta property=\"og:description\" content=\"ISBN:\u00a0978-84-1181-883-4  SINOPSIS  Medusa, la otra historia es una novela que revela la parte humana de Medusa y, por ende, las ense\u00f1anzas, tropiezos y alegr\u00edas que vive en cada etapa de su desarrollo, igual que cualquier ser humano. Mirtha, su madre adoptiva, es visitada por una de las diosas del mar, quien, al ver que hab\u00eda tenido una hija humana, se compadece de ella y no la elimina, como era la petici\u00f3n de los otros dioses del Olimpo. En su lugar, la da en adopci\u00f3n a un matrimonio de pescadores que no hab\u00edan podido tener hijos. Ellos la cuidan y educan con humildad, pero ricos en sabidur\u00eda. El tiempo pasa hasta que Medusa tiene la edad suficiente para ingresar como sacerdotisa al templo de la diosa Atenea, quien contin\u00faa protegi\u00e9ndola dentro del recinto sagrado. Todo va encajando seg\u00fan los deseos de su madre biol\u00f3gica hasta que aparece un hombre severamente guapo que desborda gallard\u00eda por cada poro de su ser y que comienza a seducirla. Medusa no sabe qu\u00e9 hacer, si continuar sirviendo a la diosa Atenea o entregarse al amor que la vida le presenta.\" \/>\n<meta property=\"og:url\" content=\"https:\/\/letrame.com\/catalogo\/producto\/medusa-la-otra-historia\/\" \/>\n<meta property=\"og:site_name\" content=\"Catalogo | Letrame Grupo Editorial\" \/>\n<meta property=\"article:modified_time\" content=\"2024-05-23T09:27:27+00:00\" \/>\n<meta property=\"og:image\" content=\"https:\/\/letrame.com\/catalogo\/wp-content\/uploads\/2024\/05\/webp_medusa_781mm-compressed-scaled-1.jpg\" \/>\n\t<meta property=\"og:image:width\" content=\"1746\" \/>\n\t<meta property=\"og:image:height\" content=\"2560\" \/>\n\t<meta property=\"og:image:type\" content=\"image\/jpeg\" \/>\n<meta name=\"twitter:card\" content=\"summary_large_image\" \/>\n<meta name=\"twitter:label1\" content=\"Tiempo de lectura\" \/>\n\t<meta name=\"twitter:data1\" content=\"2 minutos\" \/>\n<script type=\"application\/ld+json\" class=\"yoast-schema-graph\">{\"@context\":\"https:\\\/\\\/schema.org\",\"@graph\":[{\"@type\":\"WebPage\",\"@id\":\"https:\\\/\\\/letrame.com\\\/catalogo\\\/producto\\\/medusa-la-otra-historia\\\/\",\"url\":\"https:\\\/\\\/letrame.com\\\/catalogo\\\/producto\\\/medusa-la-otra-historia\\\/\",\"name\":\"Medusa, la otra historia - Catalogo | Letrame Grupo Editorial\",\"isPartOf\":{\"@id\":\"https:\\\/\\\/letrame.com\\\/catalogo\\\/#website\"},\"primaryImageOfPage\":{\"@id\":\"https:\\\/\\\/letrame.com\\\/catalogo\\\/producto\\\/medusa-la-otra-historia\\\/#primaryimage\"},\"image\":{\"@id\":\"https:\\\/\\\/letrame.com\\\/catalogo\\\/producto\\\/medusa-la-otra-historia\\\/#primaryimage\"},\"thumbnailUrl\":\"https:\\\/\\\/letrame.com\\\/catalogo\\\/wp-content\\\/uploads\\\/2024\\\/05\\\/webp_medusa_781mm-compressed-scaled-1.jpg\",\"datePublished\":\"2024-05-23T08:09:45+00:00\",\"dateModified\":\"2024-05-23T09:27:27+00:00\",\"breadcrumb\":{\"@id\":\"https:\\\/\\\/letrame.com\\\/catalogo\\\/producto\\\/medusa-la-otra-historia\\\/#breadcrumb\"},\"inLanguage\":\"es\",\"potentialAction\":[{\"@type\":\"ReadAction\",\"target\":[\"https:\\\/\\\/letrame.com\\\/catalogo\\\/producto\\\/medusa-la-otra-historia\\\/\"]}]},{\"@type\":\"ImageObject\",\"inLanguage\":\"es\",\"@id\":\"https:\\\/\\\/letrame.com\\\/catalogo\\\/producto\\\/medusa-la-otra-historia\\\/#primaryimage\",\"url\":\"https:\\\/\\\/letrame.com\\\/catalogo\\\/wp-content\\\/uploads\\\/2024\\\/05\\\/webp_medusa_781mm-compressed-scaled-1.jpg\",\"contentUrl\":\"https:\\\/\\\/letrame.com\\\/catalogo\\\/wp-content\\\/uploads\\\/2024\\\/05\\\/webp_medusa_781mm-compressed-scaled-1.jpg\",\"width\":1746,\"height\":2560},{\"@type\":\"BreadcrumbList\",\"@id\":\"https:\\\/\\\/letrame.com\\\/catalogo\\\/producto\\\/medusa-la-otra-historia\\\/#breadcrumb\",\"itemListElement\":[{\"@type\":\"ListItem\",\"position\":1,\"name\":\"Portada\",\"item\":\"https:\\\/\\\/letrame.com\\\/catalogo\\\/\"},{\"@type\":\"ListItem\",\"position\":2,\"name\":\"Cat\u00e1logo\",\"item\":\"https:\\\/\\\/letrame.com\\\/catalogo\\\/\"},{\"@type\":\"ListItem\",\"position\":3,\"name\":\"Medusa, la otra historia\"}]},{\"@type\":\"WebSite\",\"@id\":\"https:\\\/\\\/letrame.com\\\/catalogo\\\/#website\",\"url\":\"https:\\\/\\\/letrame.com\\\/catalogo\\\/\",\"name\":\"Catalogo | Letrame Grupo Editorial\",\"description\":\"\",\"publisher\":{\"@id\":\"https:\\\/\\\/letrame.com\\\/catalogo\\\/#organization\"},\"potentialAction\":[{\"@type\":\"SearchAction\",\"target\":{\"@type\":\"EntryPoint\",\"urlTemplate\":\"https:\\\/\\\/letrame.com\\\/catalogo\\\/?s={search_term_string}\"},\"query-input\":{\"@type\":\"PropertyValueSpecification\",\"valueRequired\":true,\"valueName\":\"search_term_string\"}}],\"inLanguage\":\"es\"},{\"@type\":\"Organization\",\"@id\":\"https:\\\/\\\/letrame.com\\\/catalogo\\\/#organization\",\"name\":\"Catalogo | Letrame Grupo Editorial\",\"url\":\"https:\\\/\\\/letrame.com\\\/catalogo\\\/\",\"logo\":{\"@type\":\"ImageObject\",\"inLanguage\":\"es\",\"@id\":\"https:\\\/\\\/letrame.com\\\/catalogo\\\/#\\\/schema\\\/logo\\\/image\\\/\",\"url\":\"https:\\\/\\\/letrame.com\\\/catalogo\\\/wp-content\\\/uploads\\\/2024\\\/03\\\/logo2.webp\",\"contentUrl\":\"https:\\\/\\\/letrame.com\\\/catalogo\\\/wp-content\\\/uploads\\\/2024\\\/03\\\/logo2.webp\",\"width\":394,\"height\":128,\"caption\":\"Catalogo | Letrame Grupo Editorial\"},\"image\":{\"@id\":\"https:\\\/\\\/letrame.com\\\/catalogo\\\/#\\\/schema\\\/logo\\\/image\\\/\"}}]}<\/script>\n<!-- \/ Yoast SEO plugin. -->","yoast_head_json":{"title":"Medusa, la otra historia - Catalogo | Letrame Grupo Editorial","robots":{"index":"index","follow":"follow","max-snippet":"max-snippet:-1","max-image-preview":"max-image-preview:large","max-video-preview":"max-video-preview:-1"},"canonical":"https:\/\/letrame.com\/catalogo\/producto\/medusa-la-otra-historia\/","og_locale":"es_ES","og_type":"article","og_title":"Medusa, la otra historia - Catalogo | Letrame Grupo Editorial","og_description":"ISBN:\u00a0978-84-1181-883-4  SINOPSIS  Medusa, la otra historia es una novela que revela la parte humana de Medusa y, por ende, las ense\u00f1anzas, tropiezos y alegr\u00edas que vive en cada etapa de su desarrollo, igual que cualquier ser humano. Mirtha, su madre adoptiva, es visitada por una de las diosas del mar, quien, al ver que hab\u00eda tenido una hija humana, se compadece de ella y no la elimina, como era la petici\u00f3n de los otros dioses del Olimpo. En su lugar, la da en adopci\u00f3n a un matrimonio de pescadores que no hab\u00edan podido tener hijos. Ellos la cuidan y educan con humildad, pero ricos en sabidur\u00eda. El tiempo pasa hasta que Medusa tiene la edad suficiente para ingresar como sacerdotisa al templo de la diosa Atenea, quien contin\u00faa protegi\u00e9ndola dentro del recinto sagrado. Todo va encajando seg\u00fan los deseos de su madre biol\u00f3gica hasta que aparece un hombre severamente guapo que desborda gallard\u00eda por cada poro de su ser y que comienza a seducirla. Medusa no sabe qu\u00e9 hacer, si continuar sirviendo a la diosa Atenea o entregarse al amor que la vida le presenta.","og_url":"https:\/\/letrame.com\/catalogo\/producto\/medusa-la-otra-historia\/","og_site_name":"Catalogo | Letrame Grupo Editorial","article_modified_time":"2024-05-23T09:27:27+00:00","og_image":[{"width":1746,"height":2560,"url":"https:\/\/letrame.com\/catalogo\/wp-content\/uploads\/2024\/05\/webp_medusa_781mm-compressed-scaled-1.jpg","type":"image\/jpeg"}],"twitter_card":"summary_large_image","twitter_misc":{"Tiempo de lectura":"2 minutos"},"schema":{"@context":"https:\/\/schema.org","@graph":[{"@type":"WebPage","@id":"https:\/\/letrame.com\/catalogo\/producto\/medusa-la-otra-historia\/","url":"https:\/\/letrame.com\/catalogo\/producto\/medusa-la-otra-historia\/","name":"Medusa, la otra historia - Catalogo | Letrame Grupo Editorial","isPartOf":{"@id":"https:\/\/letrame.com\/catalogo\/#website"},"primaryImageOfPage":{"@id":"https:\/\/letrame.com\/catalogo\/producto\/medusa-la-otra-historia\/#primaryimage"},"image":{"@id":"https:\/\/letrame.com\/catalogo\/producto\/medusa-la-otra-historia\/#primaryimage"},"thumbnailUrl":"https:\/\/letrame.com\/catalogo\/wp-content\/uploads\/2024\/05\/webp_medusa_781mm-compressed-scaled-1.jpg","datePublished":"2024-05-23T08:09:45+00:00","dateModified":"2024-05-23T09:27:27+00:00","breadcrumb":{"@id":"https:\/\/letrame.com\/catalogo\/producto\/medusa-la-otra-historia\/#breadcrumb"},"inLanguage":"es","potentialAction":[{"@type":"ReadAction","target":["https:\/\/letrame.com\/catalogo\/producto\/medusa-la-otra-historia\/"]}]},{"@type":"ImageObject","inLanguage":"es","@id":"https:\/\/letrame.com\/catalogo\/producto\/medusa-la-otra-historia\/#primaryimage","url":"https:\/\/letrame.com\/catalogo\/wp-content\/uploads\/2024\/05\/webp_medusa_781mm-compressed-scaled-1.jpg","contentUrl":"https:\/\/letrame.com\/catalogo\/wp-content\/uploads\/2024\/05\/webp_medusa_781mm-compressed-scaled-1.jpg","width":1746,"height":2560},{"@type":"BreadcrumbList","@id":"https:\/\/letrame.com\/catalogo\/producto\/medusa-la-otra-historia\/#breadcrumb","itemListElement":[{"@type":"ListItem","position":1,"name":"Portada","item":"https:\/\/letrame.com\/catalogo\/"},{"@type":"ListItem","position":2,"name":"Cat\u00e1logo","item":"https:\/\/letrame.com\/catalogo\/"},{"@type":"ListItem","position":3,"name":"Medusa, la otra historia"}]},{"@type":"WebSite","@id":"https:\/\/letrame.com\/catalogo\/#website","url":"https:\/\/letrame.com\/catalogo\/","name":"Catalogo | Letrame Grupo Editorial","description":"","publisher":{"@id":"https:\/\/letrame.com\/catalogo\/#organization"},"potentialAction":[{"@type":"SearchAction","target":{"@type":"EntryPoint","urlTemplate":"https:\/\/letrame.com\/catalogo\/?s={search_term_string}"},"query-input":{"@type":"PropertyValueSpecification","valueRequired":true,"valueName":"search_term_string"}}],"inLanguage":"es"},{"@type":"Organization","@id":"https:\/\/letrame.com\/catalogo\/#organization","name":"Catalogo | Letrame Grupo Editorial","url":"https:\/\/letrame.com\/catalogo\/","logo":{"@type":"ImageObject","inLanguage":"es","@id":"https:\/\/letrame.com\/catalogo\/#\/schema\/logo\/image\/","url":"https:\/\/letrame.com\/catalogo\/wp-content\/uploads\/2024\/03\/logo2.webp","contentUrl":"https:\/\/letrame.com\/catalogo\/wp-content\/uploads\/2024\/03\/logo2.webp","width":394,"height":128,"caption":"Catalogo | Letrame Grupo Editorial"},"image":{"@id":"https:\/\/letrame.com\/catalogo\/#\/schema\/logo\/image\/"}}]}},"_links":{"self":[{"href":"https:\/\/letrame.com\/catalogo\/wp-json\/wp\/v2\/product\/100866","targetHints":{"allow":["GET"]}}],"collection":[{"href":"https:\/\/letrame.com\/catalogo\/wp-json\/wp\/v2\/product"}],"about":[{"href":"https:\/\/letrame.com\/catalogo\/wp-json\/wp\/v2\/types\/product"}],"replies":[{"embeddable":true,"href":"https:\/\/letrame.com\/catalogo\/wp-json\/wp\/v2\/comments?post=100866"}],"acf:post":[{"embeddable":true,"href":"https:\/\/letrame.com\/catalogo\/wp-json\/wp\/v2\/author_book\/77107"}],"wp:featuredmedia":[{"embeddable":true,"href":"https:\/\/letrame.com\/catalogo\/wp-json\/wp\/v2\/media\/100867"}],"wp:attachment":[{"href":"https:\/\/letrame.com\/catalogo\/wp-json\/wp\/v2\/media?parent=100866"}],"wp:term":[{"taxonomy":"libro","embeddable":true,"href":"https:\/\/letrame.com\/catalogo\/wp-json\/wp\/v2\/libro?post=100866"},{"taxonomy":"product_brand","embeddable":true,"href":"https:\/\/letrame.com\/catalogo\/wp-json\/wp\/v2\/product_brand?post=100866"},{"taxonomy":"product_cat","embeddable":true,"href":"https:\/\/letrame.com\/catalogo\/wp-json\/wp\/v2\/product_cat?post=100866"},{"taxonomy":"product_tag","embeddable":true,"href":"https:\/\/letrame.com\/catalogo\/wp-json\/wp\/v2\/product_tag?post=100866"}],"curies":[{"name":"wp","href":"https:\/\/api.w.org\/{rel}","templated":true}]}}