{"version":"1.0","provider_name":"Catalogo | Letrame Grupo Editorial","provider_url":"https:\/\/letrame.com\/catalogo","title":"Amazonia colombiana - Catalogo | Letrame Grupo Editorial","type":"rich","width":600,"height":338,"html":"<blockquote class=\"wp-embedded-content\" data-secret=\"tZzNrEuFgA\"><a href=\"https:\/\/letrame.com\/catalogo\/producto\/amazonia-colombiana\/\">Amazonia colombiana<\/a><\/blockquote><iframe sandbox=\"allow-scripts\" security=\"restricted\" src=\"https:\/\/letrame.com\/catalogo\/producto\/amazonia-colombiana\/embed\/#?secret=tZzNrEuFgA\" width=\"600\" height=\"338\" title=\"\u00abAmazonia colombiana\u00bb \u2014 Catalogo | Letrame Grupo Editorial\" data-secret=\"tZzNrEuFgA\" frameborder=\"0\" marginwidth=\"0\" marginheight=\"0\" scrolling=\"no\" class=\"wp-embedded-content\"><\/iframe><script>\n\/*! This file is auto-generated *\/\n!function(d,l){\"use strict\";l.querySelector&&d.addEventListener&&\"undefined\"!=typeof URL&&(d.wp=d.wp||{},d.wp.receiveEmbedMessage||(d.wp.receiveEmbedMessage=function(e){var t=e.data;if((t||t.secret||t.message||t.value)&&!\/[^a-zA-Z0-9]\/.test(t.secret)){for(var s,r,n,a=l.querySelectorAll('iframe[data-secret=\"'+t.secret+'\"]'),o=l.querySelectorAll('blockquote[data-secret=\"'+t.secret+'\"]'),c=new RegExp(\"^https?:$\",\"i\"),i=0;i<o.length;i++)o[i].style.display=\"none\";for(i=0;i<a.length;i++)s=a[i],e.source===s.contentWindow&&(s.removeAttribute(\"style\"),\"height\"===t.message?(1e3<(r=parseInt(t.value,10))?r=1e3:~~r<200&&(r=200),s.height=r):\"link\"===t.message&&(r=new URL(s.getAttribute(\"src\")),n=new URL(t.value),c.test(n.protocol))&&n.host===r.host&&l.activeElement===s&&(d.top.location.href=t.value))}},d.addEventListener(\"message\",d.wp.receiveEmbedMessage,!1),l.addEventListener(\"DOMContentLoaded\",function(){for(var e,t,s=l.querySelectorAll(\"iframe.wp-embedded-content\"),r=0;r<s.length;r++)(t=(e=s[r]).getAttribute(\"data-secret\"))||(t=Math.random().toString(36).substring(2,12),e.src+=\"#?secret=\"+t,e.setAttribute(\"data-secret\",t)),e.contentWindow.postMessage({message:\"ready\",secret:t},\"*\")},!1)))}(window,document);\n\/\/# sourceURL=https:\/\/letrame.com\/catalogo\/wp-includes\/js\/wp-embed.min.js\n<\/script>\n","thumbnail_url":"https:\/\/letrame.com\/catalogo\/wp-content\/uploads\/2024\/05\/webp_amazoniacolombiana_1288mm-compressed-scaled-1.jpg","thumbnail_width":1746,"thumbnail_height":2560,"description":"ISBN:\u00a0978-84-1181-835-3  SINOPSIS \u00bfPor qu\u00e9 escribe Jorge sobre la guerra y la paz estando su formaci\u00f3n acad\u00e9mica enfocada al agro, a la pol\u00edtica, al derecho, a las finanzas y a la administraci\u00f3n p\u00fablica?  Es evidente que tiene esperanza en la paz, esperanza que se enra\u00edza en la dignidad. Ya en 1982, bajo el gobierno del Presidente Belisario Betancur, siendo Intendente del Putumayo, inici\u00f3 los di\u00e1logos por la paz con el Movimiento 19 de Abril, situaci\u00f3n que le gener\u00f3 muchos sinsabores, sin cesar en su b\u00fasqueda, porque, como tant\u00edsima gente en Colombia y en el globo terr\u00e1queo, quiere un mundo sostenible y una racionalidad emancipatoria, sustentabilidad que conlleve el desarrollo humano, el proyecto de vida individual.  En seis tomos el autor describe aspectos sumamente interesantes de su experiencia en y visi\u00f3n de la Amazon\u00eda Colombiana en la conjunci\u00f3n de los siglos XX y XXI, ubicando la regi\u00f3n en el contexto global, siendo un fragmento de la historia escrita no por un vencedor sino un muy ilustrado luchador por la paz, aut\u00e9ntico h\u00e9roe que como tal ense\u00f1a con el ejemplo. Otto Mortimer Bouchot Torices Rector CIPAC"}

ISBN: 978-84-1181-835-3  SINOPSIS ¿Por qué escribe Jorge sobre la guerra y la paz estando su formación académica enfocada al agro, a la política, al derecho, a las finanzas y a la administración pública?  Es evidente que tiene esperanza en la paz, esperanza que se enraíza en la dignidad. Ya en 1982, bajo el gobierno del Presidente Belisario Betancur, siendo Intendente del Putumayo, inició los diálogos por la paz con el Movimiento 19 de Abril, situación que le generó muchos sinsabores, sin cesar en su búsqueda, porque, como tantísima gente en Colombia y en el globo terráqueo, quiere un mundo sostenible y una racionalidad emancipatoria, sustentabilidad que conlleve el desarrollo humano, el proyecto de vida individual.  En seis tomos el autor describe aspectos sumamente interesantes de su experiencia en y visión de la Amazonía Colombiana en la conjunción de los siglos XX y XXI, ubicando la región en el contexto global, siendo un fragmento de la historia escrita no por un vencedor sino un muy ilustrado luchador por la paz, auténtico héroe que como tal enseña con el ejemplo. Otto Mortimer Bouchot Torices Rector CIPAC
