{"version":"1.0","provider_name":"Catalogo | Letrame Grupo Editorial","provider_url":"https:\/\/letrame.com\/catalogo","title":"Pablo Guill\u00e9n Garc\u00eda - Catalogo | Letrame Grupo Editorial","type":"rich","width":600,"height":338,"html":"<blockquote class=\"wp-embedded-content\" data-secret=\"eub7gOsCPg\"><a href=\"https:\/\/letrame.com\/catalogo\/author_book\/pablo-guillen\/\">Pablo Guill\u00e9n Garc\u00eda<\/a><\/blockquote><iframe sandbox=\"allow-scripts\" security=\"restricted\" src=\"https:\/\/letrame.com\/catalogo\/author_book\/pablo-guillen\/embed\/#?secret=eub7gOsCPg\" width=\"600\" height=\"338\" title=\"\u00abPablo Guill\u00e9n Garc\u00eda\u00bb \u2014 Catalogo | Letrame Grupo Editorial\" data-secret=\"eub7gOsCPg\" frameborder=\"0\" marginwidth=\"0\" marginheight=\"0\" scrolling=\"no\" class=\"wp-embedded-content\"><\/iframe><script>\n\/*! This file is auto-generated *\/\n!function(d,l){\"use strict\";l.querySelector&&d.addEventListener&&\"undefined\"!=typeof URL&&(d.wp=d.wp||{},d.wp.receiveEmbedMessage||(d.wp.receiveEmbedMessage=function(e){var t=e.data;if((t||t.secret||t.message||t.value)&&!\/[^a-zA-Z0-9]\/.test(t.secret)){for(var s,r,n,a=l.querySelectorAll('iframe[data-secret=\"'+t.secret+'\"]'),o=l.querySelectorAll('blockquote[data-secret=\"'+t.secret+'\"]'),c=new RegExp(\"^https?:$\",\"i\"),i=0;i<o.length;i++)o[i].style.display=\"none\";for(i=0;i<a.length;i++)s=a[i],e.source===s.contentWindow&&(s.removeAttribute(\"style\"),\"height\"===t.message?(1e3<(r=parseInt(t.value,10))?r=1e3:~~r<200&&(r=200),s.height=r):\"link\"===t.message&&(r=new URL(s.getAttribute(\"src\")),n=new URL(t.value),c.test(n.protocol))&&n.host===r.host&&l.activeElement===s&&(d.top.location.href=t.value))}},d.addEventListener(\"message\",d.wp.receiveEmbedMessage,!1),l.addEventListener(\"DOMContentLoaded\",function(){for(var e,t,s=l.querySelectorAll(\"iframe.wp-embedded-content\"),r=0;r<s.length;r++)(t=(e=s[r]).getAttribute(\"data-secret\"))||(t=Math.random().toString(36).substring(2,12),e.src+=\"#?secret=\"+t,e.setAttribute(\"data-secret\",t)),e.contentWindow.postMessage({message:\"ready\",secret:t},\"*\")},!1)))}(window,document);\n\/\/# sourceURL=https:\/\/letrame.com\/catalogo\/wp-includes\/js\/wp-embed.min.js\n<\/script>\n","thumbnail_url":"https:\/\/letrame.com\/catalogo\/wp-content\/uploads\/2024\/04\/Pablo-Guillen.jpg","thumbnail_width":1024,"thumbnail_height":1024,"description":"Pablo Guill\u00e9n Garc\u00eda. Nac\u00ed el 19 de agosto de 1999. Nunca he destacado en nada, siempre he sido el peque\u00f1o en todo menos cuando hablamos de mis sentimientos. Una de las pocas asignaturas que me gustaban cuando iba al instituto era Lengua Castellana y Literatura menos la parte de Literatura. Ah\u00ed me di cuenta de [&hellip;]"}

Pablo Guillén García - Catalogo | Letrame Grupo Editorial

<blockquote class="wp-embedded-content" data-secret="eub7gOsCPg"><a href="https://letrame.com/catalogo/author_book/pablo-guillen/">Pablo Guillén García</a></blockquote><iframe sandbox="allow-scripts" security="restricted" src="https://letrame.com/catalogo/author_book/pablo-guillen/embed/#?secret=eub7gOsCPg" width="600" height="338" title="«Pablo Guillén García» — Catalogo | Letrame Grupo Editorial" data-secret="eub7gOsCPg" frameborder="0" marginwidth="0" marginheight="0" scrolling="no" class="wp-embedded-content"></iframe><script>
/*! This file is auto-generated */
!function(d,l){"use strict";l.querySelector&&d.addEventListener&&"undefined"!=typeof URL&&(d.wp=d.wp||{},d.wp.receiveEmbedMessage||(d.wp.receiveEmbedMessage=function(e){var t=e.data;if((t||t.secret||t.message||t.value)&&!/[^a-zA-Z0-9]/.test(t.secret)){for(var s,r,n,a=l.querySelectorAll('iframe[data-secret="'+t.secret+'"]'),o=l.querySelectorAll('blockquote[data-secret="'+t.secret+'"]'),c=new RegExp("^https?:$","i"),i=0;i<o.length;i++)o[i].style.display="none";for(i=0;i<a.length;i++)s=a[i],e.source===s.contentWindow&&(s.removeAttribute("style"),"height"===t.message?(1e3<(r=parseInt(t.value,10))?r=1e3:~~r<200&&(r=200),s.height=r):"link"===t.message&&(r=new URL(s.getAttribute("src")),n=new URL(t.value),c.test(n.protocol))&&n.host===r.host&&l.activeElement===s&&(d.top.location.href=t.value))}},d.addEventListener("message",d.wp.receiveEmbedMessage,!1),l.addEventListener("DOMContentLoaded",function(){for(var e,t,s=l.querySelectorAll("iframe.wp-embedded-content"),r=0;r<s.length;r++)(t=(e=s[r]).getAttribute("data-secret"))||(t=Math.random().toString(36).substring(2,12),e.src+="#?secret="+t,e.setAttribute("data-secret",t)),e.contentWindow.postMessage({message:"ready",secret:t},"*")},!1)))}(window,document);
//# sourceURL=https://letrame.com/catalogo/wp-includes/js/wp-embed.min.js
</script>

Pablo Guillén García. Nací el 19 de agosto de 1999. Nunca he destacado en nada, siempre he sido el pequeño en todo menos cuando hablamos de mis sentimientos. Una de las pocas asignaturas que me gustaban cuando iba al instituto era Lengua Castellana y Literatura menos la parte de Literatura. Ahí me di cuenta de [&hellip;]
